-- Table structure for table `ps_blockwishlist_statistics`
--

CREATE TABLE `ps_blockwishlist_statistics` (
  `id_statistics` int unsigned NOT NULL AUTO_INCREMENT,
  `id_cart` int unsigned DEFAULT NULL,
  `id_product` int unsigned NOT NULL,
  `id_product_attribute` int unsigned NOT NULL,
  `date_add` datetime NOT NULL,
  `id_shop` int unsigned DEFAULT '1',
  PRIMARY KEY (`id_statistics`)
) ENGINE=InnoDB DEFAULT CHARSET=utf8mb3;

--
-- Dumping data for table `ps_blockwishlist_statistics`
--


--
-- Table structure for table `ps_carrier`
--

CREATE TABLE `ps_carrier` (
  `id_carrier` int unsigned NOT NULL AUTO_INCREMENT,
  `id_reference` int unsigned NOT NULL,
  `id_tax_rules_group` int unsigned DEFAULT '0',
  `name` varchar(64) CHARACTER SET utf8mb4 COLLATE utf8mb4_general_ci NOT NULL,
  `url` varchar(255) CHARACTER SET utf8mb4 COLLATE utf8mb4_general_ci DEFAULT NULL,
  `active` tinyint unsigned NOT NULL DEFAULT '0',
  `deleted` tinyint unsigned NOT NULL DEFAULT '0',
  `shipping_handling` tinyint unsigned NOT NULL DEFAULT '1',
  `range_behavior` tinyint unsigned NOT NULL DEFAULT '0',
  `is_module` tinyint unsigned NOT NULL DEFAULT '0',
  `is_free` tinyint unsigned NOT NULL DEFAULT '0',
  `shipping_external` tinyint unsigned NOT NULL DEFAULT '0',
  `need_range` tinyint unsigned NOT NULL DEFAULT '0',
  `external_module_name` varchar(64) CHARACTER SET utf8mb4 COLLATE utf8mb4_general_ci DEFAULT NULL,
  `shipping_method` int NOT NULL DEFAULT '0',
  `position` int unsigned NOT NULL DEFAULT '0',
  `max_width` int DEFAULT '0',
  `max_height` int DEFAULT '0',
  `max_depth` int DEFAULT '0',
  `max_weight` decimal(20,6) DEFAULT '0.000000',
  `grade` int DEFAULT '0',
  PRIMARY KEY (`id_carrier`),
  KEY `deleted` (`deleted`,`active`),
  KEY `id_tax_rules_group` (`id_tax_rules_group`),
  KEY `reference` (`id_reference`,`deleted`,`active`)
) ENGINE=InnoDB AUTO_INCREMENT=5 DEFAULT CHARSET=utf8mb4 COLLATE=utf8mb4_general_ci;

--
-- Dumping data for table `ps_carrier`
--

INSERT INTO `ps_carrier` VALUES (2,2,0,'My carrier','',0,0,1,0,0,0,0,0,'',1,0,0,0,0,0.000000,0),(4,4,0,'Monop','',1,0,0,0,0,1,0,0,'',1,1,0,0,0,0.000000,0);

--
-- Table structure for table `ps_carrier_group`
--

CREATE TABLE `ps_carrier_group` (
  `id_carrier` int unsigned NOT NULL,
  `id_group` int unsigned NOT NULL,
  PRIMARY KEY (`id_carrier`,`id_group`)
) ENGINE=InnoDB DEFAULT CHARSET=utf8mb4 COLLATE=utf8mb4_general_ci;

--
-- Dumping data for table `ps_carrier_group`
--

INSERT INTO `ps_carrier_group` VALUES (2,1),(2,2),(2,3),(4,1),(4,2),(4,3);

--
-- Table structure for table `ps_carrier_lang`
--

CREATE TABLE `ps_carrier_lang` (
  `id_carrier` int unsigned NOT NULL,
  `id_shop` int unsigned NOT NULL DEFAULT '1',
  `id_lang` int unsigned NOT NULL,
  `delay` varchar(512) CHARACTER SET utf8mb4 COLLATE utf8mb4_general_ci DEFAULT NULL,
  PRIMARY KEY (`id_lang`,`id_shop`,`id_carrier`)
) ENGINE=InnoDB DEFAULT CHARSET=utf8mb4 COLLATE=utf8mb4_general_ci;

--
-- Dumping data for table `ps_carrier_lang`
--

INSERT INTO `ps_carrier_lang` VALUES (2,1,1,'Livraison le lendemain !'),(4,1,1,'Retrait en magasin');

--
-- Table structure for table `ps_carrier_shop`
--

CREATE TABLE `ps_carrier_shop` (
  `id_carrier` int unsigned NOT NULL,
  `id_shop` int unsigned NOT NULL,
  PRIMARY KEY (`id_carrier`,`id_shop`),
  KEY `id_shop` (`id_shop`)
) ENGINE=InnoDB DEFAULT CHARSET=utf8mb4 COLLATE=utf8mb4_general_ci;

--
-- Dumping data for table `ps_carrier_shop`
--

INSERT INTO `ps_carrier_shop` VALUES (2,1),(4,1);

--
-- Table structure for table `ps_carrier_tax_rules_group_shop`
--

CREATE TABLE `ps_carrier_tax_rules_group_shop` (
  `id_carrier` int unsigned NOT NULL,
  `id_tax_rules_group` int unsigned NOT NULL,
  `id_shop` int unsigned NOT NULL,
  PRIMARY KEY (`id_carrier`,`id_tax_rules_group`,`id_shop`)
) ENGINE=InnoDB DEFAULT CHARSET=utf8mb4 COLLATE=utf8mb4_general_ci;

--
-- Dumping data for table `ps_carrier_tax_rules_group_shop`
--

INSERT INTO `ps_carrier_tax_rules_group_shop` VALUES (2,7,1),(4,7,1);

--
-- Table structure for table `ps_carrier_zone`
--

CREATE TABLE `ps_carrier_zone` (
  `id_carrier` int unsigned NOT NULL,
  `id_zone` int unsigned NOT NULL,
  PRIMARY KEY (`id_carrier`,`id_zone`)
) ENGINE=InnoDB DEFAULT CHARSET=utf8mb4 COLLATE=utf8mb4_general_ci;

--
-- Dumping data for table `ps_carrier_zone`
--

INSERT INTO `ps_carrier_zone` VALUES (2,1),(2,2),(4,1),(4,2),(4,3),(4,4),(4,5),(4,6),(4,7),(4,8),(4,9),(4,10),(4,11),(4,12),(4,13),(4,14),(4,15),(4,16);

--
-- Table structure for table `ps_cart`
--

CREATE TABLE `ps_cart` (
  `id_cart` int unsigned NOT NULL AUTO_INCREMENT,
  `id_shop_group` int unsigned NOT NULL DEFAULT '1',
  `id_shop` int unsigned NOT NULL DEFAULT '1',
  `id_carrier` int unsigned NOT NULL,
  `delivery_option` text CHARACTER SET utf8mb4 COLLATE utf8mb4_general_ci NOT NULL,
  `id_lang` int unsigned NOT NULL,
  `id_address_delivery` int unsigned NOT NULL,
  `id_address_invoice` int unsigned NOT NULL,
  `id_currency` int unsigned NOT NULL,
  `id_customer` int unsigned NOT NULL,
  `id_guest` int unsigned NOT NULL,
  `secure_key` varchar(32) CHARACTER SET utf8mb4 COLLATE utf8mb4_general_ci NOT NULL DEFAULT '-1',
  `recyclable` tinyint unsigned NOT NULL DEFAULT '1',
  `gift` tinyint unsigned NOT NULL DEFAULT '0',
  `gift_message` text CHARACTER SET utf8mb4 COLLATE utf8mb4_general_ci,
  `mobile_theme` tinyint(1) NOT NULL DEFAULT '0',
  `allow_seperated_package` tinyint unsigned NOT NULL DEFAULT '0',
  `date_add` datetime NOT NULL,
  `date_upd` datetime NOT NULL,
  `checkout_session_data` mediumtext CHARACTER SET utf8mb4 COLLATE utf8mb4_general_ci,
  PRIMARY KEY (`id_cart`),
  KEY `cart_customer` (`id_customer`),
  KEY `id_address_delivery` (`id_address_delivery`),
  KEY `id_address_invoice` (`id_address_invoice`),
  KEY `id_carrier` (`id_carrier`),
  KEY `id_lang` (`id_lang`),
  KEY `id_currency` (`id_currency`),
  KEY `id_guest` (`id_guest`),
  KEY `id_shop_group` (`id_shop_group`),
  KEY `id_shop_2` (`id_shop`,`date_upd`),
  KEY `id_shop` (`id_shop`,`date_add`)
) ENGINE=InnoDB AUTO_INCREMENT=939 DEFAULT CHARSET=utf8mb4 COLLATE=utf8mb4_general_ci;

--
-- Dumping data for table `ps_cart`
--

INSERT INTO `ps_cart` VALUES (135,1,1,0,'',1,8,8,1,4,1576,'d80b8114f4aab184d5ec04416d3ca35e',0,0,'',0,0,'2021-04-06 19:52:56','2021-04-06 19:58:29',NULL),(136,1,1,0,'',1,8,8,1,4,1576,'d80b8114f4aab184d5ec04416d3ca35e',0,0,'',0,0,'2021-04-06 19:59:17','2021-04-06 19:59:18',NULL),(137,1,1,0,'',1,8,8,1,4,1576,'d80b8114f4aab184d5ec04416d3ca35e',0,0,'',0,0,'2021-04-06 20:00:42','2021-04-06 20:00:42',NULL),(138,1,1,0,'',1,8,8,1,4,1576,'d80b8114f4aab184d5ec04416d3ca35e',0,0,'',0,0,'2021-04-06 20:02:41','2021-04-06 20:02:41',NULL),(139,1,1,0,'',1,8,8,1,4,1576,'d80b8114f4aab184d5ec04416d3ca35e',0,0,'',0,0,'2021-04-06 20:04:15','2021-04-06 20:04:16',NULL),(140,1,1,0,'',1,8,8,1,4,1576,'d80b8114f4aab184d5ec04416d3ca35e',0,0,'',0,0,'2021-04-06 20:10:22','2021-04-06 20:10:22',NULL),(141,1,1,0,'',1,8,8,1,4,1576,'d80b8114f4aab184d5ec04416d3ca35e',0,0,'',0,0,'2021-04-06 20:38:18','2021-04-06 20:38:19',NULL),(142,1,1,0,'',1,8,8,1,4,1576,'d80b8114f4aab184d5ec04416d3ca35e',0,0,'',0,0,'2021-04-06 21:31:20','2021-04-06 21:31:21',NULL),(144,1,1,0,'',1,8,8,1,4,1576,'d80b8114f4aab184d5ec04416d3ca35e',0,0,'',0,0,'2021-04-07 08:53:56','2021-04-07 08:53:57',NULL),(145,1,1,0,'',1,8,8,1,4,1576,'d80b8114f4aab184d5ec04416d3ca35e',0,0,'',0,0,'2021-04-07 08:56:24','2021-04-07 08:56:25',NULL),(146,1,1,0,'',1,8,8,1,4,1576,'d80b8114f4aab184d5ec04416d3ca35e',0,0,'',0,0,'2021-04-07 08:58:31','2021-04-07 08:58:31',NULL),(147,1,1,0,'',1,8,8,1,4,1576,'d80b8114f4aab184d5ec04416d3ca35e',0,0,'',0,0,'2021-04-07 08:59:47','2021-04-07 08:59:48',NULL),(148,1,1,0,'',1,8,8,1,4,1576,'d80b8114f4aab184d5ec04416d3ca35e',0,0,'',0,0,'2021-04-07 09:14:08','2021-04-07 09:14:08',NULL),(149,1,1,0,'',1,8,8,1,4,1576,'d80b8114f4aab184d5ec04416d3ca35e',0,0,'',0,0,'2021-04-07 10:39:43','2021-04-07 10:39:44',NULL),(150,1,1,0,'',1,8,8,1,4,1576,'d80b8114f4aab184d5ec04416d3ca35e',0,0,'',0,0,'2021-04-07 11:24:03','2021-04-07 11:24:03',NULL),(151,1,1,0,'',1,8,8,1,4,1576,'d80b8114f4aab184d5ec04416d3ca35e',0,0,'',0,0,'2021-04-07 17:32:15','2021-04-07 17:32:16',NULL),(152,1,1,0,'',1,8,8,1,4,1576,'d80b8114f4aab184d5ec04416d3ca35e',0,0,'',0,0,'2021-04-07 17:33:39','2021-04-07 17:33:39',NULL),(153,1,1,0,'',1,8,8,1,4,1576,'d80b8114f4aab184d5ec04416d3ca35e',0,0,'',0,0,'2021-04-07 17:34:48','2021-04-07 17:34:49',NULL),(154,1,1,0,'',1,8,8,1,4,1576,'d80b8114f4aab184d5ec04416d3ca35e',0,0,'',0,0,'2021-04-07 17:36:45','2021-04-07 17:36:46',NULL),(155,1,1,0,'',1,8,8,1,4,1576,'d80b8114f4aab184d5ec04416d3ca35e',0,0,'',0,0,'2021-04-08 12:31:48','2021-04-08 12:31:49',NULL),(156,1,1,0,'',1,8,8,1,4,1576,'d80b8114f4aab184d5ec04416d3ca35e',0,0,'',0,0,'2021-04-08 13:36:33','2021-04-08 13:36:34',NULL),(157,1,1,0,'',1,8,8,1,4,1576,'d80b8114f4aab184d5ec04416d3ca35e',0,0,'',0,0,'2021-04-08 13:50:47','2021-04-08 13:50:47',NULL),(158,1,1,0,'',1,8,8,1,4,1576,'d80b8114f4aab184d5ec04416d3ca35e',0,0,'',0,0,'2021-04-08 13:51:46','2021-04-08 13:51:47',NULL),(159,1,1,0,'',1,8,8,1,4,1576,'d80b8114f4aab184d5ec04416d3ca35e',0,0,'',0,0,'2021-04-08 13:53:09','2021-04-08 13:53:09',NULL),(160,1,1,0,'',1,8,8,1,4,1576,'d80b8114f4aab184d5ec04416d3ca35e',0,0,'',0,0,'2021-04-08 15:31:56','2021-04-08 15:31:56',NULL),(161,1,1,0,'',1,8,8,1,4,1576,'d80b8114f4aab184d5ec04416d3ca35e',0,0,'',0,0,'2021-04-08 15:34:08','2021-04-08 15:34:09',NULL),(162,1,1,0,'',1,8,8,1,4,1576,'d80b8114f4aab184d5ec04416d3ca35e',0,0,'',0,0,'2021-04-08 15:38:16','2021-04-08 15:38:16',NULL),(163,1,1,0,'',1,8,8,1,4,1576,'d80b8114f4aab184d5ec04416d3ca35e',0,0,'',0,0,'2021-04-08 15:39:40','2021-04-08 15:39:41',NULL),(164,1,1,0,'',1,8,8,1,4,1576,'d80b8114f4aab184d5ec04416d3ca35e',0,0,'',0,0,'2021-04-08 15:43:02','2021-04-08 15:43:02',NULL),(165,1,1,0,'',1,8,8,1,4,1576,'d80b8114f4aab184d5ec04416d3ca35e',0,0,'',0,0,'2021-04-08 17:18:10','2021-04-08 17:18:11',NULL),(166,1,1,0,'',1,8,8,1,4,1576,'d80b8114f4aab184d5ec04416d3ca35e',0,0,'',0,0,'2021-04-08 17:20:26','2021-04-08 17:20:27',NULL),(167,1,1,0,'',1,8,8,1,4,1576,'d80b8114f4aab184d5ec04416d3ca35e',0,0,'',0,0,'2021-04-08 17:22:15','2021-04-08 17:22:15',NULL),(168,1,1,0,'',1,8,8,1,4,1576,'d80b8114f4aab184d5ec04416d3ca35e',0,0,'',0,0,'2021-04-08 17:23:44','2021-04-08 17:23:44',NULL),(169,1,1,0,'',1,8,8,1,4,1576,'d80b8114f4aab184d5ec04416d3ca35e',0,0,'',0,0,'2021-04-08 17:31:40','2021-04-08 17:31:40',NULL),(170,1,1,0,'',1,8,8,1,4,1576,'d80b8114f4aab184d5ec04416d3ca35e',0,0,'',0,0,'2021-04-08 17:36:54','2021-04-08 17:36:54',NULL),(171,1,1,0,'',1,8,8,1,4,1576,'d80b8114f4aab184d5ec04416d3ca35e',0,0,'',0,0,'2021-04-08 17:48:08','2021-04-08 17:48:26',NULL),(172,1,1,0,'',1,8,8,1,4,1576,'d80b8114f4aab184d5ec04416d3ca35e',0,0,'',0,0,'2021-04-08 17:52:55','2021-04-08 17:52:55',NULL),(173,1,1,0,'',1,8,8,1,4,1576,'d80b8114f4aab184d5ec04416d3ca35e',0,0,'',0,0,'2021-04-09 10:05:21','2021-04-09 10:05:21',NULL),(174,1,1,0,'',1,8,8,1,4,1576,'d80b8114f4aab184d5ec04416d3ca35e',0,0,'',0,0,'2021-04-09 10:13:50','2021-04-09 10:13:51',NULL),(175,1,1,0,'',1,8,8,1,4,1576,'d80b8114f4aab184d5ec04416d3ca35e',0,0,'',0,0,'2021-04-09 10:15:27','2021-04-09 10:15:28',NULL),(176,1,1,0,'',1,8,8,1,4,1576,'d80b8114f4aab184d5ec04416d3ca35e',0,0,'',0,0,'2021-04-09 10:16:25','2021-04-09 10:16:25',NULL),(177,1,1,0,'',1,8,8,1,4,1576,'d80b8114f4aab184d5ec04416d3ca35e',0,0,'',0,0,'2021-04-09 10:19:34','2021-04-09 10:19:34',NULL),(178,1,1,0,'',1,8,8,1,4,1576,'d80b8114f4aab184d5ec04416d3ca35e',0,0,'',0,0,'2021-04-09 10:38:21','2021-04-09 10:38:22',NULL),(179,1,1,0,'',1,8,8,1,4,1576,'d80b8114f4aab184d5ec04416d3ca35e',0,0,'',0,0,'2021-04-09 13:19:34','2021-04-09 13:19:34',NULL),(180,1,1,0,'',1,8,8,1,4,1576,'d80b8114f4aab184d5ec04416d3ca35e',0,0,'',0,0,'2021-04-09 14:22:30','2021-04-09 14:22:38',NULL),(181,1,1,0,'',1,8,8,1,4,1576,'d80b8114f4aab184d5ec04416d3ca35e',0,0,'',0,0,'2021-04-09 14:23:26','2021-04-09 14:23:27',NULL),(182,1,1,0,'',1,8,8,1,4,1576,'d80b8114f4aab184d5ec04416d3ca35e',0,0,'',0,0,'2021-04-09 14:24:54','2021-04-09 14:24:54',NULL),(183,1,1,0,'',1,8,8,1,4,1576,'d80b8114f4aab184d5ec04416d3ca35e',0,0,'',0,0,'2021-04-09 14:43:23','2021-04-09 14:43:24',NULL),(184,1,1,0,'',1,8,8,1,4,1576,'d80b8114f4aab184d5ec04416d3ca35e',0,0,'',0,0,'2021-04-09 15:00:00','2021-04-09 15:00:04',NULL),(185,1,1,0,'',1,8,8,1,4,1576,'d80b8114f4aab184d5ec04416d3ca35e',0,0,'',0,0,'2021-04-09 15:19:13','2021-04-09 15:19:13',NULL),(186,1,1,0,'',1,8,8,1,4,1576,'d80b8114f4aab184d5ec04416d3ca35e',0,0,'',0,0,'2021-04-10 17:13:59','2021-04-10 17:13:59',NULL),(187,1,1,0,'',1,8,8,1,4,1576,'d80b8114f4aab184d5ec04416d3ca35e',0,0,'',0,0,'2021-04-10 17:19:19','2021-04-10 17:19:19',NULL),(188,1,1,0,'',1,8,8,1,4,1576,'d80b8114f4aab184d5ec04416d3ca35e',0,0,'',0,0,'2021-04-10 17:20:11','2021-04-10 17:20:11',NULL),(189,1,1,0,'',1,8,8,1,4,1576,'d80b8114f4aab184d5ec04416d3ca35e',0,0,'',0,0,'2021-04-10 19:17:06','2021-04-10 19:28:31',NULL),(190,1,1,0,'',1,8,8,1,4,1576,'d80b8114f4aab184d5ec04416d3ca35e',0,0,'',0,0,'2021-04-10 20:12:33','2021-04-10 20:12:34',NULL),(191,1,1,0,'',1,8,8,1,4,1576,'d80b8114f4aab184d5ec04416d3ca35e',0,0,'',0,0,'2021-04-10 20:13:50','2021-04-10 20:13:51',NULL),(199,1,1,0,'',1,8,8,1,4,1576,'d80b8114f4aab184d5ec04416d3ca35e',0,0,'',0,0,'2021-04-12 09:01:18','2021-04-12 09:01:19',NULL),(200,1,1,0,'',1,8,8,1,4,1576,'d80b8114f4aab184d5ec04416d3ca35e',0,0,'',0,0,'2021-04-12 09:03:39','2021-04-12 09:03:40',NULL),(201,1,1,0,'',1,8,8,1,4,1576,'d80b8114f4aab184d5ec04416d3ca35e',0,0,'',0,0,'2021-04-12 09:07:24','2021-04-12 09:07:24',NULL),(202,1,1,0,'',1,8,8,1,4,1576,'d80b8114f4aab184d5ec04416d3ca35e',0,0,'',0,0,'2021-04-12 09:41:32','2021-04-12 09:41:33',NULL),(218,1,1,0,'',1,8,8,1,4,51,'d80b8114f4aab184d5ec04416d3ca35e',0,0,'',0,0,'2021-06-08 19:05:17','2021-06-09 16:49:06',NULL),(219,1,1,0,'',1,8,8,1,4,51,'d80b8114f4aab184d5ec04416d3ca35e',0,0,'',0,0,'2021-06-09 16:54:30','2021-06-09 16:54:30',NULL),(220,1,1,0,'',1,8,8,1,4,51,'d80b8114f4aab184d5ec04416d3ca35e',0,0,'',0,0,'2021-06-09 17:15:00','2021-06-09 17:15:23',NULL),(221,1,1,0,'',1,8,8,1,4,51,'d80b8114f4aab184d5ec04416d3ca35e',0,0,'',0,0,'2021-06-09 17:17:47','2021-06-09 17:17:47',NULL),(222,1,1,0,'',1,8,8,1,4,51,'d80b8114f4aab184d5ec04416d3ca35e',0,0,'',0,0,'2021-06-09 17:44:38','2021-06-09 17:44:39',NULL),(223,1,1,0,'',1,8,8,1,4,51,'d80b8114f4aab184d5ec04416d3ca35e',0,0,'',0,0,'2021-06-09 17:47:09','2021-06-09 17:47:10',NULL),(224,1,1,0,'',1,8,8,1,4,51,'d80b8114f4aab184d5ec04416d3ca35e',0,0,'',0,0,'2021-06-09 18:28:31','2021-06-09 18:28:31',NULL),(225,1,1,0,'',1,8,8,1,4,51,'d80b8114f4aab184d5ec04416d3ca35e',0,0,'',0,0,'2021-06-09 18:39:31','2021-06-09 19:23:08',NULL),(226,1,1,0,'',1,8,8,1,4,51,'d80b8114f4aab184d5ec04416d3ca35e',0,0,'',0,0,'2021-06-09 19:25:50','2021-06-09 19:25:51',NULL),(227,1,1,0,'',1,8,8,1,4,51,'d80b8114f4aab184d5ec04416d3ca35e',0,0,'',0,0,'2021-06-10 08:51:26','2021-06-10 08:51:28',NULL),(228,1,1,0,'',1,8,8,1,4,51,'d80b8114f4aab184d5ec04416d3ca35e',0,0,'',0,0,'2021-06-10 08:52:56','2021-06-10 08:52:56',NULL),(229,1,1,0,'',1,8,8,1,4,51,'d80b8114f4aab184d5ec04416d3ca35e',0,0,'',0,0,'2021-06-10 08:54:17','2021-06-10 08:54:18',NULL),(230,1,1,0,'',1,8,8,1,4,51,'d80b8114f4aab184d5ec04416d3ca35e',0,0,'',0,0,'2021-06-10 08:55:46','2021-06-10 08:55:47',NULL),(231,1,1,0,'',1,8,8,1,4,51,'d80b8114f4aab184d5ec04416d3ca35e',0,0,'',0,0,'2021-06-10 09:00:06','2021-06-10 09:00:06',NULL),(232,1,1,0,'',1,8,8,1,4,51,'d80b8114f4aab184d5ec04416d3ca35e',0,0,'',0,0,'2021-06-10 09:02:55','2021-06-10 09:02:55',NULL),(233,1,1,0,'',1,8,8,1,4,51,'d80b8114f4aab184d5ec04416d3ca35e',0,0,'',0,0,'2021-06-10 10:07:59','2021-06-10 10:08:04',NULL),(234,1,1,0,'',1,8,8,1,4,51,'d80b8114f4aab184d5ec04416d3ca35e',0,0,'',0,0,'2021-06-10 10:08:03','2021-06-10 10:08:04',NULL),(235,1,1,0,'',1,8,8,1,4,51,'d80b8114f4aab184d5ec04416d3ca35e',0,0,'',0,0,'2021-06-10 10:12:37','2021-06-10 10:12:42',NULL),(236,1,1,0,'',1,8,8,1,4,51,'d80b8114f4aab184d5ec04416d3ca35e',0,0,'',0,0,'2021-06-10 10:13:56','2021-06-10 10:13:56',NULL),(237,1,1,0,'',1,8,8,1,4,51,'d80b8114f4aab184d5ec04416d3ca35e',0,0,'',0,0,'2021-06-10 10:14:12','2021-06-10 10:14:12',NULL),(238,1,1,0,'',1,8,8,1,4,51,'d80b8114f4aab184d5ec04416d3ca35e',0,0,'',0,0,'2021-06-10 10:14:13','2021-06-10 10:16:09',NULL),(239,1,1,0,'',1,8,8,1,4,51,'d80b8114f4aab184d5ec04416d3ca35e',0,0,'',0,0,'2021-06-10 10:14:38','2021-06-10 10:14:38',NULL),(240,1,1,0,'',1,8,8,1,4,51,'d80b8114f4aab184d5ec04416d3ca35e',0,0,'',0,0,'2021-06-10 10:14:39','2021-06-10 10:14:39',NULL),(241,1,1,0,'',1,8,8,1,4,51,'d80b8114f4aab184d5ec04416d3ca35e',0,0,'',0,0,'2021-06-10 10:15:10','2021-06-10 10:15:10',NULL),(242,1,1,0,'',1,8,8,1,4,51,'d80b8114f4aab184d5ec04416d3ca35e',0,0,'',0,0,'2021-06-10 10:15:10','2021-06-10 10:16:12',NULL),(243,1,1,0,'',1,8,8,1,4,51,'d80b8114f4aab184d5ec04416d3ca35e',0,0,'',0,0,'2021-06-10 10:17:59','2021-06-10 10:18:00',NULL),(244,1,1,0,'',1,8,8,1,4,51,'d80b8114f4aab184d5ec04416d3ca35e',0,0,'',0,0,'2021-06-10 10:19:45','2021-06-10 10:19:46',NULL),(245,1,1,0,'',1,8,8,1,4,51,'d80b8114f4aab184d5ec04416d3ca35e',0,0,'',0,0,'2021-06-10 10:20:50','2021-06-10 10:20:59',NULL),(246,1,1,0,'',1,8,8,1,4,51,'d80b8114f4aab184d5ec04416d3ca35e',0,0,'',0,0,'2021-06-10 10:53:15','2021-06-10 10:53:15',NULL),(247,1,1,0,'',1,8,8,1,4,51,'d80b8114f4aab184d5ec04416d3ca35e',0,0,'',0,0,'2021-06-10 10:53:31','2021-06-10 10:59:52',NULL),(248,1,1,0,'',1,8,8,1,4,51,'d80b8114f4aab184d5ec04416d3ca35e',0,0,'',0,0,'2021-06-10 10:53:59','2021-06-10 10:53:59',NULL),(249,1,1,0,'',1,8,8,1,4,51,'d80b8114f4aab184d5ec04416d3ca35e',0,0,'',0,0,'2021-06-10 10:53:59','2021-06-10 10:54:46',NULL),(250,1,1,0,'',1,8,8,1,4,51,'d80b8114f4aab184d5ec04416d3ca35e',0,0,'',0,0,'2021-06-10 10:53:59','2021-06-10 10:53:59',NULL),(251,1,1,0,'',1,8,8,1,4,51,'d80b8114f4aab184d5ec04416d3ca35e',0,0,'',0,0,'2021-06-10 11:23:17','2021-06-10 11:23:19',NULL),(252,1,1,0,'',1,8,8,1,4,51,'d80b8114f4aab184d5ec04416d3ca35e',0,0,'',0,0,'2021-06-10 19:40:11','2021-06-10 19:40:12',NULL),(253,1,1,0,'',1,8,8,1,4,51,'d80b8114f4aab184d5ec04416d3ca35e',0,0,'',0,0,'2021-06-10 19:41:04','2021-06-10 20:15:44',NULL),(254,1,1,0,'',1,8,8,1,4,51,'d80b8114f4aab184d5ec04416d3ca35e',0,0,'',0,0,'2021-06-10 20:24:42','2021-06-10 20:24:42',NULL),(255,1,1,0,'',1,8,8,1,4,51,'d80b8114f4aab184d5ec04416d3ca35e',0,0,'',0,0,'2021-06-11 07:48:18','2021-06-11 07:48:18',NULL),(256,1,1,0,'',1,8,8,1,4,51,'d80b8114f4aab184d5ec04416d3ca35e',0,0,'',0,0,'2021-06-11 08:05:03','2021-06-11 08:05:03',NULL),(257,1,1,0,'',1,8,8,1,4,51,'d80b8114f4aab184d5ec04416d3ca35e',0,0,'',0,0,'2021-06-11 08:37:17','2021-06-11 08:37:18',NULL),(258,1,1,0,'',1,8,8,1,4,51,'d80b8114f4aab184d5ec04416d3ca35e',0,0,'',0,0,'2021-06-11 10:58:53','2021-06-11 10:58:53',NULL),(259,1,1,0,'',1,8,8,1,4,51,'d80b8114f4aab184d5ec04416d3ca35e',0,0,'',0,0,'2021-06-11 12:37:00','2021-06-11 12:37:01',NULL),(260,1,1,0,'',1,8,8,1,4,51,'d80b8114f4aab184d5ec04416d3ca35e',0,0,'',0,0,'2021-06-11 12:39:51','2021-06-11 12:39:52',NULL),(261,1,1,0,'',1,8,8,1,4,51,'d80b8114f4aab184d5ec04416d3ca35e',0,0,'',0,0,'2021-06-11 13:23:50','2021-06-11 13:23:52',NULL),(262,1,1,0,'',1,8,8,1,4,51,'d80b8114f4aab184d5ec04416d3ca35e',0,0,'',0,0,'2021-06-11 15:02:47','2021-06-11 15:02:47',NULL),(263,1,1,0,'',1,8,8,1,4,51,'d80b8114f4aab184d5ec04416d3ca35e',0,0,'',0,0,'2021-06-11 16:40:40','2021-06-11 16:40:40',NULL),(264,1,1,0,'',1,8,8,1,4,51,'d80b8114f4aab184d5ec04416d3ca35e',0,0,'',0,0,'2021-06-11 16:55:02','2021-06-11 16:55:02',NULL),(265,1,1,0,'',1,8,8,1,4,51,'d80b8114f4aab184d5ec04416d3ca35e',0,0,'',0,0,'2021-06-11 17:48:13','2021-06-11 17:48:13',NULL),(266,1,1,0,'',1,8,8,1,4,51,'d80b8114f4aab184d5ec04416d3ca35e',0,0,'',0,0,'2021-06-11 18:14:26','2021-06-11 18:14:26',NULL),(267,1,1,0,'',1,8,8,1,4,51,'d80b8114f4aab184d5ec04416d3ca35e',0,0,'',0,0,'2021-06-11 18:45:42','2021-06-11 18:45:43',NULL),(268,1,1,0,'',1,8,8,1,4,51,'d80b8114f4aab184d5ec04416d3ca35e',0,0,'',0,0,'2021-06-11 18:57:00','2021-06-11 18:57:01',NULL),(269,1,1,0,'',1,8,8,1,4,51,'d80b8114f4aab184d5ec04416d3ca35e',0,0,'',0,0,'2021-06-11 23:35:07','2021-06-12 07:13:32',NULL),(270,1,1,0,'',1,8,8,1,4,51,'d80b8114f4aab184d5ec04416d3ca35e',0,0,'',0,0,'2021-06-12 10:44:24','2021-06-12 10:44:25',NULL),(271,1,1,0,'',1,8,8,1,4,51,'d80b8114f4aab184d5ec04416d3ca35e',0,0,'',0,0,'2021-06-12 17:55:16','2021-06-12 17:55:16',NULL),(272,1,1,0,'',1,8,8,1,4,51,'d80b8114f4aab184d5ec04416d3ca35e',0,0,'',0,0,'2021-06-12 18:14:00','2021-06-12 18:14:01',NULL),(273,1,1,0,'',1,8,8,1,4,51,'d80b8114f4aab184d5ec04416d3ca35e',0,0,'',0,0,'2021-06-13 13:35:45','2021-06-13 13:35:46',NULL),(274,1,1,0,'',1,8,8,1,4,51,'d80b8114f4aab184d5ec04416d3ca35e',0,0,'',0,0,'2021-06-14 08:46:39','2021-06-14 08:46:40',NULL),(275,1,1,0,'',1,8,8,1,4,51,'d80b8114f4aab184d5ec04416d3ca35e',0,0,'',0,0,'2021-06-14 11:43:41','2021-06-14 11:43:41',NULL),(276,1,1,0,'',1,8,8,1,4,51,'d80b8114f4aab184d5ec04416d3ca35e',0,0,'',0,0,'2021-06-14 11:44:53','2021-06-14 11:44:53',NULL),(277,1,1,0,'',1,8,8,1,4,51,'d80b8114f4aab184d5ec04416d3ca35e',0,0,'',0,0,'2021-06-14 12:03:55','2021-06-14 12:03:56',NULL),(278,1,1,0,'',1,8,8,1,4,51,'d80b8114f4aab184d5ec04416d3ca35e',0,0,'',0,0,'2021-06-14 15:24:28','2021-06-14 15:24:29',NULL),(279,1,1,0,'',1,8,8,1,4,51,'d80b8114f4aab184d5ec04416d3ca35e',0,0,'',0,0,'2021-06-14 16:29:12','2021-06-14 16:29:12',NULL),(280,1,1,0,'',1,8,8,1,4,51,'d80b8114f4aab184d5ec04416d3ca35e',0,0,'',0,0,'2021-06-14 16:33:58','2021-06-14 16:33:59',NULL),(281,1,1,0,'',1,8,8,1,4,51,'d80b8114f4aab184d5ec04416d3ca35e',0,0,'',0,0,'2021-06-14 16:41:42','2021-06-14 16:41:43',NULL),(282,1,1,0,'',1,8,8,1,4,51,'d80b8114f4aab184d5ec04416d3ca35e',0,0,'',0,0,'2021-06-14 16:44:55','2021-06-14 16:44:55',NULL),(283,1,1,0,'',1,8,8,1,4,51,'d80b8114f4aab184d5ec04416d3ca35e',0,0,'',0,0,'2021-06-14 16:47:28','2021-06-14 16:47:29',NULL),(284,1,1,0,'',1,8,8,1,4,51,'d80b8114f4aab184d5ec04416d3ca35e',0,0,'',0,0,'2021-06-14 16:52:55','2021-06-14 16:52:55',NULL),(285,1,1,0,'',1,8,8,1,4,51,'d80b8114f4aab184d5ec04416d3ca35e',0,0,'',0,0,'2021-06-14 16:56:13','2021-06-14 16:56:13',NULL),(286,1,1,0,'',1,8,8,1,4,51,'d80b8114f4aab184d5ec04416d3ca35e',0,0,'',0,0,'2021-06-14 17:06:32','2021-06-14 17:06:33',NULL),(287,1,1,0,'',1,8,8,1,4,51,'d80b8114f4aab184d5ec04416d3ca35e',0,0,'',0,0,'2021-06-14 17:13:13','2021-06-14 17:16:12',NULL),(288,1,1,0,'',1,8,8,1,4,51,'d80b8114f4aab184d5ec04416d3ca35e',0,0,'',0,0,'2021-06-14 17:18:55','2021-06-14 17:19:24',NULL),(289,1,1,0,'',1,8,8,1,4,51,'d80b8114f4aab184d5ec04416d3ca35e',0,0,'',0,0,'2021-06-14 17:31:10','2021-06-14 17:31:10',NULL),(290,1,1,0,'',1,8,8,1,4,51,'d80b8114f4aab184d5ec04416d3ca35e',0,0,'',0,0,'2021-06-14 17:36:46','2021-06-14 17:36:47',NULL),(291,1,1,0,'',1,8,8,1,4,51,'d80b8114f4aab184d5ec04416d3ca35e',0,0,'',0,0,'2021-06-14 17:38:13','2021-06-14 17:38:13',NULL),(292,1,1,0,'',1,8,8,1,4,51,'d80b8114f4aab184d5ec04416d3ca35e',0,0,'',0,0,'2021-06-14 17:49:37','2021-06-14 18:56:35',NULL),(293,1,1,0,'',1,8,8,1,4,51,'d80b8114f4aab184d5ec04416d3ca35e',0,0,'',0,0,'2021-06-14 20:04:57','2021-06-14 20:04:58',NULL),(294,1,1,0,'',1,8,8,1,4,51,'d80b8114f4aab184d5ec04416d3ca35e',0,0,'',0,0,'2021-06-15 12:52:51','2021-06-15 12:52:51',NULL),(295,1,1,0,'',1,8,8,1,4,51,'d80b8114f4aab184d5ec04416d3ca35e',0,0,'',0,0,'2021-06-15 14:20:18','2021-06-15 14:20:19',NULL),(296,1,1,0,'',1,8,8,1,4,51,'d80b8114f4aab184d5ec04416d3ca35e',0,0,'',0,0,'2021-06-15 14:24:12','2021-06-15 14:24:13',NULL),(297,1,1,0,'',1,8,8,1,4,51,'d80b8114f4aab184d5ec04416d3ca35e',0,0,'',0,0,'2021-06-15 14:46:28','2021-06-15 15:25:44',NULL),(298,1,1,0,'',1,8,8,1,4,51,'d80b8114f4aab184d5ec04416d3ca35e',0,0,'',0,0,'2021-06-15 15:49:49','2021-06-15 15:49:49',NULL),(299,1,1,0,'',1,8,8,1,4,51,'d80b8114f4aab184d5ec04416d3ca35e',0,0,'',0,0,'2021-06-15 16:47:14','2021-06-15 16:47:14',NULL),(300,1,1,0,'',1,8,8,1,4,51,'d80b8114f4aab184d5ec04416d3ca35e',0,0,'',0,0,'2021-06-15 17:14:33','2021-06-15 17:14:33',NULL),(301,1,1,0,'',1,8,8,1,4,51,'d80b8114f4aab184d5ec04416d3ca35e',0,0,'',0,0,'2021-06-15 17:55:55','2021-06-15 17:55:55',NULL),(302,1,1,0,'',1,8,8,1,4,51,'d80b8114f4aab184d5ec04416d3ca35e',0,0,'',0,0,'2021-06-15 17:58:59','2021-06-15 18:29:22',NULL),(303,1,1,0,'',1,8,8,1,4,51,'d80b8114f4aab184d5ec04416d3ca35e',0,0,'',0,0,'2021-06-15 18:32:07','2021-06-15 18:32:07',NULL),(304,1,1,0,'',1,8,8,1,4,51,'d80b8114f4aab184d5ec04416d3ca35e',0,0,'',0,0,'2021-06-15 18:33:14','2021-06-15 18:33:15',NULL),(305,1,1,0,'',1,8,8,1,4,51,'d80b8114f4aab184d5ec04416d3ca35e',0,0,'',0,0,'2021-06-16 09:00:01','2021-06-16 09:00:01',NULL),(306,1,1,0,'',1,8,8,1,4,51,'d80b8114f4aab184d5ec04416d3ca35e',0,0,'',0,0,'2021-06-16 10:46:20','2021-06-16 10:46:20',NULL),(307,1,1,0,'',1,8,8,1,4,51,'d80b8114f4aab184d5ec04416d3ca35e',0,0,'',0,0,'2021-06-16 12:05:27','2021-06-16 12:05:27',NULL),(308,1,1,0,'',1,8,8,1,4,51,'d80b8114f4aab184d5ec04416d3ca35e',0,0,'',0,0,'2021-06-16 15:11:42','2021-06-16 15:11:42',NULL),(309,1,1,0,'',1,8,8,1,4,51,'d80b8114f4aab184d5ec04416d3ca35e',0,0,'',0,0,'2021-06-16 15:15:51','2021-06-16 15:15:51',NULL),(310,1,1,0,'',1,8,8,1,4,51,'d80b8114f4aab184d5ec04416d3ca35e',0,0,'',0,0,'2021-06-16 15:26:07','2021-06-16 15:26:08',NULL),(311,1,1,0,'',1,8,8,1,4,51,'d80b8114f4aab184d5ec04416d3ca35e',0,0,'',0,0,'2021-06-16 17:52:58','2021-06-16 17:52:59',NULL),(312,1,1,0,'',1,8,8,1,4,51,'d80b8114f4aab184d5ec04416d3ca35e',0,0,'',0,0,'2021-06-16 17:55:41','2021-06-16 17:55:42',NULL),(313,1,1,0,'',1,8,8,1,4,51,'d80b8114f4aab184d5ec04416d3ca35e',0,0,'',0,0,'2021-06-16 18:14:40','2021-06-16 18:14:40',NULL),(314,1,1,0,'',1,8,8,1,4,51,'d80b8114f4aab184d5ec04416d3ca35e',0,0,'',0,0,'2021-06-16 19:04:04','2021-06-16 19:04:04',NULL),(315,1,1,0,'',1,8,8,1,4,51,'d80b8114f4aab184d5ec04416d3ca35e',0,0,'',0,0,'2021-06-17 09:54:04','2021-06-17 09:54:05',NULL),(316,1,1,0,'',1,8,8,1,4,51,'d80b8114f4aab184d5ec04416d3ca35e',0,0,'',0,0,'2021-06-17 11:38:02','2021-06-17 11:38:03',NULL),(317,1,1,0,'',1,8,8,1,4,51,'d80b8114f4aab184d5ec04416d3ca35e',0,0,'',0,0,'2021-06-17 12:19:57','2021-06-17 12:19:57',NULL),(318,1,1,0,'',1,8,8,1,4,51,'d80b8114f4aab184d5ec04416d3ca35e',0,0,'',0,0,'2021-06-17 12:43:32','2021-06-17 12:43:33',NULL),(319,1,1,0,'',1,8,8,1,4,51,'d80b8114f4aab184d5ec04416d3ca35e',0,0,'',0,0,'2021-06-17 15:00:48','2021-06-17 15:00:49',NULL),(320,1,1,0,'',1,8,8,1,4,51,'d80b8114f4aab184d5ec04416d3ca35e',0,0,'',0,0,'2021-06-17 15:16:56','2021-06-17 15:16:56',NULL),(321,1,1,0,'',1,8,8,1,4,51,'d80b8114f4aab184d5ec04416d3ca35e',0,0,'',0,0,'2021-06-17 16:39:09','2021-06-17 16:39:09',NULL),(322,1,1,0,'',1,8,8,1,4,51,'d80b8114f4aab184d5ec04416d3ca35e',0,0,'',0,0,'2021-06-17 17:42:54','2021-06-17 17:42:55',NULL),(323,1,1,0,'',1,8,8,1,4,51,'d80b8114f4aab184d5ec04416d3ca35e',0,0,'',0,0,'2021-06-17 18:06:19','2021-06-17 18:06:19',NULL),(324,1,1,0,'',1,8,8,1,4,51,'d80b8114f4aab184d5ec04416d3ca35e',0,0,'',0,0,'2021-06-17 18:26:19','2021-06-17 18:26:31',NULL),(325,1,1,0,'',1,8,8,1,4,51,'d80b8114f4aab184d5ec04416d3ca35e',0,0,'',0,0,'2021-06-17 18:35:38','2021-06-17 18:35:39',NULL),(326,1,1,0,'',1,8,8,1,4,51,'d80b8114f4aab184d5ec04416d3ca35e',0,0,'',0,0,'2021-06-18 10:15:02','2021-06-18 10:15:02',NULL),(327,1,1,0,'',1,8,8,1,4,51,'d80b8114f4aab184d5ec04416d3ca35e',0,0,'',0,0,'2021-06-18 10:33:21','2021-06-18 10:34:54',NULL),(328,1,1,0,'',1,8,8,1,4,51,'d80b8114f4aab184d5ec04416d3ca35e',0,0,'',0,0,'2021-06-18 10:45:46','2021-06-18 10:45:47',NULL),(329,1,1,0,'',1,8,8,1,4,51,'d80b8114f4aab184d5ec04416d3ca35e',0,0,'',0,0,'2021-06-18 15:38:02','2021-06-18 15:38:03',NULL),(330,1,1,0,'',1,8,8,1,4,51,'d80b8114f4aab184d5ec04416d3ca35e',0,0,'',0,0,'2021-06-18 18:18:26','2021-06-18 18:18:27',NULL),(331,1,1,0,'',1,8,8,1,4,51,'d80b8114f4aab184d5ec04416d3ca35e',0,0,'',0,0,'2021-06-19 11:45:30','2021-06-19 11:45:31',NULL),(332,1,1,0,'',1,8,8,1,4,51,'d80b8114f4aab184d5ec04416d3ca35e',0,0,'',0,0,'2021-06-19 12:48:04','2021-06-19 12:48:51',NULL),(333,1,1,0,'',1,0,0,1,0,3,'',0,0,'',0,0,'2023-02-13 12:07:22','2023-02-13 12:07:22','{\"checkout-personal-information-step\":{\"step_is_reachable\":true,\"step_is_complete\":false},\"checkout-addresses-step\":{\"step_is_reachable\":false,\"step_is_complete\":false,\"use_same_address\":true},\"checkout-delivery-step\":{\"step_is_reachable\":false,\"step_is_complete\":false},\"checkout-payment-step\":{\"step_is_reachable\":false,\"step_is_complete\":false},\"checksum\":null}'),(334,1,1,0,'',1,0,0,1,0,4,'',0,0,'',0,0,'2023-02-13 12:21:17','2023-02-13 12:21:17','{\"checkout-personal-information-step\":{\"step_is_reachable\":true,\"step_is_complete\":false},\"checkout-addresses-step\":{\"step_is_reachable\":false,\"step_is_complete\":false,\"use_same_address\":true},\"checkout-delivery-step\":{\"step_is_reachable\":false,\"step_is_complete\":false},\"checkout-payment-step\":{\"step_is_reachable\":false,\"step_is_complete\":false},\"checksum\":null}'),(335,1,1,0,'',1,8,8,1,4,12,'d80b8114f4aab184d5ec04416d3ca35e',0,0,'',0,0,'2023-02-15 17:10:51','2023-02-15 17:15:33','{\"checkout-personal-information-step\":{\"step_is_reachable\":true,\"step_is_complete\":false},\"checkout-addresses-step\":{\"step_is_reachable\":false,\"step_is_complete\":false,\"use_same_address\":true},\"checkout-delivery-step\":{\"step_is_reachable\":false,\"step_is_complete\":false},\"checkout-payment-step\":{\"step_is_reachable\":false,\"step_is_complete\":false},\"checksum\":null}'),(336,1,1,0,'',1,8,8,1,4,12,'d80b8114f4aab184d5ec04416d3ca35e',0,0,'',0,0,'2023-02-16 10:00:13','2023-02-27 06:39:01',NULL),(337,1,1,0,'',1,0,0,1,0,14,'',0,0,'',0,0,'2023-02-23 11:41:24','2023-02-23 11:41:44',NULL),(338,1,1,0,'',1,8,8,1,4,12,'d80b8114f4aab184d5ec04416d3ca35e',0,0,'',0,0,'2023-02-27 06:42:21','2023-02-27 06:42:22',NULL),(339,1,1,0,'',1,8,8,1,4,12,'d80b8114f4aab184d5ec04416d3ca35e',0,0,'',0,0,'2023-02-27 06:43:08','2023-02-27 06:43:09',NULL),(340,1,1,0,'',1,8,8,1,4,12,'d80b8114f4aab184d5ec04416d3ca35e',0,0,'',0,0,'2023-02-27 06:44:23','2023-02-27 06:44:24',NULL),(341,1,1,0,'',1,8,8,1,4,12,'d80b8114f4aab184d5ec04416d3ca35e',0,0,'',0,0,'2023-02-27 06:48:42','2023-02-27 06:52:43',NULL),(342,1,1,0,'',1,8,8,1,4,12,'d80b8114f4aab184d5ec04416d3ca35e',0,0,'',0,0,'2023-02-27 12:18:58','2023-02-27 12:18:59',NULL),(343,1,1,0,'',1,8,8,1,4,12,'d80b8114f4aab184d5ec04416d3ca35e',0,0,'',0,0,'2023-03-04 10:30:21','2023-03-04 10:37:23',NULL),(344,1,1,0,'',1,8,8,1,4,27,'d80b8114f4aab184d5ec04416d3ca35e',0,0,'',0,0,'2023-03-07 12:56:03','2023-03-07 12:56:20',NULL),(345,1,1,0,'',1,8,8,1,4,27,'d80b8114f4aab184d5ec04416d3ca35e',0,0,'',0,0,'2023-03-07 13:01:38','2023-03-07 13:01:38',NULL),(346,1,1,0,'',1,8,8,1,4,27,'d80b8114f4aab184d5ec04416d3ca35e',0,0,'',0,0,'2023-03-07 13:02:49','2023-03-07 13:02:50',NULL),(347,1,1,0,'',1,8,8,1,4,27,'d80b8114f4aab184d5ec04416d3ca35e',0,0,'',0,0,'2023-03-07 13:04:24','2023-03-07 13:04:25',NULL),(348,1,1,0,'',1,8,8,1,4,27,'d80b8114f4aab184d5ec04416d3ca35e',0,0,'',0,0,'2023-03-07 13:04:24','2023-03-07 13:04:28',NULL),(349,1,1,0,'',1,8,8,1,4,27,'d80b8114f4aab184d5ec04416d3ca35e',0,0,'',0,0,'2023-03-07 13:11:05','2023-03-07 13:11:05',NULL),(350,1,1,0,'',1,8,8,1,4,27,'d80b8114f4aab184d5ec04416d3ca35e',0,0,'',0,0,'2023-03-07 16:01:26','2023-03-07 16:01:27',NULL),(351,1,1,0,'',1,8,8,1,4,28,'d80b8114f4aab184d5ec04416d3ca35e',0,0,'',0,0,'2023-03-07 16:16:02','2023-03-07 16:16:48',NULL),(352,1,1,0,'',1,8,8,1,4,27,'d80b8114f4aab184d5ec04416d3ca35e',0,0,'',0,0,'2023-03-08 09:10:54','2023-03-08 09:10:54',NULL),(353,1,1,0,'',1,8,8,1,4,27,'d80b8114f4aab184d5ec04416d3ca35e',0,0,'',0,0,'2023-03-08 09:32:18','2023-03-08 09:32:18',NULL),(354,1,1,0,'',1,8,8,1,4,27,'d80b8114f4aab184d5ec04416d3ca35e',0,0,'',0,0,'2023-03-08 12:26:40','2023-03-08 12:26:40',NULL),(355,1,1,0,'',1,8,8,1,4,27,'d80b8114f4aab184d5ec04416d3ca35e',0,0,'',0,0,'2023-03-08 12:32:05','2023-03-08 12:32:05',NULL),(356,1,1,0,'',1,8,8,1,4,27,'d80b8114f4aab184d5ec04416d3ca35e',0,0,'',0,0,'2023-03-08 12:43:36','2023-03-08 12:43:36',NULL),(357,1,1,0,'',1,8,8,1,4,27,'d80b8114f4aab184d5ec04416d3ca35e',0,0,'',0,0,'2023-03-08 12:49:51','2023-03-08 12:49:51',NULL),(358,1,1,0,'',1,8,8,1,4,27,'d80b8114f4aab184d5ec04416d3ca35e',0,0,'',0,0,'2023-03-08 13:01:41','2023-03-08 13:01:42',NULL),(359,1,1,0,'',1,8,8,1,4,27,'d80b8114f4aab184d5ec04416d3ca35e',0,0,'',0,0,'2023-03-08 13:03:21','2023-03-08 13:17:24',NULL),(360,1,1,0,'',1,8,8,1,4,27,'d80b8114f4aab184d5ec04416d3ca35e',0,0,'',0,0,'2023-03-08 13:37:37','2023-03-08 13:37:37',NULL),(361,1,1,0,'',1,8,8,1,4,27,'d80b8114f4aab184d5ec04416d3ca35e',0,0,'',0,0,'2023-03-09 09:19:12','2023-03-09 09:19:13',NULL),(362,1,1,0,'',1,8,8,1,4,27,'d80b8114f4aab184d5ec04416d3ca35e',0,0,'',0,0,'2023-03-10 20:16:08','2023-03-10 20:16:09',NULL),(363,1,1,0,'',1,8,8,1,4,27,'d80b8114f4aab184d5ec04416d3ca35e',0,0,'',0,0,'2023-03-11 17:08:25','2023-03-11 17:08:26',NULL),(364,1,1,0,'',1,8,8,1,4,27,'d80b8114f4aab184d5ec04416d3ca35e',0,0,'',0,0,'2023-03-12 16:57:53','2023-03-12 16:58:54',NULL),(365,1,1,0,'',1,8,8,1,4,27,'d80b8114f4aab184d5ec04416d3ca35e',0,0,'',0,0,'2023-03-13 15:50:42','2023-03-13 15:50:42',NULL),(366,1,1,0,'',1,8,8,1,4,27,'d80b8114f4aab184d5ec04416d3ca35e',0,0,'',0,0,'2023-03-13 15:51:38','2023-03-13 15:51:38',NULL),(367,1,1,0,'',1,8,8,1,4,27,'d80b8114f4aab184d5ec04416d3ca35e',0,0,'',0,0,'2023-03-13 16:48:02','2023-03-13 16:48:02',NULL),(368,1,1,0,'',1,8,8,1,4,27,'d80b8114f4aab184d5ec04416d3ca35e',0,0,'',0,0,'2023-03-15 19:40:40','2023-03-15 19:40:40',NULL),(369,1,1,0,'',1,8,8,1,4,27,'d80b8114f4aab184d5ec04416d3ca35e',0,0,'',0,0,'2023-03-16 09:56:44','2023-03-16 09:56:44',NULL),(370,1,1,0,'',1,8,8,1,4,27,'d80b8114f4aab184d5ec04416d3ca35e',0,0,'',0,0,'2023-03-16 13:45:12','2023-03-16 13:45:13',NULL),(371,1,1,0,'',1,8,8,1,4,27,'d80b8114f4aab184d5ec04416d3ca35e',0,0,'',0,0,'2023-03-16 14:02:12','2023-03-16 14:02:12',NULL),(372,1,1,0,'',1,8,8,1,4,27,'d80b8114f4aab184d5ec04416d3ca35e',0,0,'',0,0,'2023-03-18 20:16:21','2023-03-18 20:16:21',NULL),(373,1,1,0,'',1,8,8,1,4,27,'d80b8114f4aab184d5ec04416d3ca35e',0,0,'',0,0,'2023-03-19 10:49:37','2023-03-19 10:49:37',NULL),(374,1,1,0,'',1,8,8,1,4,27,'d80b8114f4aab184d5ec04416d3ca35e',0,0,'',0,0,'2023-03-19 10:50:25','2023-03-19 10:50:26',NULL),(375,1,1,0,'',1,8,8,1,4,27,'d80b8114f4aab184d5ec04416d3ca35e',0,0,'',0,0,'2023-03-19 12:51:51','2023-03-19 12:51:51',NULL),(376,1,1,0,'',1,8,8,1,4,27,'d80b8114f4aab184d5ec04416d3ca35e',0,0,'',0,0,'2023-03-20 15:00:48','2023-03-20 15:01:11',NULL),(377,1,1,0,'',1,8,8,1,4,27,'d80b8114f4aab184d5ec04416d3ca35e',0,0,'',0,0,'2023-03-21 14:00:59','2023-03-21 14:00:59',NULL),(378,1,1,0,'',1,8,8,1,4,27,'d80b8114f4aab184d5ec04416d3ca35e',0,0,'',0,0,'2023-03-21 16:05:40','2023-03-21 16:05:40',NULL),(379,1,1,0,'',1,8,8,1,4,27,'d80b8114f4aab184d5ec04416d3ca35e',0,0,'',0,0,'2023-03-21 16:05:43','2023-03-21 16:05:58',NULL),(380,1,1,0,'',1,8,8,1,4,27,'d80b8114f4aab184d5ec04416d3ca35e',0,0,'',0,0,'2023-03-21 16:50:19','2023-03-21 16:50:27',NULL),(381,1,1,0,'',1,8,8,1,4,27,'d80b8114f4aab184d5ec04416d3ca35e',0,0,'',0,0,'2023-03-21 19:40:54','2023-03-21 19:40:55',NULL),(382,1,1,0,'',1,8,8,1,4,27,'d80b8114f4aab184d5ec04416d3ca35e',0,0,'',0,0,'2023-03-23 11:54:02','2023-03-23 11:54:30',NULL),(383,1,1,0,'',1,8,8,1,4,27,'d80b8114f4aab184d5ec04416d3ca35e',0,0,'',0,0,'2023-03-23 11:55:39','2023-03-23 11:55:40',NULL),(384,1,1,0,'',1,8,8,1,4,27,'d80b8114f4aab184d5ec04416d3ca35e',0,0,'',0,0,'2023-03-23 14:33:10','2023-03-23 14:33:11',NULL),(385,1,1,0,'',1,8,8,1,4,27,'d80b8114f4aab184d5ec04416d3ca35e',0,0,'',0,0,'2023-03-23 14:57:12','2023-03-23 14:57:13',NULL),(386,1,1,0,'',1,8,8,1,4,27,'d80b8114f4aab184d5ec04416d3ca35e',0,0,'',0,0,'2023-03-23 16:33:31','2023-03-23 17:51:05',NULL),(387,1,1,0,'',1,8,8,1,4,27,'d80b8114f4aab184d5ec04416d3ca35e',0,0,'',0,0,'2023-03-24 13:04:10','2023-03-24 13:04:10',NULL),(388,1,1,0,'',1,8,8,1,4,27,'d80b8114f4aab184d5ec04416d3ca35e',0,0,'',0,0,'2023-03-24 15:14:21','2023-03-24 15:14:22',NULL),(389,1,1,0,'',1,8,8,1,4,27,'d80b8114f4aab184d5ec04416d3ca35e',0,0,'',0,0,'2023-03-24 19:34:11','2023-03-24 19:34:11',NULL),(390,1,1,0,'',1,8,8,1,4,27,'d80b8114f4aab184d5ec04416d3ca35e',0,0,'',0,0,'2023-03-24 19:35:07','2023-03-24 19:35:08',NULL),(391,1,1,0,'',1,8,8,1,4,27,'d80b8114f4aab184d5ec04416d3ca35e',0,0,'',0,0,'2023-03-24 19:35:08','2023-03-24 19:35:09',NULL),(392,1,1,0,'',1,8,8,1,4,27,'d80b8114f4aab184d5ec04416d3ca35e',0,0,'',0,0,'2023-03-25 10:14:49','2023-03-25 10:14:49',NULL),(393,1,1,0,'',1,8,8,1,4,27,'d80b8114f4aab184d5ec04416d3ca35e',0,0,'',0,0,'2023-03-25 10:32:41','2023-03-25 10:32:41',NULL),(394,1,1,0,'',1,8,8,1,4,27,'d80b8114f4aab184d5ec04416d3ca35e',0,0,'',0,0,'2023-03-25 11:03:19','2023-03-25 11:03:20',NULL),(395,1,1,0,'',1,8,8,1,4,27,'d80b8114f4aab184d5ec04416d3ca35e',0,0,'',0,0,'2023-03-25 11:44:35','2023-03-25 11:44:36',NULL),(396,1,1,0,'',1,8,8,1,4,27,'d80b8114f4aab184d5ec04416d3ca35e',0,0,'',0,0,'2023-03-25 12:20:06','2023-03-25 12:20:07',NULL),(397,1,1,0,'',1,8,8,1,4,27,'d80b8114f4aab184d5ec04416d3ca35e',0,0,'',0,0,'2023-03-25 13:16:30','2023-03-25 13:16:30',NULL),(398,1,1,0,'',1,8,8,1,4,27,'d80b8114f4aab184d5ec04416d3ca35e',0,0,'',0,0,'2023-03-26 16:44:33','2023-03-26 16:44:34',NULL),(399,1,1,0,'',1,8,8,1,4,27,'d80b8114f4aab184d5ec04416d3ca35e',0,0,'',0,0,'2023-03-27 11:02:25','2023-03-27 11:02:25',NULL),(400,1,1,0,'',1,8,8,1,4,27,'d80b8114f4aab184d5ec04416d3ca35e',0,0,'',0,0,'2023-03-27 13:48:29','2023-03-27 13:48:29',NULL),(401,1,1,0,'',1,8,8,1,4,27,'d80b8114f4aab184d5ec04416d3ca35e',0,0,'',0,0,'2023-03-27 18:32:03','2023-03-27 18:32:03',NULL),(402,1,1,0,'',1,8,8,1,4,27,'d80b8114f4aab184d5ec04416d3ca35e',0,0,'',0,0,'2023-03-28 11:54:46','2023-03-28 11:54:46',NULL),(403,1,1,0,'',1,8,8,1,4,27,'d80b8114f4aab184d5ec04416d3ca35e',0,0,'',0,0,'2023-03-28 18:53:30','2023-03-28 18:53:30',NULL),(404,1,1,0,'',1,8,8,1,4,27,'d80b8114f4aab184d5ec04416d3ca35e',0,0,'',0,0,'2023-03-29 14:22:22','2023-03-29 14:22:22',NULL),(405,1,1,0,'',1,8,8,1,4,27,'d80b8114f4aab184d5ec04416d3ca35e',0,0,'',0,0,'2023-03-29 16:09:34','2023-03-29 16:09:34',NULL),(406,1,1,0,'',1,8,8,1,4,27,'d80b8114f4aab184d5ec04416d3ca35e',0,0,'',0,0,'2023-03-30 11:33:20','2023-03-30 11:33:20',NULL),(407,1,1,0,'',1,8,8,1,4,27,'d80b8114f4aab184d5ec04416d3ca35e',0,0,'',0,0,'2023-03-30 11:52:46','2023-03-30 11:52:47',NULL),(408,1,1,0,'',1,8,8,1,4,27,'d80b8114f4aab184d5ec04416d3ca35e',0,0,'',0,0,'2023-03-30 13:22:27','2023-03-30 13:22:28',NULL),(409,1,1,0,'',1,8,8,1,4,27,'d80b8114f4aab184d5ec04416d3ca35e',0,0,'',0,0,'2023-03-30 17:40:42','2023-03-30 17:40:43',NULL),(410,1,1,0,'',1,8,8,1,4,27,'d80b8114f4aab184d5ec04416d3ca35e',0,0,'',0,0,'2023-03-30 18:14:42','2023-03-30 18:14:42',NULL),(411,1,1,0,'',1,8,8,1,4,27,'d80b8114f4aab184d5ec04416d3ca35e',0,0,'',0,0,'2023-03-30 18:35:20','2023-03-30 18:35:21',NULL),(412,1,1,0,'',1,8,8,1,4,27,'d80b8114f4aab184d5ec04416d3ca35e',0,0,'',0,0,'2023-03-31 19:47:18','2023-03-31 19:47:19',NULL),(413,1,1,0,'',1,8,8,1,4,27,'d80b8114f4aab184d5ec04416d3ca35e',0,0,'',0,0,'2023-03-31 19:55:17','2023-03-31 19:55:18',NULL),(414,1,1,0,'',1,8,8,1,4,27,'d80b8114f4aab184d5ec04416d3ca35e',0,0,'',0,0,'2023-04-01 11:07:20','2023-04-01 11:07:20',NULL),(415,1,1,0,'',1,8,8,1,4,27,'d80b8114f4aab184d5ec04416d3ca35e',0,0,'',0,0,'2023-04-01 11:12:28','2023-04-01 11:12:28',NULL),(416,1,1,0,'',1,8,8,1,4,27,'d80b8114f4aab184d5ec04416d3ca35e',0,0,'',0,0,'2023-04-01 11:46:44','2023-04-01 11:46:44',NULL),(417,1,1,0,'',1,8,8,1,4,27,'d80b8114f4aab184d5ec04416d3ca35e',0,0,'',0,0,'2023-04-01 17:22:16','2023-04-01 17:22:16',NULL),(418,1,1,0,'',1,8,8,1,4,27,'d80b8114f4aab184d5ec04416d3ca35e',0,0,'',0,0,'2023-04-02 12:47:03','2023-04-02 12:47:04',NULL),(419,1,1,0,'',1,8,8,1,4,27,'d80b8114f4aab184d5ec04416d3ca35e',0,0,'',0,0,'2023-04-02 13:51:52','2023-04-02 13:51:53',NULL),(420,1,1,0,'',1,8,8,1,4,27,'d80b8114f4aab184d5ec04416d3ca35e',0,0,'',0,0,'2023-04-02 18:14:32','2023-04-02 18:14:32',NULL),(421,1,1,0,'',1,8,8,1,4,27,'d80b8114f4aab184d5ec04416d3ca35e',0,0,'',0,0,'2023-04-04 14:06:48','2023-04-04 14:06:48',NULL),(422,1,1,0,'',1,8,8,1,4,27,'d80b8114f4aab184d5ec04416d3ca35e',0,0,'',0,0,'2023-04-05 12:02:01','2023-04-05 12:02:02',NULL),(423,1,1,0,'',1,8,8,1,4,27,'d80b8114f4aab184d5ec04416d3ca35e',0,0,'',0,0,'2023-04-05 12:29:53','2023-04-05 12:29:53',NULL),(424,1,1,0,'',1,8,8,1,4,27,'d80b8114f4aab184d5ec04416d3ca35e',0,0,'',0,0,'2023-04-05 12:36:50','2023-04-05 12:36:51',NULL),(425,1,1,0,'',1,8,8,1,4,27,'d80b8114f4aab184d5ec04416d3ca35e',0,0,'',0,0,'2023-04-05 14:10:47','2023-04-05 14:10:47',NULL),(426,1,1,0,'',1,8,8,1,4,27,'d80b8114f4aab184d5ec04416d3ca35e',0,0,'',0,0,'2023-04-05 14:38:11','2023-04-05 14:38:12',NULL),(427,1,1,0,'',1,8,8,1,4,27,'d80b8114f4aab184d5ec04416d3ca35e',0,0,'',0,0,'2023-04-05 16:20:35','2023-04-05 16:20:35',NULL),(428,1,1,0,'',1,8,8,1,4,27,'d80b8114f4aab184d5ec04416d3ca35e',0,0,'',0,0,'2023-04-05 17:43:23','2023-04-05 17:43:23',NULL),(429,1,1,0,'',1,8,8,1,4,27,'d80b8114f4aab184d5ec04416d3ca35e',0,0,'',0,0,'2023-04-05 18:18:30','2023-04-05 18:18:30',NULL),(430,1,1,0,'',1,8,8,1,4,27,'d80b8114f4aab184d5ec04416d3ca35e',0,0,'',0,0,'2023-04-06 11:59:56','2023-04-06 11:59:57',NULL),(431,1,1,0,'',1,8,8,1,4,27,'d80b8114f4aab184d5ec04416d3ca35e',0,0,'',0,0,'2023-04-06 13:00:52','2023-04-06 13:00:53',NULL),(432,1,1,0,'',1,8,8,1,4,27,'d80b8114f4aab184d5ec04416d3ca35e',0,0,'',0,0,'2023-04-06 13:02:04','2023-04-06 13:03:50',NULL),(433,1,1,0,'',1,8,8,1,4,27,'d80b8114f4aab184d5ec04416d3ca35e',0,0,'',0,0,'2023-04-06 13:04:53','2023-04-06 13:04:53',NULL),(434,1,1,0,'',1,8,8,1,4,27,'d80b8114f4aab184d5ec04416d3ca35e',0,0,'',0,0,'2023-04-06 18:45:50','2023-04-06 18:45:50',NULL),(435,1,1,0,'',1,8,8,1,4,27,'d80b8114f4aab184d5ec04416d3ca35e',0,0,'',0,0,'2023-04-07 22:38:37','2023-04-08 09:41:11',NULL),(436,1,1,0,'',1,8,8,1,4,27,'d80b8114f4aab184d5ec04416d3ca35e',0,0,'',0,0,'2023-04-08 11:49:56','2023-04-08 11:49:57',NULL),(437,1,1,0,'',1,8,8,1,4,27,'d80b8114f4aab184d5ec04416d3ca35e',0,0,'',0,0,'2023-04-09 13:32:22','2023-04-09 13:32:22',NULL),(438,1,1,0,'',1,8,8,1,4,27,'d80b8114f4aab184d5ec04416d3ca35e',0,0,'',0,0,'2023-04-10 11:47:24','2023-04-10 11:47:25',NULL),(439,1,1,0,'',1,8,8,1,4,27,'d80b8114f4aab184d5ec04416d3ca35e',0,0,'',0,0,'2023-04-11 10:52:55','2023-04-11 10:52:55',NULL),(440,1,1,0,'',1,8,8,1,4,27,'d80b8114f4aab184d5ec04416d3ca35e',0,0,'',0,0,'2023-04-11 15:23:46','2023-04-11 17:01:16',NULL),(441,1,1,0,'',1,8,8,1,4,27,'d80b8114f4aab184d5ec04416d3ca35e',0,0,'',0,0,'2023-04-11 18:50:07','2023-04-11 18:50:07',NULL),(442,1,1,0,'',1,8,8,1,4,27,'d80b8114f4aab184d5ec04416d3ca35e',0,0,'',0,0,'2023-04-12 14:29:12','2023-04-12 14:29:12',NULL),(443,1,1,0,'',1,8,8,1,4,27,'d80b8114f4aab184d5ec04416d3ca35e',0,0,'',0,0,'2023-04-13 08:45:17','2023-04-13 08:45:17',NULL),(444,1,1,0,'',1,8,8,1,4,27,'d80b8114f4aab184d5ec04416d3ca35e',0,0,'',0,0,'2023-04-13 20:46:29','2023-04-13 20:46:30',NULL),(445,1,1,0,'',1,8,8,1,4,27,'d80b8114f4aab184d5ec04416d3ca35e',0,0,'',0,0,'2023-04-14 08:08:49','2023-04-14 09:39:29',NULL),(446,1,1,0,'',1,8,8,1,4,27,'d80b8114f4aab184d5ec04416d3ca35e',0,0,'',0,0,'2023-04-14 10:11:38','2023-04-14 10:11:39',NULL),(447,1,1,0,'',1,8,8,1,4,27,'d80b8114f4aab184d5ec04416d3ca35e',0,0,'',0,0,'2023-04-14 12:23:52','2023-04-14 12:23:52',NULL),(448,1,1,0,'',1,8,8,1,4,27,'d80b8114f4aab184d5ec04416d3ca35e',0,0,'',0,0,'2023-04-14 12:34:20','2023-04-14 12:34:20',NULL),(449,1,1,0,'',1,8,8,1,4,27,'d80b8114f4aab184d5ec04416d3ca35e',0,0,'',0,0,'2023-04-14 14:16:16','2023-04-14 14:16:16',NULL),(450,1,1,0,'',1,8,8,1,4,27,'d80b8114f4aab184d5ec04416d3ca35e',0,0,'',0,0,'2023-04-15 09:12:29','2023-04-15 09:12:29',NULL),(451,1,1,0,'',1,8,8,1,4,27,'d80b8114f4aab184d5ec04416d3ca35e',0,0,'',0,0,'2023-04-15 13:06:18','2023-04-15 13:06:19',NULL),(452,1,1,0,'',1,8,8,1,4,27,'d80b8114f4aab184d5ec04416d3ca35e',0,0,'',0,0,'2023-04-15 17:54:55','2023-04-15 17:54:56',NULL),(453,1,1,0,'',1,8,8,1,4,27,'d80b8114f4aab184d5ec04416d3ca35e',0,0,'',0,0,'2023-04-15 19:38:15','2023-04-15 19:38:15',NULL),(454,1,1,0,'',1,8,8,1,4,27,'d80b8114f4aab184d5ec04416d3ca35e',0,0,'',0,0,'2023-04-17 15:55:25','2023-04-17 15:55:25',NULL),(455,1,1,0,'',1,8,8,1,4,27,'d80b8114f4aab184d5ec04416d3ca35e',0,0,'',0,0,'2023-04-17 16:29:24','2023-04-17 16:29:24',NULL),(456,1,1,0,'',1,8,8,1,4,27,'d80b8114f4aab184d5ec04416d3ca35e',0,0,'',0,0,'2023-04-17 17:09:21','2023-04-17 17:09:21',NULL),(457,1,1,0,'',1,8,8,1,4,27,'d80b8114f4aab184d5ec04416d3ca35e',0,0,'',0,0,'2023-04-18 09:40:35','2023-04-18 09:40:35',NULL),(458,1,1,0,'',1,8,8,1,4,27,'d80b8114f4aab184d5ec04416d3ca35e',0,0,'',0,0,'2023-04-18 11:56:04','2023-04-18 11:56:04',NULL),(459,1,1,0,'',1,8,8,1,4,27,'d80b8114f4aab184d5ec04416d3ca35e',0,0,'',0,0,'2023-04-18 13:12:34','2023-04-18 14:09:51',NULL),(460,1,1,0,'',1,8,8,1,4,27,'d80b8114f4aab184d5ec04416d3ca35e',0,0,'',0,0,'2023-04-18 14:10:45','2023-04-18 14:10:45',NULL),(461,1,1,0,'',1,8,8,1,4,27,'d80b8114f4aab184d5ec04416d3ca35e',0,0,'',0,0,'2023-04-18 16:25:12','2023-04-18 16:25:13',NULL),(462,1,1,0,'',1,8,8,1,4,27,'d80b8114f4aab184d5ec04416d3ca35e',0,0,'',0,0,'2023-04-18 16:26:20','2023-04-18 16:26:21',NULL),(463,1,1,0,'',1,8,8,1,4,27,'d80b8114f4aab184d5ec04416d3ca35e',0,0,'',0,0,'2023-04-18 17:55:36','2023-04-18 17:55:36',NULL),(464,1,1,0,'',1,8,8,1,4,27,'d80b8114f4aab184d5ec04416d3ca35e',0,0,'',0,0,'2023-04-18 18:12:55','2023-04-18 18:12:56',NULL),(465,1,1,0,'',1,8,8,1,4,27,'d80b8114f4aab184d5ec04416d3ca35e',0,0,'',0,0,'2023-04-19 19:30:19','2023-04-19 19:30:19',NULL),(466,1,1,0,'',1,8,8,1,4,27,'d80b8114f4aab184d5ec04416d3ca35e',0,0,'',0,0,'2023-04-19 20:19:26','2023-04-19 20:19:26',NULL),(467,1,1,0,'',1,8,8,1,4,27,'d80b8114f4aab184d5ec04416d3ca35e',0,0,'',0,0,'2023-04-20 10:01:59','2023-04-20 10:02:00',NULL),(468,1,1,0,'',1,8,8,1,4,27,'d80b8114f4aab184d5ec04416d3ca35e',0,0,'',0,0,'2023-04-20 11:32:38','2023-04-20 11:32:38',NULL),(469,1,1,0,'',1,8,8,1,4,27,'d80b8114f4aab184d5ec04416d3ca35e',0,0,'',0,0,'2023-04-20 13:56:24','2023-04-20 13:56:25',NULL),(470,1,1,0,'',1,8,8,1,4,27,'d80b8114f4aab184d5ec04416d3ca35e',0,0,'',0,0,'2023-04-20 13:57:02','2023-04-20 13:57:02',NULL),(471,1,1,0,'',1,8,8,1,4,27,'d80b8114f4aab184d5ec04416d3ca35e',0,0,'',0,0,'2023-04-20 18:50:19','2023-04-20 18:50:20',NULL),(472,1,1,0,'',1,8,8,1,4,27,'d80b8114f4aab184d5ec04416d3ca35e',0,0,'',0,0,'2023-04-21 10:08:24','2023-04-21 10:08:24',NULL),(473,1,1,0,'',1,8,8,1,4,27,'d80b8114f4aab184d5ec04416d3ca35e',0,0,'',0,0,'2023-04-21 14:31:23','2023-04-21 14:31:30',NULL),(474,1,1,0,'',1,8,8,1,4,27,'d80b8114f4aab184d5ec04416d3ca35e',0,0,'',0,0,'2023-04-21 19:21:43','2023-04-21 19:22:12',NULL),(475,1,1,0,'',1,8,8,1,4,27,'d80b8114f4aab184d5ec04416d3ca35e',0,0,'',0,0,'2023-04-21 19:23:43','2023-04-21 19:23:43',NULL),(476,1,1,0,'',1,8,8,1,4,27,'d80b8114f4aab184d5ec04416d3ca35e',0,0,'',0,0,'2023-04-21 19:24:03','2023-04-21 19:24:03',NULL),(477,1,1,0,'',1,8,8,1,4,27,'d80b8114f4aab184d5ec04416d3ca35e',0,0,'',0,0,'2023-04-21 19:24:13','2023-04-21 19:24:13',NULL),(478,1,1,0,'',1,8,8,1,4,27,'d80b8114f4aab184d5ec04416d3ca35e',0,0,'',0,0,'2023-04-21 19:24:14','2023-04-21 19:24:18',NULL),(479,1,1,0,'',1,8,8,1,4,27,'d80b8114f4aab184d5ec04416d3ca35e',0,0,'',0,0,'2023-04-22 14:01:42','2023-04-22 14:01:42',NULL),(480,1,1,0,'',1,8,8,1,4,27,'d80b8114f4aab184d5ec04416d3ca35e',0,0,'',0,0,'2023-04-22 14:01:47','2023-04-22 14:02:10',NULL),(481,1,1,0,'',1,8,8,1,4,27,'d80b8114f4aab184d5ec04416d3ca35e',0,0,'',0,0,'2023-04-22 14:06:27','2023-04-22 14:06:28',NULL),(482,1,1,0,'',1,8,8,1,4,27,'d80b8114f4aab184d5ec04416d3ca35e',0,0,'',0,0,'2023-04-22 17:44:19','2023-04-22 17:44:20',NULL),(483,1,1,0,'',1,8,8,1,4,27,'d80b8114f4aab184d5ec04416d3ca35e',0,0,'',0,0,'2023-04-23 17:07:38','2023-04-23 17:07:38',NULL),(484,1,1,0,'',1,8,8,1,4,27,'d80b8114f4aab184d5ec04416d3ca35e',0,0,'',0,0,'2023-04-24 20:24:38','2023-04-24 20:24:39',NULL),(485,1,1,0,'',1,8,8,1,4,27,'d80b8114f4aab184d5ec04416d3ca35e',0,0,'',0,0,'2023-04-24 20:58:25','2023-04-25 09:04:56',NULL),(486,1,1,0,'',1,8,8,1,4,27,'d80b8114f4aab184d5ec04416d3ca35e',0,0,'',0,0,'2023-04-25 09:48:19','2023-04-25 09:48:19',NULL),(487,1,1,0,'',1,8,8,1,4,27,'d80b8114f4aab184d5ec04416d3ca35e',0,0,'',0,0,'2023-04-25 16:13:18','2023-04-25 16:13:19',NULL),(488,1,1,0,'',1,8,8,1,4,27,'d80b8114f4aab184d5ec04416d3ca35e',0,0,'',0,0,'2023-04-25 18:42:52','2023-04-25 18:42:53',NULL),(489,1,1,0,'',1,8,8,1,4,27,'d80b8114f4aab184d5ec04416d3ca35e',0,0,'',0,0,'2023-04-25 21:06:49','2023-04-25 21:06:49',NULL),(490,1,1,0,'',1,8,8,1,4,27,'d80b8114f4aab184d5ec04416d3ca35e',0,0,'',0,0,'2023-04-26 12:00:54','2023-04-26 12:00:56',NULL),(491,1,1,0,'',1,8,8,1,4,27,'d80b8114f4aab184d5ec04416d3ca35e',0,0,'',0,0,'2023-04-26 12:01:48','2023-04-26 12:01:48',NULL),(492,1,1,0,'',1,8,8,1,4,27,'d80b8114f4aab184d5ec04416d3ca35e',0,0,'',0,0,'2023-04-26 12:06:07','2023-04-26 12:06:07',NULL),(493,1,1,0,'',1,8,8,1,4,27,'d80b8114f4aab184d5ec04416d3ca35e',0,0,'',0,0,'2023-04-26 12:42:47','2023-04-26 12:42:48',NULL),(494,1,1,0,'',1,8,8,1,4,27,'d80b8114f4aab184d5ec04416d3ca35e',0,0,'',0,0,'2023-04-26 17:44:39','2023-04-26 17:44:39',NULL),(495,1,1,0,'',1,8,8,1,4,27,'d80b8114f4aab184d5ec04416d3ca35e',0,0,'',0,0,'2023-04-27 09:25:31','2023-04-27 09:25:32',NULL),(496,1,1,0,'',1,8,8,1,4,27,'d80b8114f4aab184d5ec04416d3ca35e',0,0,'',0,0,'2023-04-27 10:26:09','2023-04-27 10:26:09',NULL),(497,1,1,0,'',1,8,8,1,4,27,'d80b8114f4aab184d5ec04416d3ca35e',0,0,'',0,0,'2023-04-27 17:24:37','2023-04-27 17:24:37',NULL),(498,1,1,0,'',1,8,8,1,4,27,'d80b8114f4aab184d5ec04416d3ca35e',0,0,'',0,0,'2023-04-27 19:50:16','2023-04-27 19:50:17',NULL),(499,1,1,0,'',1,8,8,1,4,27,'d80b8114f4aab184d5ec04416d3ca35e',0,0,'',0,0,'2023-04-28 13:38:00','2023-04-28 13:38:01',NULL),(500,1,1,0,'',1,8,8,1,4,27,'d80b8114f4aab184d5ec04416d3ca35e',0,0,'',0,0,'2023-04-28 13:44:00','2023-04-28 14:50:36',NULL),(501,1,1,0,'',1,8,8,1,4,27,'d80b8114f4aab184d5ec04416d3ca35e',0,0,'',0,0,'2023-04-28 16:58:25','2023-04-28 16:58:25',NULL),(502,1,1,0,'',1,8,8,1,4,27,'d80b8114f4aab184d5ec04416d3ca35e',0,0,'',0,0,'2023-04-29 17:14:41','2023-04-29 17:14:41',NULL),(503,1,1,0,'',1,8,8,1,4,27,'d80b8114f4aab184d5ec04416d3ca35e',0,0,'',0,0,'2023-04-29 18:47:05','2023-04-29 18:47:05',NULL),(504,1,1,0,'',1,8,8,1,4,27,'d80b8114f4aab184d5ec04416d3ca35e',0,0,'',0,0,'2023-04-29 18:47:57','2023-04-29 18:47:58',NULL),(505,1,1,0,'',1,8,8,1,4,27,'d80b8114f4aab184d5ec04416d3ca35e',0,0,'',0,0,'2023-04-29 20:38:21','2023-04-29 20:38:21',NULL),(506,1,1,0,'',1,8,8,1,4,27,'d80b8114f4aab184d5ec04416d3ca35e',0,0,'',0,0,'2023-05-01 12:07:19','2023-05-01 12:07:19',NULL),(507,1,1,0,'',1,8,8,1,4,27,'d80b8114f4aab184d5ec04416d3ca35e',0,0,'',0,0,'2023-05-01 12:16:45','2023-05-01 12:16:46',NULL),(508,1,1,0,'',1,8,8,1,4,27,'d80b8114f4aab184d5ec04416d3ca35e',0,0,'',0,0,'2023-05-02 09:04:04','2023-05-02 09:05:15',NULL),(509,1,1,0,'',1,8,8,1,4,27,'d80b8114f4aab184d5ec04416d3ca35e',0,0,'',0,0,'2023-05-02 12:23:30','2023-05-02 12:23:30',NULL),(510,1,1,0,'',1,8,8,1,4,27,'d80b8114f4aab184d5ec04416d3ca35e',0,0,'',0,0,'2023-05-02 13:43:00','2023-05-02 13:43:01',NULL),(511,1,1,0,'',1,8,8,1,4,27,'d80b8114f4aab184d5ec04416d3ca35e',0,0,'',0,0,'2023-05-02 13:44:25','2023-05-02 13:44:25',NULL),(512,1,1,0,'',1,8,8,1,4,27,'d80b8114f4aab184d5ec04416d3ca35e',0,0,'',0,0,'2023-05-02 16:41:26','2023-05-02 16:41:26',NULL),(513,1,1,0,'',1,8,8,1,4,27,'d80b8114f4aab184d5ec04416d3ca35e',0,0,'',0,0,'2023-05-02 17:47:19','2023-05-02 17:47:19',NULL),(514,1,1,0,'',1,8,8,1,4,27,'d80b8114f4aab184d5ec04416d3ca35e',0,0,'',0,0,'2023-05-02 20:30:46','2023-05-02 20:30:47',NULL),(515,1,1,0,'',1,8,8,1,4,27,'d80b8114f4aab184d5ec04416d3ca35e',0,0,'',0,0,'2023-05-03 11:36:29','2023-05-03 11:36:30',NULL),(516,1,1,0,'',1,8,8,1,4,27,'d80b8114f4aab184d5ec04416d3ca35e',0,0,'',0,0,'2023-05-03 12:29:43','2023-05-03 12:29:44',NULL),(517,1,1,0,'',1,8,8,1,4,27,'d80b8114f4aab184d5ec04416d3ca35e',0,0,'',0,0,'2023-05-03 13:17:03','2023-05-03 13:17:04',NULL),(518,1,1,0,'',1,8,8,1,4,27,'d80b8114f4aab184d5ec04416d3ca35e',0,0,'',0,0,'2023-05-03 17:38:01','2023-05-03 17:38:01',NULL),(519,1,1,0,'',1,8,8,1,4,27,'d80b8114f4aab184d5ec04416d3ca35e',0,0,'',0,0,'2023-05-03 19:24:10','2023-05-03 19:24:10',NULL),(520,1,1,0,'',1,8,8,1,4,27,'d80b8114f4aab184d5ec04416d3ca35e',0,0,'',0,0,'2023-05-04 13:24:19','2023-05-04 13:24:19',NULL),(521,1,1,0,'',1,8,8,1,4,27,'d80b8114f4aab184d5ec04416d3ca35e',0,0,'',0,0,'2023-05-04 16:29:52','2023-05-04 16:29:52',NULL),(522,1,1,0,'',1,8,8,1,4,27,'d80b8114f4aab184d5ec04416d3ca35e',0,0,'',0,0,'2023-05-04 16:37:49','2023-05-04 16:37:50',NULL),(523,1,1,0,'',1,8,8,1,4,27,'d80b8114f4aab184d5ec04416d3ca35e',0,0,'',0,0,'2023-05-04 18:32:19','2023-05-04 18:32:19',NULL),(524,1,1,0,'',1,8,8,1,4,27,'d80b8114f4aab184d5ec04416d3ca35e',0,0,'',0,0,'2023-05-04 18:33:45','2023-05-04 18:33:45',NULL),(525,1,1,0,'',1,8,8,1,4,27,'d80b8114f4aab184d5ec04416d3ca35e',0,0,'',0,0,'2023-05-05 13:05:33','2023-05-05 13:05:33',NULL),(526,1,1,0,'',1,8,8,1,4,27,'d80b8114f4aab184d5ec04416d3ca35e',0,0,'',0,0,'2023-05-05 14:07:03','2023-05-05 14:07:03',NULL),(527,1,1,0,'',1,8,8,1,4,27,'d80b8114f4aab184d5ec04416d3ca35e',0,0,'',0,0,'2023-05-05 18:45:31','2023-05-05 18:45:32',NULL),(528,1,1,0,'',1,8,8,1,4,27,'d80b8114f4aab184d5ec04416d3ca35e',0,0,'',0,0,'2023-05-05 19:44:43','2023-05-05 21:40:01',NULL),(529,1,1,0,'',1,8,8,1,4,27,'d80b8114f4aab184d5ec04416d3ca35e',0,0,'',0,0,'2023-05-06 19:02:03','2023-05-06 19:02:03',NULL),(530,1,1,0,'',1,8,8,1,4,27,'d80b8114f4aab184d5ec04416d3ca35e',0,0,'',0,0,'2023-05-07 09:18:52','2023-05-07 09:18:53',NULL),(531,1,1,0,'',1,8,8,1,4,27,'d80b8114f4aab184d5ec04416d3ca35e',0,0,'',0,0,'2023-05-07 10:48:49','2023-05-07 10:49:51',NULL),(532,1,1,0,'',1,8,8,1,4,27,'d80b8114f4aab184d5ec04416d3ca35e',0,0,'',0,0,'2023-05-07 14:13:52','2023-05-07 14:13:53',NULL),(533,1,1,0,'',1,8,8,1,4,27,'d80b8114f4aab184d5ec04416d3ca35e',0,0,'',0,0,'2023-05-07 14:47:14','2023-05-07 14:47:14',NULL),(534,1,1,0,'',1,8,8,1,4,27,'d80b8114f4aab184d5ec04416d3ca35e',0,0,'',0,0,'2023-05-08 11:02:12','2023-05-08 11:02:13',NULL),(535,1,1,0,'',1,8,8,1,4,27,'d80b8114f4aab184d5ec04416d3ca35e',0,0,'',0,0,'2023-05-08 13:27:46','2023-05-08 13:27:47',NULL),(536,1,1,0,'',1,8,8,1,4,27,'d80b8114f4aab184d5ec04416d3ca35e',0,0,'',0,0,'2023-05-08 16:24:05','2023-05-08 16:24:05',NULL),(537,1,1,0,'',1,8,8,1,4,27,'d80b8114f4aab184d5ec04416d3ca35e',0,0,'',0,0,'2023-05-08 16:54:50','2023-05-08 16:54:50',NULL),(538,1,1,0,'',1,8,8,1,4,27,'d80b8114f4aab184d5ec04416d3ca35e',0,0,'',0,0,'2023-05-09 08:30:54','2023-05-09 08:30:54',NULL),(539,1,1,0,'',1,8,8,1,4,27,'d80b8114f4aab184d5ec04416d3ca35e',0,0,'',0,0,'2023-05-09 08:32:16','2023-05-09 08:32:17',NULL),(540,1,1,0,'',1,8,8,1,4,27,'d80b8114f4aab184d5ec04416d3ca35e',0,0,'',0,0,'2023-05-09 10:39:38','2023-05-09 10:39:38',NULL),(541,1,1,0,'',1,8,8,1,4,27,'d80b8114f4aab184d5ec04416d3ca35e',0,0,'',0,0,'2023-05-09 15:11:55','2023-05-09 15:11:55',NULL),(542,1,1,0,'',1,8,8,1,4,27,'d80b8114f4aab184d5ec04416d3ca35e',0,0,'',0,0,'2023-05-09 19:40:36','2023-05-09 19:40:36',NULL),(543,1,1,0,'',1,8,8,1,4,27,'d80b8114f4aab184d5ec04416d3ca35e',0,0,'',0,0,'2023-05-09 20:30:42','2023-05-10 15:00:30',NULL),(544,1,1,0,'',1,8,8,1,4,27,'d80b8114f4aab184d5ec04416d3ca35e',0,0,'',0,0,'2023-05-11 19:29:05','2023-05-11 19:29:05',NULL),(545,1,1,0,'',1,8,8,1,4,27,'d80b8114f4aab184d5ec04416d3ca35e',0,0,'',0,0,'2023-05-12 14:01:59','2023-05-12 14:02:00',NULL),(546,1,1,0,'',1,8,8,1,4,27,'d80b8114f4aab184d5ec04416d3ca35e',0,0,'',0,0,'2023-05-12 15:30:23','2023-05-12 15:30:24',NULL),(547,1,1,0,'',1,8,8,1,4,27,'d80b8114f4aab184d5ec04416d3ca35e',0,0,'',0,0,'2023-05-12 15:57:46','2023-05-12 15:57:47',NULL),(548,1,1,0,'',1,8,8,1,4,27,'d80b8114f4aab184d5ec04416d3ca35e',0,0,'',0,0,'2023-05-12 15:59:03','2023-05-12 15:59:03',NULL),(549,1,1,0,'',1,8,8,1,4,27,'d80b8114f4aab184d5ec04416d3ca35e',0,0,'',0,0,'2023-05-12 17:56:34','2023-05-12 17:56:35',NULL),(550,1,1,0,'',1,8,8,1,4,27,'d80b8114f4aab184d5ec04416d3ca35e',0,0,'',0,0,'2023-05-12 17:57:54','2023-05-12 17:57:54',NULL),(551,1,1,0,'',1,8,8,1,4,27,'d80b8114f4aab184d5ec04416d3ca35e',0,0,'',0,0,'2023-05-12 18:46:02','2023-05-12 19:48:46',NULL),(552,1,1,0,'',1,8,8,1,4,27,'d80b8114f4aab184d5ec04416d3ca35e',0,0,'',0,0,'2023-05-12 20:26:27','2023-05-12 20:26:27',NULL),(553,1,1,0,'',1,8,8,1,4,27,'d80b8114f4aab184d5ec04416d3ca35e',0,0,'',0,0,'2023-05-13 11:30:40','2023-05-13 11:30:40',NULL),(554,1,1,0,'',1,8,8,1,4,27,'d80b8114f4aab184d5ec04416d3ca35e',0,0,'',0,0,'2023-05-13 14:50:30','2023-05-13 14:50:30',NULL),(555,1,1,0,'',1,8,8,1,4,27,'d80b8114f4aab184d5ec04416d3ca35e',0,0,'',0,0,'2023-05-13 15:43:28','2023-05-13 15:43:28',NULL),(556,1,1,0,'',1,8,8,1,4,27,'d80b8114f4aab184d5ec04416d3ca35e',0,0,'',0,0,'2023-05-13 15:49:41','2023-05-13 15:49:42',NULL),(557,1,1,0,'',1,8,8,1,4,27,'d80b8114f4aab184d5ec04416d3ca35e',0,0,'',0,0,'2023-05-13 16:49:20','2023-05-13 16:49:20',NULL),(558,1,1,0,'',1,8,8,1,4,27,'d80b8114f4aab184d5ec04416d3ca35e',0,0,'',0,0,'2023-05-13 21:17:29','2023-05-13 21:17:29',NULL),(559,1,1,0,'',1,8,8,1,4,27,'d80b8114f4aab184d5ec04416d3ca35e',0,0,'',0,0,'2023-05-14 09:20:23','2023-05-14 09:20:24',NULL),(560,1,1,0,'',1,8,8,1,4,27,'d80b8114f4aab184d5ec04416d3ca35e',0,0,'',0,0,'2023-05-15 09:30:13','2023-05-15 09:30:13',NULL),(561,1,1,0,'',1,8,8,1,4,27,'d80b8114f4aab184d5ec04416d3ca35e',0,0,'',0,0,'2023-05-15 09:30:52','2023-05-15 09:30:52',NULL),(562,1,1,0,'',1,8,8,1,4,27,'d80b8114f4aab184d5ec04416d3ca35e',0,0,'',0,0,'2023-05-15 09:31:56','2023-05-15 09:34:05',NULL),(563,1,1,0,'',1,8,8,1,4,27,'d80b8114f4aab184d5ec04416d3ca35e',0,0,'',0,0,'2023-05-15 09:38:06','2023-05-15 09:38:06',NULL),(564,1,1,0,'',1,8,8,1,4,27,'d80b8114f4aab184d5ec04416d3ca35e',0,0,'',0,0,'2023-05-15 10:04:29','2023-05-15 11:30:59',NULL),(565,1,1,0,'',1,8,8,1,4,27,'d80b8114f4aab184d5ec04416d3ca35e',0,0,'',0,0,'2023-05-15 11:36:58','2023-05-15 11:36:59',NULL),(566,1,1,0,'',1,8,8,1,4,27,'d80b8114f4aab184d5ec04416d3ca35e',0,0,'',0,0,'2023-05-15 13:34:36','2023-05-15 13:34:36',NULL),(567,1,1,0,'',1,8,8,1,4,27,'d80b8114f4aab184d5ec04416d3ca35e',0,0,'',0,0,'2023-05-15 13:45:10','2023-05-15 14:57:53',NULL),(568,1,1,0,'',1,8,8,1,4,27,'d80b8114f4aab184d5ec04416d3ca35e',0,0,'',0,0,'2023-05-15 18:11:27','2023-05-15 18:11:28',NULL),(569,1,1,0,'',1,8,8,1,4,27,'d80b8114f4aab184d5ec04416d3ca35e',0,0,'',0,0,'2023-05-17 08:48:16','2023-05-17 11:19:03',NULL),(570,1,1,0,'',1,8,8,1,4,27,'d80b8114f4aab184d5ec04416d3ca35e',0,0,'',0,0,'2023-05-17 15:14:54','2023-05-17 15:14:54',NULL),(571,1,1,0,'',1,8,8,1,4,27,'d80b8114f4aab184d5ec04416d3ca35e',0,0,'',0,0,'2023-05-17 17:04:31','2023-05-18 10:07:59',NULL),(572,1,1,0,'',1,8,8,1,4,27,'d80b8114f4aab184d5ec04416d3ca35e',0,0,'',0,0,'2023-05-18 10:09:20','2023-05-18 10:09:21',NULL),(573,1,1,0,'',1,8,8,1,4,27,'d80b8114f4aab184d5ec04416d3ca35e',0,0,'',0,0,'2023-05-18 10:11:08','2023-05-18 10:11:08',NULL),(574,1,1,0,'',1,8,8,1,4,27,'d80b8114f4aab184d5ec04416d3ca35e',0,0,'',0,0,'2023-05-18 12:37:32','2023-05-18 16:07:50',NULL),(575,1,1,0,'',1,8,8,1,4,27,'d80b8114f4aab184d5ec04416d3ca35e',0,0,'',0,0,'2023-05-19 12:00:17','2023-05-19 12:00:18',NULL),(576,1,1,0,'',1,8,8,1,4,27,'d80b8114f4aab184d5ec04416d3ca35e',0,0,'',0,0,'2023-05-19 12:13:14','2023-05-19 12:18:10',NULL),(577,1,1,0,'',1,8,8,1,4,27,'d80b8114f4aab184d5ec04416d3ca35e',0,0,'',0,0,'2023-05-19 14:11:14','2023-05-19 14:11:15',NULL),(578,1,1,0,'',1,8,8,1,4,27,'d80b8114f4aab184d5ec04416d3ca35e',0,0,'',0,0,'2023-05-19 14:42:41','2023-05-19 14:42:42',NULL),(579,1,1,0,'',1,8,8,1,4,27,'d80b8114f4aab184d5ec04416d3ca35e',0,0,'',0,0,'2023-05-19 14:44:00','2023-05-19 14:44:01',NULL),(580,1,1,0,'',1,8,8,1,4,27,'d80b8114f4aab184d5ec04416d3ca35e',0,0,'',0,0,'2023-05-19 15:13:12','2023-05-19 15:13:13',NULL),(581,1,1,0,'',1,8,8,1,4,27,'d80b8114f4aab184d5ec04416d3ca35e',0,0,'',0,0,'2023-05-19 15:13:12','2023-05-19 15:13:13',NULL),(582,1,1,0,'',1,8,8,1,4,27,'d80b8114f4aab184d5ec04416d3ca35e',0,0,'',0,0,'2023-05-20 19:56:04','2023-05-20 19:56:04',NULL),(583,1,1,0,'',1,8,8,1,4,27,'d80b8114f4aab184d5ec04416d3ca35e',0,0,'',0,0,'2023-05-21 10:34:46','2023-05-21 10:34:46',NULL),(584,1,1,0,'',1,8,8,1,4,27,'d80b8114f4aab184d5ec04416d3ca35e',0,0,'',0,0,'2023-05-21 11:37:50','2023-05-21 11:37:50',NULL),(585,1,1,0,'',1,8,8,1,4,27,'d80b8114f4aab184d5ec04416d3ca35e',0,0,'',0,0,'2023-05-21 13:49:19','2023-05-21 13:49:20',NULL),(586,1,1,0,'',1,8,8,1,4,27,'d80b8114f4aab184d5ec04416d3ca35e',0,0,'',0,0,'2023-05-22 10:50:11','2023-05-22 10:50:11',NULL),(587,1,1,0,'',1,8,8,1,4,27,'d80b8114f4aab184d5ec04416d3ca35e',0,0,'',0,0,'2023-05-22 10:58:38','2023-05-22 10:58:38',NULL),(588,1,1,0,'',1,8,8,1,4,27,'d80b8114f4aab184d5ec04416d3ca35e',0,0,'',0,0,'2023-05-22 13:08:24','2023-05-22 13:08:24',NULL),(589,1,1,0,'',1,8,8,1,4,27,'d80b8114f4aab184d5ec04416d3ca35e',0,0,'',0,0,'2023-05-22 13:13:37','2023-05-22 13:13:37',NULL),(590,1,1,0,'',1,8,8,1,4,27,'d80b8114f4aab184d5ec04416d3ca35e',0,0,'',0,0,'2023-05-22 16:16:19','2023-05-22 16:16:19',NULL),(591,1,1,0,'',1,8,8,1,4,27,'d80b8114f4aab184d5ec04416d3ca35e',0,0,'',0,0,'2023-05-22 19:41:38','2023-05-22 19:41:39',NULL),(592,1,1,0,'',1,8,8,1,4,27,'d80b8114f4aab184d5ec04416d3ca35e',0,0,'',0,0,'2023-05-23 13:59:13','2023-05-23 13:59:13',NULL),(593,1,1,0,'',1,8,8,1,4,27,'d80b8114f4aab184d5ec04416d3ca35e',0,0,'',0,0,'2023-05-23 15:55:22','2023-05-23 15:55:23',NULL),(594,1,1,0,'',1,8,8,1,4,27,'d80b8114f4aab184d5ec04416d3ca35e',0,0,'',0,0,'2023-05-23 16:00:48','2023-05-23 16:00:48',NULL),(595,1,1,0,'',1,8,8,1,4,27,'d80b8114f4aab184d5ec04416d3ca35e',0,0,'',0,0,'2023-05-23 16:15:34','2023-05-23 16:15:34',NULL),(596,1,1,0,'',1,8,8,1,4,27,'d80b8114f4aab184d5ec04416d3ca35e',0,0,'',0,0,'2023-05-24 18:19:15','2023-05-24 18:19:16',NULL),(597,1,1,0,'',1,8,8,1,4,27,'d80b8114f4aab184d5ec04416d3ca35e',0,0,'',0,0,'2023-05-24 18:19:16','2023-05-24 18:19:16',NULL),(598,1,1,0,'',1,8,8,1,4,27,'d80b8114f4aab184d5ec04416d3ca35e',0,0,'',0,0,'2023-05-25 14:36:05','2023-05-25 14:36:06',NULL),(599,1,1,0,'',1,8,8,1,4,27,'d80b8114f4aab184d5ec04416d3ca35e',0,0,'',0,0,'2023-05-25 17:41:41','2023-05-25 17:46:33',NULL),(600,1,1,0,'',1,8,8,1,4,27,'d80b8114f4aab184d5ec04416d3ca35e',0,0,'',0,0,'2023-05-25 18:10:43','2023-05-25 18:10:44',NULL),(601,1,1,0,'',1,8,8,1,4,27,'d80b8114f4aab184d5ec04416d3ca35e',0,0,'',0,0,'2023-05-25 18:15:54','2023-05-25 18:15:55',NULL),(602,1,1,0,'',1,8,8,1,4,27,'d80b8114f4aab184d5ec04416d3ca35e',0,0,'',0,0,'2023-05-25 18:28:08','2023-05-25 18:28:09',NULL),(603,1,1,0,'',1,8,8,1,4,27,'d80b8114f4aab184d5ec04416d3ca35e',0,0,'',0,0,'2023-05-25 19:09:57','2023-05-25 19:09:58',NULL),(604,1,1,0,'',1,8,8,1,4,27,'d80b8114f4aab184d5ec04416d3ca35e',0,0,'',0,0,'2023-05-26 15:53:29','2023-05-26 15:53:29',NULL),(605,1,1,0,'',1,8,8,1,4,27,'d80b8114f4aab184d5ec04416d3ca35e',0,0,'',0,0,'2023-05-26 17:02:51','2023-05-26 17:02:51',NULL),(606,1,1,0,'',1,8,8,1,4,27,'d80b8114f4aab184d5ec04416d3ca35e',0,0,'',0,0,'2023-05-26 20:19:50','2023-05-26 20:19:51',NULL),(607,1,1,0,'',1,8,8,1,4,27,'d80b8114f4aab184d5ec04416d3ca35e',0,0,'',0,0,'2023-05-27 11:30:25','2023-05-27 11:30:26',NULL),(608,1,1,0,'',1,8,8,1,4,27,'d80b8114f4aab184d5ec04416d3ca35e',0,0,'',0,0,'2023-05-27 11:31:37','2023-05-27 11:31:37',NULL),(609,1,1,0,'',1,8,8,1,4,27,'d80b8114f4aab184d5ec04416d3ca35e',0,0,'',0,0,'2023-05-27 17:26:16','2023-05-27 17:26:16',NULL),(610,1,1,0,'',1,8,8,1,4,27,'d80b8114f4aab184d5ec04416d3ca35e',0,0,'',0,0,'2023-05-27 17:34:09','2023-05-27 17:34:09',NULL),(611,1,1,0,'',1,8,8,1,4,27,'d80b8114f4aab184d5ec04416d3ca35e',0,0,'',0,0,'2023-05-29 12:15:56','2023-05-29 12:15:56',NULL),(612,1,1,0,'',1,8,8,1,4,27,'d80b8114f4aab184d5ec04416d3ca35e',0,0,'',0,0,'2023-05-29 15:06:01','2023-05-29 15:06:01',NULL),(613,1,1,0,'',1,8,8,1,4,27,'d80b8114f4aab184d5ec04416d3ca35e',0,0,'',0,0,'2023-05-29 19:39:14','2023-05-29 19:39:14',NULL),(614,1,1,0,'',1,8,8,1,4,27,'d80b8114f4aab184d5ec04416d3ca35e',0,0,'',0,0,'2023-05-30 15:58:53','2023-05-30 15:58:54',NULL),(615,1,1,0,'',1,8,8,1,4,27,'d80b8114f4aab184d5ec04416d3ca35e',0,0,'',0,0,'2023-05-30 17:59:03','2023-05-30 17:59:03',NULL),(616,1,1,0,'',1,8,8,1,4,27,'d80b8114f4aab184d5ec04416d3ca35e',0,0,'',0,0,'2023-05-31 10:56:27','2023-05-31 12:47:18',NULL),(617,1,1,0,'',1,8,8,1,4,27,'d80b8114f4aab184d5ec04416d3ca35e',0,0,'',0,0,'2023-05-31 14:33:14','2023-05-31 14:33:15',NULL),(618,1,1,0,'',1,8,8,1,4,27,'d80b8114f4aab184d5ec04416d3ca35e',0,0,'',0,0,'2023-05-31 14:35:26','2023-05-31 14:35:27',NULL),(619,1,1,0,'',1,8,8,1,4,27,'d80b8114f4aab184d5ec04416d3ca35e',0,0,'',0,0,'2023-05-31 14:39:59','2023-05-31 14:45:09',NULL),(620,1,1,0,'',1,8,8,1,4,27,'d80b8114f4aab184d5ec04416d3ca35e',0,0,'',0,0,'2023-05-31 14:45:55','2023-05-31 14:45:55',NULL),(621,1,1,0,'',1,8,8,1,4,27,'d80b8114f4aab184d5ec04416d3ca35e',0,0,'',0,0,'2023-05-31 14:48:00','2023-05-31 14:48:00',NULL),(622,1,1,0,'',1,8,8,1,4,27,'d80b8114f4aab184d5ec04416d3ca35e',0,0,'',0,0,'2023-05-31 14:49:55','2023-05-31 14:50:22',NULL),(623,1,1,0,'',1,8,8,1,4,27,'d80b8114f4aab184d5ec04416d3ca35e',0,0,'',0,0,'2023-05-31 14:55:24','2023-05-31 14:55:25',NULL),(624,1,1,0,'',1,8,8,1,4,27,'d80b8114f4aab184d5ec04416d3ca35e',0,0,'',0,0,'2023-05-31 14:57:54','2023-05-31 14:58:04',NULL),(625,1,1,0,'',1,8,8,1,4,27,'d80b8114f4aab184d5ec04416d3ca35e',0,0,'',0,0,'2023-05-31 14:59:48','2023-05-31 14:59:49',NULL),(626,1,1,0,'',1,8,8,1,4,27,'d80b8114f4aab184d5ec04416d3ca35e',0,0,'',0,0,'2023-05-31 15:01:56','2023-05-31 15:01:56',NULL),(627,1,1,0,'',1,8,8,1,4,27,'d80b8114f4aab184d5ec04416d3ca35e',0,0,'',0,0,'2023-05-31 15:04:58','2023-05-31 15:04:59',NULL),(628,1,1,0,'',1,8,8,1,4,27,'d80b8114f4aab184d5ec04416d3ca35e',0,0,'',0,0,'2023-05-31 15:06:29','2023-05-31 15:06:30',NULL),(629,1,1,0,'',1,8,8,1,4,27,'d80b8114f4aab184d5ec04416d3ca35e',0,0,'',0,0,'2023-05-31 15:07:57','2023-05-31 15:07:58',NULL),(630,1,1,0,'',1,8,8,1,4,27,'d80b8114f4aab184d5ec04416d3ca35e',0,0,'',0,0,'2023-05-31 18:04:18','2023-05-31 18:04:19',NULL),(631,1,1,0,'',1,8,8,1,4,27,'d80b8114f4aab184d5ec04416d3ca35e',0,0,'',0,0,'2023-05-31 18:05:11','2023-05-31 18:05:11',NULL),(632,1,1,0,'',1,8,8,1,4,27,'d80b8114f4aab184d5ec04416d3ca35e',0,0,'',0,0,'2023-05-31 18:06:17','2023-05-31 18:06:18',NULL),(633,1,1,0,'',1,8,8,1,4,27,'d80b8114f4aab184d5ec04416d3ca35e',0,0,'',0,0,'2023-06-01 11:25:34','2023-06-01 11:25:57',NULL),(634,1,1,0,'',1,8,8,1,4,27,'d80b8114f4aab184d5ec04416d3ca35e',0,0,'',0,0,'2023-06-01 19:19:01','2023-06-01 19:19:01',NULL),(635,1,1,0,'',1,8,8,1,4,27,'d80b8114f4aab184d5ec04416d3ca35e',0,0,'',0,0,'2023-06-01 21:34:32','2023-06-01 21:34:33',NULL),(636,1,1,0,'',1,8,8,1,4,27,'d80b8114f4aab184d5ec04416d3ca35e',0,0,'',0,0,'2023-06-02 11:51:42','2023-06-02 11:51:43',NULL),(637,1,1,0,'',1,8,8,1,4,27,'d80b8114f4aab184d5ec04416d3ca35e',0,0,'',0,0,'2023-06-02 19:58:47','2023-06-02 19:58:48',NULL),(638,1,1,0,'',1,8,8,1,4,27,'d80b8114f4aab184d5ec04416d3ca35e',0,0,'',0,0,'2023-06-02 20:00:09','2023-06-02 20:00:09',NULL),(639,1,1,0,'',1,8,8,1,4,27,'d80b8114f4aab184d5ec04416d3ca35e',0,0,'',0,0,'2023-06-05 11:36:50','2023-06-05 11:36:51',NULL),(640,1,1,0,'',1,8,8,1,4,27,'d80b8114f4aab184d5ec04416d3ca35e',0,0,'',0,0,'2023-06-05 12:09:35','2023-06-05 12:09:35',NULL),(641,1,1,0,'',1,8,8,1,4,27,'d80b8114f4aab184d5ec04416d3ca35e',0,0,'',0,0,'2023-06-05 12:10:20','2023-06-05 12:10:20',NULL),(642,1,1,0,'',1,8,8,1,4,27,'d80b8114f4aab184d5ec04416d3ca35e',0,0,'',0,0,'2023-06-05 12:57:52','2023-06-05 12:57:52',NULL),(643,1,1,0,'',1,8,8,1,4,27,'d80b8114f4aab184d5ec04416d3ca35e',0,0,'',0,0,'2023-06-05 13:10:47','2023-06-05 13:10:48',NULL),(644,1,1,0,'',1,8,8,1,4,27,'d80b8114f4aab184d5ec04416d3ca35e',0,0,'',0,0,'2023-06-05 14:00:07','2023-06-05 14:00:08',NULL),(645,1,1,0,'',1,8,8,1,4,27,'d80b8114f4aab184d5ec04416d3ca35e',0,0,'',0,0,'2023-06-06 10:55:57','2023-06-06 10:55:58',NULL),(646,1,1,0,'',1,8,8,1,4,27,'d80b8114f4aab184d5ec04416d3ca35e',0,0,'',0,0,'2023-06-06 10:57:29','2023-06-06 10:57:30',NULL),(647,1,1,0,'',1,8,8,1,4,27,'d80b8114f4aab184d5ec04416d3ca35e',0,0,'',0,0,'2023-06-06 11:46:14','2023-06-06 12:39:40',NULL),(648,1,1,0,'',1,8,8,1,4,27,'d80b8114f4aab184d5ec04416d3ca35e',0,0,'',0,0,'2023-06-06 14:30:44','2023-06-06 14:30:44',NULL),(649,1,1,0,'',1,8,8,1,4,27,'d80b8114f4aab184d5ec04416d3ca35e',0,0,'',0,0,'2023-06-06 15:52:27','2023-06-06 15:52:28',NULL),(650,1,1,0,'',1,8,8,1,4,27,'d80b8114f4aab184d5ec04416d3ca35e',0,0,'',0,0,'2023-06-06 17:41:20','2023-06-06 17:41:21',NULL),(651,1,1,0,'',1,8,8,1,4,27,'d80b8114f4aab184d5ec04416d3ca35e',0,0,'',0,0,'2023-06-06 18:14:05','2023-06-06 18:14:05',NULL),(652,1,1,0,'',1,8,8,1,4,27,'d80b8114f4aab184d5ec04416d3ca35e',0,0,'',0,0,'2023-06-06 20:20:56','2023-06-06 20:21:30',NULL),(653,1,1,0,'',1,8,8,1,4,27,'d80b8114f4aab184d5ec04416d3ca35e',0,0,'',0,0,'2023-06-06 20:22:38','2023-06-06 21:42:35',NULL),(654,1,1,0,'',1,8,8,1,4,27,'d80b8114f4aab184d5ec04416d3ca35e',0,0,'',0,0,'2023-06-07 09:13:27','2023-06-07 09:13:27',NULL),(655,1,1,0,'',1,8,8,1,4,27,'d80b8114f4aab184d5ec04416d3ca35e',0,0,'',0,0,'2023-06-07 12:47:25','2023-06-07 12:47:25',NULL),(656,1,1,0,'',1,8,8,1,4,27,'d80b8114f4aab184d5ec04416d3ca35e',0,0,'',0,0,'2023-06-07 14:24:28','2023-06-07 14:24:28',NULL),(657,1,1,0,'',1,8,8,1,4,27,'d80b8114f4aab184d5ec04416d3ca35e',0,0,'',0,0,'2023-06-07 17:55:57','2023-06-07 17:55:58',NULL),(658,1,1,0,'',1,8,8,1,4,27,'d80b8114f4aab184d5ec04416d3ca35e',0,0,'',0,0,'2023-06-07 19:15:09','2023-06-07 19:15:09',NULL),(659,1,1,0,'',1,8,8,1,4,27,'d80b8114f4aab184d5ec04416d3ca35e',0,0,'',0,0,'2023-06-07 19:15:10','2023-06-07 19:15:11',NULL),(660,1,1,0,'',1,8,8,1,4,27,'d80b8114f4aab184d5ec04416d3ca35e',0,0,'',0,0,'2023-06-07 19:15:14','2023-06-07 19:15:16',NULL),(661,1,1,0,'',1,8,8,1,4,27,'d80b8114f4aab184d5ec04416d3ca35e',0,0,'',0,0,'2023-06-08 08:32:54','2023-06-08 08:32:55',NULL),(662,1,1,0,'',1,8,8,1,4,27,'d80b8114f4aab184d5ec04416d3ca35e',0,0,'',0,0,'2023-06-08 11:21:38','2023-06-08 12:02:21',NULL),(663,1,1,0,'',1,8,8,1,4,27,'d80b8114f4aab184d5ec04416d3ca35e',0,0,'',0,0,'2023-06-08 16:04:05','2023-06-08 16:07:28',NULL),(664,1,1,0,'',1,8,8,1,4,27,'d80b8114f4aab184d5ec04416d3ca35e',0,0,'',0,0,'2023-06-08 16:09:02','2023-06-08 16:09:02',NULL),(665,1,1,0,'',1,8,8,1,4,27,'d80b8114f4aab184d5ec04416d3ca35e',0,0,'',0,0,'2023-06-08 19:25:30','2023-06-08 19:25:30',NULL),(666,1,1,0,'',1,8,8,1,4,27,'d80b8114f4aab184d5ec04416d3ca35e',0,0,'',0,0,'2023-06-08 20:49:29','2023-06-08 20:49:30',NULL),(667,1,1,0,'',1,8,8,1,4,27,'d80b8114f4aab184d5ec04416d3ca35e',0,0,'',0,0,'2023-06-09 11:40:11','2023-06-09 11:40:11',NULL),(668,1,1,0,'',1,8,8,1,4,27,'d80b8114f4aab184d5ec04416d3ca35e',0,0,'',0,0,'2023-06-09 16:17:57','2023-06-09 16:18:27',NULL),(669,1,1,0,'',1,8,8,1,4,27,'d80b8114f4aab184d5ec04416d3ca35e',0,0,'',0,0,'2023-06-09 16:19:30','2023-06-09 16:19:30',NULL),(670,1,1,0,'',1,8,8,1,4,27,'d80b8114f4aab184d5ec04416d3ca35e',0,0,'',0,0,'2023-06-09 16:22:10','2023-06-09 16:22:10',NULL),(671,1,1,0,'',1,8,8,1,4,27,'d80b8114f4aab184d5ec04416d3ca35e',0,0,'',0,0,'2023-06-09 19:16:20','2023-06-09 19:16:21',NULL),(672,1,1,0,'',1,8,8,1,4,27,'d80b8114f4aab184d5ec04416d3ca35e',0,0,'',0,0,'2023-06-10 16:17:47','2023-06-10 16:17:47',NULL),(673,1,1,0,'',1,8,8,1,4,27,'d80b8114f4aab184d5ec04416d3ca35e',0,0,'',0,0,'2023-06-10 16:38:41','2023-06-10 16:38:41',NULL),(674,1,1,0,'',1,8,8,1,4,27,'d80b8114f4aab184d5ec04416d3ca35e',0,0,'',0,0,'2023-06-10 18:43:50','2023-06-10 18:43:51',NULL),(675,1,1,0,'',1,8,8,1,4,27,'d80b8114f4aab184d5ec04416d3ca35e',0,0,'',0,0,'2023-06-11 15:18:26','2023-06-11 15:18:26',NULL),(676,1,1,0,'',1,8,8,1,4,27,'d80b8114f4aab184d5ec04416d3ca35e',0,0,'',0,0,'2023-06-11 15:19:36','2023-06-11 15:19:37',NULL),(677,1,1,0,'',1,8,8,1,4,27,'d80b8114f4aab184d5ec04416d3ca35e',0,0,'',0,0,'2023-06-11 17:54:52','2023-06-11 17:54:53',NULL),(678,1,1,0,'',1,8,8,1,4,27,'d80b8114f4aab184d5ec04416d3ca35e',0,0,'',0,0,'2023-06-11 17:56:41','2023-06-11 17:56:41',NULL),(679,1,1,0,'',1,8,8,1,4,27,'d80b8114f4aab184d5ec04416d3ca35e',0,0,'',0,0,'2023-06-12 13:06:22','2023-06-12 13:06:22',NULL),(680,1,1,0,'',1,8,8,1,4,27,'d80b8114f4aab184d5ec04416d3ca35e',0,0,'',0,0,'2023-06-12 15:12:58','2023-06-12 15:12:58',NULL),(681,1,1,0,'',1,8,8,1,4,27,'d80b8114f4aab184d5ec04416d3ca35e',0,0,'',0,0,'2023-06-12 15:32:48','2023-06-12 15:32:48',NULL),(682,1,1,0,'',1,8,8,1,4,27,'d80b8114f4aab184d5ec04416d3ca35e',0,0,'',0,0,'2023-06-12 15:33:31','2023-06-12 15:33:31',NULL),(683,1,1,0,'',1,8,8,1,4,27,'d80b8114f4aab184d5ec04416d3ca35e',0,0,'',0,0,'2023-06-12 16:12:59','2023-06-12 16:12:59',NULL),(684,1,1,0,'',1,8,8,1,4,27,'d80b8114f4aab184d5ec04416d3ca35e',0,0,'',0,0,'2023-06-12 18:44:10','2023-06-12 18:44:10',NULL),(685,1,1,0,'',1,8,8,1,4,27,'d80b8114f4aab184d5ec04416d3ca35e',0,0,'',0,0,'2023-06-14 08:16:55','2023-06-14 08:16:55',NULL),(686,1,1,0,'',1,8,8,1,4,27,'d80b8114f4aab184d5ec04416d3ca35e',0,0,'',0,0,'2023-06-14 09:45:30','2023-06-14 10:57:33',NULL),(687,1,1,0,'',1,8,8,1,4,27,'d80b8114f4aab184d5ec04416d3ca35e',0,0,'',0,0,'2023-06-14 12:43:41','2023-06-14 12:43:41',NULL),(688,1,1,0,'',1,8,8,1,4,27,'d80b8114f4aab184d5ec04416d3ca35e',0,0,'',0,0,'2023-06-15 11:41:50','2023-06-15 11:41:50',NULL),(689,1,1,0,'',1,8,8,1,4,27,'d80b8114f4aab184d5ec04416d3ca35e',0,0,'',0,0,'2023-06-15 12:06:44','2023-06-15 12:06:44',NULL),(690,1,1,0,'',1,8,8,1,4,27,'d80b8114f4aab184d5ec04416d3ca35e',0,0,'',0,0,'2023-06-15 15:55:22','2023-06-15 15:55:22',NULL),(691,1,1,0,'',1,8,8,1,4,27,'d80b8114f4aab184d5ec04416d3ca35e',0,0,'',0,0,'2023-06-15 18:12:51','2023-06-15 18:12:52',NULL),(692,1,1,0,'',1,8,8,1,4,27,'d80b8114f4aab184d5ec04416d3ca35e',0,0,'',0,0,'2023-06-15 18:37:20','2023-06-15 18:37:21',NULL),(693,1,1,0,'',1,8,8,1,4,27,'d80b8114f4aab184d5ec04416d3ca35e',0,0,'',0,0,'2023-06-16 10:20:02','2023-06-16 10:20:02',NULL),(694,1,1,0,'',1,8,8,1,4,27,'d80b8114f4aab184d5ec04416d3ca35e',0,0,'',0,0,'2023-06-16 12:03:48','2023-06-16 12:03:48',NULL),(695,1,1,0,'',1,8,8,1,4,27,'d80b8114f4aab184d5ec04416d3ca35e',0,0,'',0,0,'2023-06-16 14:56:38','2023-06-16 15:59:08',NULL),(696,1,1,0,'',1,8,8,1,4,27,'d80b8114f4aab184d5ec04416d3ca35e',0,0,'',0,0,'2023-06-17 11:39:42','2023-06-17 16:17:08',NULL),(697,1,1,0,'',1,8,8,1,4,27,'d80b8114f4aab184d5ec04416d3ca35e',0,0,'',0,0,'2023-06-19 08:04:34','2023-06-19 08:04:35',NULL),(698,1,1,0,'',1,8,8,1,4,27,'d80b8114f4aab184d5ec04416d3ca35e',0,0,'',0,0,'2023-06-19 15:23:36','2023-06-19 15:23:36',NULL),(699,1,1,0,'',1,8,8,1,4,27,'d80b8114f4aab184d5ec04416d3ca35e',0,0,'',0,0,'2023-06-19 20:00:40','2023-06-19 20:00:41',NULL),(700,1,1,0,'',1,8,8,1,4,27,'d80b8114f4aab184d5ec04416d3ca35e',0,0,'',0,0,'2023-06-19 20:43:18','2023-06-19 20:43:18',NULL),(701,1,1,0,'',1,8,8,1,4,27,'d80b8114f4aab184d5ec04416d3ca35e',0,0,'',0,0,'2023-06-20 17:43:03','2023-06-20 19:37:25',NULL),(702,1,1,0,'',1,8,8,1,4,27,'d80b8114f4aab184d5ec04416d3ca35e',0,0,'',0,0,'2023-06-22 10:33:36','2023-06-22 10:33:37',NULL),(703,1,1,0,'',1,8,8,1,4,27,'d80b8114f4aab184d5ec04416d3ca35e',0,0,'',0,0,'2023-06-22 10:36:16','2023-06-22 10:36:17',NULL),(704,1,1,0,'',1,8,8,1,4,27,'d80b8114f4aab184d5ec04416d3ca35e',0,0,'',0,0,'2023-06-22 13:11:31','2023-06-22 13:11:32',NULL),(705,1,1,0,'',1,8,8,1,4,27,'d80b8114f4aab184d5ec04416d3ca35e',0,0,'',0,0,'2023-06-22 14:01:40','2023-06-22 14:01:40',NULL),(706,1,1,0,'',1,8,8,1,4,27,'d80b8114f4aab184d5ec04416d3ca35e',0,0,'',0,0,'2023-06-22 14:41:19','2023-06-22 14:41:20',NULL),(707,1,1,0,'',1,8,8,1,4,27,'d80b8114f4aab184d5ec04416d3ca35e',0,0,'',0,0,'2023-06-22 14:44:38','2023-06-22 15:42:43',NULL),(708,1,1,0,'',1,8,8,1,4,27,'d80b8114f4aab184d5ec04416d3ca35e',0,0,'',0,0,'2023-06-22 17:19:54','2023-06-22 17:19:55',NULL),(709,1,1,0,'',1,8,8,1,4,27,'d80b8114f4aab184d5ec04416d3ca35e',0,0,'',0,0,'2023-06-22 19:05:54','2023-06-22 19:05:54',NULL),(710,1,1,0,'',1,8,8,1,4,27,'d80b8114f4aab184d5ec04416d3ca35e',0,0,'',0,0,'2023-06-22 20:36:05','2023-06-22 20:36:05',NULL),(711,1,1,0,'',1,8,8,1,4,27,'d80b8114f4aab184d5ec04416d3ca35e',0,0,'',0,0,'2023-06-22 21:21:21','2023-06-22 21:21:21',NULL),(712,1,1,0,'',1,8,8,1,4,27,'d80b8114f4aab184d5ec04416d3ca35e',0,0,'',0,0,'2023-06-23 08:24:58','2023-06-23 08:24:59',NULL),(713,1,1,0,'',1,8,8,1,4,27,'d80b8114f4aab184d5ec04416d3ca35e',0,0,'',0,0,'2023-06-23 14:09:22','2023-06-23 14:09:23',NULL),(714,1,1,0,'',1,8,8,1,4,27,'d80b8114f4aab184d5ec04416d3ca35e',0,0,'',0,0,'2023-06-23 18:06:37','2023-06-23 18:06:38',NULL),(715,1,1,0,'',1,8,8,1,4,27,'d80b8114f4aab184d5ec04416d3ca35e',0,0,'',0,0,'2023-06-24 11:44:50','2023-06-24 11:44:50',NULL),(716,1,1,0,'',1,8,8,1,4,27,'d80b8114f4aab184d5ec04416d3ca35e',0,0,'',0,0,'2023-06-24 15:19:22','2023-06-24 15:19:23',NULL),(717,1,1,0,'',1,8,8,1,4,27,'d80b8114f4aab184d5ec04416d3ca35e',0,0,'',0,0,'2023-06-24 16:52:23','2023-06-24 16:52:24',NULL),(718,1,1,0,'',1,8,8,1,4,27,'d80b8114f4aab184d5ec04416d3ca35e',0,0,'',0,0,'2023-06-24 17:24:07','2023-06-24 17:24:08',NULL),(719,1,1,0,'',1,8,8,1,4,27,'d80b8114f4aab184d5ec04416d3ca35e',0,0,'',0,0,'2023-06-25 18:56:00','2023-06-25 18:56:00',NULL),(720,1,1,0,'',1,8,8,1,4,27,'d80b8114f4aab184d5ec04416d3ca35e',0,0,'',0,0,'2023-06-26 10:02:08','2023-06-26 10:02:26',NULL),(721,1,1,0,'',1,8,8,1,4,27,'d80b8114f4aab184d5ec04416d3ca35e',0,0,'',0,0,'2023-06-26 10:03:09','2023-06-26 10:03:10',NULL),(722,1,1,0,'',1,8,8,1,4,27,'d80b8114f4aab184d5ec04416d3ca35e',0,0,'',0,0,'2023-06-26 10:13:13','2023-06-26 10:13:13',NULL),(723,1,1,0,'',1,8,8,1,4,27,'d80b8114f4aab184d5ec04416d3ca35e',0,0,'',0,0,'2023-06-26 15:43:46','2023-06-26 15:43:46',NULL),(724,1,1,0,'',1,8,8,1,4,27,'d80b8114f4aab184d5ec04416d3ca35e',0,0,'',0,0,'2023-06-26 19:00:27','2023-06-26 19:00:28',NULL),(725,1,1,0,'',1,8,8,1,4,27,'d80b8114f4aab184d5ec04416d3ca35e',0,0,'',0,0,'2023-06-26 21:26:11','2023-06-26 21:26:12',NULL),(726,1,1,0,'',1,8,8,1,4,27,'d80b8114f4aab184d5ec04416d3ca35e',0,0,'',0,0,'2023-06-27 13:00:50','2023-06-27 13:00:50',NULL),(727,1,1,0,'',1,8,8,1,4,27,'d80b8114f4aab184d5ec04416d3ca35e',0,0,'',0,0,'2023-06-27 17:21:11','2023-06-27 17:21:11',NULL),(728,1,1,0,'',1,8,8,1,4,27,'d80b8114f4aab184d5ec04416d3ca35e',0,0,'',0,0,'2023-06-28 12:30:13','2023-06-28 12:30:13',NULL),(729,1,1,0,'',1,8,8,1,4,27,'d80b8114f4aab184d5ec04416d3ca35e',0,0,'',0,0,'2023-06-28 17:31:42','2023-06-28 17:31:43',NULL),(730,1,1,0,'',1,8,8,1,4,27,'d80b8114f4aab184d5ec04416d3ca35e',0,0,'',0,0,'2023-06-28 18:40:07','2023-06-28 18:40:07',NULL),(731,1,1,0,'',1,8,8,1,4,27,'d80b8114f4aab184d5ec04416d3ca35e',0,0,'',0,0,'2023-06-28 19:43:26','2023-06-28 19:43:27',NULL),(732,1,1,0,'',1,8,8,1,4,27,'d80b8114f4aab184d5ec04416d3ca35e',0,0,'',0,0,'2023-06-29 08:19:16','2023-06-29 08:19:16',NULL),(733,1,1,0,'',1,8,8,1,4,27,'d80b8114f4aab184d5ec04416d3ca35e',0,0,'',0,0,'2023-06-29 18:24:09','2023-06-29 18:24:10',NULL),(734,1,1,0,'',1,8,8,1,4,27,'d80b8114f4aab184d5ec04416d3ca35e',0,0,'',0,0,'2023-06-30 08:26:29','2023-06-30 08:26:29',NULL),(735,1,1,0,'',1,8,8,1,4,27,'d80b8114f4aab184d5ec04416d3ca35e',0,0,'',0,0,'2023-06-30 12:49:39','2023-06-30 12:49:39',NULL),(736,1,1,0,'',1,8,8,1,4,27,'d80b8114f4aab184d5ec04416d3ca35e',0,0,'',0,0,'2023-06-30 13:23:33','2023-06-30 13:23:33',NULL),(737,1,1,0,'',1,8,8,1,4,27,'d80b8114f4aab184d5ec04416d3ca35e',0,0,'',0,0,'2023-06-30 18:55:17','2023-06-30 18:55:18',NULL),(738,1,1,0,'',1,8,8,1,4,27,'d80b8114f4aab184d5ec04416d3ca35e',0,0,'',0,0,'2023-06-30 19:34:29','2023-06-30 19:34:30',NULL),(739,1,1,0,'',1,8,8,1,4,27,'d80b8114f4aab184d5ec04416d3ca35e',0,0,'',0,0,'2023-06-30 19:44:06','2023-06-30 19:44:06',NULL),(740,1,1,0,'',1,8,8,1,4,27,'d80b8114f4aab184d5ec04416d3ca35e',0,0,'',0,0,'2023-07-01 12:52:08','2023-07-01 12:52:08',NULL),(741,1,1,0,'',1,8,8,1,4,27,'d80b8114f4aab184d5ec04416d3ca35e',0,0,'',0,0,'2023-07-01 18:32:14','2023-07-01 18:32:15',NULL),(742,1,1,0,'',1,8,8,1,4,27,'d80b8114f4aab184d5ec04416d3ca35e',0,0,'',0,0,'2023-07-01 19:13:15','2023-07-01 19:13:16',NULL),(743,1,1,0,'',1,8,8,1,4,27,'d80b8114f4aab184d5ec04416d3ca35e',0,0,'',0,0,'2023-07-02 19:12:30','2023-07-02 19:12:30',NULL),(744,1,1,0,'',1,8,8,1,4,27,'d80b8114f4aab184d5ec04416d3ca35e',0,0,'',0,0,'2023-07-03 09:50:49','2023-07-03 09:50:49',NULL),(745,1,1,0,'',1,8,8,1,4,27,'d80b8114f4aab184d5ec04416d3ca35e',0,0,'',0,0,'2023-07-03 09:51:45','2023-07-03 09:51:45',NULL),(746,1,1,0,'',1,8,8,1,4,27,'d80b8114f4aab184d5ec04416d3ca35e',0,0,'',0,0,'2023-07-03 11:23:50','2023-07-03 11:23:51',NULL),(747,1,1,0,'',1,8,8,1,4,27,'d80b8114f4aab184d5ec04416d3ca35e',0,0,'',0,0,'2023-07-03 18:23:24','2023-07-03 18:23:24',NULL),(748,1,1,0,'',1,8,8,1,4,27,'d80b8114f4aab184d5ec04416d3ca35e',0,0,'',0,0,'2023-07-03 18:24:05','2023-07-03 18:24:05',NULL),(749,1,1,0,'',1,8,8,1,4,27,'d80b8114f4aab184d5ec04416d3ca35e',0,0,'',0,0,'2023-07-03 18:44:19','2023-07-03 18:44:19',NULL),(750,1,1,0,'',1,8,8,1,4,27,'d80b8114f4aab184d5ec04416d3ca35e',0,0,'',0,0,'2023-07-03 18:45:01','2023-07-03 18:45:01',NULL),(751,1,1,0,'',1,8,8,1,4,27,'d80b8114f4aab184d5ec04416d3ca35e',0,0,'',0,0,'2023-07-03 20:03:18','2023-07-03 20:03:19',NULL),(752,1,1,0,'',1,8,8,1,4,27,'d80b8114f4aab184d5ec04416d3ca35e',0,0,'',0,0,'2023-07-03 20:12:38','2023-07-03 20:12:38',NULL),(753,1,1,0,'',1,8,8,1,4,27,'d80b8114f4aab184d5ec04416d3ca35e',0,0,'',0,0,'2023-07-04 10:08:07','2023-07-04 10:08:07',NULL),(754,1,1,0,'',1,8,8,1,4,27,'d80b8114f4aab184d5ec04416d3ca35e',0,0,'',0,0,'2023-07-04 11:24:54','2023-07-04 11:24:55',NULL),(755,1,1,0,'',1,8,8,1,4,27,'d80b8114f4aab184d5ec04416d3ca35e',0,0,'',0,0,'2023-07-04 11:56:50','2023-07-04 11:56:50',NULL),(756,1,1,0,'',1,8,8,1,4,27,'d80b8114f4aab184d5ec04416d3ca35e',0,0,'',0,0,'2023-07-04 11:57:35','2023-07-04 11:57:35',NULL),(757,1,1,0,'',1,8,8,1,4,27,'d80b8114f4aab184d5ec04416d3ca35e',0,0,'',0,0,'2023-07-04 12:11:03','2023-07-04 12:11:03',NULL),(758,1,1,0,'',1,8,8,1,4,27,'d80b8114f4aab184d5ec04416d3ca35e',0,0,'',0,0,'2023-07-04 15:34:30','2023-07-04 15:35:07',NULL),(759,1,1,0,'',1,8,8,1,4,27,'d80b8114f4aab184d5ec04416d3ca35e',0,0,'',0,0,'2023-07-04 20:47:05','2023-07-04 20:47:05',NULL),(760,1,1,0,'',1,8,8,1,4,27,'d80b8114f4aab184d5ec04416d3ca35e',0,0,'',0,0,'2023-07-05 12:49:06','2023-07-05 12:49:06',NULL),(761,1,1,0,'',1,8,8,1,4,27,'d80b8114f4aab184d5ec04416d3ca35e',0,0,'',0,0,'2023-07-05 12:57:28','2023-07-05 12:57:28',NULL),(762,1,1,0,'',1,8,8,1,4,27,'d80b8114f4aab184d5ec04416d3ca35e',0,0,'',0,0,'2023-07-05 14:46:42','2023-07-05 14:46:42',NULL),(763,1,1,0,'',1,8,8,1,4,27,'d80b8114f4aab184d5ec04416d3ca35e',0,0,'',0,0,'2023-07-05 18:20:29','2023-07-05 18:20:29',NULL),(764,1,1,0,'',1,8,8,1,4,27,'d80b8114f4aab184d5ec04416d3ca35e',0,0,'',0,0,'2023-07-05 18:33:55','2023-07-05 18:33:55',NULL),(765,1,1,0,'',1,8,8,1,4,27,'d80b8114f4aab184d5ec04416d3ca35e',0,0,'',0,0,'2023-07-05 18:34:39','2023-07-05 18:34:40',NULL),(766,1,1,0,'',1,8,8,1,4,27,'d80b8114f4aab184d5ec04416d3ca35e',0,0,'',0,0,'2023-07-05 19:24:52','2023-07-06 14:28:53',NULL),(767,1,1,0,'',1,8,8,1,4,27,'d80b8114f4aab184d5ec04416d3ca35e',0,0,'',0,0,'2023-07-07 08:42:34','2023-07-07 08:42:35',NULL),(768,1,1,0,'',1,8,8,1,4,27,'d80b8114f4aab184d5ec04416d3ca35e',0,0,'',0,0,'2023-07-07 09:02:46','2023-07-07 09:02:46',NULL),(769,1,1,0,'',1,8,8,1,4,27,'d80b8114f4aab184d5ec04416d3ca35e',0,0,'',0,0,'2023-07-07 09:03:34','2023-07-07 09:03:34',NULL),(770,1,1,0,'',1,8,8,1,4,27,'d80b8114f4aab184d5ec04416d3ca35e',0,0,'',0,0,'2023-07-07 12:33:14','2023-07-07 12:33:15',NULL),(771,1,1,0,'',1,8,8,1,4,27,'d80b8114f4aab184d5ec04416d3ca35e',0,0,'',0,0,'2023-07-07 16:07:39','2023-07-07 18:54:00',NULL),(772,1,1,0,'',1,8,8,1,4,27,'d80b8114f4aab184d5ec04416d3ca35e',0,0,'',0,0,'2023-07-07 20:07:56','2023-07-07 20:07:56',NULL),(773,1,1,0,'',1,8,8,1,4,27,'d80b8114f4aab184d5ec04416d3ca35e',0,0,'',0,0,'2023-07-07 20:08:42','2023-07-07 20:08:42',NULL),(774,1,1,0,'',1,8,8,1,4,27,'d80b8114f4aab184d5ec04416d3ca35e',0,0,'',0,0,'2023-07-08 11:22:49','2023-07-08 11:22:49',NULL),(775,1,1,0,'',1,8,8,1,4,27,'d80b8114f4aab184d5ec04416d3ca35e',0,0,'',0,0,'2023-07-08 11:23:58','2023-07-08 11:23:58',NULL),(776,1,1,0,'',1,8,8,1,4,27,'d80b8114f4aab184d5ec04416d3ca35e',0,0,'',0,0,'2023-07-08 14:41:21','2023-07-08 14:41:22',NULL),(777,1,1,0,'',1,8,8,1,4,27,'d80b8114f4aab184d5ec04416d3ca35e',0,0,'',0,0,'2023-07-08 16:27:58','2023-07-08 16:27:58',NULL),(778,1,1,0,'',1,8,8,1,4,27,'d80b8114f4aab184d5ec04416d3ca35e',0,0,'',0,0,'2023-07-08 16:29:39','2023-07-08 18:28:46',NULL),(779,1,1,0,'',1,8,8,1,4,27,'d80b8114f4aab184d5ec04416d3ca35e',0,0,'',0,0,'2023-07-08 21:16:30','2023-07-08 21:16:30',NULL),(780,1,1,0,'',1,8,8,1,4,27,'d80b8114f4aab184d5ec04416d3ca35e',0,0,'',0,0,'2023-07-08 21:17:22','2023-07-08 21:17:22',NULL),(781,1,1,0,'',1,8,8,1,4,27,'d80b8114f4aab184d5ec04416d3ca35e',0,0,'',0,0,'2023-07-08 21:28:58','2023-07-08 21:28:58',NULL),(782,1,1,0,'',1,8,8,1,4,27,'d80b8114f4aab184d5ec04416d3ca35e',0,0,'',0,0,'2023-07-09 17:59:26','2023-07-09 17:59:26',NULL),(783,1,1,0,'',1,8,8,1,4,27,'d80b8114f4aab184d5ec04416d3ca35e',0,0,'',0,0,'2023-07-09 18:00:27','2023-07-09 18:00:27',NULL),(784,1,1,0,'',1,8,8,1,4,27,'d80b8114f4aab184d5ec04416d3ca35e',0,0,'',0,0,'2023-07-10 17:00:56','2023-07-10 17:00:56',NULL),(785,1,1,0,'',1,8,8,1,4,141,'d80b8114f4aab184d5ec04416d3ca35e',0,0,'',0,0,'2023-11-02 23:12:18','2023-11-02 23:12:35',NULL),(786,1,1,0,'',1,8,8,1,4,27,'d80b8114f4aab184d5ec04416d3ca35e',0,0,'',0,0,'2023-11-21 12:23:28','2023-11-21 12:23:28',NULL),(787,1,1,0,'',1,8,8,1,4,167,'d80b8114f4aab184d5ec04416d3ca35e',0,0,'',0,0,'2023-12-13 12:04:08','2023-12-13 12:04:08',NULL),(788,1,1,0,'',1,8,8,1,4,169,'d80b8114f4aab184d5ec04416d3ca35e',0,0,'',0,0,'2023-12-13 18:46:52','2023-12-13 18:47:02',NULL),(789,1,1,0,'',1,8,8,1,4,27,'d80b8114f4aab184d5ec04416d3ca35e',0,0,'',0,0,'2023-12-13 18:53:56','2023-12-13 18:53:57',NULL),(790,1,1,0,'',1,8,8,1,4,27,'d80b8114f4aab184d5ec04416d3ca35e',0,0,'',0,0,'2023-12-15 09:14:35','2023-12-15 21:59:23',NULL),(791,1,1,0,'',1,8,8,1,4,27,'d80b8114f4aab184d5ec04416d3ca35e',0,0,'',0,0,'2023-12-16 11:25:15','2023-12-16 11:25:16',NULL),(792,1,1,0,'',1,8,8,1,4,27,'d80b8114f4aab184d5ec04416d3ca35e',0,0,'',0,0,'2023-12-16 15:14:04','2023-12-16 15:14:05',NULL),(793,1,1,0,'',1,8,8,1,4,27,'d80b8114f4aab184d5ec04416d3ca35e',0,0,'',0,0,'2023-12-16 19:08:31','2023-12-16 19:08:31',NULL),(794,1,1,0,'',1,8,8,1,4,27,'d80b8114f4aab184d5ec04416d3ca35e',0,0,'',0,0,'2023-12-17 15:42:18','2023-12-17 15:42:18',NULL),(795,1,1,0,'',1,8,8,1,4,27,'d80b8114f4aab184d5ec04416d3ca35e',0,0,'',0,0,'2023-12-18 13:45:36','2023-12-18 13:45:36',NULL),(796,1,1,0,'',1,8,8,1,4,27,'d80b8114f4aab184d5ec04416d3ca35e',0,0,'',0,0,'2023-12-18 13:45:47','2023-12-18 13:45:47',NULL),(797,1,1,0,'',1,8,8,1,4,27,'d80b8114f4aab184d5ec04416d3ca35e',0,0,'',0,0,'2023-12-18 13:46:04','2024-01-06 19:10:46',NULL),(798,1,1,0,'',1,8,8,1,4,27,'d80b8114f4aab184d5ec04416d3ca35e',0,0,'',0,0,'2023-12-18 13:46:04','2023-12-18 13:46:04',NULL),(799,1,1,0,'',1,8,8,1,4,27,'d80b8114f4aab184d5ec04416d3ca35e',0,0,'',0,0,'2023-12-18 13:46:04','2023-12-18 13:46:05',NULL),(800,1,1,0,'',1,8,8,1,4,27,'d80b8114f4aab184d5ec04416d3ca35e',0,0,'',0,0,'2024-01-07 13:57:57','2024-01-07 13:58:19',NULL),(801,1,1,0,'',1,8,8,1,4,27,'d80b8114f4aab184d5ec04416d3ca35e',0,0,'',0,0,'2024-01-07 14:20:47','2024-01-07 14:20:47',NULL),(802,1,1,0,'',1,8,8,1,4,27,'d80b8114f4aab184d5ec04416d3ca35e',0,0,'',0,0,'2024-01-07 14:56:19','2024-01-08 13:38:16',NULL),(803,1,1,0,'',1,8,8,1,4,27,'d80b8114f4aab184d5ec04416d3ca35e',0,0,'',0,0,'2024-01-08 19:41:16','2024-01-08 19:41:17',NULL),(804,1,1,0,'',1,8,8,1,4,27,'d80b8114f4aab184d5ec04416d3ca35e',0,0,'',0,0,'2024-01-10 16:55:49','2024-01-10 16:55:49',NULL),(805,1,1,0,'',1,8,8,1,4,27,'d80b8114f4aab184d5ec04416d3ca35e',0,0,'',0,0,'2024-01-11 16:21:53','2024-01-11 16:21:54',NULL),(806,1,1,0,'',1,8,8,1,4,27,'d80b8114f4aab184d5ec04416d3ca35e',0,0,'',0,0,'2024-01-13 15:33:10','2024-01-13 15:33:11',NULL),(807,1,1,0,'',1,8,8,1,4,27,'d80b8114f4aab184d5ec04416d3ca35e',0,0,'',0,0,'2024-01-14 15:01:50','2024-01-14 15:01:50',NULL),(808,1,1,0,'',1,8,8,1,4,27,'d80b8114f4aab184d5ec04416d3ca35e',0,0,'',0,0,'2024-01-14 16:56:34','2024-01-14 16:56:34',NULL),(809,1,1,0,'',1,8,8,1,4,27,'d80b8114f4aab184d5ec04416d3ca35e',0,0,'',0,0,'2024-01-16 12:40:05','2024-01-16 13:07:04',NULL),(810,1,1,0,'',1,8,8,1,4,27,'d80b8114f4aab184d5ec04416d3ca35e',0,0,'',0,0,'2024-01-16 13:19:28','2024-01-16 13:19:28',NULL),(811,1,1,0,'',1,8,8,1,4,27,'d80b8114f4aab184d5ec04416d3ca35e',0,0,'',0,0,'2024-01-16 15:32:35','2024-01-16 15:32:35',NULL),(812,1,1,0,'',1,8,8,1,4,27,'d80b8114f4aab184d5ec04416d3ca35e',0,0,'',0,0,'2024-01-17 13:57:55','2024-01-17 13:57:55',NULL),(813,1,1,0,'',1,8,8,1,4,27,'d80b8114f4aab184d5ec04416d3ca35e',0,0,'',0,0,'2024-01-17 13:59:45','2024-01-17 13:59:46',NULL),(814,1,1,0,'',1,8,8,1,4,27,'d80b8114f4aab184d5ec04416d3ca35e',0,0,'',0,0,'2024-01-19 19:00:38','2024-01-19 19:00:38',NULL),(815,1,1,0,'',1,8,8,1,4,27,'d80b8114f4aab184d5ec04416d3ca35e',0,0,'',0,0,'2024-01-20 15:51:29','2024-01-20 15:51:30',NULL),(816,1,1,0,'',1,8,8,1,4,27,'d80b8114f4aab184d5ec04416d3ca35e',0,0,'',0,0,'2024-01-20 16:56:51','2024-01-21 16:12:35',NULL),(817,1,1,0,'',1,8,8,1,4,27,'d80b8114f4aab184d5ec04416d3ca35e',0,0,'',0,0,'2024-01-21 17:28:55','2024-01-21 17:28:55',NULL),(818,1,1,0,'',1,8,8,1,4,27,'d80b8114f4aab184d5ec04416d3ca35e',0,0,'',0,0,'2024-01-21 17:32:38','2024-01-21 17:33:04',NULL),(819,1,1,0,'',1,8,8,1,4,27,'d80b8114f4aab184d5ec04416d3ca35e',0,0,'',0,0,'2024-01-23 18:07:43','2024-01-23 18:07:43',NULL),(820,1,1,0,'',1,8,8,1,4,27,'d80b8114f4aab184d5ec04416d3ca35e',0,0,'',0,0,'2024-01-24 14:31:34','2024-01-24 18:28:37',NULL),(821,1,1,0,'',1,8,8,1,4,27,'d80b8114f4aab184d5ec04416d3ca35e',0,0,'',0,0,'2024-01-24 18:58:44','2024-01-24 18:58:44',NULL),(822,1,1,0,'',1,8,8,1,4,27,'d80b8114f4aab184d5ec04416d3ca35e',0,0,'',0,0,'2024-01-25 10:43:34','2024-01-25 10:43:34',NULL),(823,1,1,0,'',1,8,8,1,4,27,'d80b8114f4aab184d5ec04416d3ca35e',0,0,'',0,0,'2024-01-27 18:57:19','2024-01-27 18:57:19',NULL),(824,1,1,0,'',1,8,8,1,4,27,'d80b8114f4aab184d5ec04416d3ca35e',0,0,'',0,0,'2024-01-28 12:20:47','2024-01-28 12:20:47',NULL),(825,1,1,0,'',1,8,8,1,4,27,'d80b8114f4aab184d5ec04416d3ca35e',0,0,'',0,0,'2024-01-28 12:21:38','2024-01-28 12:21:39',NULL),(826,1,1,0,'',1,8,8,1,4,27,'d80b8114f4aab184d5ec04416d3ca35e',0,0,'',0,0,'2024-01-28 17:46:29','2024-01-28 17:46:29',NULL),(827,1,1,0,'',1,8,8,1,4,27,'d80b8114f4aab184d5ec04416d3ca35e',0,0,'',0,0,'2024-01-29 17:50:15','2024-01-29 17:50:16',NULL),(828,1,1,0,'',1,8,8,1,4,27,'d80b8114f4aab184d5ec04416d3ca35e',0,0,'',0,0,'2024-01-30 13:30:26','2024-01-30 13:30:26',NULL),(829,1,1,0,'',1,8,8,1,4,27,'d80b8114f4aab184d5ec04416d3ca35e',0,0,'',0,0,'2024-01-30 15:30:02','2024-01-30 15:30:03',NULL),(830,1,1,0,'',1,8,8,1,4,27,'d80b8114f4aab184d5ec04416d3ca35e',0,0,'',0,0,'2024-01-30 18:14:27','2024-01-30 18:14:27',NULL),(831,1,1,0,'',1,8,8,1,4,27,'d80b8114f4aab184d5ec04416d3ca35e',0,0,'',0,0,'2024-02-05 09:27:47','2024-02-05 09:27:47',NULL),(832,1,1,0,'',1,8,8,1,4,27,'d80b8114f4aab184d5ec04416d3ca35e',0,0,'',0,0,'2024-02-06 11:23:38','2024-02-06 11:23:38',NULL),(833,1,1,0,'',1,8,8,1,4,27,'d80b8114f4aab184d5ec04416d3ca35e',0,0,'',0,0,'2024-02-08 13:46:59','2024-02-08 13:47:00',NULL),(834,1,1,0,'',1,8,8,1,4,27,'d80b8114f4aab184d5ec04416d3ca35e',0,0,'',0,0,'2024-02-10 17:20:47','2024-02-10 17:21:12',NULL),(835,1,1,0,'',1,8,8,1,4,27,'d80b8114f4aab184d5ec04416d3ca35e',0,0,'',0,0,'2024-02-12 16:47:30','2024-02-12 16:47:30',NULL),(836,1,1,0,'',1,8,8,1,4,27,'d80b8114f4aab184d5ec04416d3ca35e',0,0,'',0,0,'2024-02-12 16:48:23','2024-02-12 16:48:23',NULL),(837,1,1,0,'',1,8,8,1,4,27,'d80b8114f4aab184d5ec04416d3ca35e',0,0,'',0,0,'2024-02-13 12:36:14','2024-02-13 12:36:14',NULL),(838,1,1,0,'',1,8,8,1,4,27,'d80b8114f4aab184d5ec04416d3ca35e',0,0,'',0,0,'2024-02-13 13:07:47','2024-02-13 13:07:48',NULL),(839,1,1,0,'',1,8,8,1,4,27,'d80b8114f4aab184d5ec04416d3ca35e',0,0,'',0,0,'2024-02-15 16:33:53','2024-02-15 16:33:53',NULL),(840,1,1,0,'',1,8,8,1,4,27,'d80b8114f4aab184d5ec04416d3ca35e',0,0,'',0,0,'2024-02-15 16:35:47','2024-02-15 16:35:47',NULL),(841,1,1,0,'',1,8,8,1,4,27,'d80b8114f4aab184d5ec04416d3ca35e',0,0,'',0,0,'2024-02-19 16:49:24','2024-02-19 16:49:24',NULL),(842,1,1,0,'',1,8,8,1,4,27,'d80b8114f4aab184d5ec04416d3ca35e',0,0,'',0,0,'2024-02-20 12:51:21','2024-02-20 12:51:21',NULL),(843,1,1,0,'',1,8,8,1,4,27,'d80b8114f4aab184d5ec04416d3ca35e',0,0,'',0,0,'2024-02-20 17:21:31','2024-02-20 17:21:39',NULL),(844,1,1,0,'',1,8,8,1,4,27,'d80b8114f4aab184d5ec04416d3ca35e',0,0,'',0,0,'2024-02-20 17:22:10','2024-02-20 17:22:11',NULL),(845,1,1,0,'',1,8,8,1,4,27,'d80b8114f4aab184d5ec04416d3ca35e',0,0,'',0,0,'2024-02-20 17:22:36','2024-02-20 17:22:36',NULL),(846,1,1,0,'',1,8,8,1,4,27,'d80b8114f4aab184d5ec04416d3ca35e',0,0,'',0,0,'2024-02-20 17:53:06','2024-02-20 17:53:06',NULL),(847,1,1,0,'',1,8,8,1,4,27,'d80b8114f4aab184d5ec04416d3ca35e',0,0,'',0,0,'2024-02-20 17:53:44','2024-02-20 17:53:45',NULL),(848,1,1,0,'',1,8,8,1,4,27,'d80b8114f4aab184d5ec04416d3ca35e',0,0,'',0,0,'2024-02-25 11:39:56','2024-02-25 11:39:57',NULL),(849,1,1,0,'',1,8,8,1,4,27,'d80b8114f4aab184d5ec04416d3ca35e',0,0,'',0,0,'2024-02-25 16:24:55','2024-02-26 16:10:49',NULL),(850,1,1,0,'',1,8,8,1,4,27,'d80b8114f4aab184d5ec04416d3ca35e',0,0,'',0,0,'2024-02-29 14:08:21','2024-02-29 14:08:21',NULL),(851,1,1,0,'',1,8,8,1,4,27,'d80b8114f4aab184d5ec04416d3ca35e',0,0,'',0,0,'2024-03-02 13:33:39','2024-03-02 13:33:39',NULL),(852,1,1,0,'',1,8,8,1,4,27,'d80b8114f4aab184d5ec04416d3ca35e',0,0,'',0,0,'2024-03-03 14:04:39','2024-03-03 14:04:39',NULL),(853,1,1,0,'',1,8,8,1,4,27,'d80b8114f4aab184d5ec04416d3ca35e',0,0,'',0,0,'2024-03-05 13:15:01','2024-03-05 13:15:29',NULL),(854,1,1,0,'',1,8,8,1,4,27,'d80b8114f4aab184d5ec04416d3ca35e',0,0,'',0,0,'2024-03-05 13:16:13','2024-03-05 13:16:13',NULL),(855,1,1,0,'',1,8,8,1,4,27,'d80b8114f4aab184d5ec04416d3ca35e',0,0,'',0,0,'2024-03-06 12:30:18','2024-03-06 12:30:18',NULL),(856,1,1,0,'',1,8,8,1,4,27,'d80b8114f4aab184d5ec04416d3ca35e',0,0,'',0,0,'2024-03-06 12:30:22','2024-03-06 12:30:25',NULL),(857,1,1,0,'',1,8,8,1,4,27,'d80b8114f4aab184d5ec04416d3ca35e',0,0,'',0,0,'2024-03-06 17:16:45','2024-03-06 17:16:59',NULL),(858,1,1,0,'',1,8,8,1,4,27,'d80b8114f4aab184d5ec04416d3ca35e',0,0,'',0,0,'2024-03-07 12:33:19','2024-03-07 12:33:19',NULL),(859,1,1,0,'',1,8,8,1,4,27,'d80b8114f4aab184d5ec04416d3ca35e',0,0,'',0,0,'2024-03-08 10:01:58','2024-03-08 10:01:58',NULL),(860,1,1,0,'',1,8,8,1,4,27,'d80b8114f4aab184d5ec04416d3ca35e',0,0,'',0,0,'2024-03-09 11:43:50','2024-03-09 11:43:50',NULL),(861,1,1,0,'',1,8,8,1,4,27,'d80b8114f4aab184d5ec04416d3ca35e',0,0,'',0,0,'2024-03-09 12:15:06','2024-03-09 12:15:06',NULL),(862,1,1,0,'',1,8,8,1,4,27,'d80b8114f4aab184d5ec04416d3ca35e',0,0,'',0,0,'2024-03-09 12:15:06','2024-03-09 12:15:06',NULL),(863,1,1,0,'',1,8,8,1,4,27,'d80b8114f4aab184d5ec04416d3ca35e',0,0,'',0,0,'2024-03-09 15:14:55','2024-03-09 15:14:55',NULL),(864,1,1,0,'',1,8,8,1,4,27,'d80b8114f4aab184d5ec04416d3ca35e',0,0,'',0,0,'2024-03-10 13:19:25','2024-03-10 13:19:44',NULL),(865,1,1,0,'',1,8,8,1,4,27,'d80b8114f4aab184d5ec04416d3ca35e',0,0,'',0,0,'2024-03-10 14:26:40','2024-03-10 14:26:41',NULL),(866,1,1,0,'',1,8,8,1,4,27,'d80b8114f4aab184d5ec04416d3ca35e',0,0,'',0,0,'2024-03-11 11:00:27','2024-03-11 11:00:27',NULL),(867,1,1,0,'',1,8,8,1,4,27,'d80b8114f4aab184d5ec04416d3ca35e',0,0,'',0,0,'2024-03-12 16:32:57','2024-03-12 16:32:57',NULL),(868,1,1,0,'',1,8,8,1,4,27,'d80b8114f4aab184d5ec04416d3ca35e',0,0,'',0,0,'2024-03-12 18:26:26','2024-03-12 18:26:26',NULL),(869,1,1,0,'',1,8,8,1,4,27,'d80b8114f4aab184d5ec04416d3ca35e',0,0,'',0,0,'2024-03-16 11:38:16','2024-03-16 11:38:17',NULL),(870,1,1,0,'',1,8,8,1,4,27,'d80b8114f4aab184d5ec04416d3ca35e',0,0,'',0,0,'2024-03-16 18:09:17','2024-03-16 18:09:18',NULL),(871,1,1,0,'',1,8,8,1,4,27,'d80b8114f4aab184d5ec04416d3ca35e',0,0,'',0,0,'2024-03-17 14:51:48','2024-03-17 14:51:48',NULL),(872,1,1,0,'',1,8,8,1,4,27,'d80b8114f4aab184d5ec04416d3ca35e',0,0,'',0,0,'2024-03-17 15:45:21','2024-03-17 15:45:21',NULL),(873,1,1,0,'',1,8,8,1,4,27,'d80b8114f4aab184d5ec04416d3ca35e',0,0,'',0,0,'2024-03-17 15:46:00','2024-03-17 15:46:01',NULL),(874,1,1,0,'',1,8,8,1,4,27,'d80b8114f4aab184d5ec04416d3ca35e',0,0,'',0,0,'2024-03-18 12:06:29','2024-03-18 12:06:29',NULL),(875,1,1,0,'',1,8,8,1,4,27,'d80b8114f4aab184d5ec04416d3ca35e',0,0,'',0,0,'2024-03-18 12:07:21','2024-03-18 12:07:21',NULL),(876,1,1,0,'',1,8,8,1,4,27,'d80b8114f4aab184d5ec04416d3ca35e',0,0,'',0,0,'2024-03-21 09:20:38','2024-03-21 09:20:38',NULL),(877,1,1,0,'',1,8,8,1,4,27,'d80b8114f4aab184d5ec04416d3ca35e',0,0,'',0,0,'2024-03-26 16:18:09','2024-03-26 16:18:09',NULL),(878,1,1,0,'',1,8,8,1,4,27,'d80b8114f4aab184d5ec04416d3ca35e',0,0,'',0,0,'2024-03-28 13:53:49','2024-03-28 13:53:49',NULL),(879,1,1,0,'',1,8,8,1,4,27,'d80b8114f4aab184d5ec04416d3ca35e',0,0,'',0,0,'2024-03-28 13:54:24','2024-03-28 13:54:24',NULL),(880,1,1,0,'',1,8,8,1,4,27,'d80b8114f4aab184d5ec04416d3ca35e',0,0,'',0,0,'2024-03-28 19:14:53','2024-03-28 19:14:53',NULL),(881,1,1,0,'',1,8,8,1,4,212,'d80b8114f4aab184d5ec04416d3ca35e',0,0,'',0,0,'2024-12-16 12:30:25','2024-12-16 14:37:56',NULL),(882,1,1,0,'',1,8,8,1,4,211,'d80b8114f4aab184d5ec04416d3ca35e',0,0,'',0,0,'2024-12-16 14:13:36','2024-12-16 14:15:15',NULL),(883,1,1,0,'',1,8,8,1,4,27,'d80b8114f4aab184d5ec04416d3ca35e',0,0,'',0,0,'2024-12-16 14:15:57','2024-12-16 14:15:58',NULL),(884,1,1,0,'',1,8,8,1,4,27,'d80b8114f4aab184d5ec04416d3ca35e',0,0,'',0,0,'2024-12-16 14:16:34','2024-12-16 14:16:35',NULL),(885,1,1,0,'',1,8,8,1,4,27,'d80b8114f4aab184d5ec04416d3ca35e',0,0,'',0,0,'2024-12-16 14:18:51','2024-12-16 14:18:51',NULL),(886,1,1,0,'',1,8,8,1,4,27,'d80b8114f4aab184d5ec04416d3ca35e',0,0,'',0,0,'2024-12-16 14:24:06','2024-12-16 14:24:07',NULL),(887,1,1,0,'',1,8,8,1,4,27,'d80b8114f4aab184d5ec04416d3ca35e',0,0,'',0,0,'2024-12-16 14:26:02','2024-12-16 14:26:02',NULL),(888,1,1,0,'',1,8,8,1,4,27,'d80b8114f4aab184d5ec04416d3ca35e',0,0,'',0,0,'2024-12-16 14:26:20','2024-12-19 11:04:47',NULL),(889,1,1,0,'',1,8,8,1,4,216,'d80b8114f4aab184d5ec04416d3ca35e',0,0,'',0,0,'2024-12-19 10:57:54','2024-12-19 10:57:57',NULL),(890,1,1,0,'',1,8,8,1,4,27,'d80b8114f4aab184d5ec04416d3ca35e',0,0,'',0,0,'2024-12-19 10:59:37','2024-12-19 10:59:37',NULL),(891,1,1,0,'',1,8,8,1,4,27,'d80b8114f4aab184d5ec04416d3ca35e',0,0,'',0,0,'2024-12-19 10:59:40','2024-12-19 10:59:48',NULL),(892,1,1,0,'',1,8,8,1,4,27,'d80b8114f4aab184d5ec04416d3ca35e',0,0,'',0,0,'2024-12-19 11:01:00','2024-12-19 11:07:01',NULL),(893,1,1,0,'',1,8,8,1,4,27,'d80b8114f4aab184d5ec04416d3ca35e',0,0,'',0,0,'2024-12-19 11:06:16','2024-12-19 11:06:16',NULL),(894,1,1,0,'',1,8,8,1,4,27,'d80b8114f4aab184d5ec04416d3ca35e',0,0,'',0,0,'2024-12-19 15:06:17','2024-12-19 15:06:17',NULL),(895,1,1,0,'',1,8,8,1,4,218,'d80b8114f4aab184d5ec04416d3ca35e',0,0,'',0,0,'2025-01-09 10:54:51','2025-01-09 11:06:01',NULL),(896,1,1,0,'',1,8,8,1,4,27,'d80b8114f4aab184d5ec04416d3ca35e',0,0,'',0,0,'2025-01-09 11:01:22','2025-01-09 11:01:23',NULL),(897,1,1,0,'',1,8,8,1,4,493,'d80b8114f4aab184d5ec04416d3ca35e',0,0,'',0,0,'2025-02-03 12:26:38','2025-02-19 14:25:10',NULL),(898,1,1,0,'',1,8,8,1,4,27,'d80b8114f4aab184d5ec04416d3ca35e',0,0,'',0,0,'2025-02-19 14:25:45','2025-02-19 14:25:46',NULL),(899,1,1,0,'',1,8,8,1,4,500,'d80b8114f4aab184d5ec04416d3ca35e',0,0,'',0,0,'2025-02-28 17:00:13','2025-02-28 17:00:17',NULL),(900,1,1,0,'',1,8,8,1,4,27,'d80b8114f4aab184d5ec04416d3ca35e',0,0,'',0,0,'2025-02-28 17:01:05','2025-02-28 17:01:05',NULL),(901,1,1,0,'',1,8,8,1,4,27,'d80b8114f4aab184d5ec04416d3ca35e',0,0,'',0,0,'2025-02-28 17:02:13','2025-02-28 17:02:13',NULL),(902,1,1,0,'',1,8,8,1,4,3306,'d80b8114f4aab184d5ec04416d3ca35e',0,0,'',0,0,'2025-02-28 17:04:34','2025-02-28 17:05:59',NULL),(903,1,1,0,'',1,8,8,1,4,27,'d80b8114f4aab184d5ec04416d3ca35e',0,0,'',0,0,'2025-02-28 17:07:27','2025-02-28 17:07:27',NULL),(904,1,1,0,'',1,8,8,1,4,27,'d80b8114f4aab184d5ec04416d3ca35e',0,0,'',0,0,'2025-03-03 13:09:16','2025-03-03 13:09:17',NULL),(905,1,1,0,'',1,8,8,1,4,27,'d80b8114f4aab184d5ec04416d3ca35e',0,0,'',0,0,'2025-03-03 13:12:48','2025-03-03 13:12:49',NULL),(906,1,1,0,'',1,8,8,1,4,27,'d80b8114f4aab184d5ec04416d3ca35e',0,0,'',0,0,'2025-03-03 16:24:27','2025-03-03 16:24:27',NULL),(907,1,1,0,'',1,8,8,1,4,27,'d80b8114f4aab184d5ec04416d3ca35e',0,0,'',0,0,'2025-03-10 16:42:20','2025-03-10 16:42:21',NULL),(908,1,1,0,'',1,8,8,1,4,3335,'d80b8114f4aab184d5ec04416d3ca35e',0,0,'',0,0,'2025-03-10 16:45:35','2025-03-10 16:59:53',NULL),(909,1,1,0,'',1,8,8,1,4,27,'d80b8114f4aab184d5ec04416d3ca35e',0,0,'',0,0,'2025-03-10 16:50:20','2025-03-10 16:50:20',NULL),(910,1,1,0,'',1,8,8,1,4,27,'d80b8114f4aab184d5ec04416d3ca35e',0,0,'',0,0,'2025-03-10 16:50:34','2025-03-10 16:50:35',NULL),(911,1,1,0,'',1,8,8,1,4,27,'d80b8114f4aab184d5ec04416d3ca35e',0,0,'',0,0,'2025-03-10 16:51:11','2025-03-10 16:51:12',NULL),(912,1,1,0,'',1,8,8,1,4,27,'d80b8114f4aab184d5ec04416d3ca35e',0,0,'',0,0,'2025-03-10 16:53:10','2025-03-10 16:53:10',NULL),(913,1,1,0,'',1,8,8,1,4,27,'d80b8114f4aab184d5ec04416d3ca35e',0,0,'',0,0,'2025-03-10 16:53:25','2025-03-10 16:53:25',NULL),(914,1,1,0,'',1,8,8,1,4,27,'d80b8114f4aab184d5ec04416d3ca35e',0,0,'',0,0,'2025-03-10 16:57:25','2025-03-10 16:57:25',NULL),(915,1,1,0,'',1,8,8,1,4,27,'d80b8114f4aab184d5ec04416d3ca35e',0,0,'',0,0,'2025-03-10 16:57:42','2025-03-10 16:57:43',NULL),(916,1,1,0,'',1,8,8,1,4,27,'d80b8114f4aab184d5ec04416d3ca35e',0,0,'',0,0,'2025-03-10 16:58:38','2025-03-10 16:58:59',NULL),(917,1,1,0,'',1,8,8,1,4,27,'d80b8114f4aab184d5ec04416d3ca35e',0,0,'',0,0,'2025-03-10 16:59:16','2025-03-10 16:59:17',NULL),(918,1,1,0,'',1,8,8,1,4,27,'d80b8114f4aab184d5ec04416d3ca35e',0,0,'',0,0,'2025-03-10 17:00:19','2025-03-10 17:00:19',NULL),(919,1,1,0,'',1,8,8,1,4,27,'d80b8114f4aab184d5ec04416d3ca35e',0,0,'',0,0,'2025-03-10 17:04:19','2025-03-10 17:04:20',NULL),(920,1,1,0,'',1,8,8,1,4,27,'d80b8114f4aab184d5ec04416d3ca35e',0,0,'',0,0,'2025-03-10 17:06:45','2025-03-10 17:06:46',NULL),(921,1,1,0,'',1,8,8,1,4,27,'d80b8114f4aab184d5ec04416d3ca35e',0,0,'',0,0,'2025-03-10 17:07:26','2025-03-10 17:07:27',NULL),(922,1,1,0,'',1,8,8,1,4,27,'d80b8114f4aab184d5ec04416d3ca35e',0,0,'',0,0,'2025-03-11 09:02:24','2025-03-11 09:02:25',NULL),(923,1,1,0,'',1,8,8,1,4,27,'d80b8114f4aab184d5ec04416d3ca35e',0,0,'',0,0,'2025-03-11 14:42:23','2025-03-11 14:42:23',NULL),(924,1,1,0,'',1,8,8,1,4,27,'d80b8114f4aab184d5ec04416d3ca35e',0,0,'',0,0,'2025-03-11 14:44:27','2025-03-11 14:44:28',NULL),(925,1,1,0,'',1,8,8,1,4,27,'d80b8114f4aab184d5ec04416d3ca35e',0,0,'',0,0,'2025-03-11 14:46:46','2025-03-11 14:46:46',NULL),(926,1,1,0,'',1,8,8,1,4,27,'d80b8114f4aab184d5ec04416d3ca35e',0,0,'',0,0,'2025-03-11 14:48:18','2025-03-11 14:48:19',NULL),(927,1,1,0,'',1,8,8,1,4,27,'d80b8114f4aab184d5ec04416d3ca35e',0,0,'',0,0,'2025-03-11 15:46:54','2025-03-11 15:46:54',NULL),(928,1,1,0,'',1,8,8,1,4,27,'d80b8114f4aab184d5ec04416d3ca35e',0,0,'',0,0,'2025-03-11 15:47:10','2025-03-11 15:47:11',NULL),(929,1,1,0,'',1,8,8,1,4,27,'d80b8114f4aab184d5ec04416d3ca35e',0,0,'',0,0,'2025-03-11 16:30:03','2025-03-11 16:30:03',NULL),(930,1,1,0,'',1,8,8,1,4,27,'d80b8114f4aab184d5ec04416d3ca35e',0,0,'',0,0,'2025-03-11 16:37:32','2025-03-11 16:37:33',NULL),(931,1,1,0,'',1,8,8,1,4,27,'d80b8114f4aab184d5ec04416d3ca35e',0,0,'',0,0,'2025-03-11 16:38:35','2025-03-11 16:38:36',NULL),(932,1,1,0,'',1,8,8,1,4,27,'d80b8114f4aab184d5ec04416d3ca35e',0,0,'',0,0,'2025-03-11 17:17:00','2025-03-11 17:17:00',NULL),(933,1,1,0,'',1,8,8,1,4,27,'d80b8114f4aab184d5ec04416d3ca35e',0,0,'',0,0,'2025-03-11 17:17:42','2025-03-11 17:17:42',NULL),(934,1,1,0,'',1,8,8,1,4,27,'d80b8114f4aab184d5ec04416d3ca35e',0,0,'',0,0,'2025-03-11 17:29:33','2025-03-11 17:29:34',NULL),(935,1,1,0,'',1,8,8,1,4,27,'d80b8114f4aab184d5ec04416d3ca35e',0,0,'',0,0,'2025-03-11 17:29:48','2025-03-11 17:29:49',NULL),(936,1,1,0,'',1,8,8,1,4,27,'d80b8114f4aab184d5ec04416d3ca35e',0,0,'',0,0,'2025-03-11 21:22:03','2025-03-11 21:22:03',NULL),(937,1,1,0,'',1,8,8,1,4,27,'d80b8114f4aab184d5ec04416d3ca35e',0,0,'',0,0,'2025-03-11 21:39:20','2025-03-25 12:25:19',NULL),(938,1,1,0,'',1,8,8,1,4,27,'d80b8114f4aab184d5ec04416d3ca35e',0,0,'',0,0,'2025-03-25 12:28:25','2025-03-25 12:28:26',NULL);

--
-- Table structure for table `ps_cart_cart_rule`
--

CREATE TABLE `ps_cart_cart_rule` (
  `id_cart` int unsigned NOT NULL,
  `id_cart_rule` int unsigned NOT NULL,
  PRIMARY KEY (`id_cart`,`id_cart_rule`),
  KEY `id_cart_rule` (`id_cart_rule`)
) ENGINE=InnoDB DEFAULT CHARSET=utf8mb4 COLLATE=utf8mb4_general_ci;

--
-- Dumping data for table `ps_cart_cart_rule`
--


--
-- Table structure for table `ps_cart_product`
--

CREATE TABLE `ps_cart_product` (
  `id_cart` int unsigned NOT NULL,
  `id_product` int unsigned NOT NULL,
  `id_address_delivery` int unsigned NOT NULL DEFAULT '0',
  `id_shop` int unsigned NOT NULL DEFAULT '1',
  `id_product_attribute` int unsigned NOT NULL DEFAULT '0',
  `id_customization` int unsigned NOT NULL DEFAULT '0',
  `quantity` int unsigned NOT NULL DEFAULT '0',
  `date_add` datetime NOT NULL,
  PRIMARY KEY (`id_cart`,`id_product`,`id_product_attribute`,`id_customization`,`id_address_delivery`),
  KEY `id_product_attribute` (`id_product_attribute`),
  KEY `id_cart_order` (`id_cart`,`date_add`,`id_product`,`id_product_attribute`)
) ENGINE=InnoDB DEFAULT CHARSET=utf8mb4 COLLATE=utf8mb4_general_ci;

--
-- Dumping data for table `ps_cart_product`
--

INSERT INTO `ps_cart_product` VALUES (333,460,0,1,0,0,1,'2023-02-13 12:07:22'),(334,465,0,1,0,0,1,'2023-02-13 12:21:17'),(335,464,8,1,0,0,1,'2023-02-15 17:15:33'),(336,262,8,1,0,0,1,'2023-02-27 06:39:01'),(337,262,0,1,0,0,3,'2023-02-23 11:41:24'),(338,262,8,1,0,0,1,'2023-02-27 06:42:22'),(339,262,8,1,0,0,1,'2023-02-27 06:43:09'),(340,262,8,1,0,0,1,'2023-02-27 06:44:24'),(341,262,8,1,0,0,1,'2023-02-27 06:52:43'),(342,37,8,1,0,0,1,'2023-02-27 12:18:59'),(343,138,8,1,0,0,1,'2023-03-04 10:37:23'),(344,42,8,1,0,0,1,'2023-03-07 12:56:20'),(345,137,8,1,0,0,1,'2023-03-07 13:01:38'),(346,138,8,1,0,0,1,'2023-03-07 13:02:50'),(347,138,8,1,0,0,1,'2023-03-07 13:04:25'),(348,138,8,1,0,0,1,'2023-03-07 13:04:28'),(349,137,8,1,0,0,1,'2023-03-07 13:11:05'),(350,141,8,1,0,0,1,'2023-03-07 16:01:27'),(351,137,8,1,0,0,1,'2023-03-07 16:16:48'),(352,137,8,1,0,0,1,'2023-03-08 09:10:54'),(353,138,8,1,0,0,1,'2023-03-08 09:32:18'),(354,160,8,1,0,0,1,'2023-03-08 12:26:40'),(355,190,8,1,0,0,1,'2023-03-08 12:32:05'),(356,156,8,1,0,0,1,'2023-03-08 12:43:36'),(357,190,8,1,0,0,1,'2023-03-08 12:49:51'),(358,190,8,1,0,0,1,'2023-03-08 13:01:42'),(359,190,8,1,0,0,1,'2023-03-08 13:17:24'),(360,219,8,1,0,0,1,'2023-03-08 13:37:37'),(361,261,8,1,0,0,1,'2023-03-09 09:19:13'),(362,491,8,1,0,0,1,'2023-03-10 20:16:09'),(363,209,8,1,0,0,1,'2023-03-11 17:08:26'),(364,210,8,1,0,0,1,'2023-03-12 16:58:54'),(365,182,8,1,0,0,1,'2023-03-13 15:50:42'),(366,182,8,1,0,0,1,'2023-03-13 15:51:38'),(367,160,8,1,0,0,1,'2023-03-13 16:48:02'),(368,182,8,1,0,0,1,'2023-03-15 19:40:40'),(369,137,8,1,0,0,1,'2023-03-16 09:56:44'),(370,242,8,1,0,0,1,'2023-03-16 13:45:13'),(371,37,8,1,0,0,1,'2023-03-16 14:02:12'),(372,244,8,1,0,0,1,'2023-03-18 20:16:21'),(373,37,8,1,0,0,1,'2023-03-19 10:49:37'),(374,42,8,1,0,0,1,'2023-03-19 10:50:26'),(375,156,8,1,0,0,1,'2023-03-19 12:51:51'),(376,172,8,1,0,0,1,'2023-03-20 15:01:11'),(377,156,8,1,0,0,1,'2023-03-21 14:00:59'),(379,42,8,1,0,0,1,'2023-03-21 16:05:57'),(380,206,8,1,0,0,1,'2023-03-21 16:50:27'),(381,215,8,1,0,0,1,'2023-03-21 19:40:55'),(382,50,8,1,0,0,1,'2023-03-23 11:54:30'),(383,219,8,1,0,0,1,'2023-03-23 11:55:40'),(384,172,8,1,0,0,1,'2023-03-23 14:33:11'),(385,37,8,1,0,0,1,'2023-03-23 14:57:13'),(386,156,8,1,0,0,1,'2023-03-23 17:51:05'),(387,158,8,1,0,0,1,'2023-03-24 13:04:10'),(388,208,8,1,0,0,1,'2023-03-24 15:14:22'),(389,37,8,1,0,0,1,'2023-03-24 19:34:11'),(390,42,8,1,0,0,1,'2023-03-24 19:35:08'),(391,42,8,1,0,0,1,'2023-03-24 19:35:09'),(392,503,8,1,0,0,1,'2023-03-25 10:14:49'),(393,494,8,1,0,0,1,'2023-03-25 10:32:41'),(394,156,8,1,0,0,1,'2023-03-25 11:03:20'),(395,144,8,1,0,0,1,'2023-03-25 11:44:36'),(396,160,8,1,0,0,1,'2023-03-25 12:20:07'),(397,172,8,1,0,0,1,'2023-03-25 13:16:30'),(398,215,8,1,0,0,1,'2023-03-26 16:44:34'),(399,127,8,1,0,0,1,'2023-03-27 11:02:25'),(400,426,8,1,0,0,1,'2023-03-27 13:48:29'),(401,37,8,1,0,0,1,'2023-03-27 18:32:03'),(402,37,8,1,0,0,1,'2023-03-28 11:54:46'),(403,209,8,1,0,0,1,'2023-03-28 18:53:30'),(404,37,8,1,0,0,2,'2023-03-29 14:22:22'),(405,143,8,1,0,0,2,'2023-03-29 16:09:34'),(406,215,8,1,0,0,1,'2023-03-30 11:33:20'),(407,242,8,1,0,0,1,'2023-03-30 11:52:47'),(408,178,8,1,0,0,1,'2023-03-30 13:22:28'),(409,160,8,1,0,0,1,'2023-03-30 17:40:43'),(410,144,8,1,0,0,1,'2023-03-30 18:14:42'),(411,554,8,1,0,0,1,'2023-03-30 18:35:21'),(412,143,8,1,0,0,1,'2023-03-31 19:47:19'),(413,538,8,1,0,0,1,'2023-03-31 19:55:18'),(414,537,8,1,0,0,1,'2023-04-01 11:07:20'),(415,537,8,1,0,0,1,'2023-04-01 11:12:28'),(416,212,8,1,0,0,1,'2023-04-01 11:46:44'),(417,242,8,1,0,0,1,'2023-04-01 17:22:16'),(418,503,8,1,0,0,1,'2023-04-02 12:47:04'),(419,37,8,1,0,0,1,'2023-04-02 13:51:53'),(420,215,8,1,0,0,1,'2023-04-02 18:14:32'),(421,37,8,1,0,0,1,'2023-04-04 14:06:48'),(422,158,8,1,0,0,1,'2023-04-05 12:02:02'),(423,208,8,1,0,0,1,'2023-04-05 12:29:53'),(424,182,8,1,0,0,1,'2023-04-05 12:36:51'),(425,37,8,1,0,0,1,'2023-04-05 14:10:47'),(426,550,8,1,0,0,1,'2023-04-05 14:38:12'),(427,178,8,1,0,0,1,'2023-04-05 16:20:35'),(428,178,8,1,0,0,1,'2023-04-05 17:43:23'),(429,144,8,1,0,0,1,'2023-04-05 18:18:30'),(430,208,8,1,0,0,1,'2023-04-06 11:59:57'),(431,537,8,1,0,0,1,'2023-04-06 13:00:53'),(432,215,8,1,0,0,1,'2023-04-06 13:03:50'),(433,215,8,1,0,0,1,'2023-04-06 13:04:53'),(434,182,8,1,0,0,1,'2023-04-06 18:45:50'),(435,242,8,1,0,0,1,'2023-04-08 09:41:11'),(436,235,8,1,0,0,1,'2023-04-08 11:49:57'),(437,242,8,1,0,0,1,'2023-04-09 13:32:22'),(438,37,8,1,0,0,2,'2023-04-10 11:47:25'),(439,143,8,1,0,0,1,'2023-04-11 10:52:55'),(440,145,8,1,0,0,1,'2023-04-11 17:01:16'),(441,172,8,1,0,0,1,'2023-04-11 18:50:07'),(442,209,8,1,0,0,1,'2023-04-12 14:29:12'),(443,544,8,1,0,0,1,'2023-04-13 08:45:17'),(444,178,8,1,0,0,1,'2023-04-13 20:46:30'),(445,543,8,1,0,0,1,'2023-04-14 09:39:29'),(446,37,8,1,0,0,1,'2023-04-14 10:11:39'),(447,242,8,1,0,0,1,'2023-04-14 12:23:52'),(448,549,8,1,0,0,1,'2023-04-14 12:34:20'),(449,156,8,1,0,0,1,'2023-04-14 14:16:16'),(450,178,8,1,0,0,1,'2023-04-15 09:12:29'),(451,163,8,1,0,0,1,'2023-04-15 13:06:19'),(452,215,8,1,0,0,1,'2023-04-15 17:54:56'),(453,37,8,1,0,0,1,'2023-04-15 19:38:15'),(454,549,8,1,0,0,1,'2023-04-17 15:55:25'),(455,145,8,1,0,0,1,'2023-04-17 16:29:24'),(456,232,8,1,0,0,1,'2023-04-17 17:09:21'),(457,218,8,1,0,0,1,'2023-04-18 09:40:35'),(458,172,8,1,0,0,1,'2023-04-18 11:56:04'),(459,173,8,1,0,0,1,'2023-04-18 14:09:51'),(460,172,8,1,0,0,1,'2023-04-18 14:10:45'),(461,146,8,1,0,0,1,'2023-04-18 16:25:13'),(462,178,8,1,0,0,1,'2023-04-18 16:26:21'),(463,37,8,1,0,0,1,'2023-04-18 17:55:36'),(464,242,8,1,0,0,1,'2023-04-18 18:12:56'),(465,215,8,1,0,0,1,'2023-04-19 19:30:19'),(466,172,8,1,0,0,1,'2023-04-19 20:19:26'),(467,538,8,1,0,0,1,'2023-04-20 10:02:00'),(468,215,8,1,0,0,1,'2023-04-20 11:32:38'),(469,42,8,1,0,0,1,'2023-04-20 13:56:25'),(470,37,8,1,0,0,1,'2023-04-20 13:57:02'),(471,572,8,1,0,0,1,'2023-04-20 18:50:20'),(472,178,8,1,0,0,1,'2023-04-21 10:08:24'),(473,37,8,1,0,0,1,'2023-04-21 14:31:30'),(474,534,8,1,0,0,1,'2023-04-21 19:22:12'),(478,536,8,1,0,0,1,'2023-04-21 19:24:18'),(480,242,8,1,0,0,1,'2023-04-22 14:02:10'),(481,536,8,1,0,0,1,'2023-04-22 14:06:28'),(482,509,8,1,0,0,1,'2023-04-22 17:44:20'),(483,503,8,1,0,0,1,'2023-04-23 17:07:38'),(484,494,8,1,0,0,1,'2023-04-24 20:24:39'),(485,419,8,1,0,0,1,'2023-04-25 09:04:56'),(486,242,8,1,0,0,1,'2023-04-25 09:48:19'),(487,143,8,1,0,0,1,'2023-04-25 16:13:19'),(488,537,8,1,0,0,1,'2023-04-25 18:42:53'),(489,803,8,1,0,0,1,'2023-04-25 21:06:49'),(490,173,8,1,0,0,1,'2023-04-26 12:00:56'),(491,172,8,1,0,0,1,'2023-04-26 12:01:48'),(492,208,8,1,0,0,1,'2023-04-26 12:06:07'),(493,172,8,1,0,0,1,'2023-04-26 12:42:48'),(494,145,8,1,0,0,1,'2023-04-26 17:44:39'),(495,143,8,1,0,0,2,'2023-04-27 09:25:32'),(496,218,8,1,0,0,1,'2023-04-27 10:26:09'),(497,558,8,1,0,0,1,'2023-04-27 17:24:37'),(498,201,8,1,0,0,1,'2023-04-27 19:50:17'),(499,809,8,1,0,0,1,'2023-04-28 13:38:01'),(500,182,8,1,0,0,1,'2023-04-28 14:50:36'),(501,805,8,1,0,0,1,'2023-04-28 16:58:25'),(502,156,8,1,0,0,1,'2023-04-29 17:14:41'),(503,572,8,1,0,0,1,'2023-04-29 18:47:05'),(504,233,8,1,0,0,1,'2023-04-29 18:47:58'),(505,491,8,1,0,0,1,'2023-04-29 20:38:21'),(506,534,8,1,0,0,1,'2023-05-01 12:07:19'),(507,208,8,1,0,0,1,'2023-05-01 12:16:46'),(508,37,8,1,0,0,2,'2023-05-02 09:05:14'),(509,50,8,1,0,0,1,'2023-05-02 12:23:30'),(510,178,8,1,0,0,1,'2023-05-02 13:43:01'),(511,219,8,1,0,0,1,'2023-05-02 13:44:25'),(512,156,8,1,0,0,1,'2023-05-02 16:41:26'),(513,544,8,1,0,0,1,'2023-05-02 17:47:19'),(514,178,8,1,0,0,1,'2023-05-02 20:30:47'),(515,37,8,1,0,0,1,'2023-05-03 11:36:30'),(516,37,8,1,0,0,1,'2023-05-03 12:29:44'),(517,419,8,1,0,0,4,'2023-05-03 13:17:04'),(518,172,8,1,0,0,1,'2023-05-03 17:38:01'),(519,158,8,1,0,0,1,'2023-05-03 19:24:10'),(520,560,8,1,0,0,1,'2023-05-04 13:24:19'),(521,808,8,1,0,0,1,'2023-05-04 16:29:52'),(522,811,8,1,0,0,1,'2023-05-04 16:37:50'),(523,143,8,1,0,0,1,'2023-05-04 18:32:19'),(524,218,8,1,0,0,1,'2023-05-04 18:33:45'),(525,178,8,1,0,0,1,'2023-05-05 13:05:33'),(526,222,8,1,0,0,1,'2023-05-05 14:07:03'),(527,37,8,1,0,0,1,'2023-05-05 18:45:32'),(528,182,8,1,0,0,1,'2023-05-05 21:40:01'),(529,803,8,1,0,0,1,'2023-05-06 19:02:03'),(530,509,8,1,0,0,1,'2023-05-07 09:18:53'),(531,42,8,1,0,0,1,'2023-05-07 10:49:51'),(532,803,8,1,0,0,1,'2023-05-07 14:13:53'),(533,803,8,1,0,0,1,'2023-05-07 14:47:14'),(534,160,8,1,0,0,1,'2023-05-08 11:02:13'),(535,158,8,1,0,0,1,'2023-05-08 13:27:47'),(536,208,8,1,0,0,1,'2023-05-08 16:24:05'),(537,209,8,1,0,0,1,'2023-05-08 16:54:50'),(538,219,8,1,0,0,1,'2023-05-09 08:30:54'),(539,219,8,1,0,0,1,'2023-05-09 08:32:17'),(540,42,8,1,0,0,1,'2023-05-09 10:39:38'),(541,156,8,1,0,0,1,'2023-05-09 15:11:55'),(542,160,8,1,0,0,1,'2023-05-09 19:40:36'),(543,803,8,1,0,0,1,'2023-05-10 15:00:30'),(544,235,8,1,0,0,1,'2023-05-11 19:29:05'),(545,419,8,1,0,0,1,'2023-05-12 14:02:00'),(546,145,8,1,0,0,1,'2023-05-12 15:30:24'),(547,218,8,1,0,0,1,'2023-05-12 15:57:47'),(548,218,8,1,0,0,1,'2023-05-12 15:59:03'),(549,551,8,1,0,0,1,'2023-05-12 17:56:35'),(550,551,8,1,0,0,1,'2023-05-12 17:57:54'),(551,517,8,1,0,0,1,'2023-05-12 19:48:46'),(552,542,8,1,0,0,1,'2023-05-12 20:26:27'),(553,163,8,1,0,0,1,'2023-05-13 11:30:40'),(554,189,8,1,0,0,1,'2023-05-13 14:50:30'),(555,222,8,1,0,0,1,'2023-05-13 15:43:28'),(556,219,8,1,0,0,1,'2023-05-13 15:49:42'),(557,419,8,1,0,0,1,'2023-05-13 16:49:20'),(558,478,8,1,0,0,1,'2023-05-13 21:17:29'),(559,419,8,1,0,0,1,'2023-05-14 09:20:24'),(560,811,8,1,0,0,1,'2023-05-15 09:30:13'),(561,811,8,1,0,0,1,'2023-05-15 09:30:52'),(562,811,8,1,0,0,1,'2023-05-15 09:34:05'),(563,811,8,1,0,0,1,'2023-05-15 09:38:06'),(564,242,8,1,0,0,1,'2023-05-15 11:30:59'),(565,419,8,1,0,0,1,'2023-05-15 11:36:59'),(566,419,8,1,0,0,1,'2023-05-15 13:34:36'),(567,549,8,1,0,0,1,'2023-05-15 14:57:53'),(568,812,8,1,0,0,1,'2023-05-15 18:11:28'),(569,156,8,1,0,0,1,'2023-05-17 11:19:03'),(570,178,8,1,0,0,1,'2023-05-17 15:14:54'),(571,143,8,1,0,0,2,'2023-05-18 10:07:59'),(572,53,8,1,0,0,1,'2023-05-18 10:09:21'),(573,211,8,1,0,0,1,'2023-05-18 10:11:08'),(574,544,8,1,0,0,1,'2023-05-18 16:07:50'),(575,547,8,1,0,0,1,'2023-05-19 12:00:18'),(576,817,8,1,0,0,1,'2023-05-19 12:18:10'),(577,809,8,1,0,0,1,'2023-05-19 14:11:15'),(578,172,8,1,0,0,1,'2023-05-19 14:42:42'),(579,172,8,1,0,0,1,'2023-05-19 14:44:01'),(580,803,8,1,0,0,1,'2023-05-19 15:13:13'),(581,803,8,1,0,0,1,'2023-05-19 15:13:13'),(582,155,8,1,0,0,1,'2023-05-20 19:56:04'),(583,179,8,1,0,0,1,'2023-05-21 10:34:46'),(584,177,8,1,0,0,1,'2023-05-21 11:37:50'),(585,146,8,1,0,0,1,'2023-05-21 13:49:20'),(586,804,8,1,0,0,1,'2023-05-22 10:50:11'),(587,809,8,1,0,0,1,'2023-05-22 10:58:38'),(588,808,8,1,0,0,1,'2023-05-22 13:08:24'),(589,805,8,1,0,0,1,'2023-05-22 13:13:37'),(590,156,8,1,0,0,2,'2023-05-22 16:16:19'),(591,158,8,1,0,0,1,'2023-05-22 19:41:39'),(592,811,8,1,0,0,1,'2023-05-23 13:59:13'),(593,179,8,1,0,0,1,'2023-05-23 15:55:23'),(594,172,8,1,0,0,1,'2023-05-23 16:00:48'),(595,156,8,1,0,0,1,'2023-05-23 16:15:34'),(596,212,8,1,0,0,1,'2023-05-24 18:19:16'),(597,212,8,1,0,0,1,'2023-05-24 18:19:16'),(598,803,8,1,0,0,1,'2023-05-25 14:36:06'),(599,211,8,1,0,0,1,'2023-05-25 17:46:33'),(600,156,8,1,0,0,1,'2023-05-25 18:10:44'),(601,178,8,1,0,0,1,'2023-05-25 18:15:55'),(602,814,8,1,0,0,1,'2023-05-25 18:28:09'),(603,157,8,1,0,0,1,'2023-05-25 19:09:57'),(604,50,8,1,0,0,1,'2023-05-26 15:53:29'),(605,42,8,1,0,0,1,'2023-05-26 17:02:51'),(606,803,8,1,0,0,1,'2023-05-26 20:19:51'),(607,143,8,1,0,0,1,'2023-05-27 11:30:26'),(608,218,8,1,0,0,1,'2023-05-27 11:31:37'),(609,178,8,1,0,0,1,'2023-05-27 17:26:16'),(610,177,8,1,0,0,1,'2023-05-27 17:34:09'),(611,178,8,1,0,0,1,'2023-05-29 12:15:56'),(612,540,8,1,0,0,1,'2023-05-29 15:06:01'),(613,803,8,1,0,0,1,'2023-05-29 19:39:14'),(614,42,8,1,0,0,2,'2023-05-30 15:58:54'),(615,212,8,1,0,0,1,'2023-05-30 17:59:03'),(616,50,8,1,0,0,1,'2023-05-31 12:47:18'),(617,50,8,1,0,0,1,'2023-05-31 14:33:15'),(618,50,8,1,0,0,1,'2023-05-31 14:35:27'),(619,219,8,1,0,0,1,'2023-05-31 14:45:09'),(620,145,8,1,0,0,1,'2023-05-31 14:45:55'),(621,145,8,1,0,0,1,'2023-05-31 14:48:00'),(622,50,8,1,0,0,1,'2023-05-31 14:50:22'),(623,50,8,1,0,0,1,'2023-05-31 14:55:24'),(624,219,8,1,0,0,1,'2023-05-31 14:58:04'),(625,53,8,1,0,0,1,'2023-05-31 14:59:49'),(626,53,8,1,0,0,1,'2023-05-31 15:01:56'),(627,141,8,1,0,0,1,'2023-05-31 15:04:59'),(628,141,8,1,0,0,1,'2023-05-31 15:06:30'),(629,141,8,1,0,0,1,'2023-05-31 15:07:58'),(630,160,8,1,0,0,1,'2023-05-31 18:04:19'),(631,160,8,1,0,0,1,'2023-05-31 18:05:11'),(632,160,8,1,0,0,1,'2023-05-31 18:06:18'),(633,172,8,1,0,0,1,'2023-06-01 11:25:57'),(634,146,8,1,0,0,1,'2023-06-01 19:19:01'),(635,804,8,1,0,0,1,'2023-06-01 21:34:32'),(636,143,8,1,0,0,1,'2023-06-02 11:51:43'),(637,42,8,1,0,0,1,'2023-06-02 19:58:48'),(638,419,8,1,0,0,1,'2023-06-02 20:00:09'),(639,811,8,1,0,0,1,'2023-06-05 11:36:51'),(640,172,8,1,0,0,1,'2023-06-05 12:09:35'),(641,173,8,1,0,0,1,'2023-06-05 12:10:20'),(642,172,8,1,0,0,1,'2023-06-05 12:57:52'),(643,182,8,1,0,0,1,'2023-06-05 13:10:48'),(644,542,8,1,0,0,1,'2023-06-05 14:00:08'),(645,172,8,1,0,0,1,'2023-06-06 10:55:58'),(646,804,8,1,0,0,1,'2023-06-06 10:57:30'),(647,544,8,1,0,0,1,'2023-06-06 12:39:40'),(648,42,8,1,0,0,1,'2023-06-06 14:30:44'),(649,182,8,1,0,0,1,'2023-06-06 15:52:28'),(650,182,8,1,0,0,1,'2023-06-06 17:41:21'),(651,156,8,1,0,0,1,'2023-06-06 18:14:05'),(652,42,8,1,0,0,1,'2023-06-06 20:21:30'),(653,803,8,1,0,0,1,'2023-06-06 21:42:35'),(654,494,8,1,0,0,1,'2023-06-07 09:13:27'),(655,806,8,1,0,0,1,'2023-06-07 12:47:25'),(656,178,8,1,0,0,1,'2023-06-07 14:24:28'),(657,551,8,1,0,0,1,'2023-06-07 17:55:58'),(658,540,8,1,0,0,1,'2023-06-07 19:15:09'),(659,540,8,1,0,0,1,'2023-06-07 19:15:11'),(660,540,8,1,0,0,1,'2023-06-07 19:15:16'),(661,144,8,1,0,0,1,'2023-06-08 08:32:55'),(662,155,8,1,0,0,1,'2023-06-08 12:02:21'),(663,189,8,1,0,0,1,'2023-06-08 16:07:28'),(664,189,8,1,0,0,1,'2023-06-08 16:09:02'),(665,804,8,1,0,0,1,'2023-06-08 19:25:30'),(666,206,8,1,0,0,1,'2023-06-08 20:49:30'),(667,804,8,1,0,0,1,'2023-06-09 11:40:11'),(668,171,8,1,0,0,1,'2023-06-09 16:18:27'),(669,173,8,1,0,0,1,'2023-06-09 16:19:30'),(670,494,8,1,0,0,1,'2023-06-09 16:22:10'),(671,173,8,1,0,0,1,'2023-06-09 19:16:21'),(672,222,8,1,0,0,1,'2023-06-10 16:17:47'),(673,815,8,1,0,0,1,'2023-06-10 16:38:41'),(674,172,8,1,0,0,1,'2023-06-10 18:43:50'),(675,540,8,1,0,0,1,'2023-06-11 15:18:26'),(676,549,8,1,0,0,1,'2023-06-11 15:19:37'),(677,501,8,1,0,0,1,'2023-06-11 17:54:53'),(678,551,8,1,0,0,1,'2023-06-11 17:56:41'),(679,219,8,1,0,0,1,'2023-06-12 13:06:22'),(680,208,8,1,0,0,1,'2023-06-12 15:12:58'),(681,172,8,1,0,0,1,'2023-06-12 15:32:48'),(682,173,8,1,0,0,1,'2023-06-12 15:33:31'),(683,802,8,1,0,0,1,'2023-06-12 16:12:59'),(684,158,8,1,0,0,1,'2023-06-12 18:44:10'),(685,182,8,1,0,0,1,'2023-06-14 08:16:55'),(686,803,8,1,0,0,1,'2023-06-14 10:57:33'),(687,568,8,1,0,0,1,'2023-06-14 12:43:41'),(688,209,8,1,0,0,1,'2023-06-15 11:41:50'),(689,163,8,1,0,0,1,'2023-06-15 12:06:44'),(690,212,8,1,0,0,1,'2023-06-15 15:55:22'),(691,544,8,1,0,0,1,'2023-06-15 18:12:52'),(692,215,8,1,0,0,1,'2023-06-15 18:37:21'),(693,781,8,1,0,0,1,'2023-06-16 10:20:02'),(694,219,8,1,0,0,1,'2023-06-16 12:03:48'),(695,544,8,1,0,0,1,'2023-06-16 15:59:08'),(696,189,8,1,0,0,1,'2023-06-17 16:17:08'),(697,806,8,1,0,0,1,'2023-06-19 08:04:35'),(698,551,8,1,0,0,1,'2023-06-19 15:23:36'),(699,494,8,1,0,0,1,'2023-06-19 20:00:41'),(700,179,8,1,0,0,1,'2023-06-19 20:43:18'),(701,182,8,1,0,0,1,'2023-06-20 19:37:25'),(702,58,8,1,0,0,1,'2023-06-22 10:33:37'),(703,172,8,1,0,0,1,'2023-06-22 10:36:17'),(704,540,8,1,0,0,1,'2023-06-22 13:11:32'),(705,146,8,1,0,0,1,'2023-06-22 14:01:40'),(706,222,8,1,0,0,1,'2023-06-22 14:41:20'),(707,182,8,1,0,0,1,'2023-06-22 15:42:43'),(708,218,8,1,0,0,1,'2023-06-22 17:19:55'),(709,802,8,1,0,0,1,'2023-06-22 19:05:54'),(710,803,8,1,0,0,1,'2023-06-22 20:36:05'),(711,804,8,1,0,0,1,'2023-06-22 21:21:21'),(712,803,8,1,0,0,1,'2023-06-23 08:24:58'),(713,804,8,1,0,0,1,'2023-06-23 14:09:23'),(714,157,8,1,0,0,1,'2023-06-23 18:06:38'),(715,155,8,1,0,0,1,'2023-06-24 11:44:50'),(716,815,8,1,0,0,1,'2023-06-24 15:19:23'),(717,219,8,1,0,0,1,'2023-06-24 16:52:24'),(718,544,8,1,0,0,1,'2023-06-24 17:24:08'),(719,156,8,1,0,0,1,'2023-06-25 18:56:00'),(720,803,8,1,0,0,1,'2023-06-26 10:02:26'),(721,806,8,1,0,0,1,'2023-06-26 10:03:10'),(722,804,8,1,0,0,1,'2023-06-26 10:13:13'),(723,540,8,1,0,0,1,'2023-06-26 15:43:46'),(724,815,8,1,0,0,1,'2023-06-26 19:00:28'),(725,42,8,1,0,0,1,'2023-06-26 21:26:12'),(726,144,8,1,0,0,1,'2023-06-27 13:00:50'),(727,211,8,1,0,0,1,'2023-06-27 17:21:11'),(728,160,8,1,0,0,1,'2023-06-28 12:30:13'),(729,544,8,1,0,0,1,'2023-06-28 17:31:43'),(730,815,8,1,0,0,1,'2023-06-28 18:40:07'),(731,544,8,1,0,0,1,'2023-06-28 19:43:27'),(732,803,8,1,0,0,1,'2023-06-29 08:19:16'),(733,537,8,1,0,0,1,'2023-06-29 18:24:10'),(734,219,8,1,0,0,1,'2023-06-30 08:26:29'),(735,145,8,1,0,0,1,'2023-06-30 12:49:39'),(736,572,8,1,0,0,1,'2023-06-30 13:23:33'),(737,544,8,1,0,0,1,'2023-06-30 18:55:18'),(738,215,8,1,0,0,1,'2023-06-30 19:34:30'),(739,494,8,1,0,0,1,'2023-06-30 19:44:06'),(740,145,8,1,0,0,1,'2023-07-01 12:52:08'),(741,815,8,1,0,0,1,'2023-07-01 18:32:15'),(742,42,8,1,0,0,1,'2023-07-01 19:13:16'),(743,218,8,1,0,0,1,'2023-07-02 19:12:30'),(744,536,8,1,0,0,1,'2023-07-03 09:50:49'),(745,538,8,1,0,0,1,'2023-07-03 09:51:45'),(746,215,8,1,0,0,1,'2023-07-03 11:23:51'),(747,211,8,1,0,0,1,'2023-07-03 18:23:24'),(748,212,8,1,0,0,1,'2023-07-03 18:24:05'),(749,42,8,1,0,0,1,'2023-07-03 18:44:19'),(750,802,8,1,0,0,1,'2023-07-03 18:45:01'),(751,42,8,1,0,0,1,'2023-07-03 20:03:19'),(752,544,8,1,0,0,1,'2023-07-03 20:12:38'),(753,215,8,1,0,0,1,'2023-07-04 10:08:07'),(754,803,8,1,0,0,1,'2023-07-04 11:24:55'),(755,501,8,1,0,0,1,'2023-07-04 11:56:50'),(756,803,8,1,0,0,1,'2023-07-04 11:57:35'),(757,208,8,1,0,0,1,'2023-07-04 12:11:03'),(758,218,8,1,0,0,1,'2023-07-04 15:35:07'),(759,538,8,1,0,0,1,'2023-07-04 20:47:05'),(760,537,8,1,0,0,1,'2023-07-05 12:49:06'),(761,537,8,1,0,0,1,'2023-07-05 12:57:28'),(762,218,8,1,0,0,1,'2023-07-05 14:46:42'),(763,145,8,1,0,0,1,'2023-07-05 18:20:29'),(764,173,8,1,0,0,1,'2023-07-05 18:33:55'),(765,172,8,1,0,0,1,'2023-07-05 18:34:39'),(766,208,8,1,0,0,1,'2023-07-06 14:28:53'),(767,145,8,1,0,0,1,'2023-07-07 08:42:35'),(768,173,8,1,0,0,1,'2023-07-07 09:02:46'),(769,172,8,1,0,0,1,'2023-07-07 09:03:34'),(770,544,8,1,0,0,1,'2023-07-07 12:33:15'),(771,536,8,1,0,0,1,'2023-07-07 18:54:00'),(772,804,8,1,0,0,1,'2023-07-07 20:07:56'),(773,804,8,1,0,0,1,'2023-07-07 20:08:42'),(774,809,8,1,0,0,1,'2023-07-08 11:22:49'),(775,809,8,1,0,0,1,'2023-07-08 11:23:58'),(776,501,8,1,0,0,1,'2023-07-08 14:41:22'),(777,491,8,1,0,0,1,'2023-07-08 16:27:58'),(778,222,8,1,0,0,1,'2023-07-08 18:28:46'),(779,494,8,1,0,0,1,'2023-07-08 21:16:30'),(780,494,8,1,0,0,1,'2023-07-08 21:17:22'),(781,542,8,1,0,0,1,'2023-07-08 21:28:58'),(782,804,8,1,0,0,1,'2023-07-09 17:59:26'),(783,805,8,1,0,0,2,'2023-07-09 18:00:27'),(784,805,8,1,0,0,1,'2023-07-10 17:00:56'),(785,138,8,1,0,0,1,'2023-11-02 23:12:35'),(786,460,8,1,0,0,1,'2023-11-21 12:23:28'),(788,1340,8,1,0,0,1,'2023-12-13 18:47:02'),(789,1357,8,1,0,0,1,'2023-12-13 18:53:57'),(790,1346,8,1,0,0,1,'2023-12-15 21:59:23'),(791,1355,8,1,0,0,1,'2023-12-16 11:25:16'),(792,1338,8,1,0,0,1,'2023-12-16 15:14:05'),(793,1329,8,1,0,0,1,'2023-12-16 19:08:31'),(794,1334,8,1,0,0,2,'2023-12-17 15:42:18'),(797,1332,8,1,0,0,1,'2024-01-06 19:10:46'),(799,1331,8,1,0,0,2,'2023-12-18 13:46:05'),(800,1358,8,1,0,0,1,'2024-01-07 13:58:19'),(801,1358,8,1,0,0,1,'2024-01-07 14:20:47'),(802,1338,8,1,0,0,1,'2024-01-08 13:38:16'),(803,1333,8,1,0,0,1,'2024-01-08 19:41:17'),(804,1359,8,1,0,0,1,'2024-01-10 16:55:49'),(805,1358,8,1,0,0,1,'2024-01-11 16:21:54'),(806,1338,8,1,0,0,1,'2024-01-13 15:33:11'),(807,1334,8,1,0,0,1,'2024-01-14 15:01:50'),(808,1346,8,1,0,0,1,'2024-01-14 16:56:34'),(809,1334,8,1,0,0,1,'2024-01-16 13:07:04'),(810,1347,8,1,0,0,1,'2024-01-16 13:19:28'),(811,1338,8,1,0,0,4,'2024-01-16 15:32:35'),(812,1334,8,1,0,0,1,'2024-01-17 13:57:55'),(813,1330,8,1,0,0,2,'2024-01-17 13:59:46'),(814,1326,8,1,0,0,1,'2024-01-19 19:00:38'),(815,1338,8,1,0,0,1,'2024-01-20 15:51:30'),(816,1338,8,1,0,0,1,'2024-01-21 16:12:35'),(817,1338,8,1,0,0,1,'2024-01-21 17:28:55'),(818,1334,8,1,0,0,1,'2024-01-21 17:33:04'),(819,1358,8,1,0,0,1,'2024-01-23 18:07:43'),(820,1338,8,1,0,0,2,'2024-01-24 18:28:37'),(821,1326,8,1,0,0,1,'2024-01-24 18:58:44'),(822,1334,8,1,0,0,1,'2024-01-25 10:43:34'),(823,1338,8,1,0,0,2,'2024-01-27 18:57:19'),(824,1333,8,1,0,0,3,'2024-01-28 12:20:47'),(825,1358,8,1,0,0,1,'2024-01-28 12:21:39'),(826,1333,8,1,0,0,1,'2024-01-28 17:46:29'),(827,1334,8,1,0,0,1,'2024-01-29 17:50:16'),(828,1338,8,1,0,0,1,'2024-01-30 13:30:26'),(829,1341,8,1,0,0,1,'2024-01-30 15:30:03'),(830,1344,8,1,0,0,1,'2024-01-30 18:14:27'),(831,1328,8,1,0,0,1,'2024-02-05 09:27:47'),(832,1338,8,1,0,0,1,'2024-02-06 11:23:38'),(833,1338,8,1,0,0,1,'2024-02-08 13:47:00'),(834,1338,8,1,0,0,1,'2024-02-10 17:21:12'),(835,1357,8,1,0,0,3,'2024-02-12 16:47:30'),(836,1329,8,1,0,0,2,'2024-02-12 16:48:23'),(837,1357,8,1,0,0,1,'2024-02-13 12:36:14'),(838,1358,8,1,0,0,1,'2024-02-13 13:07:48'),(839,1338,8,1,0,0,1,'2024-02-15 16:33:53'),(840,1354,8,1,0,0,1,'2024-02-15 16:35:47'),(841,1333,8,1,0,0,1,'2024-02-19 16:49:24'),(842,1338,8,1,0,0,1,'2024-02-20 12:51:21'),(843,1358,8,1,0,0,1,'2024-02-20 17:21:39'),(844,1347,8,1,0,0,1,'2024-02-20 17:22:11'),(845,1358,8,1,0,0,1,'2024-02-20 17:22:36'),(846,1347,8,1,0,0,1,'2024-02-20 17:53:06'),(847,1341,8,1,0,0,1,'2024-02-20 17:53:45'),(848,1334,8,1,0,0,1,'2024-02-25 11:39:57'),(849,1354,8,1,0,0,1,'2024-02-26 16:10:49'),(850,1338,8,1,0,0,1,'2024-02-29 14:08:21'),(851,1334,8,1,0,0,1,'2024-03-02 13:33:39'),(852,1338,8,1,0,0,1,'2024-03-03 14:04:39'),(853,1334,8,1,0,0,1,'2024-03-05 13:15:29'),(854,1338,8,1,0,0,2,'2024-03-05 13:16:13'),(856,1333,8,1,0,0,1,'2024-03-06 12:30:25'),(857,1358,8,1,0,0,1,'2024-03-06 17:16:59'),(858,1347,8,1,0,0,1,'2024-03-07 12:33:19'),(859,1345,8,1,0,0,1,'2024-03-08 10:01:58'),(860,1338,8,1,0,0,2,'2024-03-09 11:43:50'),(862,1338,8,1,0,0,1,'2024-03-09 12:15:06'),(863,1340,8,1,0,0,1,'2024-03-09 15:14:55'),(864,1334,8,1,0,0,1,'2024-03-10 13:19:44'),(865,1334,8,1,0,0,2,'2024-03-10 14:26:41'),(866,1344,8,1,0,0,1,'2024-03-11 11:00:27'),(867,1348,8,1,0,0,1,'2024-03-12 16:32:57'),(868,1358,8,1,0,0,1,'2024-03-12 18:26:26'),(869,1333,8,1,0,0,2,'2024-03-16 11:38:17'),(870,1323,8,1,0,0,1,'2024-03-16 18:09:18'),(871,1338,8,1,0,0,1,'2024-03-17 14:51:48'),(872,1334,8,1,0,0,1,'2024-03-17 15:45:21'),(873,1335,8,1,0,0,1,'2024-03-17 15:46:00'),(874,1338,8,1,0,0,4,'2024-03-18 12:06:29'),(875,1326,8,1,0,0,4,'2024-03-18 12:07:21'),(876,1356,8,1,0,0,1,'2024-03-21 09:20:38'),(877,1338,8,1,0,0,6,'2024-03-26 16:18:09'),(878,1358,8,1,0,0,1,'2024-03-28 13:53:49'),(879,1347,8,1,0,0,1,'2024-03-28 13:54:24'),(880,1333,8,1,0,0,1,'2024-03-28 19:14:53'),(881,4032,8,1,0,0,1,'2024-12-16 14:37:56'),(882,3884,8,1,0,0,1,'2024-12-16 14:15:15'),(883,3884,8,1,0,0,1,'2024-12-16 14:15:57'),(884,3884,8,1,0,0,1,'2024-12-16 14:16:34'),(885,3884,8,1,0,0,1,'2024-12-16 14:18:51'),(886,3884,8,1,0,0,1,'2024-12-16 14:24:07'),(887,3884,8,1,0,0,1,'2024-12-16 14:26:02'),(888,1955,8,1,0,0,1,'2024-12-19 11:04:47'),(889,1974,8,1,0,0,1,'2024-12-19 10:57:57'),(891,1955,8,1,0,0,1,'2024-12-19 10:59:48'),(892,1976,8,1,0,0,1,'2024-12-19 11:07:01'),(893,1968,8,1,0,0,1,'2024-12-19 11:06:16'),(894,1956,8,1,0,0,1,'2024-12-19 15:06:17'),(895,1635,8,1,0,0,1,'2025-01-09 11:06:01'),(897,1560,8,1,0,0,1,'2025-02-19 14:25:10'),(898,1560,8,1,0,0,1,'2025-02-19 14:25:46'),(899,55,8,1,0,0,1,'2025-02-28 17:00:17'),(900,55,8,1,0,0,1,'2025-02-28 17:01:05'),(901,55,8,1,0,0,1,'2025-02-28 17:02:13'),(902,1598,8,1,0,0,1,'2025-02-28 17:05:59'),(903,55,8,1,0,0,1,'2025-02-28 17:07:27'),(904,124,8,1,0,0,1,'2025-03-03 13:09:17'),(905,124,8,1,0,0,1,'2025-03-03 13:12:49'),(906,547,8,1,0,0,1,'2025-03-03 16:24:27'),(907,4176,8,1,0,0,1,'2025-03-10 16:42:21'),(908,5346,8,1,0,0,1,'2025-03-10 16:59:53'),(909,4166,8,1,0,0,1,'2025-03-10 16:50:20'),(910,5347,8,1,0,0,1,'2025-03-10 16:50:35'),(911,5346,8,1,0,0,1,'2025-03-10 16:51:12'),(912,5346,8,1,0,0,1,'2025-03-10 16:53:10'),(913,5347,8,1,0,0,1,'2025-03-10 16:53:25'),(914,5346,8,1,0,0,1,'2025-03-10 16:57:25'),(915,4167,8,1,0,0,2,'2025-03-10 16:57:43'),(916,5347,8,1,0,0,1,'2025-03-10 16:58:59'),(917,4176,8,1,0,0,1,'2025-03-10 16:59:16'),(918,5347,8,1,0,0,1,'2025-03-10 17:00:19'),(919,5347,8,1,0,0,1,'2025-03-10 17:04:20'),(920,5346,8,1,0,0,1,'2025-03-10 17:06:46'),(921,5346,8,1,0,0,1,'2025-03-10 17:07:27'),(922,5346,8,1,0,0,1,'2025-03-11 09:02:25'),(923,5346,8,1,0,0,1,'2025-03-11 14:42:23'),(924,5346,8,1,0,0,1,'2025-03-11 14:44:28'),(925,5346,8,1,0,0,1,'2025-03-11 14:46:46'),(926,5347,8,1,0,0,1,'2025-03-11 14:48:19'),(927,5346,8,1,0,0,1,'2025-03-11 15:46:54'),(928,5347,8,1,0,0,1,'2025-03-11 15:47:11'),(929,5346,8,1,0,0,1,'2025-03-11 16:30:03'),(930,5346,8,1,0,0,1,'2025-03-11 16:37:33'),(931,5346,8,1,0,0,1,'2025-03-11 16:38:36'),(932,5346,8,1,0,0,1,'2025-03-11 17:17:00'),(933,5346,8,1,0,0,1,'2025-03-11 17:17:42'),(934,5346,8,1,0,0,1,'2025-03-11 17:29:33'),(935,4168,8,1,0,0,1,'2025-03-11 17:29:49'),(936,5346,8,1,0,0,1,'2025-03-11 21:22:03'),(937,5349,8,1,0,0,1,'2025-03-25 12:25:19'),(938,5349,8,1,0,0,1,'2025-03-25 12:28:26');

--
-- Table structure for table `ps_cart_rule`
--

CREATE TABLE `ps_cart_rule` (
  `id_cart_rule` int unsigned NOT NULL AUTO_INCREMENT,
  `id_customer` int unsigned NOT NULL DEFAULT '0',
  `date_from` datetime NOT NULL,
  `date_to` datetime NOT NULL,
  `description` text CHARACTER SET utf8mb4 COLLATE utf8mb4_general_ci,
  `quantity` int unsigned NOT NULL DEFAULT '0',
  `quantity_per_user` int unsigned NOT NULL DEFAULT '0',
  `priority` int unsigned NOT NULL DEFAULT '1',
  `partial_use` tinyint unsigned NOT NULL DEFAULT '0',
  `code` varchar(254) CHARACTER SET utf8mb4 COLLATE utf8mb4_general_ci NOT NULL,
  `minimum_amount` decimal(20,6) NOT NULL DEFAULT '0.000000',
  `minimum_amount_tax` tinyint(1) NOT NULL DEFAULT '0',
  `minimum_amount_currency` int unsigned NOT NULL DEFAULT '0',
  `minimum_amount_shipping` tinyint(1) NOT NULL DEFAULT '0',
  `country_restriction` tinyint unsigned NOT NULL DEFAULT '0',
  `carrier_restriction` tinyint unsigned NOT NULL DEFAULT '0',
  `group_restriction` tinyint unsigned NOT NULL DEFAULT '0',
  `cart_rule_restriction` tinyint unsigned NOT NULL DEFAULT '0',
  `product_restriction` tinyint unsigned NOT NULL DEFAULT '0',
  `shop_restriction` tinyint unsigned NOT NULL DEFAULT '0',
  `free_shipping` tinyint(1) NOT NULL DEFAULT '0',
  `reduction_percent` decimal(5,2) NOT NULL DEFAULT '0.00',
  `reduction_amount` decimal(20,6) NOT NULL DEFAULT '0.000000',
  `reduction_tax` tinyint unsigned NOT NULL DEFAULT '0',
  `reduction_currency` int unsigned NOT NULL DEFAULT '0',
  `reduction_product` int NOT NULL DEFAULT '0',
  `reduction_exclude_special` tinyint unsigned NOT NULL DEFAULT '0',
  `gift_product` int unsigned NOT NULL DEFAULT '0',
  `gift_product_attribute` int unsigned NOT NULL DEFAULT '0',
  `highlight` tinyint unsigned NOT NULL DEFAULT '0',
  `active` tinyint unsigned NOT NULL DEFAULT '0',
  `date_add` datetime NOT NULL,
  `date_upd` datetime NOT NULL,
  PRIMARY KEY (`id_cart_rule`),
  KEY `id_customer` (`id_customer`,`active`,`date_to`),
  KEY `group_restriction` (`group_restriction`,`active`,`date_to`),
  KEY `id_customer_2` (`id_customer`,`active`,`highlight`,`date_to`),
  KEY `group_restriction_2` (`group_restriction`,`active`,`highlight`,`date_to`),
  KEY `date_from` (`date_from`),
  KEY `date_to` (`date_to`)
) ENGINE=InnoDB DEFAULT CHARSET=utf8mb4 COLLATE=utf8mb4_general_ci;

--
-- Dumping data for table `ps_cart_rule`
--


--
-- Table structure for table `ps_cart_rule_carrier`
--

CREATE TABLE `ps_cart_rule_carrier` (
  `id_cart_rule` int unsigned NOT NULL,
  `id_carrier` int unsigned NOT NULL,
  PRIMARY KEY (`id_cart_rule`,`id_carrier`)
) ENGINE=InnoDB DEFAULT CHARSET=utf8mb4 COLLATE=utf8mb4_general_ci;

--
-- Dumping data for table `ps_cart_rule_carrier`
--


--
-- Table structure for table `ps_cart_rule_combination`
--

CREATE TABLE `ps_cart_rule_combination` (
  `id_cart_rule_1` int unsigned NOT NULL,
  `id_cart_rule_2` int unsigned NOT NULL,
  PRIMARY KEY (`id_cart_rule_1`,`id_cart_rule_2`),
  KEY `id_cart_rule_1` (`id_cart_rule_1`),
  KEY `id_cart_rule_2` (`id_cart_rule_2`)
) ENGINE=InnoDB DEFAULT CHARSET=utf8mb4 COLLATE=utf8mb4_general_ci;

--
-- Dumping data for table `ps_cart_rule_combination`
--


--
-- Table structure for table `ps_cart_rule_country`
--

CREATE TABLE `ps_cart_rule_country` (
  `id_cart_rule` int unsigned NOT NULL,
  `id_country` int unsigned NOT NULL,
  PRIMARY KEY (`id_cart_rule`,`id_country`)
) ENGINE=InnoDB DEFAULT CHARSET=utf8mb4 COLLATE=utf8mb4_general_ci;

--
-- Dumping data for table `ps_cart_rule_country`
--


--
-- Table structure for table `ps_cart_rule_group`
--

CREATE TABLE `ps_cart_rule_group` (
  `id_cart_rule` int unsigned NOT NULL,
  `id_group` int unsigned NOT NULL,
  PRIMARY KEY (`id_cart_rule`,`id_group`)
) ENGINE=InnoDB DEFAULT CHARSET=utf8mb4 COLLATE=utf8mb4_general_ci;

--
-- Dumping data for table `ps_cart_rule_group`
--


--
-- Table structure for table `ps_cart_rule_lang`
--

CREATE TABLE `ps_cart_rule_lang` (
  `id_cart_rule` int unsigned NOT NULL,
  `id_lang` int unsigned NOT NULL,
  `name` varchar(254) CHARACTER SET utf8mb4 COLLATE utf8mb4_general_ci NOT NULL,
  PRIMARY KEY (`id_cart_rule`,`id_lang`)
) ENGINE=InnoDB DEFAULT CHARSET=utf8mb4 COLLATE=utf8mb4_general_ci;

--
-- Dumping data for table `ps_cart_rule_lang`
--


--
-- Table structure for table `ps_cart_rule_product_rule`
--

CREATE TABLE `ps_cart_rule_product_rule` (
  `id_product_rule` int unsigned NOT NULL AUTO_INCREMENT,
  `id_product_rule_group` int unsigned NOT NULL,
  `type` enum('products','categories','attributes','manufacturers','suppliers') CHARACTER SET utf8mb4 COLLATE utf8mb4_general_ci NOT NULL,
  PRIMARY KEY (`id_product_rule`)
) ENGINE=InnoDB DEFAULT CHARSET=utf8mb4 COLLATE=utf8mb4_general_ci;

--
-- Dumping data for table `ps_cart_rule_product_rule`
--


--
-- Table structure for table `ps_cart_rule_product_rule_group`
--

CREATE TABLE `ps_cart_rule_product_rule_group` (
  `id_product_rule_group` int unsigned NOT NULL AUTO_INCREMENT,
  `id_cart_rule` int unsigned NOT NULL,
  `quantity` int unsigned NOT NULL DEFAULT '1',
  PRIMARY KEY (`id_product_rule_group`)
) ENGINE=InnoDB DEFAULT CHARSET=utf8mb4 COLLATE=utf8mb4_general_ci;

--
-- Dumping data for table `ps_cart_rule_product_rule_group`
--


--
-- Table structure for table `ps_cart_rule_product_rule_value`
--

CREATE TABLE `ps_cart_rule_product_rule_value` (
  `id_product_rule` int unsigned NOT NULL,
  `id_item` int unsigned NOT NULL,
  PRIMARY KEY (`id_product_rule`,`id_item`)
) ENGINE=InnoDB DEFAULT CHARSET=utf8mb4 COLLATE=utf8mb4_general_ci;

--
-- Dumping data for table `ps_cart_rule_product_rule_value`
--


--
-- Table structure for table `ps_cart_rule_shop`
--

CREATE TABLE `ps_cart_rule_shop` (
  `id_cart_rule` int unsigned NOT NULL,
  `id_shop` int unsigned NOT NULL,
  PRIMARY KEY (`id_cart_rule`,`id_shop`)
) ENGINE=InnoDB DEFAULT CHARSET=utf8mb4 COLLATE=utf8mb4_general_ci;

--
-- Dumping data for table `ps_cart_rule_shop`
--


--
-- Table structure for table `ps_category`
--

CREATE TABLE `ps_category` (
  `id_category` int unsigned NOT NULL AUTO_INCREMENT,
  `id_parent` int unsigned NOT NULL,
  `id_shop_default` int unsigned NOT NULL DEFAULT '1',
  `level_depth` tinyint unsigned NOT NULL DEFAULT '0',
  `nleft` int unsigned NOT NULL DEFAULT '0',
  `nright` int unsigned NOT NULL DEFAULT '0',
  `active` tinyint unsigned NOT NULL DEFAULT '0',
  `date_add` datetime NOT NULL,
  `date_upd` datetime NOT NULL,
  `position` int unsigned NOT NULL DEFAULT '0',
  `is_root_category` tinyint(1) NOT NULL DEFAULT '0',
  PRIMARY KEY (`id_category`),
  KEY `category_parent` (`id_parent`),
  KEY `nleftrightactive` (`nleft`,`nright`,`active`),
  KEY `level_depth` (`level_depth`),
  KEY `nright` (`nright`),
  KEY `activenleft` (`active`,`nleft`),
  KEY `activenright` (`active`,`nright`)
) ENGINE=InnoDB AUTO_INCREMENT=29 DEFAULT CHARSET=utf8mb4 COLLATE=utf8mb4_general_ci;

--
-- Dumping data for table `ps_category`
--

INSERT INTO `ps_category` VALUES (1,0,1,0,1,42,1,'2023-02-10 15:08:20','2023-02-10 15:08:20',0,0),(2,1,1,1,2,41,1,'2023-02-10 15:08:20','2023-02-10 15:08:20',0,1),(10,2,1,2,3,4,1,'2021-03-10 11:28:09','2021-03-10 11:35:53',0,0),(11,2,1,2,5,6,1,'2021-03-10 11:28:12','2021-03-10 11:35:53',1,0),(12,2,1,2,7,8,1,'2021-03-10 11:28:12','2021-03-10 11:43:10',2,0),(13,2,1,2,9,10,1,'2021-03-10 11:28:17','2021-03-10 11:35:53',3,0),(14,2,1,2,11,12,1,'2021-03-10 11:28:19','2021-03-10 11:35:53',4,0),(15,2,1,2,13,14,1,'2021-03-10 11:28:20','2021-12-15 12:29:40',5,0),(16,2,1,2,15,16,1,'2021-03-10 11:28:30','2021-03-10 11:35:53',6,0),(17,2,1,2,17,18,1,'2021-03-10 11:28:58','2021-03-10 11:43:10',7,0),(18,2,1,2,19,20,1,'2021-03-10 11:29:05','2021-03-10 11:35:53',8,0),(19,2,1,2,29,30,1,'2021-03-10 11:29:05','2021-03-10 11:43:10',9,0),(20,2,1,2,21,22,1,'2021-03-10 11:30:26','2021-03-10 11:35:53',15,0),(21,2,1,2,23,24,1,'2021-03-10 11:30:27','2021-03-10 11:35:53',15,0),(22,2,1,2,25,26,1,'2021-03-10 11:30:30','2021-03-10 11:35:53',15,0),(23,2,1,2,27,28,1,'2021-03-10 11:30:35','2021-03-10 11:35:53',15,0),(24,2,1,2,31,32,1,'2021-03-10 11:43:10','2021-03-10 11:43:10',15,0),(25,2,1,2,33,34,1,'2021-03-29 12:47:41','2021-03-29 12:47:41',16,0),(26,2,1,2,35,36,1,'2022-07-05 12:13:03','2022-07-05 12:13:03',17,0),(27,2,1,2,37,38,1,'2023-03-23 09:33:16','2023-03-23 09:33:16',18,0),(28,2,1,2,39,40,1,'2023-03-24 11:46:31','2023-03-24 11:46:31',19,0);

--
-- Table structure for table `ps_category_group`
--

CREATE TABLE `ps_category_group` (
  `id_category` int unsigned NOT NULL,
  `id_group` int unsigned NOT NULL,
  PRIMARY KEY (`id_category`,`id_group`),
  KEY `id_category` (`id_category`),
  KEY `id_group` (`id_group`)
) ENGINE=InnoDB DEFAULT CHARSET=utf8mb4 COLLATE=utf8mb4_general_ci;

--
-- Dumping data for table `ps_category_group`
--

INSERT INTO `ps_category_group` VALUES (2,1),(2,2),(2,3),(10,1),(10,2),(10,3),(11,1),(11,2),(11,3),(12,1),(12,2),(12,3),(13,1),(13,2),(13,3),(14,1),(14,2),(14,3),(15,1),(15,2),(15,3),(16,1),(16,2),(16,3),(17,1),(17,2),(17,3),(18,1),(18,2),(18,3),(19,1),(19,2),(19,3),(20,1),(20,2),(20,3),(21,1),(21,2),(21,3),(22,1),(22,2),(22,3),(23,1),(23,2),(23,3),(24,1),(24,2),(24,3),(25,1),(25,2),(25,3),(26,1),(26,2),(26,3),(27,1),(27,2),(27,3),(28,1),(28,2),(28,3);

--
-- Table structure for table `ps_category_lang`
--

CREATE TABLE `ps_category_lang` (
  `id_category` int unsigned NOT NULL,
  `id_shop` int unsigned NOT NULL DEFAULT '1',
  `id_lang` int unsigned NOT NULL,
  `name` varchar(128) CHARACTER SET utf8mb4 COLLATE utf8mb4_general_ci NOT NULL,
  `description` text CHARACTER SET utf8mb4 COLLATE utf8mb4_general_ci,
  `link_rewrite` varchar(128) CHARACTER SET utf8mb4 COLLATE utf8mb4_general_ci NOT NULL,
  `meta_title` varchar(255) CHARACTER SET utf8mb4 COLLATE utf8mb4_general_ci DEFAULT NULL,
  `meta_keywords` varchar(255) CHARACTER SET utf8mb4 COLLATE utf8mb4_general_ci DEFAULT NULL,
  `meta_description` varchar(512) CHARACTER SET utf8mb4 COLLATE utf8mb4_general_ci DEFAULT NULL,
  PRIMARY KEY (`id_category`,`id_shop`,`id_lang`),
  KEY `category_name` (`name`)
) ENGINE=InnoDB DEFAULT CHARSET=utf8mb4 COLLATE=utf8mb4_general_ci;

--
-- Dumping data for table `ps_category_lang`
--

INSERT INTO `ps_category_lang` VALUES (1,1,1,'Racine','','racine','','',''),(2,1,1,'Accueil','','accueil','','',''),(10,1,1,'Cartes Mémoires','','cartes-memoires','','',''),(11,1,1,'Ecouteurs avec fil','','ecouteurs-avec-fil','','',''),(12,1,1,'Informatique','','informatique','','',''),(13,1,1,'Chargeurs','','chargeurs','','',''),(14,1,1,'Disques Durs','','disques-durs','','',''),(15,1,1,'Cartouches d\'encre','','cartouches-d-encre','','',''),(16,1,1,'Accessoires ordinateurs','','accessoires-ordinateurs','','',''),(17,1,1,'Téléphonie','','telephonie','','',''),(18,1,1,'Clés USB','','cles-usb','','',''),(19,1,1,'Acceuil','','acceuil','','',''),(20,1,1,'DVD','','dvd','','',''),(21,1,1,'CD Rom','','cd-rom','','',''),(22,1,1,'Produits d\'entretien','','produits-d-entretien','','',''),(23,1,1,'Batteries externes','','batteries-externes','','',''),(24,1,1,'Jeux video','','jeux-video','','',''),(25,1,1,'Jeux et Jouets','','jeux-et-jouets','','',''),(26,1,1,'écouteurs sans fil','','ecouteurs-sans-fil','','',''),(27,1,1,'RASAGE','','rasage','','',''),(28,1,1,'BIEN ÊTRE','','bien-etre','','','');

--
-- Table structure for table `ps_category_product`
--

CREATE TABLE `ps_category_product` (
  `id_category` int unsigned NOT NULL,
  `id_product` int unsigned NOT NULL,
  `position` int unsigned NOT NULL DEFAULT '0',
  PRIMARY KEY (`id_category`,`id_product`),
  KEY `id_product` (`id_product`),
  KEY `id_category` (`id_category`,`position`)
) ENGINE=InnoDB DEFAULT CHARSET=utf8mb4 COLLATE=utf8mb4_general_ci;

--
-- Dumping data for table `ps_category_product`
--

INSERT INTO `ps_category_product` VALUES (2,20,0),(2,4483,1),(2,4484,2),(2,4485,3),(2,4486,4),(2,4487,5),(2,4488,6),(2,4489,7),(2,4491,8),(2,4492,9),(2,4493,10),(2,4494,11),(2,4495,12),(2,4496,13),(2,4497,14),(2,4498,15),(2,4499,16),(2,4500,17),(2,4501,18),(2,4502,19),(2,4506,20),(2,4507,21),(2,4508,22),(2,4509,23),(2,4513,24),(2,4514,25),(2,4515,26),(2,4516,27),(2,4517,28),(2,4521,29),(2,4522,30),(2,4523,31),(2,4524,32),(2,4525,33),(2,4526,34),(2,4528,35),(2,4529,36),(2,4530,37),(2,4531,38),(2,4532,39),(2,4533,40),(2,4534,41),(2,4535,42),(2,4536,43),(2,4537,44),(2,4538,45),(2,4540,46),(2,21,47),(2,22,48),(2,23,49),(2,24,50),(2,25,51),(2,26,52),(2,27,53),(2,28,54),(2,29,55),(2,30,56),(2,31,57),(2,32,58),(2,33,59),(2,34,60),(2,35,61),(2,36,62),(2,45,63),(2,46,64),(2,47,65),(2,51,66),(2,52,67),(2,54,68),(2,55,69),(2,56,70),(2,57,71),(2,59,72),(2,60,73),(2,61,74),(2,62,75),(2,63,76),(2,64,77),(2,65,78),(2,66,79),(2,67,80),(2,68,81),(2,69,82),(2,70,83),(2,71,84),(2,72,85),(2,73,86),(2,74,87),(2,75,88),(2,77,89),(2,78,90),(2,79,91),(2,80,92),(2,81,93),(2,82,94),(2,83,95),(2,84,96),(2,85,97),(2,86,98),(2,87,99),(2,88,100),(2,89,101),(2,90,102),(2,91,103),(2,92,104),(2,93,105),(2,94,106),(2,95,107),(2,96,108),(2,97,109),(2,98,110),(2,99,111),(2,100,112),(2,101,113),(2,102,114),(2,103,115),(2,104,116),(2,105,117),(2,106,118),(2,107,119),(2,108,120),(2,109,121),(2,111,122),(2,113,123),(2,114,124),(2,115,125),(2,116,126),(2,117,127),(2,118,128),(2,119,129),(2,120,130),(2,121,131),(2,122,132),(2,123,133),(2,124,134),(2,125,135),(2,126,136),(2,127,137),(2,128,138),(2,129,139),(2,130,140),(2,131,141),(2,132,142),(2,133,143),(2,135,144),(2,140,145),(2,142,146),(2,246,147),(2,247,148),(2,248,149),(2,249,150),(2,250,151),(2,251,152),(2,252,153),(2,253,154),(2,254,155),(2,255,156),(2,256,157),(2,257,158),(2,258,159),(2,259,160),(2,260,161),(2,261,162),(2,262,163),(2,263,164),(2,264,165),(2,265,166),(2,266,167),(2,267,168),(2,268,169),(2,269,170),(2,270,171),(2,271,172),(2,272,173),(2,273,174),(2,274,175),(2,275,176),(2,276,177),(2,277,178),(2,278,179),(2,279,180),(2,280,181),(2,281,182),(2,282,183),(2,283,184),(2,284,185),(2,285,186),(2,286,187),(2,287,188),(2,288,189),(2,289,190),(2,290,191),(2,291,192),(2,292,193),(2,293,194),(2,295,195),(2,296,196),(2,297,197),(2,298,198),(2,299,199),(2,300,200),(2,302,201),(2,303,202),(2,304,203),(2,305,204),(2,307,205),(2,308,206),(2,309,207),(2,311,208),(2,312,209),(2,313,210),(2,314,211),(2,315,212),(2,316,213),(2,317,214),(2,318,215),(2,319,216),(2,320,217),(2,321,218),(2,322,219),(2,324,220),(2,325,221),(2,326,222),(2,327,223),(2,328,224),(2,329,225),(2,330,226),(2,331,227),(2,333,228),(2,334,229),(2,336,230),(2,337,231),(2,338,232),(2,339,233),(2,340,234),(2,341,235),(2,342,236),(2,344,237),(2,346,238),(2,347,239),(2,348,240),(2,349,241),(2,350,242),(2,351,243),(2,352,244),(2,353,245),(2,354,246),(2,355,247),(2,356,248),(2,357,249),(2,358,250),(2,359,251),(2,360,252),(2,361,253),(2,362,254),(2,363,255),(2,364,256),(2,365,257),(2,366,258),(2,367,259),(2,368,260),(2,380,261),(2,381,262),(2,382,263),(2,383,264),(2,384,265),(2,385,266),(2,386,267),(2,387,268),(2,388,269),(2,389,270),(2,390,271),(2,391,272),(2,392,273),(2,393,274),(2,394,275),(2,395,276),(2,396,277),(2,397,278),(2,398,279),(2,399,280),(2,400,281),(2,401,282),(2,403,283),(2,407,284),(2,408,285),(2,409,286),(2,411,287),(2,412,288),(2,413,289),(2,414,290),(2,415,291),(2,416,292),(2,417,293),(2,418,294),(2,420,295),(2,421,296),(2,422,297),(2,423,298),(2,424,299),(2,425,300),(2,426,301),(2,427,302),(2,432,303),(2,433,304),(2,435,305),(2,436,306),(2,437,307),(2,438,308),(2,439,309),(2,440,310),(2,453,311),(2,454,312),(2,455,313),(2,456,314),(2,468,315),(2,469,316),(2,470,317),(2,471,318),(2,472,319),(2,473,320),(2,474,321),(2,475,322),(2,476,323),(2,477,324),(2,478,325),(2,479,326),(2,480,327),(2,481,328),(2,485,329),(2,486,330),(2,487,331),(2,490,332),(2,491,333),(2,492,334),(2,493,335),(2,494,336),(2,495,337),(2,496,338),(2,497,339),(2,498,340),(2,499,341),(2,500,342),(2,501,343),(2,502,344),(2,503,345),(2,504,346),(2,505,347),(2,506,348),(2,507,349),(2,508,350),(2,509,351),(2,510,352),(2,511,353),(2,512,354),(2,513,355),(2,514,356),(2,515,357),(2,516,358),(2,517,359),(2,518,360),(2,519,361),(2,520,362),(2,521,363),(2,522,364),(2,523,365),(2,524,366),(2,527,367),(2,528,368),(2,529,369),(2,530,370),(2,531,371),(2,532,372),(2,534,373),(2,535,374),(2,536,375),(2,537,376),(2,538,377),(2,539,378),(2,541,379),(2,542,380),(2,543,381),(2,544,382),(2,545,383),(2,546,384),(2,547,385),(2,549,386),(2,550,387),(2,551,388),(2,552,389),(2,554,390),(2,555,391),(2,556,392),(2,557,393),(2,558,394),(2,559,395),(2,560,396),(2,561,397),(2,562,398),(2,563,399),(2,564,400),(2,565,401),(2,566,402),(2,567,403),(2,568,404),(2,569,405),(2,570,406),(2,571,407),(2,573,408),(2,574,409),(2,575,410),(2,807,411),(2,809,412),(2,810,413),(2,817,414),(2,818,415),(2,819,416),(2,1375,417),(2,1670,418),(2,1671,419),(2,1672,420),(2,1673,421),(2,1674,422),(2,1675,423),(2,1676,424),(2,1677,425),(2,1678,426),(2,1679,427),(2,1680,428),(2,1682,429),(2,1683,430),(2,1684,431),(2,1685,432),(2,1686,433),(2,1687,434),(2,1688,435),(2,1689,436),(2,1690,437),(2,1691,438),(2,1694,439),(2,1695,440),(2,1696,441),(2,1697,442),(2,1698,443),(2,1699,444),(2,1700,445),(2,1701,446),(2,1702,447),(2,1703,448),(2,1704,449),(2,1706,450),(2,1707,451),(2,1708,452),(2,1709,453),(2,1710,454),(2,1711,455),(2,1712,456),(2,1713,457),(2,1714,458),(2,1715,459),(2,1716,460),(2,1719,461),(2,1720,462),(2,1721,463),(2,1722,464),(2,1723,465),(2,1724,466),(2,1725,467),(2,1726,468),(2,1727,469),(2,1728,470),(2,1730,471),(2,1731,472),(2,1732,473),(2,1733,474),(2,1734,475),(2,1735,476),(2,1736,477),(2,1737,478),(2,1738,479),(2,1739,480),(2,1740,481),(2,1742,482),(2,1743,483),(2,1744,484),(2,1745,485),(2,1746,486),(2,1747,487),(2,1748,488),(2,1749,489),(2,1750,490),(2,1751,491),(2,1752,492),(2,1754,493),(2,1755,494),(2,1756,495),(2,1757,496),(2,1758,497),(2,1759,498),(2,1760,499),(2,1761,500),(2,1762,501),(2,1763,502),(2,1764,503),(2,1766,504),(2,1767,505),(2,1768,506),(2,1769,507),(2,1770,508),(2,1771,509),(2,1772,510),(2,1773,511),(2,1774,512),(2,1775,513),(2,1776,514),(2,1778,515),(2,1779,516),(2,1780,517),(2,1781,518),(2,1782,519),(2,1783,520),(2,1784,521),(2,1785,522),(2,1786,523),(2,1787,524),(2,1788,525),(2,1790,526),(2,1791,527),(2,1792,528),(2,1793,529),(2,1794,530),(2,1795,531),(2,1796,532),(2,1797,533),(2,1798,534),(2,1799,535),(2,1800,536),(2,1802,537),(2,1803,538),(2,1804,539),(2,1805,540),(2,1806,541),(2,1807,542),(2,1808,543),(2,1809,544),(2,1810,545),(2,1811,546),(2,1812,547),(2,2037,548),(2,2061,549),(2,2062,550),(2,2067,551),(2,2068,552),(2,2069,553),(2,2070,554),(2,2071,555),(2,2072,556),(2,2073,557),(2,2074,558),(2,2076,559),(2,2077,560),(2,2078,561),(2,2079,562),(2,2080,563),(2,2081,564),(2,2082,565),(2,2083,566),(2,2084,567),(2,3441,568),(2,3443,569),(2,3444,570),(2,3445,571),(2,3446,572),(2,3447,573),(2,3448,574),(2,3449,575),(2,3450,576),(2,3451,577),(2,3452,578),(2,3453,579),(2,3454,580),(2,3455,581),(2,3456,582),(2,3457,583),(2,3459,584),(2,3460,585),(2,3461,586),(2,3462,587),(2,3463,588),(2,3464,589),(2,3465,590),(2,3466,591),(2,3467,592),(2,3468,593),(2,3469,594),(2,3470,595),(2,3471,596),(2,3472,597),(2,3473,598),(2,3474,599),(2,3475,600),(2,3476,601),(2,3477,602),(2,3478,603),(2,3479,604),(2,3480,605),(2,3481,606),(2,3482,607),(2,3483,608),(2,3484,609),(2,3485,610),(2,3499,611),(2,3500,612),(2,3501,613),(2,3502,614),(2,4014,615),(2,1569,616),(2,1570,617),(2,1571,618),(2,1572,619),(2,1573,620),(2,1574,621),(2,1575,622),(2,1576,623),(2,1577,624),(2,1578,625),(2,1579,626),(2,1580,627),(2,1581,628),(2,1582,629),(2,1583,630),(2,1584,631),(2,1585,632),(2,1586,633),(2,1591,634),(2,1594,635),(2,1595,636),(2,1596,637),(2,1597,638),(2,1598,639),(2,1599,640),(2,1600,641),(2,1601,642),(2,1602,643),(2,1603,644),(2,1604,645),(2,1605,646),(2,1606,647),(2,1607,648),(2,1608,649),(2,1609,650),(2,1610,651),(2,1611,652),(2,1612,653),(2,1613,654),(2,1614,655),(2,1615,656),(2,1616,657),(2,1617,658),(2,1618,659),(2,1619,660),(2,1620,661),(2,1621,662),(2,1622,663),(2,1623,664),(2,1624,665),(2,1625,666),(2,1626,667),(2,1627,668),(2,1628,669),(2,1629,670),(2,1630,671),(2,1631,672),(2,1632,673),(2,1633,674),(2,1634,675),(2,1635,676),(2,1636,677),(2,1637,678),(2,1638,679),(2,1639,680),(2,1640,681),(2,1641,682),(2,1642,683),(2,1643,684),(2,1644,685),(2,1645,686),(2,1646,687),(2,1647,688),(2,1648,689),(2,1649,690),(2,1650,691),(2,1656,692),(2,1659,693),(2,1660,694),(2,1661,695),(2,1662,696),(2,1663,697),(2,1664,698),(2,1665,699),(2,1666,700),(2,1667,701),(2,1668,702),(2,1692,703),(2,1817,704),(2,1818,705),(2,1819,706),(2,1820,707),(2,1821,708),(2,1822,709),(2,1823,710),(2,1824,711),(2,1825,712),(2,1826,713),(2,1827,714),(2,1832,715),(2,1833,716),(2,1834,717),(2,1835,718),(2,1836,719),(2,1837,720),(2,1838,721),(2,1839,722),(2,1840,723),(2,1841,724),(2,1842,725),(2,1847,726),(2,1848,727),(2,1849,728),(2,1850,729),(2,1851,730),(2,1852,731),(2,1853,732),(2,1855,733),(2,1856,734),(2,1857,735),(2,1862,736),(2,1863,737),(2,1864,738),(2,1865,739),(2,1866,740),(2,1867,741),(2,1868,742),(2,1869,743),(2,1870,744),(2,1871,745),(2,1872,746),(2,1877,747),(2,1879,748),(2,1880,749),(2,1881,750),(2,1882,751),(2,1883,752),(2,1884,753),(2,1885,754),(2,1886,755),(2,1887,756),(2,1892,757),(2,1893,758),(2,1895,759),(2,1899,760),(2,1900,761),(2,1902,762),(2,1912,763),(2,1924,764),(2,1925,765),(2,1926,766),(2,1927,767),(2,1928,768),(2,1929,769),(2,1931,770),(2,1937,771),(2,1939,772),(2,1940,773),(2,1942,774),(2,1945,775),(2,1946,776),(2,1947,777),(2,1953,778),(2,1954,779),(2,1955,780),(2,1956,781),(2,1957,782),(2,1958,783),(2,1959,784),(2,1960,785),(2,1961,786),(2,1962,787),(2,1967,788),(2,1968,789),(2,1969,790),(2,1970,791),(2,1971,792),(2,1972,793),(2,1973,794),(2,1974,795),(2,1975,796),(2,1976,797),(2,1977,798),(2,1982,799),(2,1983,800),(2,1987,801),(2,1988,802),(2,1989,803),(2,1990,804),(2,1991,805),(2,1992,806),(2,1997,807),(2,1998,808),(2,1999,809),(2,2000,810),(2,2001,811),(2,2002,812),(2,2003,813),(2,2004,814),(2,2005,815),(2,2006,816),(2,2007,817),(2,2012,818),(2,2013,819),(2,2014,820),(2,2015,821),(2,2016,822),(2,2017,823),(2,2018,824),(2,2019,825),(2,2020,826),(2,2021,827),(2,2022,828),(2,2023,829),(2,2028,830),(2,2029,831),(2,2030,832),(2,2031,833),(2,2032,834),(2,2033,835),(2,2034,836),(2,2035,837),(2,2036,838),(2,2038,839),(2,2043,840),(2,2044,841),(2,2049,842),(2,2050,843),(2,2055,844),(2,2056,845),(2,2057,846),(2,2058,847),(2,2059,848),(2,2063,849),(2,2064,850),(2,2065,851),(2,2066,852),(2,2075,853),(2,2085,854),(2,2101,855),(2,2129,856),(2,2130,857),(2,2131,858),(2,2132,859),(2,2133,860),(2,2134,861),(2,2135,862),(2,2136,863),(2,2137,864),(2,2138,865),(2,2139,866),(2,2140,867),(2,2141,868),(2,2143,869),(2,2145,870),(2,3442,871),(2,3458,872),(2,3486,873),(2,3487,874),(2,3488,875),(2,3489,876),(2,3490,877),(2,3491,878),(2,3492,879),(2,3493,880),(2,3494,881),(2,3495,882),(2,3496,883),(2,3497,884),(2,3498,885),(2,3503,886),(2,3504,887),(2,3505,888),(2,3506,889),(2,3507,890),(2,3508,891),(2,3509,892),(2,3510,893),(2,3511,894),(2,3512,895),(2,3513,896),(2,3514,897),(2,3515,898),(2,3516,899),(2,3517,900),(2,3518,901),(2,3519,902),(2,3520,903),(2,3521,904),(2,3522,905),(2,3523,906),(2,3524,907),(2,3525,908),(2,3526,909),(2,3527,910),(2,3528,911),(2,3529,912),(2,3530,913),(2,3531,914),(2,3532,915),(2,3533,916),(2,3534,917),(2,3535,918),(2,3536,919),(2,3537,920),(2,3538,921),(2,3539,922),(2,3540,923),(2,3541,924),(2,3542,925),(2,3543,926),(2,3544,927),(2,3545,928),(2,3546,929),(2,3547,930),(2,3548,931),(2,3549,932),(2,3550,933),(2,3551,934),(2,3552,935),(2,3553,936),(2,3554,937),(2,3555,938),(2,3556,939),(2,3557,940),(2,3558,941),(2,3559,942),(2,3560,943),(2,3561,944),(2,3562,945),(2,3563,946),(2,3564,947),(2,3565,948),(2,3566,949),(2,3567,950),(2,3568,951),(2,3569,952),(2,3570,953),(2,3571,954),(2,3572,955),(2,3573,956),(2,3574,957),(2,3575,958),(2,3576,959),(2,3577,960),(2,4093,961),(2,4094,962),(2,4095,963),(2,4096,964),(2,4097,965),(2,4098,966),(2,4099,967),(2,4100,968),(2,4101,969),(2,4102,970),(2,4103,971),(2,4104,972),(2,4105,973),(2,4106,974),(2,4107,975),(2,4108,976),(2,4109,977),(2,4110,978),(2,4111,979),(2,4112,980),(2,4113,981),(2,4114,982),(2,4115,983),(2,4116,984),(2,4117,985),(2,4118,986),(2,4119,987),(2,4120,988),(2,4121,989),(2,4122,990),(2,4123,991),(2,4124,992),(2,4125,993),(2,4126,994),(2,4127,995),(2,4128,996),(2,4129,997),(2,4130,998),(2,4131,999),(2,4132,1000),(2,4133,1001),(2,1376,1002),(2,1377,1003),(2,1378,1004),(2,1379,1005),(2,1380,1006),(2,1381,1007),(2,1382,1008),(2,1383,1009),(2,1384,1010),(2,1385,1011),(2,1386,1012),(2,1387,1013),(2,1388,1014),(2,1389,1015),(2,1390,1016),(2,1391,1017),(2,1392,1018),(2,1393,1019),(2,1394,1020),(2,1395,1021),(2,1396,1022),(2,1397,1023),(2,1398,1024),(2,1399,1025),(2,1400,1026),(2,1401,1027),(2,1402,1028),(2,1403,1029),(2,1404,1030),(2,1405,1031),(2,1406,1032),(2,1407,1033),(2,1408,1034),(2,1409,1035),(2,1410,1036),(2,1411,1037),(2,1412,1038),(2,1413,1039),(2,1414,1040),(2,1415,1041),(2,1416,1042),(2,1417,1043),(2,1418,1044),(2,1419,1045),(2,1420,1046),(2,1421,1047),(2,1422,1048),(2,1423,1049),(2,1424,1050),(2,1425,1051),(2,1426,1052),(2,1427,1053),(2,1428,1054),(2,1429,1055),(2,1430,1056),(2,1431,1057),(2,1432,1058),(2,1433,1059),(2,1434,1060),(2,1435,1061),(2,1436,1062),(2,1437,1063),(2,1438,1064),(2,1439,1065),(2,1440,1066),(2,1441,1067),(2,1442,1068),(2,1443,1069),(2,1444,1070),(2,1445,1071),(2,1446,1072),(2,1447,1073),(2,1448,1074),(2,1449,1075),(2,1450,1076),(2,1451,1077),(2,1452,1078),(2,1453,1079),(2,1454,1080),(2,1455,1081),(2,1456,1082),(2,1457,1083),(2,1458,1084),(2,1459,1085),(2,1460,1086),(2,1461,1087),(2,1462,1088),(2,1463,1089),(2,1464,1090),(2,1465,1091),(2,1466,1092),(2,1467,1093),(2,1468,1094),(2,1469,1095),(2,1470,1096),(2,1471,1097),(2,1472,1098),(2,1477,1099),(2,1480,1100),(2,1481,1101),(2,1482,1102),(2,1483,1103),(2,1484,1104),(2,1485,1105),(2,1486,1106),(2,1487,1107),(2,1488,1108),(2,1489,1109),(2,1490,1110),(2,1491,1111),(2,1492,1112),(2,1493,1113),(2,1494,1114),(2,1495,1115),(2,1496,1116),(2,1497,1117),(2,1498,1118),(2,1499,1119),(2,1500,1120),(2,1501,1121),(2,1502,1122),(2,1503,1123),(2,1504,1124),(2,1505,1125),(2,1506,1126),(2,1507,1127),(2,1508,1128),(2,1509,1129),(2,1510,1130),(2,1511,1131),(2,1512,1132),(2,1513,1133),(2,1514,1134),(2,1515,1135),(2,1516,1136),(2,1517,1137),(2,1518,1138),(2,1519,1139),(2,1520,1140),(2,1521,1141),(2,1522,1142),(2,1523,1143),(2,1524,1144),(2,1525,1145),(2,1526,1146),(2,1527,1147),(2,1528,1148),(2,1529,1149),(2,1530,1150),(2,1531,1151),(2,1532,1152),(2,1534,1153),(2,1535,1154),(2,1536,1155),(2,1537,1156),(2,1538,1157),(2,1539,1158),(2,1540,1159),(2,1541,1160),(2,1542,1161),(2,1543,1162),(2,1544,1163),(2,1545,1164),(2,1546,1165),(2,1547,1166),(2,1548,1167),(2,1549,1168),(2,1550,1169),(2,1551,1170),(2,1552,1171),(2,1553,1172),(2,1554,1173),(2,1555,1174),(2,1556,1175),(2,1557,1176),(2,1558,1177),(2,1559,1178),(2,1560,1179),(2,1561,1180),(2,1562,1181),(2,1563,1182),(2,1564,1183),(2,1565,1184),(2,1566,1185),(2,1568,1186),(2,369,1187),(2,370,1188),(2,371,1189),(2,372,1190),(2,373,1191),(2,375,1192),(2,376,1193),(2,377,1194),(2,378,1195),(2,402,1196),(2,457,1197),(2,458,1198),(2,459,1199),(2,460,1200),(2,461,1201),(2,462,1202),(2,463,1203),(2,464,1204),(2,465,1205),(2,482,1206),(2,483,1207),(2,484,1208),(2,488,1209),(2,489,1210),(2,526,1211),(2,533,1212),(2,540,1213),(2,548,1214),(2,525,1215),(2,579,1216),(2,735,1217),(2,736,1218),(2,737,1219),(2,738,1220),(2,739,1221),(2,740,1222),(2,741,1223),(2,742,1224),(2,743,1225),(2,744,1226),(2,745,1227),(2,746,1228),(2,747,1229),(2,748,1230),(2,749,1231),(2,750,1232),(2,751,1233),(2,752,1234),(2,753,1235),(2,754,1236),(2,755,1237),(2,756,1238),(2,757,1239),(2,758,1240),(2,759,1241),(2,760,1242),(2,761,1243),(2,762,1244),(2,763,1245),(2,764,1246),(2,765,1247),(2,766,1248),(2,767,1249),(2,768,1250),(2,769,1251),(2,770,1252),(2,771,1253),(2,772,1254),(2,773,1255),(2,774,1256),(2,775,1257),(2,776,1258),(2,777,1259),(2,778,1260),(2,779,1261),(2,780,1262),(2,781,1263),(2,782,1264),(2,783,1265),(2,784,1266),(2,785,1267),(2,786,1268),(2,787,1269),(2,788,1270),(2,789,1271),(2,790,1272),(2,791,1273),(2,792,1274),(2,793,1275),(2,795,1276),(2,796,1277),(2,797,1278),(2,798,1279),(2,799,1280),(2,800,1281),(2,801,1282),(2,802,1283),(2,803,1284),(2,804,1285),(2,805,1286),(2,806,1287),(2,808,1288),(2,811,1289),(2,812,1290),(2,813,1291),(2,814,1292),(2,815,1293),(2,816,1294),(2,821,1295),(2,822,1296),(2,823,1297),(2,824,1298),(2,825,1299),(2,826,1300),(2,827,1301),(2,828,1302),(2,829,1303),(2,830,1304),(2,831,1305),(2,832,1306),(2,833,1307),(2,834,1308),(2,835,1309),(2,836,1310),(2,837,1311),(2,838,1312),(2,839,1313),(2,840,1314),(2,841,1315),(2,842,1316),(2,843,1317),(2,844,1318),(2,845,1319),(2,846,1320),(2,847,1321),(2,848,1322),(2,849,1323),(2,850,1324),(2,851,1325),(2,852,1326),(2,853,1327),(2,854,1328),(2,855,1329),(2,856,1330),(2,857,1331),(2,858,1332),(2,859,1333),(2,860,1334),(2,861,1335),(2,862,1336),(2,863,1337),(2,864,1338),(2,865,1339),(2,866,1340),(2,867,1341),(2,868,1342),(2,869,1343),(2,870,1344),(2,871,1345),(2,872,1346),(2,873,1347),(2,874,1348),(2,875,1349),(2,876,1350),(2,877,1351),(2,878,1352),(2,879,1353),(2,880,1354),(2,881,1355),(2,882,1356),(2,883,1357),(2,884,1358),(2,885,1359),(2,886,1360),(2,887,1361),(2,888,1362),(2,889,1363),(2,890,1364),(2,891,1365),(2,892,1366),(2,893,1367),(2,894,1368),(2,895,1369),(2,896,1370),(2,897,1371),(2,898,1372),(2,899,1373),(2,900,1374),(2,901,1375),(2,902,1376),(2,903,1377),(2,904,1378),(2,905,1379),(2,906,1380),(2,907,1381),(2,908,1382),(2,909,1383),(2,910,1384),(2,911,1385),(2,912,1386),(2,913,1387),(2,914,1388),(2,915,1389),(2,916,1390),(2,917,1391),(2,918,1392),(2,919,1393),(2,920,1394),(2,921,1395),(2,922,1396),(2,923,1397),(2,924,1398),(2,925,1399),(2,926,1400),(2,927,1401),(2,928,1402),(2,929,1403),(2,930,1404),(2,931,1405),(2,932,1406),(2,933,1407),(2,934,1408),(2,935,1409),(2,936,1410),(2,937,1411),(2,938,1412),(2,939,1413),(2,940,1414),(2,941,1415),(2,942,1416),(2,943,1417),(2,944,1418),(2,945,1419),(2,946,1420),(2,947,1421),(2,948,1422),(2,949,1423),(2,950,1424),(2,951,1425),(2,952,1426),(2,953,1427),(2,954,1428),(2,955,1429),(2,956,1430),(2,957,1431),(2,958,1432),(2,959,1433),(2,960,1434),(2,961,1435),(2,962,1436),(2,963,1437),(2,964,1438),(2,965,1439),(2,966,1440),(2,967,1441),(2,968,1442),(2,969,1443),(2,970,1444),(2,971,1445),(2,972,1446),(2,973,1447),(2,974,1448),(2,975,1449),(2,976,1450),(2,977,1451),(2,978,1452),(2,979,1453),(2,980,1454),(2,981,1455),(2,982,1456),(2,983,1457),(2,984,1458),(2,985,1459),(2,986,1460),(2,987,1461),(2,988,1462),(2,989,1463),(2,990,1464),(2,991,1465),(2,992,1466),(2,993,1467),(2,994,1468),(2,995,1469),(2,996,1470),(2,997,1471),(2,998,1472),(2,999,1473),(2,1000,1474),(2,1001,1475),(2,1002,1476),(2,1003,1477),(2,1004,1478),(2,1005,1479),(2,1006,1480),(2,1007,1481),(2,1008,1482),(2,1009,1483),(2,1010,1484),(2,1011,1485),(2,1012,1486),(2,1013,1487),(2,1014,1488),(2,1015,1489),(2,1016,1490),(2,1017,1491),(2,1018,1492),(2,1019,1493),(2,1020,1494),(2,1021,1495),(2,1022,1496),(2,1023,1497),(2,1024,1498),(2,1025,1499),(2,1026,1500),(2,1027,1501),(2,1028,1502),(2,1029,1503),(2,1030,1504),(2,1031,1505),(2,1032,1506),(2,1033,1507),(2,1034,1508),(2,1035,1509),(2,1036,1510),(2,1037,1511),(2,1038,1512),(2,1039,1513),(2,1040,1514),(2,1041,1515),(2,1042,1516),(2,1043,1517),(2,1044,1518),(2,1045,1519),(2,1046,1520),(2,1047,1521),(2,1048,1522),(2,1049,1523),(2,1050,1524),(2,1051,1525),(2,1052,1526),(2,1053,1527),(2,1055,1528),(2,1056,1529),(2,1057,1530),(2,1058,1531),(2,1059,1532),(2,1060,1533),(2,1061,1534),(2,1062,1535),(2,1063,1536),(2,1064,1537),(2,1065,1538),(2,1066,1539),(2,1067,1540),(2,1068,1541),(2,1069,1542),(2,1070,1543),(2,1071,1544),(2,1072,1545),(2,1073,1546),(2,1074,1547),(2,1075,1548),(2,1076,1549),(2,1077,1550),(2,1078,1551),(2,1091,1552),(2,1092,1553),(2,1093,1554),(2,1094,1555),(2,1095,1556),(2,1096,1557),(2,1097,1558),(2,1098,1559),(2,1099,1560),(2,1100,1561),(2,1101,1562),(2,1102,1563),(2,1103,1564),(2,1104,1565),(2,1105,1566),(2,1106,1567),(2,1108,1568),(2,1109,1569),(2,1110,1570),(2,1111,1571),(2,1112,1572),(2,1113,1573),(2,1114,1574),(2,1115,1575),(2,1116,1576),(2,1117,1577),(2,1118,1578),(2,1119,1579),(2,1120,1580),(2,1121,1581),(2,1122,1582),(2,1123,1583),(2,1124,1584),(2,1125,1585),(2,1126,1586),(2,1127,1587),(2,1128,1588),(2,1129,1589),(2,1130,1590),(2,1131,1591),(2,1132,1592),(2,1133,1593),(2,1134,1594),(2,1135,1595),(2,1136,1596),(2,1137,1597),(2,1138,1598),(2,1139,1599),(2,1140,1600),(2,1141,1601),(2,1142,1602),(2,1143,1603),(2,1144,1604),(2,1145,1605),(2,1146,1606),(2,1147,1607),(2,1148,1608),(2,1149,1609),(2,1150,1610),(2,1151,1611),(2,1152,1612),(2,1153,1613),(2,1154,1614),(2,1155,1615),(2,1156,1616),(2,1157,1617),(2,1158,1618),(2,1159,1619),(2,1160,1620),(2,1161,1621),(2,1162,1622),(2,1163,1623),(2,1164,1624),(2,1165,1625),(2,1166,1626),(2,1167,1627),(2,1168,1628),(2,1169,1629),(2,1170,1630),(2,1171,1631),(2,1172,1632),(2,1173,1633),(2,1174,1634),(2,1175,1635),(2,1176,1636),(2,1177,1637),(2,1178,1638),(2,1179,1639),(2,1180,1640),(2,1181,1641),(2,1182,1642),(2,1183,1643),(2,1184,1644),(2,1185,1645),(2,1186,1646),(2,1187,1647),(2,1188,1648),(2,1189,1649),(2,1190,1650),(2,1191,1651),(2,1192,1652),(2,1193,1653),(2,1194,1654),(2,1195,1655),(2,1196,1656),(2,1197,1657),(2,1198,1658),(2,1199,1659),(2,1200,1660),(2,1201,1661),(2,1202,1662),(2,1203,1663),(2,1204,1664),(2,1205,1665),(2,1206,1666),(2,1207,1667),(2,1208,1668),(2,1209,1669),(2,1210,1670),(2,1211,1671),(2,1212,1672),(2,1213,1673),(2,1214,1674),(2,1215,1675),(2,1216,1676),(2,1217,1677),(2,1218,1678),(2,1219,1679),(2,1220,1680),(2,1221,1681),(2,1222,1682),(2,1223,1683),(2,1224,1684),(2,1225,1685),(2,1226,1686),(2,1227,1687),(2,1228,1688),(2,1229,1689),(2,1230,1690),(2,1231,1691),(2,1232,1692),(2,1233,1693),(2,1234,1694),(2,1235,1695),(2,1236,1696),(2,1237,1697),(2,1238,1698),(2,1239,1699),(2,1240,1700),(2,1241,1701),(2,1242,1702),(2,1243,1703),(2,1244,1704),(2,1245,1705),(2,1246,1706),(2,1247,1707),(2,1248,1708),(2,1249,1709),(2,1250,1710),(2,1251,1711),(2,1252,1712),(2,1253,1713),(2,1254,1714),(2,1255,1715),(2,1256,1716),(2,1257,1717),(2,1258,1718),(2,1259,1719),(2,1260,1720),(2,1261,1721),(2,1262,1722),(2,1263,1723),(2,1264,1724),(2,1265,1725),(2,1266,1726),(2,1267,1727),(2,1268,1728),(2,1269,1729),(2,1270,1730),(2,1271,1731),(2,1272,1732),(2,1273,1733),(2,1274,1734),(2,1275,1735),(2,1276,1736),(2,1277,1737),(2,1278,1738),(2,1279,1739),(2,1280,1740),(2,1281,1741),(2,1282,1742),(2,1283,1743),(2,1284,1744),(2,1285,1745),(2,1286,1746),(2,1287,1747),(2,1288,1748),(2,1289,1749),(2,1290,1750),(2,1291,1751),(2,1292,1752),(2,1293,1753),(2,1294,1754),(2,1295,1755),(2,1296,1756),(2,1297,1757),(2,1298,1758),(2,1299,1759),(2,1300,1760),(2,1301,1761),(2,1302,1762),(2,1319,1763),(2,1320,1764),(2,1321,1765),(2,1323,1766),(2,1324,1767),(2,1325,1768),(2,1326,1769),(2,1327,1770),(2,1328,1771),(2,1329,1772),(2,1330,1773),(2,1331,1774),(2,1332,1775),(2,1333,1776),(2,1334,1777),(2,1335,1778),(2,1336,1779),(2,1337,1780),(2,1338,1781),(2,1339,1782),(2,1340,1783),(2,1341,1784),(2,1342,1785),(2,1343,1786),(2,1344,1787),(2,1345,1788),(2,1346,1789),(2,1347,1790),(2,1348,1791),(2,1349,1792),(2,1350,1793),(2,1351,1794),(2,1352,1795),(2,1353,1796),(2,1354,1797),(2,1355,1798),(2,1356,1799),(2,1357,1800),(2,1358,1801),(2,1359,1802),(2,1360,1803),(2,1361,1804),(2,1362,1805),(2,1363,1806),(2,1364,1807),(2,1365,1808),(2,1366,1809),(2,1367,1810),(2,1368,1811),(2,1369,1812),(2,1370,1813),(2,1371,1814),(2,1372,1815),(2,1373,1816),(2,1374,1817),(2,2275,1818),(2,2403,1819),(2,3884,1820),(2,3885,1821),(2,3886,1822),(2,3887,1823),(2,3888,1824),(2,3889,1825),(2,3890,1826),(2,3891,1827),(2,3892,1828),(2,3893,1829),(2,3894,1830),(2,3895,1831),(2,3896,1832),(2,3897,1833),(2,3898,1834),(2,3899,1835),(2,3900,1836),(2,3901,1837),(2,3902,1838),(2,3903,1839),(2,3904,1840),(2,3905,1841),(2,3906,1842),(2,3907,1843),(2,3908,1844),(2,3909,1845),(2,3910,1846),(2,3911,1847),(2,3912,1848),(2,3913,1849),(2,3914,1850),(2,3915,1851),(2,3916,1852),(2,3917,1853),(2,3918,1854),(2,3919,1855),(2,3920,1856),(2,3921,1857),(2,3922,1858),(2,3923,1859),(2,3924,1860),(2,3925,1861),(2,3926,1862),(2,3927,1863),(2,3928,1864),(2,3929,1865),(2,3998,1866),(2,3999,1867),(2,4006,1868),(2,4007,1869),(2,4008,1870),(2,4010,1871),(2,4011,1872),(2,4012,1873),(2,4013,1874),(2,4016,1875),(2,4022,1876),(2,4017,1877),(2,4018,1878),(2,4020,1879),(2,4021,1880),(2,4019,1881),(2,4023,1882),(2,4024,1883),(2,4025,1884),(2,4026,1885),(2,4027,1886),(2,4028,1887),(2,4029,1888),(2,4030,1889),(2,4031,1890),(2,4032,1891),(2,4034,1892),(2,4035,1893),(2,4033,1894),(2,4036,1895),(2,4037,1896),(2,4038,1897),(2,4039,1898),(2,4040,1899),(2,4041,1900),(2,4000,1901),(2,4001,1902),(2,4002,1903),(2,4003,1904),(2,4005,1905),(2,4009,1906),(2,4004,1907),(2,4015,1908),(2,4134,1909),(2,4135,1910),(2,4136,1911),(2,4137,1912),(2,4176,1913),(2,4175,1914),(2,4174,1915),(2,4138,1916),(2,4173,1917),(2,4172,1918),(2,4171,1919),(2,4170,1920),(2,4139,1921),(2,4140,1922),(2,4141,1923),(2,4142,1924),(2,4143,1925),(2,4144,1926),(2,4145,1927),(2,4146,1928),(2,4147,1929),(2,4148,1930),(2,4149,1931),(2,4150,1932),(2,4151,1933),(2,4152,1934),(2,4153,1935),(2,4154,1936),(2,4155,1937),(2,4156,1938),(2,4157,1939),(2,4158,1940),(2,4159,1941),(2,4160,1942),(2,4161,1943),(2,4162,1944),(2,4163,1945),(2,4164,1946),(2,4165,1947),(2,4166,1948),(2,4167,1949),(2,4168,1950),(2,4169,1951),(2,4178,1952),(2,4179,1953),(2,4180,1954),(2,4181,1955),(2,4182,1956),(2,5006,1957),(2,5007,1958),(2,5008,1959),(2,5009,1960),(2,5010,1961),(2,5011,1962),(2,5012,1963),(2,5013,1964),(2,5014,1965),(2,5015,1966),(2,5016,1967),(2,5017,1968),(2,5018,1969),(2,5019,1970),(2,5020,1971),(2,5021,1972),(2,5022,1973),(2,5023,1974),(2,5024,1975),(2,5025,1976),(2,5026,1977),(2,5027,1978),(2,5028,1979),(2,5029,1980),(2,5030,1981),(2,5031,1982),(2,5032,1983),(2,5033,1984),(2,5034,1985),(2,5035,1986),(2,5036,1987),(2,5037,1988),(2,5038,1989),(2,5039,1990),(2,5040,1991),(2,5041,1992),(2,5042,1993),(2,5043,1994),(2,5044,1995),(2,5045,1996),(2,5046,1997),(2,5047,1998),(2,5048,1999),(2,5049,2000),(2,5050,2001),(2,5051,2002),(2,5052,2003),(2,5053,2004),(2,5054,2005),(2,5055,2006),(2,5056,2007),(2,5057,2008),(2,5058,2009),(2,5059,2010),(2,5060,2011),(2,5061,2012),(2,5062,2013),(2,5063,2014),(2,5064,2015),(2,5065,2016),(2,5066,2017),(2,5067,2018),(2,5068,2019),(2,5069,2020),(2,5070,2021),(2,5071,2022),(2,5072,2023),(2,5073,2024),(2,5074,2025),(2,5075,2026),(2,5076,2027),(2,5077,2028),(2,5078,2029),(2,5079,2030),(2,5080,2031),(2,5081,2032),(2,5082,2033),(2,5083,2034),(2,5084,2035),(2,5085,2036),(2,5086,2037),(2,5087,2038),(2,5088,2039),(2,5089,2040),(2,5090,2041),(2,5091,2042),(2,5092,2043),(2,5093,2044),(2,5094,2045),(2,5095,2046),(2,5096,2047),(2,5097,2048),(2,5098,2049),(2,5099,2050),(2,5100,2051),(2,5101,2052),(2,5102,2053),(2,5103,2054),(2,5104,2055),(2,5105,2056),(2,5106,2057),(2,5107,2058),(2,5108,2059),(2,5109,2060),(2,5110,2061),(2,5111,2062),(2,5112,2063),(2,5113,2064),(2,5114,2065),(2,5115,2066),(2,5116,2067),(2,5117,2068),(2,5118,2069),(2,5119,2070),(2,5120,2071),(2,5121,2072),(2,5122,2073),(2,5123,2074),(2,5124,2075),(2,5125,2076),(2,5126,2077),(2,5127,2078),(2,5128,2079),(2,5129,2080),(2,5130,2081),(2,5131,2082),(2,5132,2083),(2,5133,2084),(2,5134,2085),(2,5135,2086),(2,5136,2087),(2,5137,2088),(2,5138,2089),(2,5139,2090),(2,5140,2091),(2,5141,2092),(2,5142,2093),(2,5143,2094),(2,5144,2095),(2,5145,2096),(2,5146,2097),(2,5147,2098),(2,5148,2099),(2,5149,2100),(2,5150,2101),(2,5151,2102),(2,5152,2103),(2,5153,2104),(2,5154,2105),(2,5155,2106),(2,5156,2107),(2,5157,2108),(2,5158,2109),(2,5159,2110),(2,5160,2111),(2,5161,2112),(2,5162,2113),(2,5163,2114),(2,5164,2115),(2,5165,2116),(2,5166,2117),(2,5167,2118),(2,5168,2119),(2,5169,2120),(2,5170,2121),(2,5171,2122),(2,5172,2123),(2,5173,2124),(2,5174,2125),(2,5175,2126),(2,5176,2127),(2,5177,2128),(2,5178,2129),(2,5179,2130),(2,5180,2131),(2,5181,2132),(2,5182,2133),(2,5183,2134),(2,5184,2135),(2,5185,2136),(2,5186,2137),(2,5187,2138),(2,5188,2139),(2,5189,2140),(2,5190,2141),(2,5191,2142),(2,5192,2143),(2,5193,2144),(2,5194,2145),(2,5195,2146),(2,5196,2147),(2,5197,2148),(2,5198,2149),(2,5199,2150),(2,5200,2151),(2,5201,2152),(2,5202,2153),(2,5203,2154),(2,5204,2155),(2,5206,2156),(2,5207,2157),(2,5208,2158),(2,5209,2159),(2,5210,2160),(2,5211,2161),(2,5212,2162),(2,5213,2163),(2,5214,2164),(2,5215,2165),(2,5217,2166),(2,5218,2167),(2,5219,2168),(2,5220,2169),(2,5221,2170),(2,5222,2171),(2,5223,2172),(2,5224,2173),(2,5225,2174),(2,5228,2175),(2,5233,2176),(2,5240,2177),(2,5241,2178),(2,5242,2179),(2,5243,2180),(2,5244,2181),(2,5245,2182),(2,5246,2183),(2,5247,2184),(2,5248,2185),(2,5249,2186),(2,5250,2187),(2,5251,2188),(2,5252,2189),(2,5253,2190),(2,5254,2191),(2,5255,2192),(2,5256,2193),(2,5257,2194),(2,5258,2195),(2,5260,2196),(2,5262,2197),(2,5263,2198),(2,5264,2199),(2,5265,2200),(2,5267,2201),(2,5268,2202),(2,5269,2203),(2,5270,2204),(2,5271,2205),(2,5272,2206),(2,5273,2207),(2,5274,2208),(2,5275,2209),(2,5276,2210),(2,5277,2211),(2,5278,2212),(2,5279,2213),(2,5280,2214),(2,5281,2215),(2,5282,2216),(2,5285,2217),(2,5286,2218),(2,5287,2219),(2,5291,2220),(2,5292,2221),(2,5293,2222),(2,5294,2223),(2,5295,2224),(2,5296,2225),(2,5298,2226),(2,5299,2227),(2,5300,2228),(2,5301,2229),(2,5303,2230),(2,5304,2231),(2,5305,2232),(2,5306,2233),(2,5307,2234),(2,5308,2235),(2,5309,2236),(2,5310,2237),(2,5311,2238),(2,5312,2239),(2,5323,2240),(2,5325,2241),(2,5326,2242),(2,5328,2243),(2,5329,2244),(2,5340,2245),(2,5341,2246),(2,5343,2247),(2,5346,2248),(2,5347,2249),(2,5348,2250),(2,5349,2251),(2,5350,2252),(2,5351,2253),(2,5352,2254),(2,5353,2255),(2,5354,2256),(2,5355,2257),(2,5356,2258),(2,5357,2259),(2,5358,2260),(2,5359,2261),(2,5360,2262),(2,5361,2263),(2,5362,2264),(2,5363,2265),(2,5364,2266),(2,5365,2267),(2,5366,2268),(2,5367,2269),(2,5368,2270),(2,5369,2271),(2,5370,2272),(2,5371,2273),(2,5372,2274),(2,5373,2275),(2,5374,2276),(2,5375,2277),(2,5376,2278),(2,5377,2279),(2,5378,2280),(2,5379,2281),(2,5380,2282),(2,5381,2283),(2,5382,2284),(2,5383,2285),(2,5384,2286),(2,5385,2287),(2,5386,2288),(2,5387,2289),(2,5388,2290),(2,5389,2291),(2,5390,2292),(2,5391,2293),(2,5392,2294),(2,5393,2295),(2,5394,2296),(2,5395,2297),(2,5396,2298),(2,5397,2299),(2,5398,2300),(10,20,1),(10,21,2),(10,31,3),(10,34,4),(10,45,5),(10,46,6),(10,47,7),(10,129,8),(10,131,9),(10,246,10),(10,247,11),(10,248,12),(10,249,13),(10,250,14),(10,251,15),(10,252,16),(10,253,17),(11,2077,0),(11,2078,0),(11,2079,0),(11,2086,0),(11,2087,0),(11,2088,0),(11,2089,0),(11,2090,0),(11,2091,0),(11,2092,0),(11,2093,0),(11,2094,0),(11,2100,0),(11,2102,0),(11,2103,0),(11,2105,0),(11,2116,0),(11,2118,0),(11,2119,0),(11,2126,0),(11,3443,0),(11,3444,0),(11,3445,0),(11,3446,0),(11,3447,0),(11,3448,0),(11,3449,0),(11,3450,0),(11,3451,0),(11,3457,0),(11,3459,0),(11,3460,0),(11,3462,0),(11,3473,0),(11,3475,0),(11,3476,0),(11,3483,0),(11,3502,0),(11,22,1),(11,23,2),(11,27,3),(11,28,4),(11,29,5),(11,30,6),(11,51,7),(11,52,8),(11,54,9),(11,59,10),(11,60,11),(11,61,12),(11,62,13),(11,63,14),(11,64,15),(11,65,16),(11,66,17),(11,67,18),(11,70,19),(11,71,20),(11,72,21),(11,73,22),(11,74,23),(11,75,24),(11,77,25),(11,78,26),(11,79,27),(11,80,28),(11,82,29),(11,83,30),(11,85,31),(11,86,32),(11,87,33),(11,88,34),(11,89,35),(11,91,36),(11,92,37),(11,94,38),(11,95,39),(11,96,40),(11,98,41),(11,99,42),(11,100,43),(11,101,44),(11,102,45),(11,105,46),(11,106,47),(11,107,48),(11,109,49),(11,111,50),(11,114,51),(11,117,52),(11,118,53),(11,119,54),(11,120,55),(11,289,56),(11,290,57),(11,303,58),(11,304,59),(11,305,60),(11,307,61),(11,308,62),(11,309,63),(11,313,64),(11,314,65),(11,316,66),(11,318,67),(11,321,68),(11,384,69),(11,382,70),(11,388,71),(11,389,72),(11,391,73),(11,392,74),(11,394,75),(11,401,76),(11,403,77),(11,407,78),(11,408,79),(11,413,80),(11,418,81),(11,425,82),(11,426,83),(11,436,84),(11,423,85),(11,485,86),(11,493,87),(11,494,88),(11,503,89),(11,512,90),(11,511,91),(11,513,92),(11,514,93),(11,517,94),(11,518,95),(11,519,96),(11,520,97),(11,521,98),(11,523,99),(11,529,100),(11,530,101),(11,531,102),(11,544,103),(11,555,104),(11,556,105),(11,558,106),(11,559,107),(11,560,108),(11,561,109),(11,562,110),(11,557,111),(11,563,112),(11,564,113),(11,957,114),(11,964,115),(11,965,116),(11,994,117),(11,999,118),(11,1366,119),(12,2109,0),(12,3466,0),(12,24,1),(12,25,2),(12,26,3),(12,57,4),(12,81,5),(12,90,6),(12,93,7),(12,97,8),(12,103,9),(12,108,10),(12,113,11),(12,115,12),(12,116,13),(12,121,14),(12,138,15),(12,142,16),(12,141,17),(12,140,18),(12,139,19),(12,137,20),(12,136,21),(12,135,22),(12,134,23),(12,112,24),(12,302,25),(12,327,26),(12,337,27),(12,346,28),(12,347,29),(12,348,30),(12,349,31),(12,350,32),(12,351,33),(12,398,34),(12,399,35),(12,400,36),(12,410,37),(12,475,38),(12,498,39),(12,499,40),(12,500,41),(12,504,42),(12,505,43),(12,507,44),(12,515,45),(12,516,46),(12,522,47),(12,524,48),(12,535,49),(12,541,50),(12,542,51),(12,543,52),(12,546,53),(12,553,54),(12,567,55),(12,937,56),(12,960,57),(12,961,58),(12,962,59),(12,963,60),(12,966,61),(12,967,62),(12,985,63),(12,986,64),(12,968,65),(12,969,66),(12,970,67),(12,997,68),(12,977,69),(13,32,1),(13,33,2),(13,35,3),(13,56,4),(13,68,5),(13,69,6),(13,84,7),(13,122,8),(13,123,9),(13,125,10),(13,126,11),(13,130,12),(13,132,13),(13,133,14),(13,268,15),(13,269,16),(13,272,17),(13,273,18),(13,274,19),(13,275,20),(13,276,21),(13,277,22),(13,278,23),(13,279,24),(13,280,25),(13,281,26),(13,282,27),(13,283,28),(13,284,29),(13,285,30),(13,286,31),(13,287,32),(13,288,33),(13,291,34),(13,292,35),(13,293,36),(13,104,37),(13,295,38),(13,296,39),(13,297,40),(13,298,41),(13,299,42),(13,300,43),(13,311,44),(13,317,45),(13,324,46),(13,386,47),(13,393,48),(13,387,49),(13,411,50),(13,412,51),(13,414,52),(13,415,53),(13,420,54),(13,421,55),(13,422,56),(13,424,57),(13,432,58),(13,433,59),(13,439,60),(13,477,61),(13,488,62),(13,490,63),(13,491,64),(13,492,65),(13,501,66),(13,502,67),(13,506,68),(13,508,69),(13,509,70),(13,510,71),(13,527,72),(13,528,73),(13,534,74),(13,536,75),(13,537,76),(13,538,77),(13,539,78),(13,545,79),(13,547,80),(13,549,81),(13,550,82),(13,551,83),(13,554,84),(13,565,85),(13,566,86),(13,819,87),(13,818,88),(13,817,89),(13,810,90),(13,808,91),(13,807,92),(13,806,93),(13,805,94),(13,804,95),(13,803,96),(13,987,97),(14,36,1),(15,112,0),(15,134,0),(15,136,0),(15,137,0),(15,138,0),(15,139,0),(15,141,0),(15,410,0),(15,579,0),(15,937,0),(15,938,0),(15,969,0),(15,1108,0),(15,1109,0),(15,1473,0),(15,1474,0),(15,1475,0),(15,1476,0),(15,1478,0),(15,1479,0),(15,1532,0),(15,1533,0),(15,1553,0),(15,1554,0),(15,1587,0),(15,1588,0),(15,1589,0),(15,1590,0),(15,1592,0),(15,1593,0),(15,1651,0),(15,1652,0),(15,1653,0),(15,1654,0),(15,1655,0),(15,1657,0),(15,1658,0),(15,1663,0),(15,37,1),(15,38,2),(15,39,3),(15,40,4),(15,41,5),(15,42,6),(15,43,7),(15,48,8),(15,49,9),(15,50,10),(15,53,11),(15,58,12),(15,110,13),(15,143,14),(15,144,15),(15,145,16),(15,146,17),(15,147,18),(15,148,19),(15,149,20),(15,150,21),(15,151,22),(15,152,23),(15,153,24),(15,154,25),(15,155,26),(15,156,27),(15,157,28),(15,158,29),(15,159,30),(15,160,31),(15,161,32),(15,162,33),(15,163,34),(15,164,35),(15,165,36),(15,166,37),(15,167,38),(15,168,39),(15,169,40),(15,170,41),(15,171,42),(15,172,43),(15,173,44),(15,174,45),(15,175,46),(15,176,47),(15,177,48),(15,178,49),(15,179,50),(15,180,51),(15,181,52),(15,182,53),(15,183,54),(15,184,55),(15,185,56),(15,186,57),(15,187,58),(15,188,59),(15,189,60),(15,190,61),(15,191,62),(15,192,63),(15,193,64),(15,194,65),(15,195,66),(15,196,67),(15,197,68),(15,198,69),(15,199,70),(15,200,71),(15,201,72),(15,202,73),(15,203,74),(15,204,75),(15,205,76),(15,206,77),(15,207,78),(15,208,79),(15,209,80),(15,210,81),(15,211,82),(15,212,83),(15,213,84),(15,214,85),(15,215,86),(15,216,87),(15,217,88),(15,218,89),(15,219,90),(15,220,91),(15,221,92),(15,222,93),(15,223,94),(15,224,95),(15,225,96),(15,226,97),(15,227,98),(15,228,99),(15,229,100),(15,230,101),(15,231,102),(15,232,103),(15,233,104),(15,234,105),(15,235,106),(15,236,107),(15,237,108),(15,238,109),(15,239,110),(15,240,111),(15,241,112),(15,242,113),(15,243,114),(15,244,115),(15,245,116),(15,323,117),(15,345,118),(15,402,119),(15,404,120),(15,405,121),(15,406,122),(15,419,123),(15,428,124),(15,429,125),(15,430,126),(15,431,127),(15,434,128),(15,452,129),(15,451,130),(15,450,131),(15,449,132),(15,448,133),(15,447,134),(15,446,135),(15,441,136),(15,442,137),(15,444,138),(15,445,139),(15,443,140),(15,466,141),(15,553,142),(15,572,143),(15,576,144),(15,577,145),(15,578,146),(15,580,147),(15,820,148),(15,802,149),(15,945,150),(15,946,151),(15,947,152),(15,1079,153),(15,1080,154),(15,1081,155),(15,1082,156),(15,1083,157),(15,1084,158),(15,1085,159),(15,1086,160),(15,1087,161),(15,1088,162),(15,1089,163),(15,1090,164),(15,1054,165),(15,467,166),(15,794,167),(15,1318,168),(15,1317,169),(15,1316,170),(15,1315,171),(15,1314,172),(15,1313,173),(15,1312,174),(15,1311,175),(15,1310,176),(15,1309,177),(15,1308,178),(15,1307,179),(15,1305,180),(15,1306,181),(15,1304,182),(15,1303,183),(15,1127,184),(15,1107,185),(15,4483,186),(15,4490,187),(15,4503,188),(15,4504,189),(15,4510,190),(15,4511,191),(15,4512,192),(15,4518,193),(15,4519,194),(15,4520,195),(15,4527,196),(15,4539,197),(15,4505,198),(16,55,1),(16,124,2),(16,263,3),(16,264,4),(16,265,5),(16,266,6),(16,267,7),(16,312,8),(16,315,9),(16,319,10),(16,325,11),(16,326,12),(16,328,13),(16,329,14),(16,330,15),(16,333,16),(16,336,17),(16,344,18),(16,380,19),(16,383,20),(16,385,21),(16,409,22),(16,416,23),(16,417,24),(16,435,25),(16,456,26),(16,437,27),(16,438,28),(16,455,29),(16,454,30),(16,986,31),(17,481,1),(17,975,2),(17,977,3),(18,127,1),(18,256,2),(18,257,3),(18,258,4),(18,259,5),(18,260,6),(18,261,7),(18,338,8),(18,339,9),(18,340,10),(18,341,11),(18,342,12),(18,390,13),(18,395,14),(18,396,15),(18,397,16),(18,427,17),(18,941,18),(18,948,19),(18,949,20),(18,950,21),(18,951,22),(18,952,23),(18,940,24),(18,956,25),(20,254,1),(21,255,1),(21,381,2),(22,262,1),(22,331,2),(22,334,3),(23,270,1),(23,271,2),(23,320,3),(23,322,4),(23,809,5),(24,2124,0),(24,3481,0),(24,3499,0),(24,3500,0),(24,3501,0),(24,128,1),(25,2060,0),(25,2062,0),(25,2067,0),(25,2068,0),(25,2069,0),(25,2070,0),(25,2071,0),(25,2072,0),(25,2073,0),(25,2074,0),(25,2076,0),(25,2083,0),(25,2084,0),(25,2128,0),(25,2142,0),(25,3441,0),(25,3485,0),(25,353,1),(25,354,2),(25,355,3),(25,356,4),(25,357,5),(25,358,6),(25,359,7),(25,360,8),(25,352,9),(25,361,10),(25,362,11),(25,363,12),(25,364,13),(25,365,14),(25,366,15),(25,367,16),(25,368,17),(25,369,18),(25,370,19),(25,375,20),(25,372,21),(25,376,22),(25,377,23),(25,378,24),(26,2061,0),(26,2080,0),(26,2081,0),(26,2082,0),(26,2095,0),(26,2096,0),(26,2097,0),(26,2098,0),(26,2099,0),(26,2104,0),(26,2106,0),(26,2107,0),(26,2108,0),(26,2110,0),(26,2111,0),(26,2112,0),(26,2113,0),(26,2114,0),(26,2115,0),(26,2117,0),(26,2120,0),(26,2121,0),(26,2122,0),(26,2123,0),(26,2125,0),(26,2127,0),(26,2144,0),(26,2146,0),(26,2147,0),(26,3452,0),(26,3453,0),(26,3454,0),(26,3455,0),(26,3456,0),(26,3461,0),(26,3463,0),(26,3464,0),(26,3465,0),(26,3467,0),(26,3468,0),(26,3469,0),(26,3470,0),(26,3471,0),(26,3472,0),(26,3474,0),(26,3477,0),(26,3478,0),(26,3479,0),(26,3480,0),(26,3482,0),(26,3484,0),(26,453,1),(26,440,2),(26,468,3),(26,469,4),(26,470,5),(26,471,6),(26,472,7),(26,473,8),(26,474,9),(26,476,10),(26,478,11),(26,479,12),(26,480,13),(26,487,14),(26,486,15),(26,489,16),(26,495,17),(26,815,18),(26,814,19),(26,813,20),(26,812,21),(26,811,22),(26,976,23),(27,532,1),(27,575,2),(28,2037,0),(28,496,1),(28,497,2),(28,552,3),(28,568,4),(28,569,5),(28,570,6),(28,571,7),(28,573,8),(28,574,9),(28,575,10);

--
-- Table structure for table `ps_category_shop`
--

CREATE TABLE `ps_category_shop` (
  `id_category` int NOT NULL,
  `id_shop` int NOT NULL,
  `position` int unsigned NOT NULL DEFAULT '0',
  PRIMARY KEY (`id_category`,`id_shop`)
) ENGINE=InnoDB DEFAULT CHARSET=utf8mb4 COLLATE=utf8mb4_general_ci;

--
-- Dumping data for table `ps_category_shop`
--

INSERT INTO `ps_category_shop` VALUES (1,1,0),(2,1,0),(10,1,0),(11,1,1),(12,1,2),(13,1,3),(14,1,4),(15,1,5),(16,1,6),(17,1,7),(18,1,8),(19,1,14),(20,1,10),(21,1,11),(22,1,12),(23,1,13),(24,1,15),(25,1,16),(26,1,17),(27,1,18),(28,1,19);

--
-- Table structure for table `ps_cms`
--

CREATE TABLE `ps_cms` (
  `id_cms` int unsigned NOT NULL AUTO_INCREMENT,
  `id_cms_category` int unsigned NOT NULL,
  `position` int unsigned NOT NULL DEFAULT '0',
  `active` tinyint unsigned NOT NULL DEFAULT '0',
  `indexation` tinyint unsigned NOT NULL DEFAULT '1',
  PRIMARY KEY (`id_cms`)
) ENGINE=InnoDB AUTO_INCREMENT=6 DEFAULT CHARSET=utf8mb4 COLLATE=utf8mb4_general_ci;

--
-- Dumping data for table `ps_cms`
--

INSERT INTO `ps_cms` VALUES (1,1,0,0,0),(2,1,1,1,0),(3,1,2,1,0),(4,1,3,1,0),(5,1,4,1,0);

--
-- Table structure for table `ps_cms_category`
--

CREATE TABLE `ps_cms_category` (
  `id_cms_category` int unsigned NOT NULL AUTO_INCREMENT,
  `id_parent` int unsigned NOT NULL,
  `level_depth` tinyint unsigned NOT NULL DEFAULT '0',
  `active` tinyint unsigned NOT NULL DEFAULT '0',
  `date_add` datetime NOT NULL,
  `date_upd` datetime NOT NULL,
  `position` int unsigned NOT NULL DEFAULT '0',
  PRIMARY KEY (`id_cms_category`),
  KEY `category_parent` (`id_parent`)
) ENGINE=InnoDB AUTO_INCREMENT=2 DEFAULT CHARSET=utf8mb4 COLLATE=utf8mb4_general_ci;

--
-- Dumping data for table `ps_cms_category`
--

INSERT INTO `ps_cms_category` VALUES (1,0,1,1,'2021-02-01 21:46:21','2023-02-13 12:06:09',0);

--
-- Table structure for table `ps_cms_category_lang`
--

CREATE TABLE `ps_cms_category_lang` (
  `id_cms_category` int unsigned NOT NULL,
  `id_lang` int unsigned NOT NULL,
  `id_shop` int unsigned NOT NULL DEFAULT '1',
  `name` varchar(128) CHARACTER SET utf8mb4 COLLATE utf8mb4_general_ci NOT NULL,
  `description` text CHARACTER SET utf8mb4 COLLATE utf8mb4_general_ci,
  `link_rewrite` varchar(128) CHARACTER SET utf8mb4 COLLATE utf8mb4_general_ci NOT NULL,
  `meta_title` varchar(255) CHARACTER SET utf8mb4 COLLATE utf8mb4_general_ci DEFAULT NULL,
  `meta_keywords` varchar(255) CHARACTER SET utf8mb4 COLLATE utf8mb4_general_ci DEFAULT NULL,
  `meta_description` varchar(512) CHARACTER SET utf8mb4 COLLATE utf8mb4_general_ci DEFAULT NULL,
  PRIMARY KEY (`id_cms_category`,`id_shop`,`id_lang`),
  KEY `category_name` (`name`)
) ENGINE=InnoDB DEFAULT CHARSET=utf8mb4 COLLATE=utf8mb4_general_ci;

--
-- Dumping data for table `ps_cms_category_lang`
--

INSERT INTO `ps_cms_category_lang` VALUES (1,1,1,'Accueil','','accueil','','','');

--
-- Table structure for table `ps_cms_category_shop`
--

CREATE TABLE `ps_cms_category_shop` (
  `id_cms_category` int unsigned NOT NULL AUTO_INCREMENT,
  `id_shop` int unsigned NOT NULL,
  PRIMARY KEY (`id_cms_category`,`id_shop`),
  KEY `id_shop` (`id_shop`)
) ENGINE=InnoDB AUTO_INCREMENT=2 DEFAULT CHARSET=utf8mb4 COLLATE=utf8mb4_general_ci;

--
-- Dumping data for table `ps_cms_category_shop`
--

INSERT INTO `ps_cms_category_shop` VALUES (1,1);

--
-- Table structure for table `ps_cms_lang`
--

CREATE TABLE `ps_cms_lang` (
  `id_cms` int unsigned NOT NULL,
  `id_lang` int unsigned NOT NULL,
  `id_shop` int unsigned NOT NULL DEFAULT '1',
  `meta_title` varchar(255) CHARACTER SET utf8mb4 COLLATE utf8mb4_general_ci NOT NULL,
  `head_seo_title` varchar(255) CHARACTER SET utf8mb4 COLLATE utf8mb4_general_ci DEFAULT NULL,
  `meta_description` varchar(512) CHARACTER SET utf8mb4 COLLATE utf8mb4_general_ci DEFAULT NULL,
  `meta_keywords` varchar(255) CHARACTER SET utf8mb4 COLLATE utf8mb4_general_ci DEFAULT NULL,
  `content` longtext CHARACTER SET utf8mb4 COLLATE utf8mb4_general_ci,
  `link_rewrite` varchar(128) CHARACTER SET utf8mb4 COLLATE utf8mb4_general_ci NOT NULL,
  PRIMARY KEY (`id_cms`,`id_shop`,`id_lang`)
) ENGINE=InnoDB DEFAULT CHARSET=utf8mb4 COLLATE=utf8mb4_general_ci;

--
-- Dumping data for table `ps_cms_lang`
--

INSERT INTO `ps_cms_lang` VALUES (1,1,1,'Livraison','','Nos conditions de livraison','Livraison','<h2>Expéditions et retours</h2>\n<h3>Expédition de votre colis</h3>\n<p>Les colis sont généralement expédiés dans un délai de 2 jours après réception du paiement. Ils sont expédiés via UPS avec un numéro de suivi et remis sans signature. Les colis peuvent également être expédiés via UPS Extra et remis contre signature. Veuillez nous contacter avant de choisir ce mode de livraison, car il induit des frais supplémentaires. Quel que soit le mode de livraison choisi, nous vous envoyons un lien pour suivre votre colis en ligne.</p>\n<p>Les frais d\'expédition incluent les frais de préparation et d\'emballage ainsi que les frais de port. Les frais de préparation sont fixes, tandis que les frais de transport varient selon le poids total du colis. Nous vous recommandons de regrouper tous vos articles dans une seule commande. Nous ne pouvons regrouper deux commandes placées séparément et des frais d\'expédition s\'appliquent à chacune d\'entre elles. Votre colis est expédié à vos propres risques, mais une attention particulière est portée aux objets fragiles.<br /><br />Les dimensions des boîtes sont appropriées et vos articles sont correctement protégés.</p>','livraison'),(2,1,1,'Mentions légales','','Mentions légales','Mentions légales','<h2>Mentions légales</h2><h3>Crédits</h3><p>Conception et production :</p><p>cette boutique en ligne a été créée à l\'aide du <a href=\"http://www.prestashop.com\">logiciel PrestaShop. </a>Rendez-vous sur le <a href=\"http://www.prestashop.com/blog/en/\">blog e-commerce de PrestaShop</a> pour vous tenir au courant des dernières actualités et obtenir des conseils sur la vente en ligne et la gestion d\'un site d\'e-commerce.</p>','mentions-legales'),(3,1,1,'Conditions d\'utilisation','','Nos conditions d\'utilisation','Conditions d\'utilisation','<h1 class=\"page-heading\">Conditions d\'utilisation</h1>\n<h3 class=\"page-subheading\">Règle n° 1</h3>\n<p class=\"bottom-indent\">Lorem ipsum dolor sit amet conse ctetur adipisicing elit, sed do eiusmod tempor incididunt ut labore et dolore magna aliqua. Ut enim ad minim veniam, quis nostrud exercitation ullamco laboris nisi ut aliquip ex ea commodo consequat. Duis aute irure dolor in reprehenderit in voluptate velit esse cillum dolore eu fugiat nulla pariatur. Excepteur sint occaecat cupidatat non proident, sunt in culpa qui officia deserunt mollit anim id est laborum.</p>\n<h3 class=\"page-subheading\">Règle n° 2</h3>\n<p class=\"bottom-indent\">Sed do eiusmod tempor incididunt ut labore et dolore magna aliqua. Ut enim ad minim veniam, quis nostrud exercitation ullamco laboris nisi ut aliquip ex ea commodo consequat. Duis aute irure dolor in reprehenderit in voluptate velit esse cillum dolore eu fugiat nulla pariatur. Excepteur sint occaecat cupidatat non proident, sunt in culpa qui officia deserunt mollit anim id est laborum. Lorem ipsum dolor sit amet conse ctetur adipisicing elit, sed do eiusmod tempor incididunt ut labore et dolore magna aliqua. Ut enim ad minim veniamю</p>\n<h3 class=\"page-subheading\">Règle n° 3</h3>\n<p class=\"bottom-indent\">Tempor incididunt ut labore et dolore magna aliqua. Ut enim ad minim veniam, quis nostrud exercitation ullamco laboris nisi ut aliquip ex ea commodo consequat. Duis aute irure dolor in reprehenderit in voluptate velit esse cillum dolore eu fugiat nulla pariatur. Excepteur sint occaecat cupidatat non proident, sunt in culpa qui officia deserunt mollit anim id est laborum. Lorem ipsum dolor sit amet conse ctetur adipisicing elit, sed do eiusmod tempor incididunt ut labore et dolore magna aliqua. Ut enim ad minim veniamю</p>','conditions-utilisation'),(4,1,1,'A propos','','En savoir plus sur notre entreprise','A propos','<h1 class=\"page-heading bottom-indent\">A propos</h1>\n<div class=\"row\">\n<div class=\"col-xs-12 col-sm-4\">\n<div class=\"cms-block\">\n<h3 class=\"page-subheading\">Notre entreprise</h3>\n<p><strong class=\"dark\">Lorem ipsum dolor sit amet conse ctetur adipisicing elit, sed do eiusmod tempor incididun.</strong></p>\n<p>Lorem ipsum dolor sit amet conse ctetur adipisicing elit, sed do eiusmod tempor incididunt ut labore et dolore magna aliqua. Ut enim ad minim veniam. Lorem ipsum dolor sit amet conse ctetur adipisicing elit.</p>\n<ul class=\"list-1\"><li><em class=\"icon-ok\"></em>Produits haute qualité</li>\n<li><em class=\"icon-ok\"></em>Service client inégalé</li>\n<li><em class=\"icon-ok\"></em>Remboursement garanti pendant 30 jours</li>\n</ul></div>\n</div>\n<div class=\"col-xs-12 col-sm-4\">\n<div class=\"cms-box\">\n<h3 class=\"page-subheading\">Notre équipe</h3>\n<img title=\"cms-img\" src=\"../img/cms/cms-img.jpg\" alt=\"cms-img\" width=\"370\" height=\"192\" /><p><strong class=\"dark\">Lorem set sint occaecat cupidatat non </strong></p>\n<p>Eiusmod tempor incididunt ut labore et dolore magna aliqua. Ut enim ad minim veniam, quis nostrud exercitation ullamco laboris nisi ut aliquip ex ea commodo.</p>\n</div>\n</div>\n<div class=\"col-xs-12 col-sm-4\">\n<div class=\"cms-box\">\n<h3 class=\"page-subheading\">Témoignages</h3>\n<div class=\"testimonials\">\n<div class=\"inner\"><span class=\"before\">“</span>Lorem ipsum dolor sit amet conse ctetur adipisicing elit, sed do eiusmod tempor incididunt ut labore et dolore magna aliqua. Ut enim ad minim.<span class=\"after\">”</span></div>\n</div>\n<p><strong class=\"dark\">Lorem ipsum dolor sit</strong></p>\n<div class=\"testimonials\">\n<div class=\"inner\"><span class=\"before\">“</span>Excepteur sint occaecat cupidatat non proident, sunt in culpa qui officia deserunt mollit anim id est laborum. Lorem ipsum dolor sit amet conse ctetur adipisicing elit. Lorem ipsum dolor sit amet conse ctetur adipisicing elit, sed do eiusmod.<span class=\"after\">”</span></div>\n</div>\n<p><strong class=\"dark\">Ipsum dolor sit</strong></p>\n</div>\n</div>\n</div>','a-propos'),(5,1,1,'Paiement sécurisé','','Notre méthode de paiement sécurisé','Paiement sécurisé','<h2>Paiement sécurisé</h2>\n<h3>Notre paiement sécurisé</h3><p>Avec SSL</p>\n<h3>Avec Visa/Mastercard/Paypal</h3><p>A propos de ce service</p>','paiement-securise');

--
-- Table structure for table `ps_cms_role`
--

CREATE TABLE `ps_cms_role` (
  `id_cms_role` int unsigned NOT NULL AUTO_INCREMENT,
  `name` varchar(50) CHARACTER SET utf8mb4 COLLATE utf8mb4_general_ci NOT NULL,
  `id_cms` int unsigned NOT NULL,
  PRIMARY KEY (`id_cms_role`,`id_cms`),
  UNIQUE KEY `name` (`name`)
) ENGINE=InnoDB AUTO_INCREMENT=3 DEFAULT CHARSET=utf8mb4 COLLATE=utf8mb4_general_ci;

--
-- Dumping data for table `ps_cms_role`
--

INSERT INTO `ps_cms_role` VALUES (1,'LEGAL_CONDITIONS',3),(2,'LEGAL_NOTICE',2);

--
-- Table structure for table `ps_cms_role_lang`
--

CREATE TABLE `ps_cms_role_lang` (
  `id_cms_role` int unsigned NOT NULL,
  `id_lang` int unsigned NOT NULL,
  `id_shop` int unsigned NOT NULL,
  `name` varchar(128) CHARACTER SET utf8mb4 COLLATE utf8mb4_general_ci DEFAULT NULL,
  PRIMARY KEY (`id_cms_role`,`id_lang`,`id_shop`)
) ENGINE=InnoDB DEFAULT CHARSET=utf8mb4 COLLATE=utf8mb4_general_ci;

--
-- Dumping data for table `ps_cms_role_lang`
--


--
-- Table structure for table `ps_cms_shop`
--

CREATE TABLE `ps_cms_shop` (
  `id_cms` int unsigned NOT NULL,
  `id_shop` int unsigned NOT NULL,
  PRIMARY KEY (`id_cms`,`id_shop`),
  KEY `id_shop` (`id_shop`)
) ENGINE=InnoDB DEFAULT CHARSET=utf8mb4 COLLATE=utf8mb4_general_ci;

--
-- Dumping data for table `ps_cms_shop`
--

INSERT INTO `ps_cms_shop` VALUES (1,1),(2,1),(3,1),(4,1),(5,1);

--
-- Table structure for table `ps_condition`
--

CREATE TABLE `ps_condition` (
  `id_condition` int NOT NULL AUTO_INCREMENT,
  `id_ps_condition` int NOT NULL,
  `type` enum('configuration','install','sql') NOT NULL,
  `request` text,
  `operator` varchar(32) DEFAULT NULL,
  `value` varchar(64) DEFAULT NULL,
  `result` varchar(64) DEFAULT NULL,
  `calculation_type` enum('hook','time') DEFAULT NULL,
  `calculation_detail` varchar(64) DEFAULT NULL,
  `validated` tinyint unsigned NOT NULL DEFAULT '0',
  `date_add` datetime NOT NULL,
  `date_upd` datetime NOT NULL,
  PRIMARY KEY (`id_condition`,`id_ps_condition`)
) ENGINE=InnoDB AUTO_INCREMENT=245 DEFAULT CHARSET=utf8mb3;

--
-- Dumping data for table `ps_condition`
--

INSERT INTO `ps_condition` VALUES (1,1,'configuration','PS_REWRITING_SETTINGS','==','1','1','hook','actionAdminMetaControllerUpdate_optionsAfter',1,'2025-04-02 16:13:30','2025-04-02 16:13:30'),(2,2,'configuration','PS_SMARTY_FORCE_COMPILE','!=','2','1','hook','actionAdminPerformanceControllerSaveAfter',1,'2025-04-02 16:13:30','2025-04-02 16:13:30'),(3,3,'configuration','PS_CSS_THEME_CACHE','==','1','','hook','actionAdminPerformanceControllerSaveAfter',0,'2025-04-02 16:13:30','2025-04-02 16:13:30'),(4,4,'configuration','PS_CIPHER_ALGORITHM','==','1','1','hook','actionAdminPerformanceControllerSaveAfter',1,'2025-04-02 16:13:30','2025-04-02 16:13:30'),(5,5,'configuration','PS_MEDIA_SERVERS','==','1','','hook','actionAdminPerformanceControllerSaveAfter',0,'2025-04-02 16:13:30','2025-04-02 16:13:30'),(6,6,'sql','SELECT COUNT(distinct m.id_module) FROM PREFIX_hook h LEFT JOIN PREFIX_hook_module hm ON h.id_hook = hm.id_hook LEFT JOIN PREFIX_module m ON hm.id_module = m.id_module\r\nWHERE (h.name = \"displayPayment\" OR h.name = \"payment\") AND m.name NOT IN (\"bankwire\", \"cheque\", \"cashondelivery\")','>','0','0','hook','actionModuleInstallAfter',0,'2025-04-02 16:13:30','2025-04-02 16:13:30'),(7,7,'sql','SELECT COUNT(distinct m.id_module) FROM PREFIX_hook h LEFT JOIN PREFIX_hook_module hm ON h.id_hook = hm.id_hook LEFT JOIN PREFIX_module m ON hm.id_module = m.id_module\r\nWHERE (h.name = \"displayPayment\" OR h.name = \"payment\") AND m.name NOT IN (\"bankwire\", \"cheque\", \"cashondelivery\")','>','1','0','hook','actionModuleInstallAfter',0,'2025-04-02 16:13:30','2025-04-02 16:13:30'),(8,8,'sql','SELECT COUNT(*) FROM PREFIX_carrier WHERE name NOT IN (\"0\", \"My carrier\")','>','0','2','hook','actionObjectCarrierAddAfter',1,'2025-04-02 16:13:30','2025-04-02 16:13:30'),(9,9,'sql','SELECT COUNT(*) FROM PREFIX_carrier WHERE name NOT IN (\"0\", \"My carrier\")','>','1','2','hook','actionObjectCarrierAddAfter',1,'2025-04-02 16:13:30','2025-04-02 16:13:30'),(10,10,'sql','SELECT COUNT(*) FROM PREFIX_product WHERE reference NOT LIKE \"demo_%\"','>','0','1','hook','actionObjectProductAddAfter',1,'2025-04-02 16:13:30','2025-04-02 16:13:30'),(11,11,'sql','SELECT COUNT(*) FROM PREFIX_product WHERE reference NOT LIKE \"demo_%\"','>','9','10','hook','actionObjectProductAddAfter',1,'2025-04-02 16:13:30','2025-04-02 16:13:30'),(12,12,'sql','SELECT COUNT(*) FROM PREFIX_product WHERE reference NOT LIKE \"demo_%\"','>','99','100','hook','actionObjectProductAddAfter',1,'2025-04-02 16:13:30','2025-04-02 16:13:30'),(13,13,'sql','SELECT COUNT(*) FROM PREFIX_product WHERE reference NOT LIKE \"demo_%\"','>','999','1010','hook','actionObjectProductAddAfter',1,'2025-04-02 16:13:30','2025-04-02 16:13:30'),(14,14,'sql','SELECT COUNT(*) FROM PREFIX_product WHERE reference NOT LIKE \"demo_%\"','>','9999','2454','hook','actionObjectProductAddAfter',0,'2025-04-02 16:13:30','2025-04-02 16:13:30'),(15,15,'sql','SELECT COUNT(*) FROM PREFIX_product WHERE reference NOT LIKE \"demo_%\"','>','99999','2454','hook','actionObjectProductAddAfter',0,'2025-04-02 16:13:30','2025-04-02 16:13:30'),(16,16,'configuration','PS_SHOP_PHONE','!=','0','','hook','actionAdminStoresControllerUpdate_optionsAfter',0,'2025-04-02 16:13:30','2025-04-02 16:13:30'),(17,17,'sql','SELECT COUNT(*) FROM PREFIX_contact','>','2','2','hook','actionObjectContactAddAfter',0,'2025-04-02 16:13:30','2025-04-02 16:13:30'),(18,18,'sql','SELECT COUNT(*) FROM PREFIX_contact','>','4','2','hook','actionObjectContactAddAfter',0,'2025-04-02 16:13:30','2025-04-02 16:13:30'),(19,19,'install','','>','0','1','time','1',1,'2025-04-02 16:13:30','2025-04-02 16:13:30'),(20,20,'install','','>=','7','1','time','1',1,'2025-04-02 16:13:30','2025-04-02 16:13:30'),(21,21,'configuration','PS_LOGO','!=','logo.jpg','1','hook','actionAdminThemesControllerUpdate_optionsAfter',1,'2025-04-02 16:13:30','2025-04-02 16:13:30'),(22,22,'sql','SELECT COUNT(*) FROM PREFIX_theme WHERE directory != \"default\" AND directory != \"prestashop\" AND directory ! \"default-bootstrap\"','>','0','0','hook','actionObjectShopUpdateAfter',0,'2025-04-02 16:13:30','2025-04-02 16:13:30'),(23,23,'configuration','PS_LOGGED_ON_ADDONS','==','1','','time','1',0,'2025-04-02 16:13:30','2025-04-03 13:57:06'),(24,24,'configuration','PS_MULTISHOP_FEATURE_ACTIVE','==','1','','hook','actionAdminPreferencesControllerUpdate_optionsAfter',0,'2025-04-02 16:13:30','2025-04-02 16:13:30'),(25,25,'sql','SELECT COUNT(*) FROM PREFIX_shop','>','1','1','hook','actionObjectShopAddAfter',0,'2025-04-02 16:13:30','2025-04-02 16:13:30'),(26,26,'sql','SELECT COUNT(*) FROM PREFIX_shop','>','4','1','hook','actionObjectShopAddAfter',0,'2025-04-02 16:13:30','2025-04-02 16:13:30'),(27,27,'sql','SELECT COUNT(*) FROM PREFIX_shop_group','>','5','1','hook','actionObjectShopGroupAddAfter 	',0,'2025-04-02 16:13:30','2025-04-02 16:13:30'),(28,28,'sql','SELECT COUNT(*) FROM PREFIX_shop_group','>','1','1','hook','actionObjectShopGroupAddAfter',0,'2025-04-02 16:13:30','2025-04-02 16:13:30'),(29,29,'sql','SELECT COUNT(distinct m.id_module) FROM PREFIX_hook h LEFT JOIN PREFIX_hook_module hm ON h.id_hook = hm.id_hook LEFT JOIN PREFIX_module m ON hm.id_module = m.id_module\r\nWHERE (h.name = \"displayPayment\" OR h.name = \"payment\") AND m.name NOT IN (\"bankwire\", \"cheque\", \"cashondelivery\")','>','2','0','hook','actionModuleInstallAfter',0,'2025-04-02 16:13:30','2025-04-02 16:13:30'),(30,30,'sql','SELECT COUNT(*) FROM PREFIX_carrier WHERE name NOT IN (\"0\", \"My carrier\")','>','2','1','hook','actionObjectCarrierAddAfter',0,'2025-04-02 16:13:30','2025-04-02 16:13:30'),(31,31,'sql','SELECT SUM(total_paid_tax_excl / c.conversion_rate)\r\nFROM PREFIX_orders o INNER JOIN PREFIX_currency c ON c.id_currency = o.id_currency WHERE valid = 1 AND reference != \"XKBKNABJK\"','>=','200','254','hook','actionOrderStatusUpdate',1,'2025-04-02 16:13:30','2025-04-02 16:13:30'),(32,32,'sql',' 	SELECT SUM(total_paid_tax_excl / c.conversion_rate) FROM PREFIX_orders o INNER JOIN PREFIX_currency c ON c.id_currency = o.id_currency WHERE valid = 1 AND reference != \"XKBKNABJK\"','>=','2000','2045','hook','actionOrderStatusUpdate',1,'2025-04-02 16:13:30','2025-04-02 16:13:30'),(33,33,'sql',' 	SELECT SUM(total_paid_tax_excl / c.conversion_rate) FROM PREFIX_orders o INNER JOIN PREFIX_currency c ON c.id_currency = o.id_currency WHERE valid = 1 AND reference != \"XKBKNABJK\"','>=','20000','22579','time','1',1,'2025-04-02 16:13:30','2025-04-02 16:13:30'),(34,34,'sql',' 	SELECT SUM(total_paid_tax_excl / c.conversion_rate) FROM PREFIX_orders o INNER JOIN PREFIX_currency c ON c.id_currency = o.id_currency WHERE valid = 1','>=','200000','22579','time','7',0,'2025-04-02 16:13:30','2025-04-02 16:13:30'),(35,35,'sql',' 	SELECT SUM(total_paid_tax_excl / c.conversion_rate) FROM PREFIX_orders o INNER JOIN PREFIX_currency c ON c.id_currency = o.id_currency WHERE valid = 1','>=','2000000','22579','time','7',0,'2025-04-02 16:13:30','2025-04-02 16:13:30'),(36,36,'sql',' 	SELECT SUM(total_paid_tax_excl / c.conversion_rate) FROM PREFIX_orders o INNER JOIN PREFIX_currency c ON c.id_currency = o.id_currency WHERE valid = 1','>=','20000000','22579','time','7',0,'2025-04-02 16:13:30','2025-04-02 16:13:30'),(37,37,'install','','>=','30','1','time','1',1,'2025-04-02 16:13:30','2025-04-02 16:13:30'),(38,38,'install','','>=','182','1','time','2',1,'2025-04-02 16:13:30','2025-04-02 16:13:30'),(39,39,'install','','>=','365','1','time','2',1,'2025-04-02 16:13:30','2025-04-02 16:13:30'),(40,40,'install','','>=','730','1','time','2',1,'2025-04-02 16:13:30','2025-04-02 16:13:30'),(41,41,'sql','SELECT COUNT(*) FROM PREFIX_guest','>=','10','12','time','1',1,'2025-04-02 16:13:30','2025-04-02 16:13:30'),(42,42,'sql','SELECT COUNT(*) FROM PREFIX_guest','>=','100','125','time','1',1,'2025-04-02 16:13:30','2025-04-02 16:13:30'),(43,43,'sql','SELECT COUNT(*) FROM PREFIX_guest','>=','1000','3260','time','1',1,'2025-04-02 16:13:30','2025-04-02 16:13:30'),(44,44,'sql','SELECT COUNT(*) FROM PREFIX_guest','>=','10000','3260','time','2',0,'2025-04-02 16:13:30','2025-04-02 16:13:30'),(45,45,'sql','SELECT COUNT(*) FROM PREFIX_guest','>=','100000','3260','time','3',0,'2025-04-02 16:13:30','2025-04-02 16:13:30'),(46,46,'sql','SELECT COUNT(*) FROM PREFIX_guest','>=','1000000','3260','time','4',0,'2025-04-02 16:13:30','2025-04-02 16:13:30'),(47,47,'sql','SELECT COUNT(*) FROM PREFIX_cart WHERE secure_key != \"b44a6d9efd7a0076a0fbce6b15eaf3b1\"','>=','2','2','hook','actionObjectCartAddAfter',1,'2025-04-02 16:13:30','2025-04-02 16:13:30'),(48,48,'sql','SELECT COUNT(*) FROM PREFIX_cart WHERE secure_key != \"b44a6d9efd7a0076a0fbce6b15eaf3b1\"','>=','10','10','hook','actionObjectCartAddAfter',1,'2025-04-02 16:13:30','2025-04-02 16:13:30'),(49,49,'sql','SELECT COUNT(*) FROM PREFIX_cart WHERE secure_key != \"b44a6d9efd7a0076a0fbce6b15eaf3b1\"','>=','100','100','hook','actionObjectCartAddAfter',1,'2025-04-02 16:13:30','2025-04-02 16:13:30'),(50,50,'sql','SELECT COUNT(*) FROM PREFIX_cart WHERE secure_key != \"b44a6d9efd7a0076a0fbce6b15eaf3b1\"','>=','1000','781','time','1',0,'2025-04-02 16:13:30','2025-04-03 13:57:06'),(51,51,'sql','SELECT COUNT(*) FROM PREFIX_cart WHERE secure_key != \"b44a6d9efd7a0076a0fbce6b15eaf3b1\"','>=','10000','741','time','4',0,'2025-04-02 16:13:30','2025-04-02 16:13:30'),(52,52,'sql','SELECT COUNT(*) FROM PREFIX_cart WHERE secure_key != \"b44a6d9efd7a0076a0fbce6b15eaf3b1\"','>=','100000','253','time','8',0,'2025-04-02 16:13:30','2025-04-02 16:13:30'),(53,53,'sql','SELECT COUNT(*) FROM PREFIX_orders WHERE reference NOT IN (\"XKBKNABJK\", \"OHSATSERP\", \"FFATNOMMJ\", \"UOYEVOLI\", \"KHWLILZLL\")','>=','1','1','hook','actionObjectOrderAddAfter',1,'2025-04-02 16:13:30','2025-04-02 16:13:30'),(54,54,'sql','SELECT COUNT(*) FROM PREFIX_orders WHERE reference NOT IN (\"XKBKNABJK\", \"OHSATSERP\", \"FFATNOMMJ\", \"UOYEVOLI\", \"KHWLILZLL\")','>=','10','10','hook','actionObjectOrderAddAfter',1,'2025-04-02 16:13:30','2025-04-02 16:13:30'),(55,55,'sql','SELECT COUNT(*) FROM PREFIX_orders WHERE reference NOT IN (\"XKBKNABJK\", \"OHSATSERP\", \"FFATNOMMJ\", \"UOYEVOLI\", \"KHWLILZLL\")','>=','100','100','hook','actionObjectOrderAddAfter',1,'2025-04-02 16:13:30','2025-04-02 16:13:30'),(56,56,'sql','SELECT COUNT(*) FROM PREFIX_orders WHERE reference NOT IN (\"XKBKNABJK\", \"OHSATSERP\", \"FFATNOMMJ\", \"UOYEVOLI\", \"KHWLILZLL\")','>=','1000','541','time','2',0,'2025-04-02 16:13:30','2025-04-02 16:13:30'),(57,57,'sql','SELECT COUNT(*) FROM PREFIX_orders WHERE reference NOT IN (\"XKBKNABJK\", \"OHSATSERP\", \"FFATNOMMJ\", \"UOYEVOLI\", \"KHWLILZLL\")','>=','10000','541','time','4',0,'2025-04-02 16:13:30','2025-04-02 16:13:30'),(58,58,'sql','SELECT COUNT(*) FROM PREFIX_orders WHERE reference NOT IN (\"XKBKNABJK\", \"OHSATSERP\", \"FFATNOMMJ\", \"UOYEVOLI\", \"KHWLILZLL\")','>=','100000','103','time','8',0,'2025-04-02 16:13:30','2025-04-02 16:13:30'),(59,59,'sql','SELECT COUNT(*) FROM PREFIX_customer WHERE email != \"pub@prestashop.com\"','>=','1','1','hook','actionObjectCustomerAddAfter',1,'2025-04-02 16:13:30','2025-04-02 16:13:30'),(60,60,'sql','SELECT COUNT(*) FROM PREFIX_customer WHERE email != \"pub@prestashop.com\"','>=','10','3','hook','actionObjectCustomerAddAfter',0,'2025-04-02 16:13:30','2025-04-02 16:13:30'),(61,61,'sql','SELECT COUNT(*) FROM PREFIX_customer WHERE email != \"pub@prestashop.com\"','>=','100','3','hook','actionObjectCustomerAddAfter',0,'2025-04-02 16:13:30','2025-04-02 16:13:30'),(62,62,'sql','SELECT COUNT(*) FROM PREFIX_customer WHERE email != \"pub@prestashop.com\"','>=','1000','3','time','1',0,'2025-04-02 16:13:30','2025-04-03 13:57:06'),(63,63,'sql','SELECT COUNT(*) FROM PREFIX_customer WHERE email != \"pub@prestashop.com\"','>=','10000','3','time','2',0,'2025-04-02 16:13:30','2025-04-02 16:13:30'),(64,64,'sql','SELECT COUNT(*) FROM PREFIX_customer WHERE email != \"pub@prestashop.com\"','>=','100000','3','time','4',0,'2025-04-02 16:13:30','2025-04-02 16:13:30'),(65,65,'sql','SELECT COUNT(*) FROM PREFIX_customer_thread','>=','1','0','hook','actionObjectCustomerThreadAddAfter',0,'2025-04-02 16:13:30','2025-04-02 16:13:30'),(66,66,'sql','SELECT COUNT(*) FROM PREFIX_customer_thread','>=','10','0','hook','actionObjectCustomerThreadAddAfter',0,'2025-04-02 16:13:30','2025-04-02 16:13:30'),(67,67,'sql','SELECT COUNT(*) FROM PREFIX_customer_thread','>=','100','0','hook','actionObjectCustomerThreadAddAfter',0,'2025-04-02 16:13:30','2025-04-02 16:13:30'),(68,68,'sql','SELECT COUNT(*) FROM PREFIX_customer_thread','>=','1000','0','time','2',0,'2025-04-02 16:13:30','2025-04-02 16:13:30'),(69,69,'sql','SELECT COUNT(*) FROM PREFIX_customer_thread','>=','10000','0','time','4',0,'2025-04-02 16:13:30','2025-04-02 16:13:30'),(70,70,'sql','SELECT COUNT(*) FROM PREFIX_customer_thread','>=','100000','0','time','8',0,'2025-04-02 16:13:30','2025-04-02 16:13:30'),(71,76,'sql','SELECT IFNULL(id_order, 0) FROM PREFIX_orders o LEFT JOIN PREFIX_address a ON o.id_address_delivery = a.id_address LEFT JOIN PREFIX_country c ON c.id_country = a.id_country WHERE o.valid = 1 AND a.id_country != \"{config}PS_COUNTRY_DEFAULT{/config}\" AND c.iso_code IN (\r\n\"CA\",\r\n\"GL\",\r\n\"PM\",\r\n\"US\"\r\n)','!=','0','0','hook','actionOrderStatusUpdate',0,'2025-04-02 16:13:30','2025-04-02 16:13:30'),(72,79,'sql','SELECT IFNULL(id_order, 0) FROM PREFIX_orders o LEFT JOIN PREFIX_address a ON o.id_address_delivery = a.id_address LEFT JOIN PREFIX_country c ON c.id_country = a.id_country WHERE o.valid = 1 AND a.id_country != \"{config}PS_COUNTRY_DEFAULT{/config}\" AND c.iso_code IN (\r\n\"UM\",\r\n\"AS\",\r\n\"AU\",\r\n\"CK\",\r\n\"FJ\",\r\n\"FM\",\r\n\"GU\",\r\n\"KI\",\r\n\"MH,\"\r\n\"MP\",\r\n\"NC\",\r\n\"NF\",\r\n\"NR\",\r\n\"NU\",\r\n\"NZ\",\r\n\"PF\",\r\n\"PG\",\r\n\"PN\",\r\n\"PW\",\r\n\"SB\",\r\n\"TK\",\r\n\"TO\",\r\n\"TV\",\r\n\"VU\",\r\n\"WF\",\r\n\"WS\"\r\n)','!=','0','0','hook','actionOrderStatusUpdate',0,'2025-04-02 16:13:30','2025-04-02 16:13:30'),(73,85,'sql','SELECT IFNULL(id_order, 0) FROM PREFIX_orders o LEFT JOIN PREFIX_address a ON o.id_address_delivery = a.id_address LEFT JOIN PREFIX_country c ON c.id_country = a.id_country WHERE o.valid = 1 AND a.id_country != \"{config}PS_COUNTRY_DEFAULT{/config}\" AND c.iso_code IN (\r\n\"KG\",\r\n\"KZ\",\r\n\"TJ\",\r\n\"TM\",\r\n\"UZ\",\r\n\"AE\",\r\n\"AM\",\r\n\"AZ\",\r\n\"BH\",\r\n\"CY\",\r\n\"GE\",\r\n\"IL\",\r\n\"IQ\",\r\n\"IR\",\r\n\"JO\",\r\n\"KW\",\r\n\"LB\",\r\n\"OM\",\r\n\"QA\",\r\n\"SA\",\r\n\"SY\",\r\n\"TR\",\r\n\"YE\",\r\n\"AF\",\r\n\"BD\",\r\n\"BT\",\r\n\"IN\",\r\n\"IO\",\r\n\"LK\",\r\n\"MV\",\r\n\"NP\",\r\n\"PK\",\r\n\"CN\",\r\n\"HK\",\r\n\"JP\",\r\n\"KP\",\r\n\"KR\",\r\n\"MO\",\r\n\"TW\",\r\n\"MN\",\r\n\"BN\",\r\n\"CC\",\r\n\"CX\",\r\n\"ID\",\r\n\"KH\",\r\n\"LA\",\r\n\"MM\",\r\n\"MY\",\r\n\"PH\",\r\n\"SG\",\r\n\"TH\",\r\n\"TP\",\r\n\"VN\"\r\n)','!=','0','0','hook','actionOrderStatusUpdate',0,'2025-04-02 16:13:30','2025-04-02 16:13:30'),(74,86,'sql','SELECT IFNULL(id_order, 0) FROM PREFIX_orders o LEFT JOIN PREFIX_address a ON o.id_address_delivery = a.id_address LEFT JOIN PREFIX_country c ON c.id_country = a.id_country WHERE o.valid = 1 AND a.id_country != \"{config}PS_COUNTRY_DEFAULT{/config}\" AND c.iso_code IN (\r\n\"BZ\",\r\n\"CR\",\r\n\"GT\",\r\n\"HN\",\r\n\"MX\",\r\n\"NI\",\r\n\"PA\",\r\n\"SV\",\r\n\"AG\",\r\n\"AI\",\r\n\"AN\",\r\n\"AW\",\r\n\"BB\",\r\n\"BM\",\r\n\"BS\",\r\n\"CU\",\r\n\"DM\",\r\n\"DO\",\r\n\"GD\",\r\n\"GP\",\r\n\"HT\",\r\n\"JM\",\r\n\"KN\",\r\n\"KY\",\r\n\"LC\",\r\n\"MQ\",\r\n\"MS\",\r\n\"PR\",\r\n\"TC\",\r\n\"TT\",\r\n\"VC\",\r\n\"VG\",\r\n\"VI\",\r\n\"AR\",\r\n\"BO\",\r\n\"BR\",\r\n\"CL\",\r\n\"CO\",\r\n\"EC\",\r\n\"FK\",\r\n\"GF\",\r\n\"GY\",\r\n\"PE\",\r\n\"PY\",\r\n\"SR\",\r\n\"UY\",\r\n\"VE\"\r\n)','!=','0','0','hook','actionOrderStatusUpdate',0,'2025-04-02 16:13:30','2025-04-02 16:13:30'),(75,87,'sql','SELECT IFNULL(id_order, 0) FROM PREFIX_orders o LEFT JOIN PREFIX_address a ON o.id_address_delivery = a.id_address LEFT JOIN PREFIX_country c ON c.id_country = a.id_country WHERE o.valid = 1 AND a.id_country != \"{config}PS_COUNTRY_DEFAULT{/config}\" AND c.iso_code IN (\r\n\"BE\",\r\n\"DE\",\r\n\"FR\",\r\n\"FX\",\r\n\"GB\",\r\n\"IE\",\r\n\"LU\",\r\n\"MC\",\r\n\"NL\",\r\n\"IT\",\r\n\"MT\",\r\n\"SM\",\r\n\"VA\",\r\n\"AD\",\r\n\"ES\",\r\n\"GI\",\r\n\"PT\",\r\n\"BY\",\r\n\"EE\",\r\n\"LT\",\r\n\"LV\",\r\n\"MD\",\r\n\"PL\",\r\n\"UA\",\r\n\"AL\",\r\n\"BA\",\r\n\"BG\",\r\n\"GR\",\r\n\"HR\",\r\n\"MK\",\r\n\"RO\",\r\n\"SI\",\r\n\"YU\",\r\n\"RU\",\r\n\"AT\",\r\n\"CH\",\r\n\"CZ\",\r\n\"HU\",\r\n\"LI\",\r\n\"SK\",\r\n\"DK\",\r\n\"FI\",\r\n\"FO\",\r\n\"IS\",\r\n\"NO\",\r\n\"SE\",\r\n\"SJ\"\r\n)','!=','0','0','hook','actionOrderStatusUpdate',0,'2025-04-02 16:13:30','2025-04-02 16:13:30'),(76,88,'sql','SELECT IFNULL(id_order, 0) FROM PREFIX_orders o LEFT JOIN PREFIX_address a ON o.id_address_delivery = a.id_address LEFT JOIN PREFIX_country c ON c.id_country = a.id_country WHERE o.valid = 1 AND a.id_country != \"{config}PS_COUNTRY_DEFAULT{/config}\" AND c.iso_code IN (\r\n\"BI\",\r\n\"CF\",\r\n\"CG\",\r\n\"RW\",\r\n\"TD\",\r\n\"ZR\",\r\n\"DJ\",\r\n\"ER\",\r\n\"ET\",\r\n\"KE\",\r\n\"SO\",\r\n\"TZ\",\r\n\"UG\",\r\n\"KM\",\r\n\"MG\",\r\n\"MU\",\r\n\"RE\",\r\n\"SC\",\r\n\"YT\",\r\n\"AO\",\r\n\"BW\",\r\n\"LS\",\r\n\"MW\",\r\n\"MZ\",\r\n\"NA\",\r\n\"SZ\",\r\n\"ZA\",\r\n\"ZM\",\r\n\"ZW\",\r\n\"BF\",\r\n\"BJ\",\r\n\"CI\",\r\n\"CM\",\r\n\"CV\",\r\n\"GA\",\r\n\"GH\",\r\n\"GM\",\r\n\"GN\",\r\n\"GQ\",\r\n\"GW\",\r\n\"LR\",\r\n\"ML\",\r\n\"MR\",\r\n\"NE\",\r\n\"NG\",\r\n\"SL\",\r\n\"SN\",\r\n\"ST\",\r\n\"TG\"\r\n)','!=','0','0','hook','actionOrderStatusUpdate',0,'2025-04-02 16:13:30','2025-04-02 16:13:30'),(77,89,'sql','SELECT IFNULL(id_order, 0) FROM PREFIX_orders o LEFT JOIN PREFIX_address a ON o.id_address_delivery = a.id_address LEFT JOIN PREFIX_country c ON c.id_country = a.id_country WHERE o.valid = 1 AND a.id_country != \"{config}PS_COUNTRY_DEFAULT{/config}\" AND c.iso_code IN (\r\n\"DZ\",\r\n\"EG\",\r\n\"EH\",\r\n\"LY\",\r\n\"MA\",\r\n\"SD\",\r\n\"TN\"\r\n)','!=','0','0','hook','actionOrderStatusUpdate',0,'2025-04-02 16:13:30','2025-04-02 16:13:30'),(78,90,'sql','SELECT COUNT(*) FROM PREFIX_employee','>=','2','2','hook','actionObjectEmployeeAddAfter',1,'2025-04-02 16:13:30','2025-04-02 16:13:30'),(79,91,'sql','SELECT COUNT(*) FROM PREFIX_employee','>=','3','3','hook','actionObjectEmployeeAddAfter',1,'2025-04-02 16:13:30','2025-04-02 16:13:30'),(80,92,'sql','SELECT COUNT(*) FROM PREFIX_employee','>=','5','5','hook','actionObjectEmployeeAddAfter',1,'2025-04-02 16:13:30','2025-04-02 16:13:30'),(81,93,'sql','SELECT COUNT(*) FROM PREFIX_employee','>=','10','8','hook','actionObjectEmployeeAddAfter',0,'2025-04-02 16:13:30','2025-04-02 16:13:30'),(82,94,'sql','SELECT COUNT(*) FROM PREFIX_employee','>=','20','8','hook','actionObjectEmployeeAddAfter',0,'2025-04-02 16:13:30','2025-04-02 16:13:30'),(83,95,'sql','SELECT COUNT(*) FROM PREFIX_employee','>=','40','8','hook','actionObjectEmployeeAddAfter',0,'2025-04-02 16:13:30','2025-04-02 16:13:30'),(84,96,'sql','SELECT id_image FROM PREFIX_image WHERE id_image > 26','>','0','298','hook','actionObjectImageAddAfter',1,'2025-04-02 16:13:30','2025-04-02 16:13:30'),(85,97,'sql','SELECT COUNT(*) FROM PREFIX_image','>=','50','50','hook','actionObjectImageAddAfter',1,'2025-04-02 16:13:30','2025-04-02 16:13:30'),(86,98,'sql','SELECT COUNT(*) FROM PREFIX_image','>=','100','100','hook','actionObjectImageAddAfter',1,'2025-04-02 16:13:30','2025-04-02 16:13:30'),(87,99,'sql','SELECT COUNT(*) FROM PREFIX_image','>=','1000','2271','time','2',1,'2025-04-02 16:13:30','2025-04-02 16:13:30'),(88,100,'sql','SELECT COUNT(*) FROM PREFIX_image','>=','10000','3544','time','4',0,'2025-04-02 16:13:30','2025-04-02 16:13:30'),(89,101,'sql','SELECT COUNT(*) FROM PREFIX_image','>=','50000','2271','time','8',0,'2025-04-02 16:13:30','2025-04-02 16:13:30'),(90,102,'sql','SELECT id_cms FROM PREFIX_cms WHERE id_cms > 5','>','0','0','hook','actionObjectCMSAddAfter',0,'2025-04-02 16:13:30','2025-04-02 16:13:30'),(91,103,'sql','SELECT COUNT(*) FROM PREFIX_cart_rule','>=','1','0','hook','actionObjectCartRuleAddAfter 	',0,'2025-04-02 16:13:30','2025-04-02 16:13:30'),(92,104,'sql','SELECT COUNT(*) FROM PREFIX_cart_rule','>=','10','0','hook','actionObjectCartRuleAddAfter 	',0,'2025-04-02 16:13:30','2025-04-02 16:13:30'),(93,105,'sql','SELECT COUNT(*) FROM PREFIX_cart_rule','>=','100','0','hook','actionObjectCartRuleAddAfter 	',0,'2025-04-02 16:13:30','2025-04-02 16:13:30'),(94,106,'sql','SELECT COUNT(*) FROM PREFIX_cart_rule','>=','1000','0','hook','actionObjectCartRuleAddAfter 	',0,'2025-04-02 16:13:30','2025-04-02 16:13:30'),(95,107,'sql','SELECT COUNT(*) FROM PREFIX_cart_rule','>=','500','0','hook','actionObjectCartRuleAddAfter 	',0,'2025-04-02 16:13:30','2025-04-02 16:13:30'),(96,108,'sql','SELECT COUNT(*) FROM PREFIX_cart_rule','>=','5000','0','hook','actionObjectCartRuleAddAfter 	',0,'2025-04-02 16:13:30','2025-04-02 16:13:30'),(97,109,'sql','SELECT COUNT(*) FROM PREFIX_orders o INNER JOIN PREFIX_address a ON a.id_address = o.id_address_delivery\r\nWHERE reference NOT IN (\"XKBKNABJK\", \"OHSATSERP\", \"FFATNOMMJ\", \"UOYEVOLI\", \"KHWLILZLL\") AND a.id_country != \"{config}PS_COUNTRY_DEFAULT{/config}\"','>=','1','0','hook','newOrder',0,'2025-04-02 16:13:30','2025-04-02 16:13:30'),(98,110,'sql','SELECT COUNT(*) FROM PREFIX_orders o INNER JOIN PREFIX_address a ON a.id_address = o.id_address_delivery\r\nWHERE reference NOT IN (\"XKBKNABJK\", \"OHSATSERP\", \"FFATNOMMJ\", \"UOYEVOLI\", \"KHWLILZLL\") AND a.id_country != \"{config}PS_COUNTRY_DEFAULT{/config}\"','>=','10','0','hook','actionOrderStatusUpdate',0,'2025-04-02 16:13:30','2025-04-02 16:13:30'),(99,111,'sql','SELECT COUNT(*) FROM PREFIX_orders o INNER JOIN PREFIX_address a ON a.id_address = o.id_address_delivery\r\nWHERE reference NOT IN (\"XKBKNABJK\", \"OHSATSERP\", \"FFATNOMMJ\", \"UOYEVOLI\", \"KHWLILZLL\") AND a.id_country != \"{config}PS_COUNTRY_DEFAULT{/config}\"','>=','100','0','hook','actionOrderStatusUpdate',0,'2025-04-02 16:13:30','2025-04-02 16:13:30'),(100,112,'sql','SELECT COUNT(*) FROM PREFIX_orders o INNER JOIN PREFIX_address a ON a.id_address = o.id_address_delivery\r\nWHERE reference NOT IN (\"XKBKNABJK\", \"OHSATSERP\", \"FFATNOMMJ\", \"UOYEVOLI\", \"KHWLILZLL\") AND a.id_country != \"{config}PS_COUNTRY_DEFAULT{/config}\"','>=','10000','0','hook','actionOrderStatusUpdate',0,'2025-04-02 16:13:30','2025-04-02 16:13:30'),(101,113,'sql','SELECT COUNT(*) FROM PREFIX_orders o INNER JOIN PREFIX_address a ON a.id_address = o.id_address_delivery\r\nWHERE reference NOT IN (\"XKBKNABJK\", \"OHSATSERP\", \"FFATNOMMJ\", \"UOYEVOLI\", \"KHWLILZLL\") AND a.id_country != \"{config}PS_COUNTRY_DEFAULT{/config}\"','>=','1000','0','hook','actionOrderStatusUpdate',0,'2025-04-02 16:13:30','2025-04-02 16:13:30'),(102,114,'sql','SELECT COUNT(*) FROM PREFIX_orders o INNER JOIN PREFIX_address a ON a.id_address = o.id_address_delivery\r\nWHERE reference NOT IN (\"XKBKNABJK\", \"OHSATSERP\", \"FFATNOMMJ\", \"UOYEVOLI\", \"KHWLILZLL\") AND a.id_country != \"{config}PS_COUNTRY_DEFAULT{/config}\"','>=','5000','0','hook','actionOrderStatusUpdate',0,'2025-04-02 16:13:30','2025-04-02 16:13:30'),(103,132,'sql','SELECT count(id_configuration) FROM PREFIX_configuration WHERE `name` = \'PS_SHOP_DOMAIN\' AND value IN (\'127.0.0.1\', \'localhost\' )','==','1','0','time','1',0,'2025-04-02 16:13:30','2025-04-03 13:57:06'),(104,136,'sql','SELECT COUNT( id_module ) FROM PREFIX_module WHERE `name` like \"%ebay%\"','>=','1','0','hook','actionModuleInstallAfter',0,'2025-04-02 16:13:30','2025-04-02 16:13:30'),(105,140,'sql','SELECT COUNT( id_module ) FROM PREFIX_module WHERE `name` like \"%moneybookers%\"','>=','1','0','hook','actionModuleInstallAfter',0,'2025-04-02 16:13:30','2025-04-02 16:13:30'),(106,142,'sql','SELECT COUNT( id_module ) FROM PREFIX_module WHERE `name` like \"%paypal%\"','>=','1','0','hook','actionModuleInstallAfter',0,'2025-04-02 16:13:30','2025-04-02 16:13:30'),(107,158,'install','','>=','90','1','time','2',1,'2025-04-02 16:13:30','2025-04-02 16:13:30'),(108,159,'install','','<=','90','1','time','2',1,'2025-04-02 16:13:30','2025-04-02 16:13:30'),(109,165,'sql','SELECT COUNT(s.`id_store`) FROM PREFIX_store s WHERE `latitude` NOT IN (\'25.76500500\', \'26.13793600\', \'26.00998700\', \'25.73629600\', \'25.88674000\') AND `longitude` NOT IN (\'-80.24379700\', \'-80.13943500\', \'-80.29447200\', \'-80.24479700\', \'-80.16329200\')','>','0','0','hook','actionAdminStoresControllerSaveAfter',0,'2025-04-02 16:13:30','2025-04-02 16:13:30'),(110,166,'sql','SELECT COUNT(s.`id_store`) FROM PREFIX_store s WHERE `latitude` NOT IN (\'25.76500500\', \'26.13793600\', \'26.00998700\', \'25.73629600\', \'25.88674000\') AND `longitude` NOT IN (\'-80.24379700\', \'-80.13943500\', \'-80.29447200\', \'-80.24479700\', \'-80.16329200\')','>','1','0','hook','actionAdminStoresControllerSaveAfter',0,'2025-04-02 16:13:30','2025-04-02 16:13:30'),(111,167,'sql','SELECT COUNT(s.`id_store`) FROM PREFIX_store s WHERE `latitude` NOT IN (\'25.76500500\', \'26.13793600\', \'26.00998700\', \'25.73629600\', \'25.88674000\') AND `longitude` NOT IN (\'-80.24379700\', \'-80.13943500\', \'-80.29447200\', \'-80.24479700\', \'-80.16329200\')','>','4','0','hook','actionAdminStoresControllerSaveAfter',0,'2025-04-02 16:13:30','2025-04-02 16:13:30'),(112,168,'sql','SELECT COUNT(s.`id_store`) FROM PREFIX_store s WHERE `latitude` NOT IN (\'25.76500500\', \'26.13793600\', \'26.00998700\', \'25.73629600\', \'25.88674000\') AND `longitude` NOT IN (\'-80.24379700\', \'-80.13943500\', \'-80.29447200\', \'-80.24479700\', \'-80.16329200\')','>','9','0','hook','actionAdminStoresControllerSaveAfter',0,'2025-04-02 16:13:30','2025-04-02 16:13:30'),(113,169,'sql','SELECT COUNT(s.`id_store`) FROM PREFIX_store s WHERE `latitude` NOT IN (\'25.76500500\', \'26.13793600\', \'26.00998700\', \'25.73629600\', \'25.88674000\') AND `longitude` NOT IN (\'-80.24379700\', \'-80.13943500\', \'-80.29447200\', \'-80.24479700\', \'-80.16329200\')','>','19','0','hook','actionAdminStoresControllerSaveAfter',0,'2025-04-02 16:13:30','2025-04-02 16:13:30'),(114,170,'sql','SELECT COUNT(s.`id_store`) FROM PREFIX_store s WHERE `latitude` NOT IN (\'25.76500500\', \'26.13793600\', \'26.00998700\', \'25.73629600\', \'25.88674000\') AND `longitude` NOT IN (\'-80.24379700\', \'-80.13943500\', \'-80.29447200\', \'-80.24479700\', \'-80.16329200\')','>','49','0','hook','actionAdminStoresControllerSaveAfter',0,'2025-04-02 16:13:30','2025-04-02 16:13:30'),(115,171,'sql','SELECT COUNT(*) FROM PREFIX_webservice_account','>=','1','0','hook','actionAdminWebserviceControllerSaveAfter',0,'2025-04-02 16:13:30','2025-04-02 16:13:30'),(116,172,'sql','SELECT COUNT(*) FROM PREFIX_webservice_account','>=','2','0','hook','actionAdminWebserviceControllerSaveAfter',0,'2025-04-02 16:13:30','2025-04-02 16:13:30'),(117,173,'sql','SELECT COUNT(*) FROM PREFIX_webservice_account','>=','3','0','hook','actionAdminWebserviceControllerSaveAfter',0,'2025-04-02 16:13:30','2025-04-02 16:13:30'),(118,174,'sql','SELECT COUNT(*) FROM PREFIX_webservice_account','>=','4','0','hook','actionAdminWebserviceControllerSaveAfter',0,'2025-04-02 16:13:30','2025-04-02 16:13:30'),(119,175,'sql','SELECT count(*) FROM	 PREFIX_configuration WHERE name = \'PS_HOSTED_MODE\'','==','0','0','time','1',1,'2025-04-02 16:13:30','2025-04-02 16:13:30'),(120,209,'configuration','EBAY_CONFIGURATION_OK','==','1','','time','1',0,'2025-04-02 16:13:30','2025-04-03 13:57:06'),(121,320,'sql','SELECT COUNT( id_module ) FROM PREFIX_module WHERE `name` like \"%shopgate%\" ','>=','1','0','hook','actionModuleInstallAfter',0,'2025-04-02 16:13:30','2025-04-02 16:13:30'),(122,322,'configuration','SHOPGATE_CONFIGURATION_OK','==','1','','time','1',0,'2025-04-02 16:13:30','2025-04-03 13:57:06'),(123,323,'sql','SELECT COUNT( id_module ) FROM PREFIX_module WHERE `name` like \"%shoppingfluxexport%\" ','>=','1','0','hook','actionModuleInstallAfter',0,'2025-04-02 16:13:30','2025-04-02 16:13:30'),(124,324,'sql','SELECT COUNT( id_module ) FROM PREFIX_module WHERE `name` like \"%shoppingfluxexport%\" ','==','0','0','time','1',1,'2025-04-02 16:13:30','2025-04-02 16:13:30'),(125,325,'sql','SELECT COUNT(*) FROM PREFIX_configuration WHERE name LIKE \'SHOPPINGFLUXEXPORT_CONFIGURATION_OK\' OR name LIKE \'SHOPPINGFLUXEXPORT_CONFIGURED\'','>=','1','0','time','1',0,'2025-04-02 16:13:30','2025-04-03 13:57:06'),(126,326,'sql','SELECT COUNT(*) FROM PREFIX_configuration WHERE (( name LIKE \'MONEYBOOKERS_CONFIGURATION_OK\') AND ( value = \'1\')) OR (( name LIKE \'MB_PAY_TO_EMAIL \') AND ( value != \'testaccount2@moneybookers.com \'))','==','2','0','time','1',0,'2025-04-02 16:13:30','2025-04-03 13:57:06'),(127,358,'sql','SELECT COUNT(*) FROM PREFIX_orders o LEFT JOIN PREFIX_order_state os ON os.id_order_state = o.current_state WHERE o.module like \"%ebay%\" AND os.logable = 1','>=','1','0','time','1',0,'2025-04-02 16:13:30','2025-04-03 13:57:06'),(128,359,'sql','SELECT COUNT(*) FROM PREFIX_orders o LEFT JOIN PREFIX_order_state os ON os.id_order_state = o.current_state WHERE o.module like \"%ebay%\" AND os.logable = 1 AND o.date_add > DATE_SUB(NOW(), INTERVAL 90 DAY)','>=','30','0','time','1',0,'2025-04-02 16:13:30','2025-04-03 13:57:06'),(129,375,'sql','SELECT COUNT(*) FROM PREFIX_orders o LEFT JOIN PREFIX_order_state os ON os.id_order_state = o.current_state WHERE o.module like \"%shopgate%\" AND os.logable = 1 AND o.date_add > DATE_SUB(NOW(), INTERVAL 90 DAY)','>=','1','0','time','1',0,'2025-04-02 16:13:30','2025-04-03 13:57:06'),(130,376,'sql','SELECT COUNT(*) FROM PREFIX_orders o LEFT JOIN PREFIX_order_state os ON os.id_order_state = o.current_state WHERE o.module like \"%shopgate%\" AND os.logable = 1 AND o.date_add > DATE_SUB(NOW(), INTERVAL 90 DAY)','>=','30','0','time','1',0,'2025-04-02 16:13:30','2025-04-03 13:57:06'),(131,377,'sql','SELECT COUNT(*) FROM PREFIX_orders o LEFT JOIN PREFIX_order_state os ON os.id_order_state = o.current_state WHERE o.module like \"%moneybookers%\" AND os.logable = 1 AND o.date_add > DATE_SUB(NOW(), INTERVAL 90 DAY)','>=','1','0','time','1',0,'2025-04-02 16:13:30','2025-04-03 13:57:06'),(132,394,'sql','SELECT COUNT(*) FROM PREFIX_orders o LEFT JOIN PREFIX_order_state os ON os.id_order_state = o.current_state WHERE o.module like \"%sofortbanking%\" AND os.logable = 1 AND o.date_add > DATE_SUB(NOW(), INTERVAL 90 DAY)','>=','30','0','time','1',0,'2025-04-02 16:13:30','2025-04-03 13:57:06'),(133,399,'sql','SELECT COUNT(*) FROM PREFIX_product WHERE reference NOT LIKE \"demo_%\"','>','499','544','hook','actionObjectProductAddAfter',1,'2025-04-02 16:13:30','2025-04-02 16:13:30'),(134,424,'sql','SELECT COUNT( id_module ) FROM PREFIX_module WHERE `name` like \"%alliance3%\"','>=','1','0','hook','actionModuleInstallAfter',0,'2025-04-02 16:13:30','2025-04-02 16:13:30'),(135,425,'sql','SELECT COUNT(*) FROM PREFIX_configuration WHERE (( name LIKE \'ALLIANCE3_CONFIGURATION_OK\') AND ( value = \'1\')) OR (( name LIKE \'ALLIANCE_DEMO\') AND ( value = \'0\'))','==','2','0','time','1',0,'2025-04-02 16:13:30','2025-04-03 13:57:06'),(136,426,'sql','SELECT COUNT(*) FROM PREFIX_orders o LEFT JOIN PREFIX_order_state os ON os.id_order_state = o.current_state WHERE o.module like \"%alliance3%\" AND os.logable = 1','>=','1','0','time','2',0,'2025-04-02 16:13:30','2025-04-02 16:13:30'),(137,427,'sql','SELECT COUNT(*) FROM PREFIX_orders o LEFT JOIN PREFIX_order_state os ON os.id_order_state = o.current_state WHERE o.module like \"%alliance3%\" AND os.logable = 1 AND o.date_add > DATE_SUB(NOW(), INTERVAL 90 DAY)','>=','30','0','time','7',0,'2025-04-02 16:13:30','2025-04-02 16:13:30'),(138,428,'sql','SELECT COUNT( id_module ) FROM PREFIX_module WHERE `name` like \"%authorizeaim%\"','>=','1','0','hook','actionModuleInstallAfter',0,'2025-04-02 16:13:30','2025-04-02 16:13:30'),(139,429,'configuration','SELECT COUNT(*) FROM PREFIX_configuration WHERE (( name LIKE \'AUTHORIZEAIM_CONFIGURATION_OK\') AND ( value = \'1\')) OR (( name LIKE \'AUTHORIZE_AIM_SANDBOX\') AND ( value = \'0\'))','==','2','','time','2',0,'2025-04-02 16:13:30','2025-04-02 16:13:30'),(140,430,'sql','SELECT COUNT(*) FROM PREFIX_orders o LEFT JOIN PREFIX_order_state os ON os.id_order_state = o.current_state WHERE o.module like \"%authorizeaim%\" AND os.logable = 1','>=','1','0','time','2',0,'2025-04-02 16:13:30','2025-04-02 16:13:30'),(141,431,'sql','SELECT COUNT(*) FROM PREFIX_orders o LEFT JOIN PREFIX_order_state os ON os.id_order_state = o.current_state WHERE o.module like \"%authorizeaim%\" AND os.logable = 1 AND o.date_add > DATE_SUB(NOW(), INTERVAL 90 DAY)','>=','30','0','time','7',0,'2025-04-02 16:13:30','2025-04-02 16:13:30'),(142,434,'sql','SELECT COUNT( id_module ) FROM PREFIX_module WHERE `name` like \"%bluepay%\"','>=','1','0','hook','actionModuleInstallAfter',0,'2025-04-02 16:13:30','2025-04-02 16:13:30'),(143,435,'configuration','BLUEPAY_CONFIGURATION_OK','==','1','','time','1',0,'2025-04-02 16:13:30','2025-04-03 13:57:06'),(144,436,'sql','SELECT COUNT(*) FROM PREFIX_orders o LEFT JOIN PREFIX_order_state os ON os.id_order_state = o.current_state WHERE o.module like \"%bluepay%\" AND os.logable = 1','>=','1','0','time','2',0,'2025-04-02 16:13:30','2025-04-02 16:13:30'),(145,437,'sql','SELECT COUNT(*) FROM PREFIX_orders o LEFT JOIN PREFIX_order_state os ON os.id_order_state = o.current_state WHERE o.module like \"%bluepay%\" AND os.logable = 1 AND o.date_add > DATE_SUB(NOW(), INTERVAL 90 DAY)','>=','30','0','time','7',0,'2025-04-02 16:13:30','2025-04-02 16:13:30'),(146,438,'sql','SELECT COUNT( id_module ) FROM PREFIX_module WHERE `name` like \"%payplug%\"','>=','1','0','hook','actionModuleInstallAfter',0,'2025-04-02 16:13:30','2025-04-02 16:13:30'),(147,439,'configuration','PAYPLUG_CONFIGURATION_OK','==','1','','time','1',0,'2025-04-02 16:13:30','2025-04-03 13:57:06'),(148,440,'sql','SELECT COUNT(*) FROM PREFIX_orders o LEFT JOIN PREFIX_order_state os ON os.id_order_state = o.current_state WHERE o.module like \"%payplug%\" AND os.logable = 1','>=','1','0','time','2',0,'2025-04-02 16:13:30','2025-04-02 16:13:30'),(149,441,'sql','SELECT SUM(o.total_paid) FROM PREFIX_orders o LEFT JOIN PREFIX_order_state os ON os.id_order_state = o.current_state WHERE o.module like \"%payplug%\" AND os.logable = 1 AND o.date_add > DATE_SUB(NOW(), INTERVAL 90 DAY)','>=','10000','0','time','7',0,'2025-04-02 16:13:30','2025-04-02 16:13:30'),(150,442,'sql','SELECT COUNT( id_module ) FROM PREFIX_module WHERE `name` like \"%affinityitems%\"','>=','1','0','hook','actionModuleInstallAfter',0,'2025-04-02 16:13:30','2025-04-02 16:13:30'),(151,443,'sql','SELECT COUNT(*) FROM PREFIX_configuration WHERE name LIKE \'AFFINITYITEMS_CONFIGURATION_OK\' AND value = \'1\'','==','1','0','time','1',0,'2025-04-02 16:13:30','2025-04-03 13:57:06'),(152,446,'sql','SELECT COUNT( id_module ) FROM PREFIX_module WHERE `name` like \"%dpdpoland%\"','>=','1','0','hook','actionModuleInstallAfter',0,'2025-04-02 16:13:30','2025-04-02 16:13:30'),(153,447,'configuration','DPDPOLAND_CONFIGURATION_OK','==','1','','time','1',0,'2025-04-02 16:13:30','2025-04-03 13:57:06'),(154,448,'sql','SELECT COUNT(*) FROM PREFIX_orders o LEFT JOIN PREFIX_order_state os ON os.id_order_state = o.current_state LEFT JOIN PREFIX_carrier c ON c.id_carrier = o.id_carrier WHERE c.name like \"%dpdpoland%\" AND os.logable = 1','>=','1','0','time','2',0,'2025-04-02 16:13:30','2025-04-02 16:13:30'),(155,449,'sql','SELECT COUNT(*) FROM PREFIX_orders o LEFT JOIN PREFIX_order_state os ON os.id_order_state = o.current_state LEFT JOIN PREFIX_carrier c ON c.id_carrier = o.id_carrier WHERE c.name like \"%dpdpoland%\" AND os.logable = 1 AND o.date_add > DATE_SUB(NOW(), INTERVAL 90 DAY)','>=','100','0','time','7',0,'2025-04-02 16:13:30','2025-04-02 16:13:30'),(156,450,'sql','SELECT COUNT( id_module ) FROM PREFIX_module WHERE `name` like \"%envoimoinscher%\"','>=','1','0','hook','actionModuleInstallAfter',0,'2025-04-02 16:13:30','2025-04-02 16:13:30'),(157,451,'sql','SELECT COUNT(*) FROM PREFIX_configuration WHERE (( name LIKE \'ENVOIMOINSCHER_CONFIGURATION_OK\') AND ( value = \'1\')) OR (( name LIKE \'EMC_ENV \') AND ( value != \'TEST\'))','==','2','0','time','1',0,'2025-04-02 16:13:30','2025-04-03 13:57:06'),(158,452,'sql','SELECT COUNT(*) FROM PREFIX_orders o LEFT JOIN PREFIX_order_state os ON os.id_order_state = o.current_state LEFT JOIN PREFIX_carrier c ON c.id_carrier = o.id_carrier WHERE c.name like \"%envoimoinscher%\" AND os.logable = 1','>=','1','0','time','2',0,'2025-04-02 16:13:30','2025-04-02 16:13:30'),(159,453,'sql','SELECT COUNT(*) FROM PREFIX_orders o LEFT JOIN PREFIX_order_state os ON os.id_order_state = o.current_state LEFT JOIN PREFIX_carrier c ON c.id_carrier = o.id_carrier WHERE c.name like \"%envoimoinscher%\" AND os.logable = 1 AND o.date_add > DATE_SUB(NOW(), INTERVAL 90 DAY)','>=','100','0','time','7',0,'2025-04-02 16:13:30','2025-04-02 16:13:30'),(160,454,'sql','SELECT COUNT( id_module ) FROM PREFIX_module WHERE `name` like \"%klikandpay%\"','>=','1','0','hook','actionModuleInstallAfter',0,'2025-04-02 16:13:30','2025-04-02 16:13:30'),(161,455,'configuration','KLIKANDPAY_CONFIGURATION_OK','==','1','','time','1',0,'2025-04-02 16:13:30','2025-04-03 13:57:06'),(162,456,'sql','SELECT COUNT(*) FROM PREFIX_orders o LEFT JOIN PREFIX_order_state os ON os.id_order_state = o.current_state WHERE o.module like \"%klikandpay%\" AND os.logable = 1','>=','1','0','time','2',0,'2025-04-02 16:13:30','2025-04-02 16:13:30'),(163,457,'sql','SELECT COUNT(*) FROM PREFIX_orders o LEFT JOIN PREFIX_order_state os ON os.id_order_state = o.current_state WHERE o.module like \"%klikandpay%\" AND os.logable = 1 AND o.date_add > DATE_SUB(NOW(), INTERVAL 90 DAY)','>=','30','0','time','7',0,'2025-04-02 16:13:30','2025-04-02 16:13:30'),(164,458,'sql','SELECT COUNT( id_module ) FROM PREFIX_module WHERE `name` like \"%clickline%\"','>=','1','0','hook','actionModuleInstallAfter',0,'2025-04-02 16:13:30','2025-04-02 16:13:30'),(165,459,'configuration','CLICKLINE_CONFIGURATION_OK','==','1','','time','1',0,'2025-04-02 16:13:30','2025-04-03 13:57:06'),(166,460,'sql','SELECT COUNT(*) FROM PREFIX_orders o LEFT JOIN PREFIX_order_state os ON os.id_order_state = o.current_state LEFT JOIN PREFIX_carrier c ON c.id_carrier = o.id_carrier WHERE c.name like \"%clickline%\" AND os.logable = 1','>=','1','0','time','2',0,'2025-04-02 16:13:30','2025-04-02 16:13:30'),(167,461,'sql','SELECT COUNT(*) FROM PREFIX_orders o LEFT JOIN PREFIX_order_state os ON os.id_order_state = o.current_state LEFT JOIN PREFIX_carrier c ON c.id_carrier = o.id_carrier WHERE c.name like \"%clickline%\" AND os.logable = 1 AND o.date_add > DATE_SUB(NOW(), INTERVAL 90 DAY)','>=','100','0','time','7',0,'2025-04-02 16:13:30','2025-04-02 16:13:30'),(168,462,'sql','SELECT COUNT( id_module ) FROM PREFIX_module WHERE `name` like \"%cdiscount%\"','>=','1','0','hook','actionModuleInstallAfter',0,'2025-04-02 16:13:30','2025-04-02 16:13:30'),(169,463,'sql','SELECT 1','!=','1','1','time','100',0,'2025-04-02 16:13:30','2025-04-02 16:13:30'),(170,464,'sql','SELECT COUNT(*) FROM PREFIX_orders o LEFT JOIN PREFIX_order_state os ON os.id_order_state = o.current_state WHERE o.module like \"%cdiscount%\" AND os.logable = 1','>=','1','0','time','2',0,'2025-04-02 16:13:31','2025-04-02 16:13:31'),(171,465,'sql','SELECT SUM(o.total_paid) FROM PREFIX_orders o LEFT JOIN PREFIX_order_state os ON os.id_order_state = o.current_state WHERE o.module like \"%cdiscount%\" AND os.logable = 1 AND o.date_add > DATE_SUB(NOW(), INTERVAL 365 DAY)','>=','500','0','time','7',0,'2025-04-02 16:13:31','2025-04-02 16:13:31'),(172,467,'sql','SELECT COUNT( id_module ) FROM PREFIX_module WHERE `name` like \"%erpillicopresta%\"','>=','1','0','hook','actionModuleInstallAfter',0,'2025-04-02 16:13:31','2025-04-02 16:13:31'),(173,468,'configuration','SELECT COUNT(*) FROM PREFIX_configuration WHERE (( name LIKE \'ERPILLICOPRESTA_CONFIGURATION_OK\') AND ( value = \'1\')) OR (( name LIKE \'ERP_LICENCE_VALIDITY \') AND ( value == \'1\')) OR (( name LIKE \'ERP_MONTH_FREE_ACTIVE \') AND ( value == \'0\'))','==','3','','time','1',0,'2025-04-02 16:13:31','2025-04-03 13:57:06'),(174,469,'sql','SELECT 1','!=','1','1','time','100',0,'2025-04-02 16:13:31','2025-04-02 16:13:31'),(175,470,'sql','SELECT 1','!=','1','1','time','100',0,'2025-04-02 16:13:31','2025-04-02 16:13:31'),(176,471,'sql','SELECT COUNT( id_module ) FROM PREFIX_module WHERE `name` like \"%netreviews%\"','>=','1','0','hook','actionModuleInstallAfter',0,'2025-04-02 16:13:31','2025-04-02 16:13:31'),(177,472,'sql','SELECT COUNT(*) FROM PREFIX_configuration WHERE (( name LIKE \'NETREVIEWS_CONFIGURATION_OK\') AND ( value = \'1\')) OR (( name LIKE \'AVISVERIFIES_URLCERTIFICAT \') AND ( value IS NOT LIKE \'%preprod%\'))','==','2','0','time','1',0,'2025-04-02 16:13:31','2025-04-03 13:57:06'),(178,473,'sql','SELECT 1','!=','1','1','time','100',0,'2025-04-02 16:13:31','2025-04-02 16:13:31'),(179,474,'sql','SELECT 1','!=','1','1','time','100',0,'2025-04-02 16:13:31','2025-04-02 16:13:31'),(180,475,'sql','SELECT COUNT( id_module ) FROM PREFIX_module WHERE `name` like \"%bluesnap%\"','>=','1','0','hook','actionModuleInstallAfter',0,'2025-04-02 16:13:31','2025-04-02 16:13:31'),(181,476,'sql','SELECT COUNT(*) FROM PREFIX_configuration WHERE (( name LIKE \'BLUESNAP_CONFIGURATION_OK\') AND ( value = \'1\')) OR (( name LIKE \'BLUESNAP_SANDBOX \') AND ( value NOT LIKE \'%sandbox%\'))','==','2','0','time','1',0,'2025-04-02 16:13:31','2025-04-03 13:57:06'),(182,477,'sql','SELECT COUNT(*) FROM PREFIX_orders o LEFT JOIN PREFIX_order_state os ON os.id_order_state = o.current_state WHERE o.module like \"%bluesnap%\" AND os.logable = 1','>=','1','0','time','2',0,'2025-04-02 16:13:31','2025-04-02 16:13:31'),(183,478,'sql','SELECT COUNT(*) FROM PREFIX_orders o LEFT JOIN PREFIX_order_state os ON os.id_order_state = o.current_state WHERE o.module like \"%bluesnap%\" AND os.logable = 1 AND o.date_add > DATE_SUB(NOW(), INTERVAL 90 DAY)','>=','30','0','time','7',0,'2025-04-02 16:13:31','2025-04-02 16:13:31'),(184,479,'sql','SELECT COUNT( id_module ) FROM PREFIX_module WHERE `name` like \"%desjardins%\"','>=','1','0','hook','actionModuleInstallAfter',0,'2025-04-02 16:13:31','2025-04-02 16:13:31'),(185,480,'sql','SELECT COUNT(*) FROM PREFIX_configuration WHERE (( name LIKE \'DESJARDINS_CONFIGURATION_OK\') AND ( value = \'1\')) OR (( name LIKE \'DESJARDINS_MODE \') AND ( value NOT LIKE \'%test%\'))','==','2','0','time','1',0,'2025-04-02 16:13:31','2025-04-03 13:57:06'),(186,481,'sql','SELECT COUNT(*) FROM PREFIX_orders o LEFT JOIN PREFIX_order_state os ON os.id_order_state = o.current_state WHERE o.module like \"%desjardins%\" AND os.logable = 1','>=','1','0','time','2',0,'2025-04-02 16:13:31','2025-04-02 16:13:31'),(187,482,'sql','SELECT COUNT(*) FROM PREFIX_orders o LEFT JOIN PREFIX_order_state os ON os.id_order_state = o.current_state WHERE o.module like \"%desjardins%\" AND os.logable = 1 AND o.date_add > DATE_SUB(NOW(), INTERVAL 90 DAY)','>=','30','0','time','7',0,'2025-04-02 16:13:31','2025-04-02 16:13:31'),(188,483,'sql','SELECT COUNT( id_module ) FROM PREFIX_module WHERE `name` like \"%firstdata%\"','>=','1','0','hook','actionModuleInstallAfter',0,'2025-04-02 16:13:31','2025-04-02 16:13:31'),(189,484,'configuration','FIRSTDATA_CONFIGURATION_OK','==','1','','time','1',0,'2025-04-02 16:13:31','2025-04-03 13:57:06'),(190,485,'sql','SELECT COUNT(*) FROM PREFIX_orders o LEFT JOIN PREFIX_order_state os ON os.id_order_state = o.current_state WHERE o.module like \"%firstdata%\" AND os.logable = 1','>=','1','0','time','2',0,'2025-04-02 16:13:31','2025-04-02 16:13:31'),(191,486,'sql','SELECT COUNT(*) FROM PREFIX_orders o LEFT JOIN PREFIX_order_state os ON os.id_order_state = o.current_state WHERE o.module like \"%firstdata%\" AND os.logable = 1 AND o.date_add > DATE_SUB(NOW(), INTERVAL 90 DAY)','>=','30','0','time','7',0,'2025-04-02 16:13:31','2025-04-02 16:13:31'),(192,487,'sql','SELECT COUNT( id_module ) FROM PREFIX_module WHERE `name` like \"%giveit%\"','>=','1','0','hook','actionModuleInstallAfter',0,'2025-04-02 16:13:31','2025-04-02 16:13:31'),(193,488,'sql','GIVEIT_CONFIGURATION_OK','>=','1','0','time','1',0,'2025-04-02 16:13:31','2025-04-03 13:57:06'),(194,489,'sql','SELECT 1','!=','1','1','time','365',0,'2025-04-02 16:13:31','2025-04-02 16:13:31'),(195,490,'sql','SELECT 1','!=','1','1','time','365',0,'2025-04-02 16:13:31','2025-04-02 16:13:31'),(196,491,'sql','SELECT COUNT( id_module ) FROM PREFIX_module WHERE `name` like \"%ganalytics%\"','>=','1','0','hook','actionModuleInstallAfter',0,'2025-04-02 16:13:31','2025-04-02 16:13:31'),(197,492,'configuration','GANALYTICS_CONFIGURATION_OK','==','1','','time','1',0,'2025-04-02 16:13:31','2025-04-03 13:57:06'),(198,493,'sql','SELECT 1','!=','1','1','time','1',0,'2025-04-02 16:13:31','2025-04-03 13:57:06'),(199,494,'sql','SELECT 1','!=','1','1','time','365',0,'2025-04-02 16:13:31','2025-04-02 16:13:31'),(200,496,'sql','SELECT COUNT( id_module ) FROM PREFIX_module WHERE `name` like \"%pagseguro%\"','>=','1','0','hook','actionModuleInstallAfter',0,'2025-04-02 16:13:31','2025-04-02 16:13:31'),(201,497,'configuration','PAGSEGURO_CONFIGURATION_OK','==','1','','time','1',0,'2025-04-02 16:13:31','2025-04-03 13:57:06'),(202,498,'sql','SELECT COUNT(*) FROM PREFIX_orders o LEFT JOIN PREFIX_order_state os ON os.id_order_state = o.current_state WHERE o.module like \"%pagseguro%\" AND os.logable = 1','>=','1','0','time','2',0,'2025-04-02 16:13:31','2025-04-02 16:13:31'),(203,499,'sql','SELECT COUNT(*) FROM PREFIX_orders o LEFT JOIN PREFIX_order_state os ON os.id_order_state = o.current_state WHERE o.module like \"%pagseguro%\" AND os.logable = 1 AND o.date_add > DATE_SUB(NOW(), INTERVAL 90 DAY)','>=','30','0','time','7',0,'2025-04-02 16:13:31','2025-04-02 16:13:31'),(204,500,'sql','SELECT COUNT( id_module ) FROM PREFIX_module WHERE `name` like \"%paypalmx%\"','>=','1','0','hook','actionModuleInstallAfter',0,'2025-04-02 16:13:31','2025-04-02 16:13:31'),(205,501,'sql','SELECT COUNT(*) FROM PREFIX_configuration WHERE (( name LIKE \'PAYPALMX_CONFIGURATION_OK\') AND ( value = \'1\')) OR (( name LIKE \'PAYPAL_MX_SANDBOX\') AND ( value = \'0\'))','==','2','0','time','1',0,'2025-04-02 16:13:31','2025-04-03 13:57:06'),(206,502,'sql','SELECT COUNT(*) FROM PREFIX_orders o LEFT JOIN PREFIX_order_state os ON os.id_order_state = o.current_state WHERE o.module like \"%paypalmx%\" AND os.logable = 1','>=','1','0','time','2',0,'2025-04-02 16:13:31','2025-04-02 16:13:31'),(207,503,'sql','SELECT COUNT(*) FROM PREFIX_orders o LEFT JOIN PREFIX_order_state os ON os.id_order_state = o.current_state WHERE o.module like \"%paypalmx%\" AND os.logable = 1 AND o.date_add > DATE_SUB(NOW(), INTERVAL 90 DAY)','>=','30','0','time','7',0,'2025-04-02 16:13:31','2025-04-02 16:13:31'),(208,505,'sql','SELECT COUNT( id_module ) FROM PREFIX_module WHERE `name` like \"%paypalusa%\"','==','1','0','hook','actionModuleInstallAfter',0,'2025-04-02 16:13:31','2025-04-02 16:13:31'),(209,506,'sql','SELECT COUNT(*) FROM PREFIX_configuration WHERE (( name LIKE \'PAYPALUSA_CONFIGURATION_OK\') AND ( value = \'1\')) OR (( name LIKE \'PAYPAL_USA_SANDBOX\') AND ( value = \'0\'))','==','2','0','time','1',0,'2025-04-02 16:13:31','2025-04-03 13:57:06'),(210,507,'sql','SELECT COUNT(*) FROM PREFIX_orders o LEFT JOIN PREFIX_order_state os ON os.id_order_state = o.current_state WHERE o.module like \"%paypalusa%\" AND os.logable = 1','>=','1','0','time','2',0,'2025-04-02 16:13:31','2025-04-02 16:13:31'),(211,508,'sql','SELECT COUNT(*) FROM PREFIX_orders o LEFT JOIN PREFIX_order_state os ON os.id_order_state = o.current_state WHERE o.module like \"%paypalmx%\" AND os.logable = 1 AND o.date_add > DATE_SUB(NOW(), INTERVAL 90 DAY)','>=','30','0','time','7',0,'2025-04-02 16:13:31','2025-04-02 16:13:31'),(212,509,'sql','SELECT COUNT( id_module ) FROM PREFIX_module WHERE `name` like \"%payulatam%\"','==','1','0','hook','actionModuleInstallAfter',0,'2025-04-02 16:13:31','2025-04-02 16:13:31'),(213,510,'sql','SELECT COUNT(*) FROM PREFIX_configuration WHERE (( name LIKE \'PAYULATAM_CONFIGURATION_OK\') AND ( value = \'1\')) OR (( name LIKE \'PAYU_LATAM_TEST\') AND ( value = \'1\'))','==','2','0','time','1',0,'2025-04-02 16:13:31','2025-04-03 13:57:06'),(214,511,'sql','SELECT COUNT(*) FROM PREFIX_orders o LEFT JOIN PREFIX_order_state os ON os.id_order_state = o.current_state WHERE o.module like \"%payulatam%\" AND os.logable = 1','>=','1','0','time','2',0,'2025-04-02 16:13:31','2025-04-02 16:13:31'),(215,512,'sql','SELECT COUNT(*) FROM PREFIX_orders o LEFT JOIN PREFIX_order_state os ON os.id_order_state = o.current_state WHERE o.module like \"%payulatam%\" AND os.logable = 1 AND o.date_add > DATE_SUB(NOW(), INTERVAL 90 DAY)','>=','30','0','time','7',0,'2025-04-02 16:13:31','2025-04-02 16:13:31'),(216,513,'sql','SELECT COUNT( id_module ) FROM PREFIX_module WHERE `name` like \"%prestastats%\"','==','1','0','hook','actionModuleInstallAfter',0,'2025-04-02 16:13:31','2025-04-02 16:13:31'),(217,514,'configuration','PRESTASTATS_CONFIGURATION_OK','==','1','','time','1',0,'2025-04-02 16:13:31','2025-04-03 13:57:06'),(218,515,'sql','SELECT 1','!=','1','1','time','365',0,'2025-04-02 16:13:31','2025-04-02 16:13:31'),(219,516,'sql','SELECT 1','!=','1','1','time','365',0,'2025-04-02 16:13:31','2025-04-02 16:13:31'),(220,517,'sql','SELECT COUNT( id_module ) FROM PREFIX_module WHERE `name` like \"%riskified%\"','==','1','0','hook','actionModuleInstallAfter',0,'2025-04-02 16:13:31','2025-04-02 16:13:31'),(221,518,'sql','SELECT COUNT(*) FROM PREFIX_configuration WHERE (( name LIKE \'RISKIFIED_CONFIGURATION_OK\') AND ( value = \'1\')) OR (( name LIKE \'RISKIFIED_MODE\') AND ( value = \'1\'))','==','2','0','time','1',0,'2025-04-02 16:13:31','2025-04-03 13:57:06'),(222,519,'sql','SELECT COUNT(*) FROM PREFIX_orders o LEFT JOIN PREFIX_order_state os ON os.id_order_state = o.current_state WHERE o.module like \"%riskified%\" AND os.logable = 1','>=','1','0','time','2',0,'2025-04-02 16:13:31','2025-04-02 16:13:31'),(223,520,'sql','SELECT COUNT(*) FROM PREFIX_orders o LEFT JOIN PREFIX_order_state os ON os.id_order_state = o.current_state WHERE o.module like \"%riskified%\" AND os.logable = 1 AND o.date_add > DATE_SUB(NOW(), INTERVAL 90 DAY)','>=','30','0','time','7',0,'2025-04-02 16:13:31','2025-04-02 16:13:31'),(224,521,'sql','SELECT COUNT( id_module ) FROM PREFIX_module WHERE `name` like \"%simplifycommerce%\"','==','1','0','hook','actionModuleInstallAfter',0,'2025-04-02 16:13:31','2025-04-02 16:13:31'),(225,522,'sql','SELECT COUNT(*) FROM PREFIX_configuration WHERE (( name LIKE \'SIMPLIFY_CONFIGURATION_OK\') AND ( value = \'1\')) OR (( name LIKE \'SIMPLIFY_MODE\') AND ( value = \'1\'))','==','2','0','time','1',0,'2025-04-02 16:13:31','2025-04-03 13:57:06'),(226,523,'sql','SELECT COUNT(*) FROM PREFIX_orders o LEFT JOIN PREFIX_order_state os ON os.id_order_state = o.current_state WHERE o.module like \"%simplifycommerce%\" AND os.logable = 1','>=','1','0','time','2',0,'2025-04-02 16:13:31','2025-04-02 16:13:31'),(227,524,'sql','SELECT COUNT(*) FROM PREFIX_orders o LEFT JOIN PREFIX_order_state os ON os.id_order_state = o.current_state WHERE o.module like \"%simplifycommerce%\" AND os.logable = 1 AND o.date_add > DATE_SUB(NOW(), INTERVAL 90 DAY)','>=','30','0','time','7',0,'2025-04-02 16:13:31','2025-04-02 16:13:31'),(228,525,'sql','SELECT COUNT( id_module ) FROM PREFIX_module WHERE `name` like \"%vtpayment%\"','==','1','0','hook','actionModuleInstallAfter',0,'2025-04-02 16:13:31','2025-04-02 16:13:31'),(229,526,'configuration','VTPAYMENT_CONFIGURATION_OK','==','1','','time','1',0,'2025-04-02 16:13:31','2025-04-03 13:57:06'),(230,527,'sql','SELECT COUNT(*) FROM PREFIX_orders o LEFT JOIN PREFIX_order_state os ON os.id_order_state = o.current_state WHERE o.module like \"%vtpayment%\" AND os.logable = 1','>=','1','0','time','2',0,'2025-04-02 16:13:31','2025-04-02 16:13:31'),(231,528,'sql','SELECT COUNT(*) FROM PREFIX_orders o LEFT JOIN PREFIX_order_state os ON os.id_order_state = o.current_state WHERE o.module like \"%vtpayment%\" AND os.logable = 1 AND o.date_add > DATE_SUB(NOW(), INTERVAL 90 DAY)','>=','30','0','time','7',0,'2025-04-02 16:13:31','2025-04-02 16:13:31'),(232,529,'sql','SELECT COUNT( id_module ) FROM PREFIX_module WHERE `name` like \"%yotpo%\"','==','1','0','hook','actionModuleInstallAfter',0,'2025-04-02 16:13:31','2025-04-02 16:13:31'),(233,530,'configuration','YOTPO_CONFIGURATION_OK','==','1','','time','1',0,'2025-04-02 16:13:31','2025-04-03 13:57:06'),(234,531,'sql','SELECT 1','!=','1','1','time','365',0,'2025-04-02 16:13:31','2025-04-02 16:13:31'),(235,532,'sql','SELECT 1','!=','1','1','time','365',0,'2025-04-02 16:13:31','2025-04-02 16:13:31'),(236,533,'sql','SELECT COUNT( id_module ) FROM PREFIX_module WHERE `name` like \"%yotpo%\"','==','1','0','hook','actionModuleInstallAfter',0,'2025-04-02 16:13:31','2025-04-02 16:13:31'),(237,534,'sql','SELECT COUNT(*) FROM PREFIX_configuration WHERE (( name LIKE \'YOUSTICERESOLUTIONSYSTEM_CONF_OK\') AND ( value = \'1\')) OR (( name LIKE \'YRS_SANDBOX\') AND ( value = \'0\'))','==','2','0','time','1',0,'2025-04-02 16:13:31','2025-04-03 13:57:06'),(238,535,'sql','SELECT 1','!=','1','1','time','365',0,'2025-04-02 16:13:31','2025-04-02 16:13:31'),(239,536,'sql','SELECT 1','!=','1','1','time','365',0,'2025-04-02 16:13:31','2025-04-02 16:13:31'),(240,537,'sql','SELECT COUNT( id_module ) FROM PREFIX_module WHERE `name` like \"%loyaltylion%\"','>=','1','0','hook','actionModuleInstallAfter',0,'2025-04-02 16:13:31','2025-04-02 16:13:31'),(241,538,'configuration','LOYALTYLION_CONFIGURATION_OK','==','1','','time','1',0,'2025-04-02 16:13:31','2025-04-03 13:57:06'),(242,539,'sql','SELECT 1','!=','1','1','time','365',0,'2025-04-02 16:13:31','2025-04-02 16:13:31'),(243,540,'sql','SELECT 1','!=','1','1','time','365',0,'2025-04-02 16:13:31','2025-04-02 16:13:31'),(244,542,'sql','SELECT \'{config} PS_VERSION_DB{/config}\' >= \'1.7.0.0\' AND < \'1.8.0.0\'','==','1','0','time','1',0,'2025-04-02 16:13:31','2025-04-03 13:57:06');

--
-- Table structure for table `ps_condition_advice`
--

CREATE TABLE `ps_condition_advice` (
  `id_condition` int NOT NULL,
  `id_advice` int NOT NULL,
  `display` tinyint unsigned NOT NULL DEFAULT '0',
  PRIMARY KEY (`id_condition`,`id_advice`)
) ENGINE=InnoDB DEFAULT CHARSET=utf8mb3;

--
-- Dumping data for table `ps_condition_advice`
--


--
-- Table structure for table `ps_condition_badge`
--

CREATE TABLE `ps_condition_badge` (
  `id_condition` int NOT NULL,
  `id_badge` int NOT NULL,
  PRIMARY KEY (`id_condition`,`id_badge`)
) ENGINE=InnoDB DEFAULT CHARSET=utf8mb3;

--
-- Dumping data for table `ps_condition_badge`
--

INSERT INTO `ps_condition_badge` VALUES (1,125),(2,126),(3,126),(4,126),(5,127),(6,128),(7,129),(8,130),(9,131),(10,132),(11,133),(12,137),(13,138),(14,139),(15,140),(16,134),(17,135),(18,136),(19,141),(20,142),(21,143),(22,144),(23,145),(24,146),(25,147),(26,149),(27,150),(28,148),(29,152),(30,151),(31,153),(32,154),(33,155),(34,156),(35,157),(36,158),(37,159),(38,160),(39,161),(40,162),(41,163),(42,164),(43,165),(44,166),(45,167),(46,168),(47,169),(48,170),(49,171),(50,172),(51,173),(52,174),(53,175),(54,176),(55,177),(56,178),(57,179),(58,180),(59,187),(60,188),(61,189),(62,190),(63,191),(64,192),(65,181),(66,182),(67,183),(68,184),(69,185),(70,186),(71,193),(72,194),(73,195),(74,196),(75,197),(76,198),(77,199),(78,200),(79,201),(80,202),(81,203),(82,204),(83,205),(84,206),(85,207),(86,208),(87,209),(88,210),(89,211),(90,212),(91,213),(92,214),(93,215),(94,217),(95,216),(96,218),(97,219),(98,220),(99,221),(100,224),(101,222),(102,223),(104,23),(105,5),(109,225),(110,226),(111,227),(112,228),(113,229),(114,230),(115,231),(116,232),(117,233),(118,234),(120,24),(121,1),(122,2),(123,9),(125,10),(126,6),(127,25),(128,26),(129,3),(130,4),(131,7),(132,8),(134,11),(135,12),(136,13),(137,14),(138,15),(139,16),(140,17),(141,18),(142,19),(143,20),(144,21),(145,22),(146,27),(147,28),(148,29),(149,30),(150,31),(151,32),(152,33),(153,34),(154,35),(155,36),(156,37),(157,38),(158,39),(159,40),(160,41),(161,42),(162,43),(163,44),(164,45),(165,46),(166,47),(167,48),(168,49),(169,50),(170,51),(171,52),(172,53),(173,54),(174,55),(175,56),(176,57),(177,58),(178,59),(179,60),(180,61),(181,62),(182,63),(183,64),(184,65),(185,66),(186,67),(187,68),(188,69),(189,70),(190,71),(191,72),(192,73),(193,74),(194,75),(195,76),(196,77),(197,78),(198,79),(199,80),(200,81),(201,82),(202,83),(203,84),(204,85),(205,86),(206,87),(207,88),(208,89),(209,90),(210,91),(211,92),(212,93),(213,94),(214,95),(215,96),(216,97),(217,98),(218,99),(219,100),(220,101),(221,102),(222,103),(223,104),(224,105),(225,106),(226,107),(227,108),(228,109),(229,110),(230,111),(231,112),(232,113),(233,114),(234,115),(235,116),(236,117),(237,118),(238,119),(239,120),(240,121),(241,122),(242,123),(243,124);

--
