-- Table structure for table `ps_stock`
--

CREATE TABLE `ps_stock` (
  `id_stock` int unsigned NOT NULL AUTO_INCREMENT,
  `id_warehouse` int unsigned NOT NULL,
  `id_product` int unsigned NOT NULL,
  `id_product_attribute` int unsigned NOT NULL,
  `reference` varchar(64) CHARACTER SET utf8mb4 COLLATE utf8mb4_general_ci NOT NULL,
  `ean13` varchar(13) CHARACTER SET utf8mb4 COLLATE utf8mb4_general_ci DEFAULT NULL,
  `isbn` varchar(32) CHARACTER SET utf8mb4 COLLATE utf8mb4_general_ci DEFAULT NULL,
  `upc` varchar(12) CHARACTER SET utf8mb4 COLLATE utf8mb4_general_ci DEFAULT NULL,
  `mpn` varchar(40) CHARACTER SET utf8mb4 COLLATE utf8mb4_general_ci DEFAULT NULL,
  `physical_quantity` int unsigned NOT NULL,
  `usable_quantity` int unsigned NOT NULL,
  `price_te` decimal(20,6) DEFAULT '0.000000',
  PRIMARY KEY (`id_stock`),
  KEY `id_warehouse` (`id_warehouse`),
  KEY `id_product` (`id_product`),
  KEY `id_product_attribute` (`id_product_attribute`)
) ENGINE=InnoDB DEFAULT CHARSET=utf8mb4 COLLATE=utf8mb4_general_ci;

--
-- Dumping data for table `ps_stock`
--


--
-- Table structure for table `ps_stock_available`
--

CREATE TABLE `ps_stock_available` (
  `id_stock_available` int unsigned NOT NULL AUTO_INCREMENT,
  `id_product` int unsigned NOT NULL,
  `id_product_attribute` int unsigned NOT NULL,
  `id_shop` int unsigned NOT NULL,
  `id_shop_group` int unsigned NOT NULL,
  `quantity` int NOT NULL DEFAULT '0',
  `physical_quantity` int NOT NULL DEFAULT '0',
  `reserved_quantity` int NOT NULL DEFAULT '0',
  `depends_on_stock` tinyint unsigned NOT NULL DEFAULT '0',
  `out_of_stock` tinyint unsigned NOT NULL DEFAULT '0',
  `location` varchar(255) CHARACTER SET utf8mb4 COLLATE utf8mb4_general_ci NOT NULL DEFAULT '',
  PRIMARY KEY (`id_stock_available`),
  UNIQUE KEY `product_sqlstock` (`id_product`,`id_product_attribute`,`id_shop`,`id_shop_group`),
  KEY `id_shop` (`id_shop`),
  KEY `id_shop_group` (`id_shop_group`),
  KEY `id_product` (`id_product`),
  KEY `id_product_attribute` (`id_product_attribute`)
) ENGINE=InnoDB AUTO_INCREMENT=2630 DEFAULT CHARSET=utf8mb4 COLLATE=utf8mb4_general_ci;

--
-- Dumping data for table `ps_stock_available`
--

INSERT INTO `ps_stock_available` VALUES (1,20,0,1,0,0,15,0,0,0,''),(2,21,0,1,0,0,15,0,0,0,''),(3,22,0,1,0,0,15,0,0,0,''),(4,23,0,1,0,0,15,0,0,0,''),(5,24,0,1,0,0,15,0,0,0,''),(6,25,0,1,0,0,15,0,0,0,''),(7,26,0,1,0,0,15,0,0,0,''),(8,27,0,1,0,0,15,0,0,0,''),(9,28,0,1,0,0,15,0,0,0,''),(10,29,0,1,0,0,15,0,0,0,''),(11,30,0,1,0,0,15,0,0,0,''),(12,31,0,1,0,0,15,0,0,0,''),(13,32,0,1,0,0,15,0,0,0,''),(14,33,0,1,0,0,15,0,0,0,''),(15,34,0,1,0,0,15,0,0,0,''),(16,35,0,1,0,0,15,0,0,0,''),(17,36,0,1,0,0,15,0,0,0,''),(18,37,0,1,0,0,39,24,0,0,''),(19,38,0,1,0,0,15,0,0,0,''),(20,39,0,1,0,0,15,0,0,0,''),(21,40,0,1,0,0,15,0,0,0,''),(22,41,0,1,0,0,15,0,0,0,''),(23,42,0,1,0,0,32,17,0,0,''),(24,43,0,1,0,0,15,0,0,0,''),(25,45,0,1,0,0,15,0,0,0,''),(26,46,0,1,0,0,15,0,0,0,''),(27,47,0,1,0,0,15,0,0,0,''),(28,48,0,1,0,0,15,0,0,0,''),(29,49,0,1,0,0,15,0,0,0,''),(30,50,0,1,0,0,23,8,0,0,''),(31,51,0,1,0,0,15,0,0,0,''),(32,52,0,1,0,0,15,0,0,0,''),(33,53,0,1,0,0,18,3,0,0,''),(34,54,0,1,0,0,15,0,0,0,''),(35,55,0,1,0,0,15,4,0,0,''),(36,56,0,1,0,0,15,0,0,0,''),(37,57,0,1,0,0,15,0,0,0,''),(38,58,0,1,0,0,16,1,0,0,''),(39,59,0,1,0,0,15,0,0,0,''),(40,60,0,1,0,0,15,0,0,0,''),(41,61,0,1,0,0,15,0,0,0,''),(42,62,0,1,0,0,15,0,0,0,''),(43,63,0,1,0,0,15,0,0,0,''),(44,64,0,1,0,0,15,0,0,0,''),(45,65,0,1,0,0,15,0,0,0,''),(46,66,0,1,0,0,15,0,0,0,''),(47,67,0,1,0,0,15,0,0,0,''),(48,68,0,1,0,0,15,0,0,0,''),(49,69,0,1,0,0,15,0,0,0,''),(50,70,0,1,0,0,15,0,0,0,''),(51,71,0,1,0,0,15,0,0,0,''),(52,72,0,1,0,0,15,0,0,0,''),(53,73,0,1,0,0,15,0,0,0,''),(54,74,0,1,0,0,15,0,0,0,''),(55,75,0,1,0,0,15,0,0,0,''),(56,77,0,1,0,0,15,0,0,0,''),(57,78,0,1,0,0,15,0,0,0,''),(58,79,0,1,0,0,15,0,0,0,''),(59,80,0,1,0,0,15,0,0,0,''),(60,81,0,1,0,0,15,0,0,0,''),(61,82,0,1,0,0,15,0,0,0,''),(62,83,0,1,0,0,15,0,0,0,''),(63,84,0,1,0,0,15,0,0,0,''),(64,85,0,1,0,0,15,0,0,0,''),(65,86,0,1,0,0,15,0,0,0,''),(66,87,0,1,0,0,15,0,0,0,''),(67,88,0,1,0,0,15,0,0,0,''),(68,89,0,1,0,0,15,0,0,0,''),(69,90,0,1,0,0,15,0,0,0,''),(70,91,0,1,0,0,15,0,0,0,''),(71,92,0,1,0,0,15,0,0,0,''),(72,93,0,1,0,0,15,0,0,0,''),(73,94,0,1,0,0,15,0,0,0,''),(74,95,0,1,0,0,15,0,0,0,''),(75,96,0,1,0,0,15,0,0,0,''),(76,97,0,1,0,0,15,0,0,0,''),(77,98,0,1,0,0,15,0,0,0,''),(78,99,0,1,0,0,15,0,0,0,''),(79,100,0,1,0,0,15,0,0,0,''),(80,101,0,1,0,0,15,0,0,0,''),(81,102,0,1,0,0,15,0,0,0,''),(82,103,0,1,0,0,15,0,0,0,''),(83,104,0,1,0,0,15,0,0,0,''),(84,105,0,1,0,0,15,0,0,0,''),(85,106,0,1,0,0,15,0,0,0,''),(86,107,0,1,0,0,15,0,0,0,''),(87,108,0,1,0,0,15,0,0,0,''),(88,109,0,1,0,0,15,0,0,0,''),(89,110,0,1,0,0,15,0,0,0,''),(90,111,0,1,0,0,15,0,0,0,''),(91,112,0,1,0,0,15,0,0,0,''),(92,113,0,1,0,0,15,0,0,0,''),(93,114,0,1,0,0,15,0,0,0,''),(94,115,0,1,0,0,15,0,0,0,''),(95,116,0,1,0,0,15,0,0,0,''),(96,117,0,1,0,0,15,0,0,0,''),(97,118,0,1,0,0,15,0,0,0,''),(98,119,0,1,0,0,15,0,0,0,''),(99,120,0,1,0,0,15,0,0,0,''),(100,121,0,1,0,0,15,0,0,0,''),(101,122,0,1,0,0,15,0,0,0,''),(102,123,0,1,0,0,15,0,0,0,''),(103,124,0,1,0,0,15,2,0,0,''),(104,125,0,1,0,0,15,0,0,0,''),(105,126,0,1,0,0,15,0,0,0,''),(106,127,0,1,0,0,16,1,0,0,''),(107,128,0,1,0,0,15,0,0,0,''),(108,129,0,1,0,0,15,0,0,0,''),(109,130,0,1,0,0,15,0,0,0,''),(110,131,0,1,0,0,15,0,0,0,''),(111,132,0,1,0,0,15,0,0,0,''),(112,133,0,1,0,0,15,0,0,0,''),(113,134,0,1,0,0,15,0,0,0,''),(114,135,0,1,0,0,15,0,0,0,''),(115,136,0,1,0,0,15,0,0,0,''),(116,137,0,1,0,0,20,5,0,0,''),(117,138,0,1,0,0,20,5,0,0,''),(118,139,0,1,0,0,15,0,0,0,''),(119,140,0,1,0,0,15,0,0,0,''),(120,141,0,1,0,0,19,4,0,0,''),(121,142,0,1,0,0,15,0,0,0,''),(122,143,0,1,0,0,27,12,0,0,''),(123,144,0,1,0,0,20,5,0,0,''),(124,145,0,1,0,0,25,10,0,0,''),(125,146,0,1,0,0,19,4,0,0,''),(126,147,0,1,0,0,15,0,0,0,''),(127,148,0,1,0,0,15,0,0,0,''),(128,149,0,1,0,0,15,0,0,0,''),(129,150,0,1,0,0,15,0,0,0,''),(130,151,0,1,0,0,15,0,0,0,''),(131,152,0,1,0,0,15,0,0,0,''),(132,153,0,1,0,0,15,0,0,0,''),(133,154,0,1,0,0,15,0,0,0,''),(134,155,0,1,0,0,18,3,0,0,''),(135,156,0,1,0,0,31,16,0,0,''),(136,157,0,1,0,0,17,2,0,0,''),(137,158,0,1,0,0,21,6,0,0,''),(138,159,0,1,0,0,15,0,0,0,''),(139,160,0,1,0,0,25,10,0,0,''),(140,161,0,1,0,0,15,0,0,0,''),(141,162,0,1,0,0,15,0,0,0,''),(142,163,0,1,0,0,18,3,0,0,''),(143,164,0,1,0,0,15,0,0,0,''),(144,165,0,1,0,0,15,0,0,0,''),(145,166,0,1,0,0,15,0,0,0,''),(146,167,0,1,0,0,15,0,0,0,''),(147,168,0,1,0,0,15,0,0,0,''),(148,169,0,1,0,0,15,0,0,0,''),(149,170,0,1,0,0,15,0,0,0,''),(150,171,0,1,0,0,16,1,0,0,''),(151,172,0,1,0,0,37,22,0,0,''),(152,173,0,1,0,0,23,8,0,0,''),(153,174,0,1,0,0,15,0,0,0,''),(154,175,0,1,0,0,15,0,0,0,''),(155,176,0,1,0,0,15,0,0,0,''),(156,177,0,1,0,0,17,2,0,0,''),(157,178,0,1,0,0,30,15,0,0,''),(158,179,0,1,0,0,18,3,0,0,''),(159,180,0,1,0,0,15,0,0,0,''),(160,181,0,1,0,0,15,0,0,0,''),(161,182,0,1,0,0,28,13,0,0,''),(162,183,0,1,0,0,15,0,0,0,''),(163,184,0,1,0,0,15,0,0,0,''),(164,185,0,1,0,0,15,0,0,0,''),(165,186,0,1,0,0,15,0,0,0,''),(166,187,0,1,0,0,15,0,0,0,''),(167,188,0,1,0,0,15,0,0,0,''),(168,189,0,1,0,0,19,4,0,0,''),(169,190,0,1,0,0,19,4,0,0,''),(170,191,0,1,0,0,15,0,0,0,''),(171,192,0,1,0,0,15,0,0,0,''),(172,193,0,1,0,0,15,0,0,0,''),(173,194,0,1,0,0,15,0,0,0,''),(174,195,0,1,0,0,15,0,0,0,''),(175,196,0,1,0,0,15,0,0,0,''),(176,197,0,1,0,0,15,0,0,0,''),(177,198,0,1,0,0,15,0,0,0,''),(178,199,0,1,0,0,15,0,0,0,''),(179,200,0,1,0,0,15,0,0,0,''),(180,201,0,1,0,0,16,1,0,0,''),(181,202,0,1,0,0,15,0,0,0,''),(182,203,0,1,0,0,15,0,0,0,''),(183,204,0,1,0,0,15,0,0,0,''),(184,205,0,1,0,0,15,0,0,0,''),(185,206,0,1,0,0,17,2,0,0,''),(186,207,0,1,0,0,15,0,0,0,''),(187,208,0,1,0,0,24,9,0,0,''),(188,209,0,1,0,0,20,5,0,0,''),(189,210,0,1,0,0,16,1,0,0,''),(190,211,0,1,0,0,19,4,0,0,''),(191,212,0,1,0,0,20,5,0,0,''),(192,213,0,1,0,0,15,0,0,0,''),(193,214,0,1,0,0,15,0,0,0,''),(194,215,0,1,0,0,28,13,0,0,''),(195,216,0,1,0,0,15,0,0,0,''),(196,217,0,1,0,0,15,0,0,0,''),(197,218,0,1,0,0,25,10,0,0,''),(198,219,0,1,0,0,27,12,0,0,''),(199,220,0,1,0,0,15,0,0,0,''),(200,221,0,1,0,0,15,0,0,0,''),(201,222,0,1,0,0,20,5,0,0,''),(202,223,0,1,0,0,15,0,0,0,''),(203,224,0,1,0,0,15,0,0,0,''),(204,225,0,1,0,0,15,0,0,0,''),(205,226,0,1,0,0,15,0,0,0,''),(206,227,0,1,0,0,15,0,0,0,''),(207,228,0,1,0,0,15,0,0,0,''),(208,229,0,1,0,0,15,0,0,0,''),(209,230,0,1,0,0,15,0,0,0,''),(210,231,0,1,0,0,15,0,0,0,''),(211,232,0,1,0,0,16,1,0,0,''),(212,233,0,1,0,0,16,1,0,0,''),(213,234,0,1,0,0,15,0,0,0,''),(214,235,0,1,0,0,17,2,0,0,''),(215,236,0,1,0,0,15,0,0,0,''),(216,237,0,1,0,0,15,0,0,0,''),(217,238,0,1,0,0,15,0,0,0,''),(218,239,0,1,0,0,15,0,0,0,''),(219,240,0,1,0,0,15,0,0,0,''),(220,241,0,1,0,0,15,0,0,0,''),(221,242,0,1,0,0,25,10,0,0,''),(222,243,0,1,0,0,15,0,0,0,''),(223,244,0,1,0,0,16,1,0,0,''),(224,245,0,1,0,0,15,0,0,0,''),(225,246,0,1,0,0,15,0,0,0,''),(226,247,0,1,0,0,15,0,0,0,''),(227,248,0,1,0,0,15,0,0,0,''),(228,249,0,1,0,0,15,0,0,0,''),(229,250,0,1,0,0,15,0,0,0,''),(230,251,0,1,0,0,15,0,0,0,''),(231,252,0,1,0,0,15,0,0,0,''),(232,253,0,1,0,0,15,0,0,0,''),(233,254,0,1,0,0,15,0,0,0,''),(234,255,0,1,0,0,15,0,0,0,''),(235,256,0,1,0,0,15,0,0,0,''),(236,257,0,1,0,0,15,0,0,0,''),(237,258,0,1,0,0,15,0,0,0,''),(238,259,0,1,0,0,15,0,0,0,''),(239,260,0,1,0,0,15,0,0,0,''),(240,261,0,1,0,0,16,1,0,0,''),(241,262,0,1,0,0,20,5,0,0,''),(242,263,0,1,0,0,15,0,0,0,''),(243,264,0,1,0,0,15,0,0,0,''),(244,265,0,1,0,0,15,0,0,0,''),(245,266,0,1,0,0,15,0,0,0,''),(246,267,0,1,0,0,15,0,0,0,''),(247,268,0,1,0,0,15,0,0,0,''),(248,269,0,1,0,0,15,0,0,0,''),(249,270,0,1,0,0,15,0,0,0,''),(250,271,0,1,0,0,15,0,0,0,''),(251,272,0,1,0,0,15,0,0,0,''),(252,273,0,1,0,0,15,0,0,0,''),(253,274,0,1,0,0,15,0,0,0,''),(254,275,0,1,0,0,15,0,0,0,''),(255,276,0,1,0,0,15,0,0,0,''),(256,277,0,1,0,0,15,0,0,0,''),(257,278,0,1,0,0,15,0,0,0,''),(258,279,0,1,0,0,15,0,0,0,''),(259,280,0,1,0,0,15,0,0,0,''),(260,281,0,1,0,0,15,0,0,0,''),(261,282,0,1,0,0,15,0,0,0,''),(262,283,0,1,0,0,15,0,0,0,''),(263,284,0,1,0,0,15,0,0,0,''),(264,285,0,1,0,0,15,0,0,0,''),(265,286,0,1,0,0,15,0,0,0,''),(266,287,0,1,0,0,15,0,0,0,''),(267,288,0,1,0,0,15,0,0,0,''),(268,289,0,1,0,0,15,0,0,0,''),(269,290,0,1,0,0,15,0,0,0,''),(270,291,0,1,0,0,15,0,0,0,''),(271,292,0,1,0,0,15,0,0,0,''),(272,293,0,1,0,0,15,0,0,0,''),(273,295,0,1,0,0,15,0,0,2,''),(274,296,0,1,0,0,15,0,0,2,''),(275,297,0,1,0,0,15,0,0,2,''),(276,298,0,1,0,0,15,0,0,2,''),(277,299,0,1,0,0,15,0,0,2,''),(278,300,0,1,0,0,15,0,0,2,''),(279,302,0,1,0,0,15,0,0,2,''),(280,303,0,1,0,0,15,0,0,2,''),(281,304,0,1,0,0,15,0,0,2,''),(282,305,0,1,0,0,15,0,0,2,''),(283,307,0,1,0,0,15,0,0,2,''),(284,308,0,1,0,0,15,0,0,2,''),(285,309,0,1,0,0,15,0,0,2,''),(286,311,0,1,0,0,15,0,0,2,''),(287,312,0,1,0,0,15,0,0,2,''),(288,313,0,1,0,0,15,0,0,2,''),(289,314,0,1,0,0,15,0,0,2,''),(290,315,0,1,0,0,15,0,0,2,''),(291,316,0,1,0,0,15,0,0,2,''),(292,317,0,1,0,0,15,0,0,2,''),(293,318,0,1,0,0,15,0,0,2,''),(294,319,0,1,0,0,15,0,0,2,''),(295,320,0,1,0,0,15,0,0,2,''),(296,321,0,1,0,0,15,0,0,2,''),(297,322,0,1,0,0,15,0,0,2,''),(298,323,0,1,0,0,15,0,0,2,''),(299,324,0,1,0,0,15,0,0,2,''),(300,325,0,1,0,0,15,0,0,2,''),(301,326,0,1,0,0,15,0,0,2,''),(302,327,0,1,0,0,15,0,0,2,''),(303,328,0,1,0,0,15,0,0,2,''),(304,329,0,1,0,0,15,0,0,2,''),(305,330,0,1,0,0,15,0,0,2,''),(306,331,0,1,0,0,15,0,0,2,''),(307,333,0,1,0,0,15,0,0,2,''),(308,334,0,1,0,0,15,0,0,2,''),(309,336,0,1,0,0,15,0,0,2,''),(310,337,0,1,0,0,15,0,0,2,''),(311,338,0,1,0,0,15,0,0,2,''),(312,339,0,1,0,0,15,0,0,2,''),(313,340,0,1,0,0,15,0,0,2,''),(314,341,0,1,0,0,15,0,0,2,''),(315,342,0,1,0,0,15,0,0,2,''),(316,344,0,1,0,0,15,0,0,2,''),(317,345,0,1,0,0,15,0,0,2,''),(318,346,0,1,0,0,15,0,0,2,''),(319,347,0,1,0,0,15,0,0,2,''),(320,348,0,1,0,0,15,0,0,2,''),(321,349,0,1,0,0,15,0,0,2,''),(322,350,0,1,0,0,15,0,0,2,''),(323,351,0,1,0,0,15,0,0,2,''),(324,352,0,1,0,0,15,0,0,2,''),(325,353,0,1,0,0,15,0,0,2,''),(326,354,0,1,0,0,15,0,0,2,''),(327,355,0,1,0,0,15,0,0,2,''),(328,356,0,1,0,0,15,0,0,2,''),(329,357,0,1,0,0,15,0,0,2,''),(330,358,0,1,0,0,15,0,0,2,''),(331,359,0,1,0,0,15,0,0,2,''),(332,360,0,1,0,0,15,0,0,2,''),(333,361,0,1,0,0,15,0,0,2,''),(334,362,0,1,0,0,15,0,0,2,''),(335,363,0,1,0,0,15,0,0,2,''),(336,364,0,1,0,0,15,0,0,2,''),(337,365,0,1,0,0,15,0,0,2,''),(338,366,0,1,0,0,15,0,0,2,''),(339,367,0,1,0,0,15,0,0,2,''),(340,368,0,1,0,0,15,0,0,2,''),(341,369,0,1,0,0,15,0,0,2,''),(342,370,0,1,0,0,15,0,0,2,''),(343,371,0,1,0,0,15,0,0,2,''),(344,372,0,1,0,0,15,0,0,2,''),(345,373,0,1,0,0,15,0,0,2,''),(346,375,0,1,0,0,15,0,0,2,''),(347,376,0,1,0,0,15,0,0,2,''),(348,377,0,1,0,0,15,0,0,2,''),(349,378,0,1,0,0,15,0,0,2,''),(350,380,0,1,0,0,15,0,0,2,''),(351,381,0,1,0,0,15,0,0,2,''),(352,382,0,1,0,0,15,0,0,2,''),(353,383,0,1,0,0,15,0,0,2,''),(354,384,0,1,0,0,15,0,0,2,''),(355,385,0,1,0,0,15,0,0,2,''),(356,386,0,1,0,0,15,0,0,2,''),(357,387,0,1,0,0,15,0,0,2,''),(358,388,0,1,0,0,15,0,0,2,''),(359,389,0,1,0,0,15,0,0,2,''),(360,390,0,1,0,0,15,0,0,2,''),(361,391,0,1,0,0,15,0,0,2,''),(362,392,0,1,0,0,15,0,0,2,''),(363,393,0,1,0,0,15,0,0,2,''),(364,394,0,1,0,0,15,0,0,2,''),(365,395,0,1,0,0,15,0,0,2,''),(366,396,0,1,0,0,15,0,0,2,''),(367,397,0,1,0,0,15,0,0,2,''),(368,398,0,1,0,0,15,0,0,2,''),(369,399,0,1,0,0,15,0,0,2,''),(370,400,0,1,0,0,15,0,0,2,''),(371,401,0,1,0,0,15,0,0,2,''),(372,402,0,1,0,0,15,0,0,2,''),(373,403,0,1,0,0,15,0,0,2,''),(374,404,0,1,0,0,15,0,0,2,''),(375,405,0,1,0,0,15,0,0,2,''),(376,406,0,1,0,0,15,0,0,2,''),(377,407,0,1,0,0,15,0,0,2,''),(378,408,0,1,0,0,15,0,0,2,''),(379,409,0,1,0,0,15,0,0,2,''),(380,410,0,1,0,0,15,0,0,2,''),(381,411,0,1,0,0,15,0,0,2,''),(382,412,0,1,0,0,15,0,0,2,''),(383,413,0,1,0,0,15,0,0,2,''),(384,414,0,1,0,0,15,0,0,2,''),(385,415,0,1,0,0,15,0,0,2,''),(386,416,0,1,0,0,15,0,0,2,''),(387,417,0,1,0,0,15,0,0,2,''),(388,418,0,1,0,0,15,0,0,2,''),(389,419,0,1,0,0,26,11,0,2,''),(390,420,0,1,0,0,15,0,0,2,''),(391,421,0,1,0,0,15,0,0,2,''),(392,422,0,1,0,0,15,0,0,2,''),(393,423,0,1,0,0,15,0,0,2,''),(394,424,0,1,0,0,15,0,0,2,''),(395,425,0,1,0,0,15,0,0,2,''),(396,426,0,1,0,0,16,1,0,2,''),(397,427,0,1,0,0,15,0,0,2,''),(398,428,0,1,0,0,15,0,0,2,''),(399,429,0,1,0,0,15,0,0,2,''),(400,430,0,1,0,0,15,0,0,2,''),(401,431,0,1,0,0,15,0,0,2,''),(402,432,0,1,0,0,15,0,0,2,''),(403,433,0,1,0,0,15,0,0,2,''),(404,434,0,1,0,0,15,0,0,2,''),(405,435,0,1,0,0,15,0,0,0,''),(406,436,0,1,0,0,15,0,0,0,''),(407,437,0,1,0,0,15,0,0,0,''),(408,438,0,1,0,0,15,0,0,0,''),(409,439,0,1,0,0,15,0,0,0,''),(410,440,0,1,0,0,15,0,0,0,''),(411,441,0,1,0,0,15,0,0,0,''),(412,442,0,1,0,0,15,0,0,0,''),(413,443,0,1,0,0,15,0,0,0,''),(414,444,0,1,0,0,15,0,0,0,''),(415,445,0,1,0,0,15,0,0,0,''),(416,446,0,1,0,0,15,0,0,0,''),(417,447,0,1,0,0,15,0,0,0,''),(418,448,0,1,0,0,15,0,0,0,''),(419,449,0,1,0,0,15,0,0,0,''),(420,450,0,1,0,0,15,0,0,0,''),(421,451,0,1,0,0,15,0,0,0,''),(422,452,0,1,0,0,15,0,0,0,''),(423,453,0,1,0,0,15,0,0,0,''),(424,454,0,1,0,0,15,0,0,0,''),(425,455,0,1,0,0,15,0,0,0,''),(426,456,0,1,0,0,15,0,0,0,''),(427,457,0,1,0,0,15,0,0,0,''),(428,458,0,1,0,0,15,0,0,0,''),(429,459,0,1,0,0,15,0,0,0,''),(430,460,0,1,0,0,16,1,0,0,''),(431,461,0,1,0,0,15,0,0,0,''),(432,462,0,1,0,0,15,0,0,0,''),(433,463,0,1,0,0,15,0,0,0,''),(434,464,0,1,0,0,16,1,0,0,''),(435,465,0,1,0,0,15,0,0,0,''),(436,466,0,1,0,0,15,0,0,0,''),(437,467,0,1,0,0,15,0,0,0,''),(438,468,0,1,0,0,15,0,0,0,''),(439,469,0,1,0,0,15,0,0,0,''),(440,470,0,1,0,0,15,0,0,0,''),(441,471,0,1,0,0,15,0,0,0,''),(442,472,0,1,0,0,15,0,0,0,''),(443,473,0,1,0,0,15,0,0,0,''),(444,474,0,1,0,0,15,0,0,0,''),(445,475,0,1,0,0,15,0,0,0,''),(446,476,0,1,0,0,15,0,0,0,''),(447,477,0,1,0,0,15,0,0,0,''),(448,478,0,1,0,0,16,1,0,0,''),(449,479,0,1,0,0,15,0,0,0,''),(450,480,0,1,0,0,15,0,0,0,''),(451,481,0,1,0,0,15,0,0,0,''),(452,482,0,1,0,0,15,0,0,0,''),(453,483,0,1,0,0,15,0,0,0,''),(454,484,0,1,0,0,15,0,0,0,''),(455,485,0,1,0,0,15,0,0,0,''),(456,486,0,1,0,0,15,0,0,0,''),(457,487,0,1,0,0,15,0,0,0,''),(458,488,0,1,0,0,15,0,0,0,''),(459,489,0,1,0,0,15,0,0,0,''),(460,490,0,1,0,0,15,0,0,2,''),(461,491,0,1,0,0,18,3,0,2,''),(462,492,0,1,0,0,15,0,0,2,''),(463,493,0,1,0,0,15,0,0,2,''),(464,494,0,1,0,0,23,8,0,2,''),(465,495,0,1,0,0,15,0,0,2,''),(466,496,0,1,0,0,15,0,0,2,''),(467,497,0,1,0,0,15,0,0,2,''),(468,498,0,1,0,0,15,0,0,2,''),(469,499,0,1,0,0,15,0,0,2,''),(470,500,0,1,0,0,15,0,0,2,''),(471,501,0,1,0,0,18,3,0,2,''),(472,502,0,1,0,0,15,0,0,2,''),(473,503,0,1,0,0,18,3,0,2,''),(474,504,0,1,0,0,15,0,0,2,''),(475,505,0,1,0,0,15,0,0,2,''),(476,506,0,1,0,0,15,0,0,2,''),(477,507,0,1,0,0,15,0,0,2,''),(478,508,0,1,0,0,15,0,0,2,''),(479,509,0,1,0,0,17,2,0,2,''),(480,510,0,1,0,0,15,0,0,2,''),(481,511,0,1,0,0,15,0,0,2,''),(482,512,0,1,0,0,15,0,0,2,''),(483,513,0,1,0,0,15,0,0,2,''),(484,514,0,1,0,0,15,0,0,2,''),(485,515,0,1,0,0,15,0,0,2,''),(486,516,0,1,0,0,15,0,0,2,''),(487,517,0,1,0,0,16,1,0,2,''),(488,518,0,1,0,0,15,0,0,2,''),(489,519,0,1,0,0,15,0,0,2,''),(490,520,0,1,0,0,15,0,0,2,''),(491,521,0,1,0,0,15,0,0,2,''),(492,522,0,1,0,0,15,0,0,2,''),(493,523,0,1,0,0,15,0,0,2,''),(494,524,0,1,0,0,15,0,0,2,''),(495,525,0,1,0,0,15,0,0,2,''),(496,526,0,1,0,0,15,0,0,2,''),(497,527,0,1,0,0,15,0,0,2,''),(498,528,0,1,0,0,15,0,0,2,''),(499,529,0,1,0,0,15,0,0,2,''),(500,530,0,1,0,0,15,0,0,2,''),(501,531,0,1,0,0,15,0,0,2,''),(502,532,0,1,0,0,15,0,0,2,''),(503,533,0,1,0,0,15,0,0,2,''),(504,534,0,1,0,0,17,2,0,2,''),(505,535,0,1,0,0,15,0,0,2,''),(506,536,0,1,0,0,19,4,0,2,''),(507,537,0,1,0,0,22,7,0,2,''),(508,538,0,1,0,0,19,4,0,2,''),(509,539,0,1,0,0,15,0,0,2,''),(510,540,0,1,0,0,20,5,0,2,''),(511,541,0,1,0,0,15,0,0,2,''),(512,542,0,1,0,0,18,3,0,2,''),(513,543,0,1,0,0,16,1,0,2,''),(514,544,0,1,0,0,27,12,0,2,''),(515,545,0,1,0,0,15,0,0,2,''),(516,546,0,1,0,0,15,0,0,2,''),(517,547,0,1,0,0,16,2,0,2,''),(518,548,0,1,0,0,15,0,0,2,''),(519,549,0,1,0,0,19,4,0,2,''),(520,550,0,1,0,0,16,1,0,2,''),(521,551,0,1,0,0,20,5,0,2,''),(522,552,0,1,0,0,15,0,0,2,''),(523,553,0,1,0,0,15,0,0,2,''),(524,554,0,1,0,0,16,1,0,2,''),(525,555,0,1,0,0,15,0,0,2,''),(526,556,0,1,0,0,15,0,0,2,''),(527,557,0,1,0,0,15,0,0,2,''),(528,558,0,1,0,0,16,1,0,2,''),(529,559,0,1,0,0,15,0,0,2,''),(530,560,0,1,0,0,16,1,0,2,''),(531,561,0,1,0,0,15,0,0,2,''),(532,562,0,1,0,0,15,0,0,2,''),(533,563,0,1,0,0,15,0,0,2,''),(534,564,0,1,0,0,15,0,0,2,''),(535,565,0,1,0,0,15,0,0,2,''),(536,566,0,1,0,0,15,0,0,2,''),(537,567,0,1,0,0,15,0,0,2,''),(538,568,0,1,0,0,16,1,0,2,''),(539,569,0,1,0,0,15,0,0,2,''),(540,570,0,1,0,0,15,0,0,2,''),(541,571,0,1,0,0,15,0,0,2,''),(542,572,0,1,0,0,18,3,0,2,''),(543,573,0,1,0,0,15,0,0,2,''),(544,574,0,1,0,0,15,0,0,2,''),(545,575,0,1,0,0,15,0,0,2,''),(546,576,0,1,0,0,15,0,0,2,''),(547,577,0,1,0,0,15,0,0,2,''),(548,578,0,1,0,0,15,0,0,2,''),(549,579,0,1,0,0,15,0,0,2,''),(550,580,0,1,0,0,15,0,0,2,''),(705,735,0,1,0,0,15,0,0,2,''),(706,736,0,1,0,0,15,0,0,2,''),(707,737,0,1,0,0,15,0,0,2,''),(708,738,0,1,0,0,15,0,0,2,''),(709,739,0,1,0,0,15,0,0,2,''),(710,740,0,1,0,0,15,0,0,2,''),(711,741,0,1,0,0,15,0,0,2,''),(712,742,0,1,0,0,15,0,0,2,''),(713,743,0,1,0,0,15,0,0,2,''),(714,744,0,1,0,0,15,0,0,2,''),(715,745,0,1,0,0,15,0,0,2,''),(716,746,0,1,0,0,15,0,0,2,''),(717,747,0,1,0,0,15,0,0,2,''),(718,748,0,1,0,0,15,0,0,2,''),(719,749,0,1,0,0,15,0,0,2,''),(720,750,0,1,0,0,15,0,0,2,''),(721,751,0,1,0,0,15,0,0,2,''),(722,752,0,1,0,0,15,0,0,2,''),(723,753,0,1,0,0,15,0,0,2,''),(724,754,0,1,0,0,15,0,0,2,''),(725,755,0,1,0,0,15,0,0,2,''),(726,756,0,1,0,0,15,0,0,2,''),(727,757,0,1,0,0,15,0,0,2,''),(728,758,0,1,0,0,15,0,0,2,''),(729,759,0,1,0,0,15,0,0,2,''),(730,760,0,1,0,0,15,0,0,2,''),(731,761,0,1,0,0,15,0,0,2,''),(732,762,0,1,0,0,15,0,0,2,''),(733,763,0,1,0,0,15,0,0,2,''),(734,764,0,1,0,0,15,0,0,2,''),(735,765,0,1,0,0,15,0,0,2,''),(736,766,0,1,0,0,15,0,0,2,''),(737,767,0,1,0,0,15,0,0,2,''),(738,768,0,1,0,0,15,0,0,2,''),(739,769,0,1,0,0,15,0,0,2,''),(740,770,0,1,0,0,15,0,0,2,''),(741,771,0,1,0,0,15,0,0,2,''),(742,772,0,1,0,0,15,0,0,2,''),(743,773,0,1,0,0,15,0,0,2,''),(744,774,0,1,0,0,15,0,0,2,''),(745,775,0,1,0,0,15,0,0,2,''),(746,776,0,1,0,0,15,0,0,2,''),(747,777,0,1,0,0,15,0,0,2,''),(748,778,0,1,0,0,15,0,0,2,''),(749,779,0,1,0,0,15,0,0,2,''),(750,780,0,1,0,0,15,0,0,2,''),(751,781,0,1,0,0,16,1,0,2,''),(752,782,0,1,0,0,15,0,0,2,''),(753,783,0,1,0,0,15,0,0,2,''),(754,784,0,1,0,0,15,0,0,2,''),(755,785,0,1,0,0,15,0,0,2,''),(756,786,0,1,0,0,15,0,0,2,''),(757,787,0,1,0,0,15,0,0,2,''),(758,788,0,1,0,0,15,0,0,2,''),(759,789,0,1,0,0,15,0,0,2,''),(760,790,0,1,0,0,15,0,0,2,''),(761,791,0,1,0,0,15,0,0,2,''),(762,792,0,1,0,0,15,0,0,2,''),(763,793,0,1,0,0,15,0,0,2,''),(764,794,0,1,0,0,15,0,0,2,''),(765,795,0,1,0,0,15,0,0,2,''),(766,796,0,1,0,0,15,0,0,2,''),(767,797,0,1,0,0,15,0,0,2,''),(768,798,0,1,0,0,15,0,0,2,''),(769,799,0,1,0,0,15,0,0,2,''),(770,800,0,1,0,0,15,0,0,2,''),(771,801,0,1,0,0,15,0,0,2,''),(772,802,0,1,0,0,18,3,0,2,''),(773,803,0,1,0,0,32,17,0,2,''),(774,804,0,1,0,0,26,11,0,2,''),(775,805,0,1,0,0,19,4,0,2,''),(776,806,0,1,0,0,18,3,0,2,''),(777,807,0,1,0,0,15,0,0,2,''),(778,808,0,1,0,0,17,2,0,2,''),(779,809,0,1,0,0,20,5,0,2,''),(780,810,0,1,0,0,15,0,0,2,''),(781,811,0,1,0,0,22,7,0,2,''),(782,812,0,1,0,0,16,1,0,2,''),(783,813,0,1,0,0,15,0,0,2,''),(784,814,0,1,0,0,16,1,0,2,''),(785,815,0,1,0,0,20,5,0,2,''),(786,816,0,1,0,0,15,0,0,2,''),(787,817,0,1,0,0,16,1,0,2,''),(788,818,0,1,0,0,15,0,0,2,''),(789,819,0,1,0,0,15,0,0,2,''),(790,820,0,1,0,0,15,0,0,2,''),(791,821,0,1,0,0,15,0,0,2,''),(792,822,0,1,0,0,15,0,0,2,''),(793,823,0,1,0,0,15,0,0,2,''),(794,824,0,1,0,0,15,0,0,2,''),(795,825,0,1,0,0,15,0,0,2,''),(796,826,0,1,0,0,15,0,0,2,''),(797,827,0,1,0,0,15,0,0,2,''),(798,828,0,1,0,0,15,0,0,2,''),(799,829,0,1,0,0,15,0,0,2,''),(800,830,0,1,0,0,15,0,0,2,''),(801,831,0,1,0,0,15,0,0,2,''),(802,832,0,1,0,0,15,0,0,2,''),(803,833,0,1,0,0,15,0,0,2,''),(804,834,0,1,0,0,15,0,0,2,''),(805,835,0,1,0,0,15,0,0,2,''),(806,836,0,1,0,0,15,0,0,2,''),(807,837,0,1,0,0,15,0,0,2,''),(808,838,0,1,0,0,15,0,0,2,''),(809,839,0,1,0,0,15,0,0,2,''),(810,840,0,1,0,0,15,0,0,2,''),(811,841,0,1,0,0,15,0,0,2,''),(812,842,0,1,0,0,15,0,0,2,''),(813,843,0,1,0,0,15,0,0,2,''),(814,844,0,1,0,0,15,0,0,2,''),(815,845,0,1,0,0,15,0,0,2,''),(816,846,0,1,0,0,15,0,0,2,''),(817,847,0,1,0,0,15,0,0,2,''),(818,848,0,1,0,0,15,0,0,2,''),(819,849,0,1,0,0,15,0,0,2,''),(820,850,0,1,0,0,15,0,0,2,''),(821,851,0,1,0,0,15,0,0,2,''),(822,852,0,1,0,0,15,0,0,2,''),(823,853,0,1,0,0,15,0,0,2,''),(824,854,0,1,0,0,15,0,0,2,''),(825,855,0,1,0,0,15,0,0,2,''),(826,856,0,1,0,0,15,0,0,2,''),(827,857,0,1,0,0,15,0,0,2,''),(828,858,0,1,0,0,15,0,0,2,''),(829,859,0,1,0,0,15,0,0,2,''),(830,860,0,1,0,0,15,0,0,2,''),(831,861,0,1,0,0,15,0,0,2,''),(832,862,0,1,0,0,15,0,0,2,''),(833,863,0,1,0,0,15,0,0,2,''),(834,864,0,1,0,0,15,0,0,2,''),(835,865,0,1,0,0,15,0,0,2,''),(836,866,0,1,0,0,15,0,0,2,''),(837,867,0,1,0,0,15,0,0,2,''),(838,868,0,1,0,0,15,0,0,2,''),(839,869,0,1,0,0,15,0,0,2,''),(840,870,0,1,0,0,15,0,0,2,''),(841,871,0,1,0,0,15,0,0,2,''),(842,872,0,1,0,0,15,0,0,2,''),(843,873,0,1,0,0,15,0,0,2,''),(844,874,0,1,0,0,15,0,0,2,''),(845,875,0,1,0,0,15,0,0,2,''),(846,876,0,1,0,0,15,0,0,2,''),(847,877,0,1,0,0,15,0,0,2,''),(848,878,0,1,0,0,15,0,0,2,''),(849,879,0,1,0,0,15,0,0,2,''),(850,880,0,1,0,0,15,0,0,2,''),(851,881,0,1,0,0,15,0,0,2,''),(852,882,0,1,0,0,15,0,0,2,''),(853,883,0,1,0,0,15,0,0,2,''),(854,884,0,1,0,0,15,0,0,2,''),(855,885,0,1,0,0,15,0,0,2,''),(856,886,0,1,0,0,15,0,0,2,''),(857,887,0,1,0,0,15,0,0,2,''),(858,888,0,1,0,0,15,0,0,2,''),(859,889,0,1,0,0,15,0,0,2,''),(860,890,0,1,0,0,15,0,0,2,''),(861,891,0,1,0,0,15,0,0,2,''),(862,892,0,1,0,0,15,0,0,2,''),(863,893,0,1,0,0,15,0,0,2,''),(864,894,0,1,0,0,15,0,0,2,''),(865,895,0,1,0,0,15,0,0,2,''),(866,896,0,1,0,0,15,0,0,2,''),(867,897,0,1,0,0,15,0,0,2,''),(868,898,0,1,0,0,15,0,0,2,''),(869,899,0,1,0,0,15,0,0,2,''),(870,900,0,1,0,0,15,0,0,2,''),(871,901,0,1,0,0,15,0,0,2,''),(872,902,0,1,0,0,15,0,0,2,''),(873,903,0,1,0,0,15,0,0,2,''),(874,904,0,1,0,0,15,0,0,2,''),(875,905,0,1,0,0,15,0,0,2,''),(876,906,0,1,0,0,15,0,0,2,''),(877,907,0,1,0,0,15,0,0,2,''),(878,908,0,1,0,0,15,0,0,2,''),(879,909,0,1,0,0,15,0,0,2,''),(880,910,0,1,0,0,15,0,0,2,''),(881,911,0,1,0,0,15,0,0,2,''),(882,912,0,1,0,0,15,0,0,2,''),(883,913,0,1,0,0,15,0,0,2,''),(884,914,0,1,0,0,15,0,0,2,''),(885,915,0,1,0,0,15,0,0,2,''),(886,916,0,1,0,0,15,0,0,2,''),(887,917,0,1,0,0,15,0,0,2,''),(888,918,0,1,0,0,15,0,0,2,''),(889,919,0,1,0,0,15,0,0,2,''),(890,920,0,1,0,0,15,0,0,2,''),(891,921,0,1,0,0,15,0,0,2,''),(892,922,0,1,0,0,15,0,0,2,''),(893,923,0,1,0,0,15,0,0,2,''),(894,924,0,1,0,0,15,0,0,2,''),(895,925,0,1,0,0,15,0,0,2,''),(896,926,0,1,0,0,15,0,0,2,''),(897,927,0,1,0,0,15,0,0,2,''),(898,928,0,1,0,0,15,0,0,2,''),(899,929,0,1,0,0,15,0,0,2,''),(900,930,0,1,0,0,15,0,0,2,''),(901,931,0,1,0,0,15,0,0,2,''),(902,932,0,1,0,0,15,0,0,2,''),(903,933,0,1,0,0,15,0,0,2,''),(904,934,0,1,0,0,15,0,0,2,''),(905,935,0,1,0,0,15,0,0,2,''),(906,936,0,1,0,0,15,0,0,2,''),(907,937,0,1,0,0,15,0,0,2,''),(908,938,0,1,0,0,15,0,0,2,''),(909,939,0,1,0,0,15,0,0,2,''),(910,940,0,1,0,0,15,0,0,2,''),(911,941,0,1,0,0,15,0,0,2,''),(912,942,0,1,0,0,15,0,0,2,''),(913,943,0,1,0,0,15,0,0,2,''),(914,944,0,1,0,0,15,0,0,2,''),(915,945,0,1,0,0,15,0,0,2,''),(916,946,0,1,0,0,15,0,0,2,''),(917,947,0,1,0,0,15,0,0,2,''),(918,948,0,1,0,0,15,0,0,2,''),(919,949,0,1,0,0,15,0,0,2,''),(920,950,0,1,0,0,15,0,0,2,''),(921,951,0,1,0,0,15,0,0,2,''),(922,952,0,1,0,0,15,0,0,2,''),(923,953,0,1,0,0,15,0,0,2,''),(924,954,0,1,0,0,15,0,0,2,''),(925,955,0,1,0,0,15,0,0,2,''),(926,956,0,1,0,0,15,0,0,2,''),(927,957,0,1,0,0,15,0,0,2,''),(928,958,0,1,0,0,15,0,0,2,''),(929,959,0,1,0,0,15,0,0,2,''),(930,960,0,1,0,0,15,0,0,2,''),(931,961,0,1,0,0,15,0,0,2,''),(932,962,0,1,0,0,15,0,0,2,''),(933,963,0,1,0,0,15,0,0,2,''),(934,964,0,1,0,0,15,0,0,2,''),(935,965,0,1,0,0,15,0,0,2,''),(936,966,0,1,0,0,15,0,0,2,''),(937,967,0,1,0,0,15,0,0,2,''),(938,968,0,1,0,0,15,0,0,2,''),(939,969,0,1,0,0,15,0,0,2,''),(940,970,0,1,0,0,15,0,0,2,''),(941,971,0,1,0,0,15,0,0,2,''),(942,972,0,1,0,0,15,0,0,2,''),(943,973,0,1,0,0,15,0,0,2,''),(944,974,0,1,0,0,15,0,0,2,''),(945,975,0,1,0,0,15,0,0,2,''),(946,976,0,1,0,0,15,0,0,2,''),(947,977,0,1,0,0,15,0,0,2,''),(948,978,0,1,0,0,15,0,0,2,''),(949,979,0,1,0,0,15,0,0,2,''),(950,980,0,1,0,0,15,0,0,2,''),(951,981,0,1,0,0,15,0,0,2,''),(952,982,0,1,0,0,15,0,0,2,''),(953,983,0,1,0,0,15,0,0,2,''),(954,984,0,1,0,0,15,0,0,2,''),(955,985,0,1,0,0,15,0,0,2,''),(956,986,0,1,0,0,15,0,0,2,''),(957,987,0,1,0,0,15,0,0,2,''),(958,988,0,1,0,0,15,0,0,2,''),(959,989,0,1,0,0,15,0,0,2,''),(960,990,0,1,0,0,15,0,0,2,''),(961,991,0,1,0,0,15,0,0,2,''),(962,992,0,1,0,0,15,0,0,2,''),(963,993,0,1,0,0,15,0,0,2,''),(964,994,0,1,0,0,15,0,0,2,''),(965,995,0,1,0,0,15,0,0,2,''),(966,996,0,1,0,0,15,0,0,2,''),(967,997,0,1,0,0,15,0,0,2,''),(968,998,0,1,0,0,15,0,0,2,''),(969,999,0,1,0,0,15,0,0,2,''),(970,1000,0,1,0,0,15,0,0,2,''),(971,1001,0,1,0,0,15,0,0,2,''),(972,1002,0,1,0,0,15,0,0,2,''),(973,1003,0,1,0,0,15,0,0,2,''),(974,1004,0,1,0,0,15,0,0,2,''),(975,1005,0,1,0,0,15,0,0,2,''),(976,1006,0,1,0,0,15,0,0,2,''),(977,1007,0,1,0,0,15,0,0,2,''),(978,1008,0,1,0,0,15,0,0,2,''),(979,1009,0,1,0,0,15,0,0,2,''),(980,1010,0,1,0,0,15,0,0,2,''),(981,1011,0,1,0,0,15,0,0,2,''),(982,1012,0,1,0,0,15,0,0,2,''),(983,1013,0,1,0,0,15,0,0,2,''),(984,1014,0,1,0,0,15,0,0,2,''),(985,1015,0,1,0,0,15,0,0,2,''),(986,1016,0,1,0,0,15,0,0,2,''),(987,1017,0,1,0,0,15,0,0,2,''),(988,1018,0,1,0,0,15,0,0,2,''),(989,1019,0,1,0,0,15,0,0,2,''),(990,1020,0,1,0,0,15,0,0,2,''),(991,1021,0,1,0,0,15,0,0,2,''),(992,1022,0,1,0,0,15,0,0,2,''),(993,1023,0,1,0,0,15,0,0,2,''),(994,1024,0,1,0,0,15,0,0,2,''),(995,1025,0,1,0,0,15,0,0,2,''),(996,1026,0,1,0,0,15,0,0,2,''),(997,1027,0,1,0,0,15,0,0,2,''),(998,1028,0,1,0,0,15,0,0,2,''),(999,1029,0,1,0,0,15,0,0,2,''),(1000,1030,0,1,0,0,15,0,0,2,''),(1001,1031,0,1,0,0,15,0,0,2,''),(1002,1032,0,1,0,0,15,0,0,2,''),(1003,1033,0,1,0,0,15,0,0,2,''),(1004,1034,0,1,0,0,15,0,0,2,''),(1005,1035,0,1,0,0,15,0,0,2,''),(1006,1036,0,1,0,0,15,0,0,2,''),(1007,1037,0,1,0,0,15,0,0,2,''),(1008,1038,0,1,0,0,15,0,0,2,''),(1009,1039,0,1,0,0,15,0,0,2,''),(1010,1040,0,1,0,0,15,0,0,2,''),(1011,1041,0,1,0,0,15,0,0,2,''),(1012,1042,0,1,0,0,15,0,0,2,''),(1013,1043,0,1,0,0,15,0,0,2,''),(1014,1044,0,1,0,0,15,0,0,2,''),(1015,1045,0,1,0,0,15,0,0,2,''),(1016,1046,0,1,0,0,15,0,0,2,''),(1017,1047,0,1,0,0,15,0,0,2,''),(1018,1048,0,1,0,0,15,0,0,2,''),(1019,1049,0,1,0,0,15,0,0,2,''),(1020,1050,0,1,0,0,15,0,0,2,''),(1021,1051,0,1,0,0,15,0,0,2,''),(1022,1052,0,1,0,0,15,0,0,2,''),(1023,1053,0,1,0,0,15,0,0,2,''),(1024,1054,0,1,0,0,15,0,0,2,''),(1025,1055,0,1,0,0,15,0,0,2,''),(1026,1056,0,1,0,0,15,0,0,2,''),(1027,1057,0,1,0,0,15,0,0,2,''),(1028,1058,0,1,0,0,15,0,0,2,''),(1029,1059,0,1,0,0,15,0,0,2,''),(1030,1060,0,1,0,0,15,0,0,2,''),(1031,1061,0,1,0,0,15,0,0,2,''),(1032,1062,0,1,0,0,15,0,0,2,''),(1033,1063,0,1,0,0,15,0,0,2,''),(1034,1064,0,1,0,0,15,0,0,2,''),(1035,1065,0,1,0,0,15,0,0,2,''),(1036,1066,0,1,0,0,15,0,0,2,''),(1037,1067,0,1,0,0,15,0,0,2,''),(1038,1068,0,1,0,0,15,0,0,2,''),(1039,1069,0,1,0,0,15,0,0,2,''),(1040,1070,0,1,0,0,15,0,0,2,''),(1041,1071,0,1,0,0,15,0,0,2,''),(1042,1072,0,1,0,0,15,0,0,2,''),(1043,1073,0,1,0,0,15,0,0,2,''),(1044,1074,0,1,0,0,15,0,0,2,''),(1045,1075,0,1,0,0,15,0,0,2,''),(1046,1076,0,1,0,0,15,0,0,2,''),(1047,1077,0,1,0,0,15,0,0,2,''),(1048,1078,0,1,0,0,15,0,0,2,''),(1049,1079,0,1,0,0,15,0,0,2,''),(1050,1080,0,1,0,0,15,0,0,2,''),(1051,1081,0,1,0,0,15,0,0,2,''),(1052,1082,0,1,0,0,15,0,0,2,''),(1053,1083,0,1,0,0,15,0,0,2,''),(1054,1084,0,1,0,0,15,0,0,2,''),(1055,1085,0,1,0,0,15,0,0,2,''),(1056,1086,0,1,0,0,15,0,0,2,''),(1057,1087,0,1,0,0,15,0,0,2,''),(1058,1088,0,1,0,0,15,0,0,2,''),(1059,1089,0,1,0,0,15,0,0,2,''),(1060,1090,0,1,0,0,15,0,0,2,''),(1061,1091,0,1,0,0,15,0,0,2,''),(1062,1092,0,1,0,0,15,0,0,2,''),(1063,1093,0,1,0,0,15,0,0,2,''),(1064,1094,0,1,0,0,15,0,0,2,''),(1065,1095,0,1,0,0,15,0,0,2,''),(1066,1096,0,1,0,0,15,0,0,2,''),(1067,1097,0,1,0,0,15,0,0,2,''),(1068,1098,0,1,0,0,15,0,0,2,''),(1069,1099,0,1,0,0,15,0,0,2,''),(1070,1100,0,1,0,0,15,0,0,2,''),(1071,1101,0,1,0,0,15,0,0,2,''),(1072,1102,0,1,0,0,15,0,0,2,''),(1073,1103,0,1,0,0,15,0,0,2,''),(1074,1104,0,1,0,0,15,0,0,2,''),(1075,1105,0,1,0,0,15,0,0,2,''),(1076,1106,0,1,0,0,15,0,0,2,''),(1077,1107,0,1,0,0,15,0,0,2,''),(1078,1108,0,1,0,0,15,0,0,2,''),(1079,1109,0,1,0,0,15,0,0,2,''),(1080,1110,0,1,0,0,15,0,0,2,''),(1081,1111,0,1,0,0,15,0,0,2,''),(1082,1112,0,1,0,0,15,0,0,2,''),(1083,1113,0,1,0,0,15,0,0,2,''),(1084,1114,0,1,0,0,15,0,0,2,''),(1085,1115,0,1,0,0,15,0,0,2,''),(1086,1116,0,1,0,0,15,0,0,2,''),(1087,1117,0,1,0,0,15,0,0,2,''),(1088,1118,0,1,0,0,15,0,0,2,''),(1089,1119,0,1,0,0,15,0,0,2,''),(1090,1120,0,1,0,0,15,0,0,2,''),(1091,1121,0,1,0,0,15,0,0,2,''),(1092,1122,0,1,0,0,15,0,0,2,''),(1093,1123,0,1,0,0,15,0,0,2,''),(1094,1124,0,1,0,0,15,0,0,2,''),(1095,1125,0,1,0,0,15,0,0,2,''),(1096,1126,0,1,0,0,15,0,0,2,''),(1097,1127,0,1,0,0,15,0,0,2,''),(1098,1128,0,1,0,0,15,0,0,2,''),(1099,1129,0,1,0,0,15,0,0,2,''),(1100,1130,0,1,0,0,15,0,0,2,''),(1101,1131,0,1,0,0,15,0,0,2,''),(1102,1132,0,1,0,0,15,0,0,2,''),(1103,1133,0,1,0,0,15,0,0,2,''),(1104,1134,0,1,0,0,15,0,0,2,''),(1105,1135,0,1,0,0,15,0,0,2,''),(1106,1136,0,1,0,0,15,0,0,2,''),(1107,1137,0,1,0,0,15,0,0,2,''),(1108,1138,0,1,0,0,15,0,0,2,''),(1109,1139,0,1,0,0,15,0,0,2,''),(1110,1140,0,1,0,0,15,0,0,2,''),(1111,1141,0,1,0,0,15,0,0,2,''),(1112,1142,0,1,0,0,15,0,0,2,''),(1113,1143,0,1,0,0,15,0,0,2,''),(1114,1144,0,1,0,0,15,0,0,2,''),(1115,1145,0,1,0,0,15,0,0,2,''),(1116,1146,0,1,0,0,15,0,0,2,''),(1117,1147,0,1,0,0,15,0,0,2,''),(1118,1148,0,1,0,0,15,0,0,2,''),(1119,1149,0,1,0,0,15,0,0,2,''),(1120,1150,0,1,0,0,15,0,0,2,''),(1121,1151,0,1,0,0,15,0,0,2,''),(1122,1152,0,1,0,0,15,0,0,2,''),(1123,1153,0,1,0,0,15,0,0,2,''),(1124,1154,0,1,0,0,15,0,0,2,''),(1125,1155,0,1,0,0,15,0,0,2,''),(1126,1156,0,1,0,0,15,0,0,2,''),(1127,1157,0,1,0,0,15,0,0,2,''),(1128,1158,0,1,0,0,15,0,0,2,''),(1129,1159,0,1,0,0,15,0,0,2,''),(1130,1160,0,1,0,0,15,0,0,2,''),(1131,1161,0,1,0,0,15,0,0,2,''),(1132,1162,0,1,0,0,15,0,0,2,''),(1133,1163,0,1,0,0,15,0,0,2,''),(1134,1164,0,1,0,0,15,0,0,2,''),(1135,1165,0,1,0,0,15,0,0,2,''),(1136,1166,0,1,0,0,15,0,0,2,''),(1137,1167,0,1,0,0,15,0,0,2,''),(1138,1168,0,1,0,0,15,0,0,2,''),(1139,1169,0,1,0,0,15,0,0,2,''),(1140,1170,0,1,0,0,15,0,0,2,''),(1141,1171,0,1,0,0,15,0,0,2,''),(1142,1172,0,1,0,0,15,0,0,2,''),(1143,1173,0,1,0,0,15,0,0,2,''),(1144,1174,0,1,0,0,15,0,0,2,''),(1145,1175,0,1,0,0,15,0,0,2,''),(1146,1176,0,1,0,0,15,0,0,2,''),(1147,1177,0,1,0,0,15,0,0,2,''),(1148,1178,0,1,0,0,15,0,0,2,''),(1149,1179,0,1,0,0,15,0,0,2,''),(1150,1180,0,1,0,0,15,0,0,2,''),(1151,1181,0,1,0,0,15,0,0,2,''),(1152,1182,0,1,0,0,15,0,0,2,''),(1153,1183,0,1,0,0,15,0,0,2,''),(1154,1184,0,1,0,0,15,0,0,2,''),(1155,1185,0,1,0,0,15,0,0,2,''),(1156,1186,0,1,0,0,15,0,0,2,''),(1157,1187,0,1,0,0,15,0,0,2,''),(1158,1188,0,1,0,0,15,0,0,2,''),(1159,1189,0,1,0,0,15,0,0,2,''),(1160,1190,0,1,0,0,15,0,0,2,''),(1161,1191,0,1,0,0,15,0,0,2,''),(1162,1192,0,1,0,0,15,0,0,2,''),(1163,1193,0,1,0,0,15,0,0,2,''),(1164,1194,0,1,0,0,15,0,0,2,''),(1165,1195,0,1,0,0,15,0,0,2,''),(1166,1196,0,1,0,0,15,0,0,2,''),(1167,1197,0,1,0,0,15,0,0,2,''),(1168,1198,0,1,0,0,15,0,0,2,''),(1169,1199,0,1,0,0,15,0,0,2,''),(1170,1200,0,1,0,0,15,0,0,2,''),(1171,1201,0,1,0,0,15,0,0,2,''),(1172,1202,0,1,0,0,15,0,0,2,''),(1173,1203,0,1,0,0,15,0,0,2,''),(1174,1204,0,1,0,0,15,0,0,2,''),(1175,1205,0,1,0,0,15,0,0,2,''),(1176,1206,0,1,0,0,15,0,0,2,''),(1177,1207,0,1,0,0,15,0,0,2,''),(1178,1208,0,1,0,0,15,0,0,2,''),(1179,1209,0,1,0,0,15,0,0,2,''),(1180,1210,0,1,0,0,15,0,0,2,''),(1181,1211,0,1,0,0,15,0,0,2,''),(1182,1212,0,1,0,0,15,0,0,2,''),(1183,1213,0,1,0,0,15,0,0,2,''),(1184,1214,0,1,0,0,15,0,0,2,''),(1185,1215,0,1,0,0,15,0,0,2,''),(1186,1216,0,1,0,0,15,0,0,2,''),(1187,1217,0,1,0,0,15,0,0,2,''),(1188,1218,0,1,0,0,15,0,0,2,''),(1189,1219,0,1,0,0,15,0,0,2,''),(1190,1220,0,1,0,0,15,0,0,2,''),(1191,1221,0,1,0,0,15,0,0,2,''),(1192,1222,0,1,0,0,15,0,0,2,''),(1193,1223,0,1,0,0,15,0,0,2,''),(1194,1224,0,1,0,0,15,0,0,2,''),(1195,1225,0,1,0,0,15,0,0,2,''),(1196,1226,0,1,0,0,15,0,0,2,''),(1197,1227,0,1,0,0,15,0,0,2,''),(1198,1228,0,1,0,0,15,0,0,2,''),(1199,1229,0,1,0,0,15,0,0,2,''),(1200,1230,0,1,0,0,15,0,0,2,''),(1201,1231,0,1,0,0,15,0,0,2,''),(1202,1232,0,1,0,0,15,0,0,2,''),(1203,1233,0,1,0,0,15,0,0,2,''),(1204,1234,0,1,0,0,15,0,0,2,''),(1205,1235,0,1,0,0,15,0,0,2,''),(1206,1236,0,1,0,0,15,0,0,2,''),(1207,1237,0,1,0,0,15,0,0,2,''),(1208,1238,0,1,0,0,15,0,0,2,''),(1209,1239,0,1,0,0,15,0,0,2,''),(1210,1240,0,1,0,0,15,0,0,2,''),(1211,1241,0,1,0,0,15,0,0,2,''),(1212,1242,0,1,0,0,15,0,0,2,''),(1213,1243,0,1,0,0,15,0,0,2,''),(1214,1244,0,1,0,0,15,0,0,2,''),(1215,1245,0,1,0,0,15,0,0,2,''),(1216,1246,0,1,0,0,15,0,0,2,''),(1217,1247,0,1,0,0,15,0,0,2,''),(1218,1248,0,1,0,0,15,0,0,2,''),(1219,1249,0,1,0,0,15,0,0,2,''),(1220,1250,0,1,0,0,15,0,0,2,''),(1221,1251,0,1,0,0,15,0,0,2,''),(1222,1252,0,1,0,0,15,0,0,2,''),(1223,1253,0,1,0,0,15,0,0,2,''),(1224,1254,0,1,0,0,15,0,0,2,''),(1225,1255,0,1,0,0,15,0,0,2,''),(1226,1256,0,1,0,0,15,0,0,2,''),(1227,1257,0,1,0,0,15,0,0,2,''),(1228,1258,0,1,0,0,15,0,0,2,''),(1229,1259,0,1,0,0,15,0,0,2,''),(1230,1260,0,1,0,0,15,0,0,2,''),(1231,1261,0,1,0,0,15,0,0,2,''),(1232,1262,0,1,0,0,15,0,0,2,''),(1233,1263,0,1,0,0,15,0,0,2,''),(1234,1264,0,1,0,0,15,0,0,2,''),(1235,1265,0,1,0,0,15,0,0,2,''),(1236,1266,0,1,0,0,15,0,0,2,''),(1237,1267,0,1,0,0,15,0,0,2,''),(1238,1268,0,1,0,0,15,0,0,2,''),(1239,1269,0,1,0,0,15,0,0,2,''),(1240,1270,0,1,0,0,15,0,0,2,''),(1241,1271,0,1,0,0,15,0,0,2,''),(1242,1272,0,1,0,0,15,0,0,2,''),(1243,1273,0,1,0,0,15,0,0,2,''),(1244,1274,0,1,0,0,15,0,0,2,''),(1245,1275,0,1,0,0,15,0,0,2,''),(1246,1276,0,1,0,0,15,0,0,2,''),(1247,1277,0,1,0,0,15,0,0,2,''),(1248,1278,0,1,0,0,15,0,0,2,''),(1249,1279,0,1,0,0,15,0,0,2,''),(1250,1280,0,1,0,0,15,0,0,2,''),(1251,1281,0,1,0,0,15,0,0,2,''),(1252,1282,0,1,0,0,15,0,0,2,''),(1253,1283,0,1,0,0,15,0,0,2,''),(1254,1284,0,1,0,0,15,0,0,2,''),(1255,1285,0,1,0,0,15,0,0,2,''),(1256,1286,0,1,0,0,15,0,0,2,''),(1257,1287,0,1,0,0,15,0,0,2,''),(1258,1288,0,1,0,0,15,0,0,2,''),(1259,1289,0,1,0,0,15,0,0,2,''),(1260,1290,0,1,0,0,15,0,0,2,''),(1261,1291,0,1,0,0,15,0,0,2,''),(1262,1292,0,1,0,0,15,0,0,2,''),(1263,1293,0,1,0,0,15,0,0,2,''),(1264,1294,0,1,0,0,15,0,0,2,''),(1265,1295,0,1,0,0,15,0,0,2,''),(1266,1296,0,1,0,0,15,0,0,2,''),(1267,1297,0,1,0,0,15,0,0,2,''),(1268,1298,0,1,0,0,15,0,0,2,''),(1269,1299,0,1,0,0,15,0,0,2,''),(1270,1300,0,1,0,0,15,0,0,2,''),(1271,1301,0,1,0,0,15,0,0,2,''),(1272,1302,0,1,0,0,15,0,0,2,''),(1273,1303,0,1,0,0,15,0,0,2,''),(1274,1304,0,1,0,0,15,0,0,2,''),(1275,1305,0,1,0,0,15,0,0,2,''),(1276,1306,0,1,0,0,15,0,0,2,''),(1277,1307,0,1,0,0,15,0,0,2,''),(1278,1308,0,1,0,0,15,0,0,2,''),(1279,1309,0,1,0,0,15,0,0,2,''),(1280,1310,0,1,0,0,15,0,0,2,''),(1281,1311,0,1,0,0,15,0,0,2,''),(1282,1312,0,1,0,0,15,0,0,2,''),(1283,1313,0,1,0,0,15,0,0,2,''),(1284,1314,0,1,0,0,15,0,0,2,''),(1285,1315,0,1,0,0,15,0,0,2,''),(1286,1316,0,1,0,0,15,0,0,2,''),(1287,1317,0,1,0,0,15,0,0,2,''),(1288,1318,0,1,0,0,15,0,0,2,''),(1289,1319,0,1,0,0,15,0,0,2,''),(1290,1320,0,1,0,0,15,0,0,2,''),(1291,1321,0,1,0,0,15,0,0,2,''),(1293,1323,0,1,0,0,16,1,0,2,''),(1294,1324,0,1,0,0,15,0,0,2,''),(1295,1325,0,1,0,0,15,0,0,2,''),(1296,1326,0,1,0,0,21,6,0,2,''),(1297,1327,0,1,0,0,15,0,0,2,''),(1298,1328,0,1,0,0,16,1,0,2,''),(1299,1329,0,1,0,0,18,3,0,2,''),(1300,1330,0,1,0,0,17,2,0,2,''),(1301,1331,0,1,0,0,15,0,0,2,''),(1302,1332,0,1,0,0,16,1,0,2,''),(1303,1333,0,1,0,0,25,10,0,2,''),(1304,1334,0,1,0,0,30,15,0,2,''),(1305,1335,0,1,0,0,16,1,0,2,''),(1306,1336,0,1,0,0,15,0,0,2,''),(1307,1337,0,1,0,0,15,0,0,2,''),(1308,1338,0,1,0,0,53,38,0,2,''),(1309,1339,0,1,0,0,15,0,0,2,''),(1310,1340,0,1,0,0,17,2,0,2,''),(1311,1341,0,1,0,0,17,2,0,2,''),(1312,1342,0,1,0,0,15,0,0,2,''),(1313,1343,0,1,0,0,15,0,0,2,''),(1314,1344,0,1,0,0,17,2,0,2,''),(1315,1345,0,1,0,0,16,1,0,2,''),(1316,1346,0,1,0,0,17,2,0,2,''),(1317,1347,0,1,0,0,20,5,0,2,''),(1318,1348,0,1,0,0,16,1,0,2,''),(1319,1349,0,1,0,0,15,0,0,2,''),(1320,1350,0,1,0,0,15,0,0,2,''),(1321,1351,0,1,0,0,15,0,0,2,''),(1322,1352,0,1,0,0,15,0,0,2,''),(1323,1353,0,1,0,0,15,0,0,2,''),(1324,1354,0,1,0,0,17,2,0,2,''),(1325,1355,0,1,0,0,16,1,0,2,''),(1326,1356,0,1,0,0,16,1,0,2,''),(1327,1357,0,1,0,0,20,5,0,2,''),(1328,1358,0,1,0,0,26,11,0,2,''),(1329,1359,0,1,0,0,16,1,0,2,''),(1330,1360,0,1,0,0,15,0,0,2,''),(1331,1361,0,1,0,0,15,0,0,2,''),(1332,1362,0,1,0,0,15,0,0,2,''),(1333,1363,0,1,0,0,15,0,0,2,''),(1334,1364,0,1,0,0,15,0,0,2,''),(1335,1365,0,1,0,0,15,0,0,2,''),(1336,1366,0,1,0,0,15,0,0,2,''),(1337,1367,0,1,0,0,15,0,0,2,''),(1338,1368,0,1,0,0,15,0,0,2,''),(1339,1369,0,1,0,0,15,0,0,2,''),(1340,1370,0,1,0,0,15,0,0,2,''),(1341,1371,0,1,0,0,15,0,0,2,''),(1342,1372,0,1,0,0,15,0,0,2,''),(1343,1373,0,1,0,0,15,0,0,2,''),(1344,1374,0,1,0,0,15,0,0,2,''),(1345,2275,0,1,0,15,15,0,0,2,''),(1346,2403,0,1,0,15,15,0,0,2,''),(1348,3884,0,1,0,0,15,5,0,0,''),(1349,3885,0,1,0,0,15,0,0,0,''),(1350,3886,0,1,0,0,15,0,0,0,''),(1351,3887,0,1,0,0,15,0,0,0,''),(1352,3888,0,1,0,0,15,0,0,0,''),(1353,3889,0,1,0,0,15,0,0,0,''),(1354,3890,0,1,0,0,15,0,0,0,''),(1355,3891,0,1,0,0,15,0,0,0,''),(1356,3892,0,1,0,0,15,0,0,0,''),(1357,3893,0,1,0,0,15,0,0,0,''),(1358,3894,0,1,0,0,15,0,0,0,''),(1359,3895,0,1,0,0,15,0,0,0,''),(1360,3896,0,1,0,0,15,0,0,0,''),(1361,3897,0,1,0,0,15,0,0,0,''),(1362,3898,0,1,0,0,15,0,0,0,''),(1363,3899,0,1,0,0,15,0,0,0,''),(1364,3900,0,1,0,0,15,0,0,0,''),(1365,3901,0,1,0,0,15,0,0,0,''),(1366,3902,0,1,0,0,15,0,0,0,''),(1367,3903,0,1,0,0,15,0,0,0,''),(1368,3904,0,1,0,0,15,0,0,0,''),(1369,3905,0,1,0,0,15,0,0,0,''),(1370,3906,0,1,0,0,15,0,0,0,''),(1371,3907,0,1,0,0,15,0,0,0,''),(1372,3908,0,1,0,0,15,0,0,0,''),(1373,3909,0,1,0,0,15,0,0,0,''),(1374,3910,0,1,0,0,15,0,0,0,''),(1375,3911,0,1,0,0,15,0,0,0,''),(1376,3912,0,1,0,0,15,0,0,0,''),(1377,3913,0,1,0,0,15,0,0,0,''),(1378,3914,0,1,0,0,15,0,0,0,''),(1379,3915,0,1,0,0,15,0,0,0,''),(1380,3916,0,1,0,0,15,0,0,0,''),(1381,3917,0,1,0,0,15,0,0,0,''),(1382,3918,0,1,0,0,15,0,0,0,''),(1383,3919,0,1,0,0,15,0,0,0,''),(1384,3920,0,1,0,0,15,0,0,0,''),(1385,3921,0,1,0,0,15,0,0,0,''),(1386,3922,0,1,0,0,15,0,0,0,''),(1387,3923,0,1,0,0,15,0,0,0,''),(1388,3924,0,1,0,0,15,0,0,0,''),(1389,3925,0,1,0,0,15,0,0,0,''),(1390,3926,0,1,0,0,15,0,0,0,''),(1391,3927,0,1,0,0,15,0,0,0,''),(1392,3928,0,1,0,0,15,0,0,0,''),(1393,3929,0,1,0,0,15,0,0,0,''),(1396,3998,0,1,0,0,15,0,0,0,''),(1397,3999,0,1,0,0,15,0,0,0,''),(1398,4006,0,1,0,0,15,0,0,0,''),(1399,4007,0,1,0,0,15,0,0,0,''),(1400,4008,0,1,0,0,15,0,0,0,''),(1401,4010,0,1,0,0,15,0,0,0,''),(1402,4011,0,1,0,0,15,0,0,0,''),(1403,4012,0,1,0,0,15,0,0,0,''),(1404,4013,0,1,0,0,15,0,0,0,''),(1405,4016,0,1,0,0,15,0,0,0,''),(1406,4022,0,1,0,0,15,0,0,0,''),(1407,4017,0,1,0,0,15,0,0,0,''),(1408,4018,0,1,0,0,15,0,0,0,''),(1409,4020,0,1,0,0,15,0,0,0,''),(1410,4021,0,1,0,0,15,0,0,0,''),(1411,4019,0,1,0,0,15,0,0,0,''),(1412,4023,0,1,0,0,15,0,0,0,''),(1413,4024,0,1,0,0,15,0,0,0,''),(1414,4025,0,1,0,0,15,0,0,0,''),(1415,4026,0,1,0,0,15,0,0,0,''),(1416,4027,0,1,0,0,15,0,0,0,''),(1417,4028,0,1,0,0,15,0,0,0,''),(1418,4029,0,1,0,0,15,0,0,0,''),(1419,4030,0,1,0,0,15,0,0,0,''),(1420,4031,0,1,0,0,15,0,0,0,''),(1421,4032,0,1,0,0,16,1,0,0,''),(1422,4034,0,1,0,0,15,0,0,0,''),(1423,4035,0,1,0,0,15,0,0,0,''),(1424,4033,0,1,0,0,15,0,0,0,''),(1425,4036,0,1,0,0,15,0,0,0,''),(1426,4037,0,1,0,0,15,0,0,0,''),(1427,4038,0,1,0,0,15,0,0,0,''),(1428,4039,0,1,0,0,15,0,0,0,''),(1429,4040,0,1,0,0,15,0,0,0,''),(1430,4041,0,1,0,0,15,0,0,0,''),(1457,4000,0,1,0,0,15,0,0,0,''),(1458,4001,0,1,0,0,15,0,0,0,''),(1459,4002,0,1,0,0,15,0,0,0,''),(1460,4003,0,1,0,0,15,0,0,0,''),(1461,4005,0,1,0,0,15,0,0,0,''),(1462,4009,0,1,0,0,15,0,0,0,''),(1463,4004,0,1,0,0,15,0,0,0,''),(1464,4015,0,1,0,0,15,0,0,0,''),(1465,4134,0,1,0,0,15,0,0,0,''),(1466,4135,0,1,0,0,15,0,0,0,''),(1467,4136,0,1,0,0,15,0,0,0,''),(1468,4137,0,1,0,0,15,0,0,0,''),(1469,4176,0,1,0,0,14,1,0,0,''),(1470,4175,0,1,0,0,15,0,0,0,''),(1471,4174,0,1,0,0,15,0,0,0,''),(1472,4138,0,1,0,0,15,0,0,0,''),(1473,4173,0,1,0,0,15,0,0,0,''),(1474,4172,0,1,0,0,15,0,0,0,''),(1475,4171,0,1,0,0,15,0,0,0,''),(1476,4170,0,1,0,0,15,0,0,0,''),(1477,4139,0,1,0,0,15,0,0,0,''),(1478,4140,0,1,0,0,15,0,0,0,''),(1479,4141,0,1,0,0,15,0,0,0,''),(1480,4142,0,1,0,0,15,0,0,0,''),(1481,4143,0,1,0,0,15,0,0,0,''),(1482,4144,0,1,0,0,15,0,0,0,''),(1483,4145,0,1,0,0,15,0,0,0,''),(1484,4146,0,1,0,0,15,0,0,0,''),(1485,4147,0,1,0,0,15,0,0,0,''),(1486,4148,0,1,0,0,15,0,0,0,''),(1487,4149,0,1,0,0,15,0,0,0,''),(1488,4150,0,1,0,0,15,0,0,0,''),(1489,4151,0,1,0,0,15,0,0,0,''),(1490,4152,0,1,0,0,15,0,0,0,''),(1491,4153,0,1,0,0,15,0,0,0,''),(1492,4154,0,1,0,0,15,0,0,0,''),(1493,4155,0,1,0,0,15,0,0,0,''),(1494,4156,0,1,0,0,15,0,0,0,''),(1495,4157,0,1,0,0,15,0,0,0,''),(1496,4158,0,1,0,0,15,0,0,0,''),(1497,4159,0,1,0,0,15,0,0,0,''),(1498,4160,0,1,0,0,15,0,0,0,''),(1499,4161,0,1,0,0,15,0,0,0,''),(1500,4162,0,1,0,0,15,0,0,0,''),(1501,4163,0,1,0,0,15,0,0,0,''),(1502,4164,0,1,0,0,15,0,0,0,''),(1503,4165,0,1,0,0,15,0,0,0,''),(1504,4166,0,1,0,0,15,1,0,0,''),(1505,4167,0,1,0,0,15,2,0,0,''),(1506,4168,0,1,0,0,15,1,0,0,''),(1507,4169,0,1,0,0,15,0,0,0,''),(1509,4178,0,1,0,0,15,0,0,2,''),(1510,4179,0,1,0,0,15,0,0,2,''),(1511,4180,0,1,0,0,15,0,0,2,''),(1512,4181,0,1,0,0,15,0,0,2,''),(1513,4182,0,1,0,0,15,0,0,2,''),(1514,2007,0,1,0,0,15,0,0,0,''),(1515,2006,0,1,0,0,15,0,0,0,''),(1516,2005,0,1,0,0,15,0,0,0,''),(1517,2004,0,1,0,0,15,0,0,0,''),(1518,2003,0,1,0,0,15,0,0,0,''),(1519,2002,0,1,0,0,15,0,0,0,''),(1520,2000,0,1,0,0,15,0,0,0,''),(1521,2001,0,1,0,0,15,0,0,0,''),(1522,1999,0,1,0,0,15,0,0,0,''),(1523,1998,0,1,0,0,15,0,0,0,''),(1524,1887,0,1,0,0,15,0,0,0,''),(1525,1997,0,1,0,0,15,0,0,0,''),(1526,1991,0,1,0,0,15,0,0,0,''),(1527,1892,0,1,0,0,15,0,0,0,''),(1528,1893,0,1,0,0,5,0,0,0,''),(1529,1990,0,1,0,0,15,0,0,0,''),(1531,1992,0,1,0,0,15,0,0,0,''),(1532,1895,0,1,0,0,15,0,0,0,''),(1536,1899,0,1,0,0,15,0,0,0,''),(1537,1900,0,1,0,0,15,0,0,0,''),(1539,1902,0,1,0,0,4,0,0,0,''),(1543,1912,0,1,0,0,15,0,0,0,''),(1551,1924,0,1,0,0,15,0,0,0,''),(1552,1925,0,1,0,0,15,0,0,0,''),(1553,1926,0,1,0,0,15,0,0,0,''),(1556,1975,0,1,0,0,15,0,0,0,''),(1558,1974,0,1,0,0,16,1,0,0,''),(1559,1983,0,1,0,0,15,0,0,0,''),(1560,1982,0,1,0,0,15,0,0,0,''),(1561,1973,0,1,0,0,15,0,0,0,''),(1562,1977,0,1,0,0,15,0,0,0,''),(1563,1976,0,1,0,0,16,1,0,0,''),(1564,1972,0,1,0,0,15,0,0,0,''),(1565,1971,0,1,0,0,15,0,0,0,''),(1566,1970,0,1,0,0,15,0,0,0,''),(1567,1969,0,1,0,0,15,0,0,0,''),(1568,1968,0,1,0,0,16,1,0,0,''),(1569,1967,0,1,0,0,15,0,0,0,''),(1570,1962,0,1,0,0,15,0,0,0,''),(1571,1961,0,1,0,0,15,0,0,0,''),(1572,1960,0,1,0,0,15,0,0,0,''),(1573,1959,0,1,0,0,15,0,0,0,''),(1574,1958,0,1,0,0,15,0,0,0,''),(1575,1957,0,1,0,0,15,0,0,0,''),(1576,1956,0,1,0,0,16,1,0,0,''),(1577,2029,0,1,0,0,15,0,0,0,''),(1578,1955,0,1,0,0,17,2,0,0,''),(1579,2030,0,1,0,0,15,0,0,0,''),(1580,1954,0,1,0,0,15,0,0,0,''),(1581,2031,0,1,0,0,15,0,0,0,''),(1582,2032,0,1,0,0,15,0,0,0,''),(1583,2033,0,1,0,0,15,0,0,0,''),(1584,2034,0,1,0,0,15,0,0,0,''),(1585,2036,0,1,0,0,15,0,0,0,''),(1586,2038,0,1,0,0,15,0,0,0,''),(1587,2049,0,1,0,0,15,0,0,0,''),(1588,2050,0,1,0,0,15,0,0,0,''),(1590,1931,0,1,0,0,15,0,0,0,''),(1592,1937,0,1,0,0,15,0,0,0,''),(1594,1939,0,1,0,0,15,0,0,0,''),(1595,1940,0,1,0,0,15,0,0,0,''),(1597,1942,0,1,0,0,15,0,0,0,''),(1600,1945,0,1,0,0,5,0,0,0,''),(1601,1946,0,1,0,0,5,0,0,0,''),(1602,1947,0,1,0,0,5,0,0,0,''),(1604,1953,0,1,0,0,15,0,0,0,''),(1607,1929,0,1,0,0,15,0,0,0,''),(1608,1928,0,1,0,0,15,0,0,0,''),(1609,1927,0,1,0,0,15,0,0,0,''),(1610,1989,0,1,0,0,15,0,0,0,''),(1611,1988,0,1,0,0,15,0,0,0,''),(1613,1648,0,1,0,0,15,0,0,0,''),(1614,1729,0,1,0,0,15,0,0,1,''),(1615,1741,0,1,0,0,15,0,0,1,''),(1616,1753,0,1,0,0,15,0,0,1,''),(1617,1765,0,1,0,0,15,0,0,1,''),(1618,1777,0,1,0,0,15,0,0,1,''),(1619,1789,0,1,0,0,15,0,0,1,''),(1620,1484,0,1,0,0,15,0,0,1,''),(1621,1485,0,1,0,0,15,0,0,1,''),(1622,1486,0,1,0,0,15,0,0,1,''),(1623,1487,0,1,0,0,15,0,0,1,''),(1624,1488,0,1,0,0,15,0,0,1,''),(1625,1489,0,1,0,0,15,0,0,1,''),(1626,1490,0,1,0,0,15,0,0,1,''),(1627,1491,0,1,0,0,15,0,0,1,''),(1628,1492,0,1,0,0,15,0,0,1,''),(1629,1493,0,1,0,0,15,0,0,1,''),(1630,1494,0,1,0,0,15,0,0,1,''),(1631,1495,0,1,0,0,15,0,0,1,''),(1632,1496,0,1,0,0,15,0,0,1,''),(1633,1497,0,1,0,0,15,0,0,1,''),(1634,1498,0,1,0,0,15,0,0,1,''),(1635,1499,0,1,0,0,15,0,0,1,''),(1636,1500,0,1,0,0,15,0,0,1,''),(1637,1501,0,1,0,0,15,0,0,1,''),(1638,1502,0,1,0,0,15,0,0,1,''),(1639,1503,0,1,0,0,15,0,0,1,''),(1640,1504,0,1,0,0,15,0,0,1,''),(1641,1505,0,1,0,0,15,0,0,1,''),(1642,1506,0,1,0,0,15,0,0,1,''),(1643,1507,0,1,0,0,15,0,0,1,''),(1644,1508,0,1,0,0,15,0,0,1,''),(1645,1510,0,1,0,0,15,0,0,1,''),(1646,1511,0,1,0,0,15,0,0,1,''),(1647,1512,0,1,0,0,15,0,0,1,''),(1648,1513,0,1,0,0,15,0,0,1,''),(1649,1514,0,1,0,0,15,0,0,1,''),(1650,1515,0,1,0,0,15,0,0,1,''),(1651,1516,0,1,0,0,15,0,0,1,''),(1652,1517,0,1,0,0,15,0,0,1,''),(1653,1518,0,1,0,0,15,0,0,1,''),(1654,1519,0,1,0,0,15,0,0,1,''),(1655,1520,0,1,0,0,15,0,0,1,''),(1656,1521,0,1,0,0,15,0,0,1,''),(1657,1522,0,1,0,0,15,0,0,1,''),(1658,1524,0,1,0,0,15,0,0,1,''),(1659,1525,0,1,0,0,15,0,0,1,''),(1660,1526,0,1,0,0,15,0,0,1,''),(1661,1527,0,1,0,0,15,0,0,1,''),(1662,1528,0,1,0,0,15,0,0,1,''),(1663,1529,0,1,0,0,15,0,0,1,''),(1664,1530,0,1,0,0,15,0,0,1,''),(1665,1531,0,1,0,0,15,0,0,1,''),(1666,1532,0,1,0,0,15,0,0,1,''),(1667,1533,0,1,0,0,15,0,0,1,''),(1668,1534,0,1,0,0,15,0,0,1,''),(1669,1535,0,1,0,0,15,0,0,1,''),(1670,1536,0,1,0,0,15,0,0,1,''),(1671,1537,0,1,0,0,15,0,0,1,''),(1672,1538,0,1,0,0,15,0,0,1,''),(1673,1539,0,1,0,0,15,0,0,1,''),(1674,1540,0,1,0,0,15,0,0,1,''),(1675,1541,0,1,0,0,15,0,0,1,''),(1676,1542,0,1,0,0,15,0,0,1,''),(1677,1543,0,1,0,0,15,0,0,1,''),(1678,1544,0,1,0,0,15,0,0,1,''),(1679,1545,0,1,0,0,15,0,0,1,''),(1680,1548,0,1,0,0,15,0,0,1,''),(1681,1549,0,1,0,0,15,0,0,1,''),(1682,1550,0,1,0,0,15,0,0,1,''),(1683,1551,0,1,0,0,15,0,0,1,''),(1684,1552,0,1,0,0,15,0,0,1,''),(1685,1553,0,1,0,0,15,0,0,1,''),(1686,1554,0,1,0,0,15,0,0,1,''),(1687,1555,0,1,0,0,15,0,0,1,''),(1688,1556,0,1,0,0,15,0,0,1,''),(1689,1557,0,1,0,0,15,0,0,1,''),(1690,1558,0,1,0,0,15,0,0,1,''),(1691,1559,0,1,0,0,15,0,0,1,''),(1692,1560,0,1,0,0,16,2,0,1,''),(1693,1561,0,1,0,0,15,0,0,1,''),(1694,1562,0,1,0,0,15,0,0,1,''),(1695,1563,0,1,0,0,15,0,0,1,''),(1696,1564,0,1,0,0,15,0,0,1,''),(1697,1565,0,1,0,0,15,0,0,1,''),(1698,1566,0,1,0,0,15,0,0,1,''),(1699,1568,0,1,0,0,15,0,0,1,''),(1700,1569,0,1,0,0,15,0,0,1,''),(1701,1570,0,1,0,0,15,0,0,1,''),(1702,1571,0,1,0,0,15,0,0,1,''),(1703,1572,0,1,0,0,15,0,0,1,''),(1704,1573,0,1,0,0,15,0,0,1,''),(1705,1574,0,1,0,0,15,0,0,1,''),(1706,1575,0,1,0,0,15,0,0,1,''),(1707,1576,0,1,0,0,15,0,0,1,''),(1708,1577,0,1,0,0,15,0,0,1,''),(1709,1578,0,1,0,0,15,0,0,1,''),(1710,1579,0,1,0,0,15,0,0,1,''),(1711,1580,0,1,0,0,15,0,0,1,''),(1712,1581,0,1,0,0,15,0,0,1,''),(1713,1582,0,1,0,0,15,0,0,1,''),(1714,1583,0,1,0,0,15,0,0,1,''),(1715,1584,0,1,0,0,15,0,0,1,''),(1716,1585,0,1,0,0,15,0,0,1,''),(1717,1586,0,1,0,0,15,0,0,1,''),(1718,1587,0,1,0,0,15,0,0,1,''),(1719,1588,0,1,0,0,15,0,0,1,''),(1720,1589,0,1,0,0,15,0,0,1,''),(1721,1590,0,1,0,0,15,0,0,1,''),(1722,1591,0,1,0,0,15,0,0,1,''),(1723,1592,0,1,0,0,15,0,0,1,''),(1724,1593,0,1,0,0,15,0,0,1,''),(1725,1594,0,1,0,0,15,0,0,1,''),(1726,1595,0,1,0,0,15,0,0,1,''),(1727,1596,0,1,0,0,15,0,0,1,''),(1728,1597,0,1,0,0,15,0,0,1,''),(1729,1598,0,1,0,0,15,1,0,1,''),(1730,1599,0,1,0,0,15,0,0,1,''),(1731,1600,0,1,0,0,15,0,0,1,''),(1732,1601,0,1,0,0,15,0,0,1,''),(1733,1602,0,1,0,0,15,0,0,1,''),(1734,1603,0,1,0,0,15,0,0,1,''),(1735,1604,0,1,0,0,15,0,0,1,''),(1736,1605,0,1,0,0,15,0,0,1,''),(1737,1606,0,1,0,0,15,0,0,1,''),(1738,1607,0,1,0,0,15,0,0,1,''),(1739,1608,0,1,0,0,15,0,0,1,''),(1740,1609,0,1,0,0,15,0,0,1,''),(1741,1610,0,1,0,0,15,0,0,1,''),(1742,1611,0,1,0,0,15,0,0,1,''),(1743,1612,0,1,0,0,15,0,0,1,''),(1744,1614,0,1,0,0,15,0,0,1,''),(1745,1615,0,1,0,0,15,0,0,1,''),(1746,1616,0,1,0,0,15,0,0,1,''),(1747,1617,0,1,0,0,15,0,0,1,''),(1748,1618,0,1,0,0,15,0,0,1,''),(1749,1619,0,1,0,0,15,0,0,1,''),(1750,1620,0,1,0,0,15,0,0,1,''),(1751,1621,0,1,0,0,15,0,0,1,''),(1752,1622,0,1,0,0,15,0,0,1,''),(1753,1623,0,1,0,0,15,0,0,1,''),(1754,1624,0,1,0,0,15,0,0,1,''),(1755,1625,0,1,0,0,15,0,0,1,''),(1756,1626,0,1,0,0,15,0,0,1,''),(1757,1627,0,1,0,0,15,0,0,1,''),(1758,1628,0,1,0,0,15,0,0,1,''),(1759,1629,0,1,0,0,15,0,0,1,''),(1760,1630,0,1,0,0,15,0,0,1,''),(1761,1631,0,1,0,0,15,0,0,1,''),(1762,1632,0,1,0,0,15,0,0,1,''),(1763,1633,0,1,0,0,15,0,0,1,''),(1764,1634,0,1,0,0,15,0,0,1,''),(1765,1635,0,1,0,0,15,0,0,1,''),(1766,1636,0,1,0,0,15,0,0,1,''),(1767,1637,0,1,0,0,15,0,0,1,''),(1768,1638,0,1,0,0,15,0,0,1,''),(1769,1639,0,1,0,0,15,0,0,1,''),(1770,1640,0,1,0,0,15,0,0,1,''),(1771,1641,0,1,0,0,15,0,0,1,''),(1772,1642,0,1,0,0,15,0,0,1,''),(1773,1643,0,1,0,0,15,0,0,1,''),(1774,1644,0,1,0,0,15,0,0,1,''),(1775,1645,0,1,0,0,15,0,0,1,''),(1776,1646,0,1,0,0,15,0,0,1,''),(1777,1647,0,1,0,0,15,0,0,1,''),(1778,1649,0,1,0,0,15,0,0,1,''),(1779,1650,0,1,0,0,15,0,0,1,''),(1780,1651,0,1,0,0,15,0,0,1,''),(1781,1652,0,1,0,0,15,0,0,1,''),(1782,1653,0,1,0,0,15,0,0,1,''),(1783,1654,0,1,0,0,15,0,0,1,''),(1784,1655,0,1,0,0,15,0,0,1,''),(1785,1656,0,1,0,0,15,0,0,1,''),(1786,1657,0,1,0,0,15,0,0,1,''),(1787,1658,0,1,0,0,15,0,0,1,''),(1788,1659,0,1,0,0,15,0,0,1,''),(1789,1660,0,1,0,0,15,0,0,1,''),(1790,1661,0,1,0,0,15,0,0,1,''),(1791,1662,0,1,0,0,15,0,0,1,''),(1792,1663,0,1,0,0,15,0,0,1,''),(1793,1666,0,1,0,0,15,0,0,1,''),(1794,1670,0,1,0,0,15,0,0,1,''),(1795,1671,0,1,0,0,15,0,0,1,''),(1796,1672,0,1,0,0,15,0,0,1,''),(1797,1673,0,1,0,0,15,0,0,1,''),(1798,1674,0,1,0,0,15,0,0,1,''),(1799,1675,0,1,0,0,15,0,0,1,''),(1800,1676,0,1,0,0,15,0,0,1,''),(1801,1677,0,1,0,0,15,0,0,1,''),(1802,1678,0,1,0,0,15,0,0,1,''),(1803,1679,0,1,0,0,15,0,0,1,''),(1804,1680,0,1,0,0,15,0,0,1,''),(1805,1682,0,1,0,0,15,0,0,1,''),(1806,1683,0,1,0,0,15,0,0,1,''),(1807,1684,0,1,0,0,15,0,0,1,''),(1808,1685,0,1,0,0,1,0,0,1,''),(1809,1686,0,1,0,0,1,0,0,1,''),(1810,1687,0,1,0,0,15,0,0,1,''),(1811,1688,0,1,0,0,15,0,0,1,''),(1812,1689,0,1,0,0,2,0,0,1,''),(1813,1690,0,1,0,0,1,0,0,1,''),(1814,1691,0,1,0,0,1,0,0,1,''),(1815,1692,0,1,0,0,15,0,0,1,''),(1816,1694,0,1,0,0,15,0,0,1,''),(1817,1695,0,1,0,0,15,0,0,1,''),(1818,1696,0,1,0,0,2,0,0,1,''),(1819,1697,0,1,0,0,2,0,0,1,''),(1820,1698,0,1,0,0,1,0,0,1,''),(1821,1699,0,1,0,0,1,0,0,1,''),(1822,1700,0,1,0,0,15,0,0,1,''),(1823,1701,0,1,0,0,15,0,0,1,''),(1824,1702,0,1,0,0,15,0,0,1,''),(1825,1703,0,1,0,0,15,0,0,1,''),(1826,1704,0,1,0,0,3,0,0,1,''),(1827,1706,0,1,0,0,1,0,0,1,''),(1828,1707,0,1,0,0,2,0,0,1,''),(1829,1708,0,1,0,0,15,0,0,1,''),(1830,1709,0,1,0,0,1,0,0,1,''),(1831,1710,0,1,0,0,15,0,0,1,''),(1832,1711,0,1,0,0,15,0,0,1,''),(1833,1712,0,1,0,0,15,0,0,1,''),(1834,1713,0,1,0,0,15,0,0,1,''),(1835,1714,0,1,0,0,15,0,0,1,''),(1836,1715,0,1,0,0,15,0,0,1,''),(1837,1716,0,1,0,0,15,0,0,1,''),(1838,1719,0,1,0,0,15,0,0,1,''),(1839,1720,0,1,0,0,15,0,0,1,''),(1840,1721,0,1,0,0,15,0,0,1,''),(1841,1722,0,1,0,0,15,0,0,1,''),(1842,1723,0,1,0,0,15,0,0,1,''),(1843,1724,0,1,0,0,15,0,0,1,''),(1844,1725,0,1,0,0,15,0,0,1,''),(1845,1726,0,1,0,0,15,0,0,1,''),(1846,1727,0,1,0,0,15,0,0,1,''),(1847,1728,0,1,0,0,15,0,0,1,''),(1848,1730,0,1,0,0,15,0,0,1,''),(1849,1731,0,1,0,0,15,0,0,1,''),(1850,1732,0,1,0,0,15,0,0,1,''),(1851,1733,0,1,0,0,15,0,0,1,''),(1852,1734,0,1,0,0,15,0,0,1,''),(1853,1735,0,1,0,0,15,0,0,1,''),(1854,1736,0,1,0,0,15,0,0,1,''),(1855,1737,0,1,0,0,15,0,0,1,''),(1856,1738,0,1,0,0,15,0,0,1,''),(1857,1739,0,1,0,0,2,0,0,1,''),(1858,1740,0,1,0,0,15,0,0,1,''),(1859,1742,0,1,0,0,15,0,0,1,''),(1860,1743,0,1,0,0,15,0,0,1,''),(1861,1744,0,1,0,0,15,0,0,1,''),(1862,1745,0,1,0,0,15,0,0,1,''),(1863,1746,0,1,0,0,15,0,0,1,''),(1864,1747,0,1,0,0,15,0,0,1,''),(1865,1748,0,1,0,0,15,0,0,1,''),(1866,1749,0,1,0,0,15,0,0,1,''),(1867,1750,0,1,0,0,15,0,0,1,''),(1868,1751,0,1,0,0,15,0,0,1,''),(1869,1752,0,1,0,0,15,0,0,1,''),(1870,1754,0,1,0,0,15,0,0,1,''),(1871,1755,0,1,0,0,15,0,0,1,''),(1872,1756,0,1,0,0,15,0,0,1,''),(1873,1757,0,1,0,0,15,0,0,1,''),(1874,1758,0,1,0,0,15,0,0,1,''),(1875,1759,0,1,0,0,15,0,0,1,''),(1876,1760,0,1,0,0,15,0,0,1,''),(1877,1761,0,1,0,0,15,0,0,1,''),(1878,1762,0,1,0,0,2,0,0,1,''),(1879,1763,0,1,0,0,15,0,0,1,''),(1880,1764,0,1,0,0,15,0,0,1,''),(1881,1766,0,1,0,0,15,0,0,1,''),(1882,1767,0,1,0,0,15,0,0,1,''),(1883,1768,0,1,0,0,15,0,0,1,''),(1884,1769,0,1,0,0,15,0,0,1,''),(1885,1770,0,1,0,0,15,0,0,1,''),(1886,1771,0,1,0,0,15,0,0,1,''),(1887,1772,0,1,0,0,15,0,0,1,''),(1888,1773,0,1,0,0,15,0,0,1,''),(1889,1774,0,1,0,0,15,0,0,1,''),(1890,1775,0,1,0,0,15,0,0,1,''),(1891,1776,0,1,0,0,15,0,0,1,''),(1892,1778,0,1,0,0,15,0,0,1,''),(1893,1779,0,1,0,0,15,0,0,1,''),(1894,1780,0,1,0,0,15,0,0,1,''),(1895,1781,0,1,0,0,15,0,0,1,''),(1896,1782,0,1,0,0,15,0,0,1,''),(1897,1783,0,1,0,0,15,0,0,1,''),(1898,1784,0,1,0,0,15,0,0,1,''),(1899,1785,0,1,0,0,15,0,0,1,''),(1900,1786,0,1,0,0,1,0,0,1,''),(1901,1787,0,1,0,0,15,0,0,1,''),(1902,1788,0,1,0,0,15,0,0,1,''),(1903,1790,0,1,0,0,15,0,0,1,''),(1904,1791,0,1,0,0,15,0,0,1,''),(1905,1792,0,1,0,0,15,0,0,1,''),(1906,1793,0,1,0,0,15,0,0,1,''),(1907,1794,0,1,0,0,15,0,0,1,''),(1908,1795,0,1,0,0,8,0,0,1,''),(1909,1796,0,1,0,0,15,0,0,1,''),(1910,1797,0,1,0,0,15,0,0,1,''),(1911,1798,0,1,0,0,15,0,0,1,''),(1912,1799,0,1,0,0,15,0,0,1,''),(1913,1800,0,1,0,0,15,0,0,1,''),(1914,1802,0,1,0,0,15,0,0,1,''),(1915,1803,0,1,0,0,15,0,0,1,''),(1916,1804,0,1,0,0,10,0,0,1,''),(1917,1805,0,1,0,0,15,0,0,1,''),(1918,1806,0,1,0,0,15,0,0,1,''),(1919,1807,0,1,0,0,15,0,0,1,''),(1920,1808,0,1,0,0,15,0,0,1,''),(1921,1809,0,1,0,0,15,0,0,1,''),(1922,1810,0,1,0,0,1,0,0,1,''),(1923,1811,0,1,0,0,15,0,0,1,''),(1924,1812,0,1,0,0,15,0,0,1,''),(1925,1817,0,1,0,0,15,0,0,1,''),(1926,1818,0,1,0,0,15,0,0,1,''),(1927,1819,0,1,0,0,15,0,0,1,''),(1928,1820,0,1,0,0,15,0,0,1,''),(1929,1821,0,1,0,0,15,0,0,1,''),(1930,1822,0,1,0,0,15,0,0,1,''),(1931,1823,0,1,0,0,15,0,0,1,''),(1932,1824,0,1,0,0,15,0,0,1,''),(1933,1825,0,1,0,0,15,0,0,1,''),(1934,1826,0,1,0,0,15,0,0,1,''),(1935,1827,0,1,0,0,15,0,0,1,''),(1936,1832,0,1,0,0,15,0,0,1,''),(1937,1833,0,1,0,0,15,0,0,1,''),(1938,1834,0,1,0,0,15,0,0,1,''),(1939,1835,0,1,0,0,15,0,0,1,''),(1940,1836,0,1,0,0,15,0,0,1,''),(1941,1837,0,1,0,0,15,0,0,1,''),(1942,1838,0,1,0,0,15,0,0,1,''),(1943,1839,0,1,0,0,15,0,0,1,''),(1944,1840,0,1,0,0,15,0,0,1,''),(1945,1841,0,1,0,0,15,0,0,1,''),(1946,1842,0,1,0,0,15,0,0,1,''),(1947,1847,0,1,0,0,15,0,0,1,''),(1948,1848,0,1,0,0,15,0,0,1,''),(1949,1849,0,1,0,0,15,0,0,1,''),(1950,1850,0,1,0,0,15,0,0,1,''),(1951,1851,0,1,0,0,15,0,0,1,''),(1952,1852,0,1,0,0,15,0,0,1,''),(1953,1853,0,1,0,0,15,0,0,1,''),(1955,1855,0,1,0,0,15,0,0,1,''),(1956,1856,0,1,0,0,15,0,0,1,''),(1957,1857,0,1,0,0,15,0,0,1,''),(1958,1862,0,1,0,100,15,0,0,1,''),(1959,1863,0,1,0,0,15,0,0,1,''),(1960,1864,0,1,0,0,15,0,0,1,''),(1961,1865,0,1,0,0,15,0,0,1,''),(1962,1866,0,1,0,0,15,0,0,1,''),(1963,1867,0,1,0,0,15,0,0,1,''),(1964,1868,0,1,0,0,15,0,0,1,''),(1965,1869,0,1,0,0,15,0,0,1,''),(1966,1870,0,1,0,100,15,0,0,1,''),(1967,1871,0,1,0,100,15,0,0,1,''),(1968,1872,0,1,0,0,15,0,0,1,''),(1969,1877,0,1,0,0,15,0,0,1,''),(1971,1879,0,1,0,100,15,0,0,1,''),(1972,1880,0,1,0,100,15,0,0,1,''),(1973,1881,0,1,0,0,15,0,0,1,''),(1974,1882,0,1,0,0,15,0,0,1,''),(1975,1883,0,1,0,0,15,0,0,1,''),(1976,1884,0,1,0,0,15,0,0,1,''),(1977,1885,0,1,0,0,15,0,0,1,''),(1978,1886,0,1,0,0,15,0,0,1,''),(1979,1987,0,1,0,0,15,0,0,1,''),(1980,2012,0,1,0,0,15,0,0,1,''),(1981,2013,0,1,0,0,15,0,0,1,''),(1982,2014,0,1,0,0,15,0,0,1,''),(1983,2015,0,1,0,0,15,0,0,1,''),(1984,2016,0,1,0,0,15,0,0,1,''),(1985,2017,0,1,0,0,15,0,0,1,''),(1986,2018,0,1,0,0,15,0,0,1,''),(1987,2019,0,1,0,0,15,0,0,1,''),(1988,2020,0,1,0,0,15,0,0,1,''),(1989,2021,0,1,0,0,15,0,0,1,''),(1990,2023,0,1,0,0,15,0,0,1,''),(1991,2028,0,1,0,0,15,0,0,1,''),(1992,2035,0,1,0,0,15,0,0,1,''),(1993,2037,0,1,0,0,15,0,0,1,''),(1994,2055,0,1,0,0,15,0,0,1,''),(1995,2058,0,1,0,0,15,0,0,1,''),(1996,2059,0,1,0,0,15,0,0,1,''),(1997,2061,0,1,0,0,15,0,0,1,''),(1998,2062,0,1,0,0,15,0,0,1,''),(1999,2063,0,1,0,0,15,0,0,1,''),(2000,2064,0,1,0,0,15,0,0,1,''),(2001,2065,0,1,0,0,15,0,0,1,''),(2002,2066,0,1,0,0,15,0,0,1,''),(2003,2067,0,1,0,0,15,0,0,1,''),(2004,2068,0,1,0,0,15,0,0,1,''),(2005,2069,0,1,0,0,15,0,0,1,''),(2006,2070,0,1,0,0,15,0,0,1,''),(2007,2071,0,1,0,0,15,0,0,1,''),(2008,2072,0,1,0,0,15,0,0,1,''),(2009,2073,0,1,0,0,15,0,0,1,''),(2010,2074,0,1,0,0,15,0,0,1,''),(2011,2076,0,1,0,0,15,0,0,1,''),(2012,2077,0,1,0,0,15,0,0,1,''),(2013,2078,0,1,0,0,15,0,0,1,''),(2014,2079,0,1,0,0,15,0,0,1,''),(2015,2080,0,1,0,0,15,0,0,1,''),(2016,2081,0,1,0,0,15,0,0,1,''),(2017,2082,0,1,0,0,15,0,0,1,''),(2018,2083,0,1,0,0,15,0,0,1,''),(2019,2084,0,1,0,0,15,0,0,1,''),(2020,2085,0,1,0,0,15,0,0,1,''),(2021,3441,0,1,0,0,15,0,0,1,''),(2022,3442,0,1,0,0,15,0,0,1,''),(2023,3443,0,1,0,0,15,0,0,1,''),(2024,3444,0,1,0,0,15,0,0,1,''),(2025,3445,0,1,0,0,15,0,0,1,''),(2026,3446,0,1,0,0,15,0,0,1,''),(2027,3447,0,1,0,0,15,0,0,1,''),(2028,3448,0,1,0,0,15,0,0,1,''),(2029,3449,0,1,0,0,15,0,0,1,''),(2030,3450,0,1,0,0,15,0,0,1,''),(2031,3451,0,1,0,0,15,0,0,1,''),(2032,3452,0,1,0,0,15,0,0,1,''),(2033,3453,0,1,0,0,15,0,0,1,''),(2034,3454,0,1,0,0,15,0,0,1,''),(2035,3455,0,1,0,0,15,0,0,1,''),(2036,3456,0,1,0,0,15,0,0,1,''),(2037,3457,0,1,0,0,15,0,0,1,''),(2038,3458,0,1,0,0,15,0,0,1,''),(2039,3459,0,1,0,0,15,0,0,1,''),(2040,3460,0,1,0,0,15,0,0,1,''),(2041,3461,0,1,0,0,15,0,0,1,''),(2042,3462,0,1,0,0,15,0,0,1,''),(2043,3463,0,1,0,0,15,0,0,1,''),(2044,3464,0,1,0,0,15,0,0,1,''),(2045,3465,0,1,0,0,15,0,0,1,''),(2046,3466,0,1,0,0,15,0,0,1,''),(2047,3467,0,1,0,0,15,0,0,1,''),(2048,3468,0,1,0,0,15,0,0,1,''),(2049,3469,0,1,0,0,15,0,0,1,''),(2050,3470,0,1,0,0,15,0,0,1,''),(2051,3471,0,1,0,0,15,0,0,1,''),(2052,3472,0,1,0,0,15,0,0,1,''),(2053,3473,0,1,0,0,15,0,0,1,''),(2054,3474,0,1,0,0,15,0,0,1,''),(2055,3475,0,1,0,0,15,0,0,1,''),(2056,3476,0,1,0,0,15,0,0,1,''),(2057,3477,0,1,0,0,15,0,0,1,''),(2058,3478,0,1,0,0,15,0,0,1,''),(2059,3479,0,1,0,0,15,0,0,1,''),(2060,3480,0,1,0,0,15,0,0,1,''),(2061,3481,0,1,0,0,15,0,0,1,''),(2062,3482,0,1,0,0,15,0,0,1,''),(2063,3483,0,1,0,0,15,0,0,1,''),(2064,3484,0,1,0,0,15,0,0,1,''),(2065,3485,0,1,0,0,15,0,0,1,''),(2066,3486,0,1,0,0,15,0,0,1,''),(2067,3487,0,1,0,0,15,0,0,1,''),(2068,3488,0,1,0,0,15,0,0,1,''),(2069,3489,0,1,0,0,15,0,0,1,''),(2070,3490,0,1,0,0,15,0,0,1,''),(2071,3491,0,1,0,0,15,0,0,1,''),(2072,3492,0,1,0,0,15,0,0,1,''),(2073,3493,0,1,0,0,14,0,0,1,''),(2074,3494,0,1,0,0,3,0,0,1,''),(2075,3495,0,1,0,0,15,0,0,1,''),(2076,3496,0,1,0,0,15,0,0,1,''),(2077,3497,0,1,0,0,15,0,0,1,''),(2078,3499,0,1,0,0,15,0,0,1,''),(2079,3500,0,1,0,0,15,0,0,1,''),(2080,3501,0,1,0,0,15,0,0,1,''),(2081,3502,0,1,0,0,15,0,0,1,''),(2082,3503,0,1,0,0,15,0,0,1,''),(2083,3505,0,1,0,0,15,0,0,1,''),(2084,3506,0,1,0,0,15,0,0,1,''),(2085,3507,0,1,0,0,15,0,0,1,''),(2086,3508,0,1,0,0,15,0,0,1,''),(2087,3509,0,1,0,0,15,0,0,1,''),(2088,3510,0,1,0,0,15,0,0,1,''),(2089,3511,0,1,0,0,15,0,0,1,''),(2090,3512,0,1,0,0,15,0,0,1,''),(2091,3513,0,1,0,0,15,0,0,1,''),(2092,3514,0,1,0,0,15,0,0,1,''),(2093,3515,0,1,0,0,15,0,0,1,''),(2094,3516,0,1,0,0,15,0,0,1,''),(2095,3517,0,1,0,0,15,0,0,1,''),(2096,3518,0,1,0,0,15,0,0,1,''),(2097,3519,0,1,0,0,15,0,0,1,''),(2098,3520,0,1,0,0,15,0,0,1,''),(2099,3521,0,1,0,0,15,0,0,1,''),(2100,3522,0,1,0,0,15,0,0,1,''),(2101,3523,0,1,0,0,15,0,0,1,''),(2102,3524,0,1,0,0,15,0,0,1,''),(2103,3525,0,1,0,0,15,0,0,1,''),(2104,3526,0,1,0,0,15,0,0,1,''),(2105,3527,0,1,0,0,15,0,0,1,''),(2106,3528,0,1,0,0,15,0,0,1,''),(2107,3529,0,1,0,0,15,0,0,1,''),(2108,3530,0,1,0,0,15,0,0,1,''),(2109,3531,0,1,0,0,15,0,0,1,''),(2110,3532,0,1,0,0,15,0,0,1,''),(2111,3533,0,1,0,0,15,0,0,1,''),(2112,3534,0,1,0,0,15,0,0,1,''),(2113,3535,0,1,0,0,15,0,0,1,''),(2114,3536,0,1,0,0,15,0,0,1,''),(2115,3537,0,1,0,0,15,0,0,1,''),(2116,3538,0,1,0,0,15,0,0,1,''),(2117,3539,0,1,0,0,15,0,0,1,''),(2118,3540,0,1,0,0,15,0,0,1,''),(2119,3541,0,1,0,0,15,0,0,1,''),(2120,3542,0,1,0,0,15,0,0,1,''),(2121,3543,0,1,0,0,15,0,0,1,''),(2122,3544,0,1,0,0,15,0,0,1,''),(2123,3545,0,1,0,0,15,0,0,1,''),(2124,3546,0,1,0,0,15,0,0,1,''),(2125,3547,0,1,0,0,15,0,0,1,''),(2126,3548,0,1,0,0,15,0,0,1,''),(2127,3549,0,1,0,0,15,0,0,1,''),(2128,3550,0,1,0,0,15,0,0,1,''),(2129,3551,0,1,0,0,15,0,0,1,''),(2130,3552,0,1,0,0,15,0,0,1,''),(2131,3553,0,1,0,0,15,0,0,1,''),(2132,3554,0,1,0,0,15,0,0,1,''),(2133,3555,0,1,0,0,15,0,0,1,''),(2134,3556,0,1,0,0,15,0,0,1,''),(2135,3557,0,1,0,0,15,0,0,1,''),(2136,3558,0,1,0,0,15,0,0,1,''),(2137,3559,0,1,0,0,15,0,0,1,''),(2138,3560,0,1,0,0,15,0,0,1,''),(2139,3561,0,1,0,0,15,0,0,1,''),(2140,3562,0,1,0,0,15,0,0,1,''),(2141,3563,0,1,0,0,15,0,0,1,''),(2142,3564,0,1,0,0,15,0,0,1,''),(2143,3565,0,1,0,0,15,0,0,1,''),(2144,3566,0,1,0,0,15,0,0,1,''),(2145,3567,0,1,0,0,15,0,0,1,''),(2146,3568,0,1,0,0,15,0,0,1,''),(2147,3569,0,1,0,0,15,0,0,1,''),(2148,3570,0,1,0,0,15,0,0,1,''),(2149,3571,0,1,0,0,15,0,0,1,''),(2150,3572,0,1,0,0,15,0,0,1,''),(2151,3573,0,1,0,0,15,0,0,1,''),(2152,3574,0,1,0,0,15,0,0,1,''),(2153,3575,0,1,0,0,15,0,0,1,''),(2154,3576,0,1,0,0,15,0,0,1,''),(2155,4014,0,1,0,0,15,0,0,1,''),(2156,4093,0,1,0,0,15,0,0,1,''),(2157,4094,0,1,0,0,15,0,0,1,''),(2158,4095,0,1,0,0,15,0,0,1,''),(2159,4096,0,1,0,0,15,0,0,1,''),(2160,4097,0,1,0,0,15,0,0,1,''),(2161,4098,0,1,0,0,15,0,0,1,''),(2162,4099,0,1,0,0,15,0,0,1,''),(2163,4100,0,1,0,0,15,0,0,1,''),(2164,4101,0,1,0,0,15,0,0,1,''),(2165,4102,0,1,0,0,15,0,0,1,''),(2166,4103,0,1,0,0,15,0,0,1,''),(2167,4104,0,1,0,0,15,0,0,1,''),(2168,4105,0,1,0,0,15,0,0,1,''),(2169,4106,0,1,0,0,15,0,0,1,''),(2170,4107,0,1,0,0,15,0,0,1,''),(2171,4108,0,1,0,0,15,0,0,1,''),(2172,4109,0,1,0,0,15,0,0,1,''),(2173,4110,0,1,0,0,15,0,0,1,''),(2174,4111,0,1,0,0,15,0,0,1,''),(2175,4112,0,1,0,0,15,0,0,1,''),(2176,4113,0,1,0,0,15,0,0,1,''),(2177,4114,0,1,0,0,15,0,0,1,''),(2178,4115,0,1,0,0,15,0,0,1,''),(2179,4116,0,1,0,0,15,0,0,1,''),(2180,4117,0,1,0,0,15,0,0,1,''),(2181,4118,0,1,0,0,15,0,0,1,''),(2182,4119,0,1,0,0,15,0,0,1,''),(2183,4120,0,1,0,0,15,0,0,1,''),(2184,4121,0,1,0,0,15,0,0,1,''),(2185,4122,0,1,0,0,15,0,0,1,''),(2186,4123,0,1,0,0,15,0,0,1,''),(2187,4124,0,1,0,0,15,0,0,1,''),(2188,4125,0,1,0,0,15,0,0,1,''),(2189,4126,0,1,0,0,15,0,0,1,''),(2190,4127,0,1,0,0,15,0,0,1,''),(2191,4128,0,1,0,0,15,0,0,1,''),(2192,4129,0,1,0,0,15,0,0,1,''),(2193,4130,0,1,0,0,15,0,0,1,''),(2194,4131,0,1,0,0,15,0,0,1,''),(2195,4132,0,1,0,0,15,0,0,1,''),(2196,4133,0,1,0,0,15,0,0,1,''),(2197,4483,0,1,0,0,0,0,0,0,''),(2198,4484,0,1,0,0,10,0,0,0,''),(2199,4485,0,1,0,0,0,0,0,0,''),(2200,4486,0,1,0,0,0,0,0,0,''),(2201,4487,0,1,0,0,0,0,0,0,''),(2202,4488,0,1,0,0,0,0,0,0,''),(2203,4489,0,1,0,0,0,0,0,0,''),(2204,4490,0,1,0,0,0,0,0,0,''),(2205,4491,0,1,0,0,0,0,0,0,''),(2206,4492,0,1,0,0,0,0,0,0,''),(2207,4493,0,1,0,0,0,0,0,0,''),(2208,4494,0,1,0,0,0,0,0,0,''),(2209,4495,0,1,0,0,0,0,0,0,''),(2210,4497,0,1,0,0,0,0,0,0,''),(2211,4498,0,1,0,0,0,0,0,0,''),(2212,4499,0,1,0,0,0,0,0,0,''),(2213,4501,0,1,0,0,0,0,0,0,''),(2214,4502,0,1,0,0,0,0,0,0,''),(2215,4503,0,1,0,0,0,0,0,0,''),(2216,4504,0,1,0,0,0,0,0,0,''),(2217,4505,0,1,0,0,0,0,0,0,''),(2218,4506,0,1,0,0,0,0,0,0,''),(2219,4508,0,1,0,0,0,0,0,0,''),(2220,4510,0,1,0,0,0,0,0,0,''),(2221,4511,0,1,0,0,0,0,0,0,''),(2222,4512,0,1,0,0,0,0,0,0,''),(2223,4513,0,1,0,0,0,0,0,0,''),(2224,4515,0,1,0,0,0,0,0,0,''),(2225,4516,0,1,0,0,0,0,0,0,''),(2226,4517,0,1,0,0,0,0,0,0,''),(2227,4518,0,1,0,0,0,0,0,0,''),(2228,4519,0,1,0,0,0,0,0,0,''),(2229,4520,0,1,0,0,0,0,0,0,''),(2230,4521,0,1,0,0,0,0,0,0,''),(2231,4522,0,1,0,0,0,0,0,0,''),(2232,4523,0,1,0,0,0,0,0,0,''),(2233,4524,0,1,0,0,0,0,0,0,''),(2234,4525,0,1,0,0,0,0,0,0,''),(2235,4526,0,1,0,0,0,0,0,0,''),(2236,4527,0,1,0,0,0,0,0,0,''),(2237,4528,0,1,0,0,0,0,0,0,''),(2238,4529,0,1,0,0,0,0,0,0,''),(2239,4530,0,1,0,0,0,0,0,0,''),(2240,4531,0,1,0,0,0,0,0,0,''),(2241,4532,0,1,0,0,0,0,0,0,''),(2242,4533,0,1,0,0,0,0,0,0,''),(2243,4537,0,1,0,0,0,0,0,0,''),(2244,4538,0,1,0,0,0,0,0,0,''),(2245,4539,0,1,0,0,0,0,0,0,''),(2246,4540,0,1,0,0,0,0,0,0,''),(2247,4536,0,1,0,0,0,0,0,0,''),(2248,5006,0,1,0,0,4,0,0,2,''),(2249,5007,0,1,0,0,2,0,0,2,''),(2250,5008,0,1,0,0,1,0,0,2,''),(2251,5009,0,1,0,0,2,0,0,2,''),(2252,5010,0,1,0,0,2,0,0,2,''),(2253,5011,0,1,0,0,1,0,0,2,''),(2254,5012,0,1,0,0,1,0,0,2,''),(2255,5013,0,1,0,0,2,0,0,2,''),(2256,5014,0,1,0,0,1,0,0,2,''),(2257,5015,0,1,0,0,3,0,0,2,''),(2258,5016,0,1,0,0,1,0,0,2,''),(2259,5017,0,1,0,0,1,0,0,2,''),(2260,5018,0,1,0,0,1,0,0,2,''),(2261,5019,0,1,0,0,1,0,0,2,''),(2262,5020,0,1,0,0,1,0,0,2,''),(2263,5021,0,1,0,0,1,0,0,2,''),(2264,5022,0,1,0,0,2,0,0,2,''),(2265,5023,0,1,0,0,1,0,0,2,''),(2266,5024,0,1,0,0,1,0,0,2,''),(2267,5025,0,1,0,0,3,0,0,2,''),(2268,5026,0,1,0,0,2,0,0,2,''),(2269,5027,0,1,0,0,1,0,0,2,''),(2270,5028,0,1,0,0,3,0,0,2,''),(2271,5029,0,1,0,0,1,0,0,2,''),(2272,5030,0,1,0,0,2,0,0,2,''),(2273,5031,0,1,0,0,1,0,0,2,''),(2274,5032,0,1,0,0,3,0,0,2,''),(2275,5033,0,1,0,0,1,0,0,2,''),(2276,5034,0,1,0,0,1,0,0,2,''),(2277,5035,0,1,0,0,4,0,0,2,''),(2278,5036,0,1,0,0,1,0,0,2,''),(2279,5037,0,1,0,0,1,0,0,2,''),(2280,5038,0,1,0,0,1,0,0,2,''),(2281,5039,0,1,0,0,1,0,0,2,''),(2282,5040,0,1,0,0,2,0,0,2,''),(2283,5041,0,1,0,0,2,0,0,2,''),(2284,5042,0,1,0,0,12,0,0,2,''),(2285,5043,0,1,0,0,15,0,0,2,''),(2286,5044,0,1,0,0,1,0,0,2,''),(2287,5045,0,1,0,0,6,0,0,2,''),(2288,5046,0,1,0,0,2,0,0,2,''),(2289,5047,0,1,0,0,1,0,0,2,''),(2290,5048,0,1,0,0,3,0,0,2,''),(2291,5049,0,1,0,0,3,0,0,2,''),(2292,5050,0,1,0,0,2,0,0,2,''),(2293,5051,0,1,0,0,1,0,0,2,''),(2294,5052,0,1,0,0,1,0,0,2,''),(2295,5053,0,1,0,0,1,0,0,2,''),(2296,5054,0,1,0,0,1,0,0,2,''),(2297,5055,0,1,0,0,2,0,0,2,''),(2298,5056,0,1,0,0,2,0,0,2,''),(2299,5057,0,1,0,0,5,0,0,2,''),(2300,5058,0,1,0,0,2,0,0,2,''),(2301,5059,0,1,0,0,1,0,0,2,''),(2302,5060,0,1,0,0,4,0,0,2,''),(2303,5061,0,1,0,0,1,0,0,2,''),(2304,5062,0,1,0,0,2,0,0,2,''),(2305,5063,0,1,0,0,2,0,0,2,''),(2306,5064,0,1,0,0,6,0,0,2,''),(2307,5065,0,1,0,0,3,0,0,2,''),(2308,5066,0,1,0,0,1,0,0,2,''),(2309,5067,0,1,0,0,2,0,0,2,''),(2310,5068,0,1,0,0,1,0,0,2,''),(2311,5069,0,1,0,0,1,0,0,2,''),(2312,5070,0,1,0,0,1,0,0,2,''),(2313,5071,0,1,0,0,1,0,0,2,''),(2314,5072,0,1,0,0,20,0,0,2,''),(2315,5073,0,1,0,0,1,0,0,2,''),(2316,5074,0,1,0,0,1,0,0,2,''),(2317,5075,0,1,0,0,1,0,0,2,''),(2318,5076,0,1,0,0,1,0,0,2,''),(2319,5077,0,1,0,0,1,0,0,2,''),(2320,5078,0,1,0,0,9,0,0,2,''),(2321,5079,0,1,0,0,1,0,0,2,''),(2322,5080,0,1,0,0,2,0,0,2,''),(2323,5081,0,1,0,0,3,0,0,2,''),(2324,5082,0,1,0,0,1,0,0,2,''),(2325,5083,0,1,0,0,3,0,0,2,''),(2326,5084,0,1,0,0,1,0,0,2,''),(2327,5085,0,1,0,0,1,0,0,2,''),(2328,5086,0,1,0,0,2,0,0,2,''),(2329,5087,0,1,0,0,1,0,0,2,''),(2330,5088,0,1,0,0,2,0,0,2,''),(2331,5089,0,1,0,0,1,0,0,2,''),(2332,5090,0,1,0,0,2,0,0,2,''),(2333,5091,0,1,0,0,1,0,0,2,''),(2334,5092,0,1,0,0,1,0,0,2,''),(2335,5093,0,1,0,0,1,0,0,2,''),(2336,5094,0,1,0,0,1,0,0,2,''),(2337,5095,0,1,0,0,1,0,0,2,''),(2338,5096,0,1,0,0,1,0,0,2,''),(2339,5097,0,1,0,0,1,0,0,2,''),(2340,5098,0,1,0,0,1,0,0,2,''),(2341,5099,0,1,0,0,1,0,0,2,''),(2342,5100,0,1,0,0,1,0,0,2,''),(2343,5101,0,1,0,0,1,0,0,2,''),(2344,5102,0,1,0,0,1,0,0,2,''),(2345,5103,0,1,0,0,1,0,0,2,''),(2346,5104,0,1,0,0,3,0,0,2,''),(2347,5105,0,1,0,0,2,0,0,2,''),(2348,5106,0,1,0,0,1,0,0,2,''),(2349,5107,0,1,0,0,1,0,0,2,''),(2350,5108,0,1,0,0,1,0,0,2,''),(2351,5109,0,1,0,0,1,0,0,2,''),(2352,5110,0,1,0,0,1,0,0,2,''),(2353,5111,0,1,0,0,1,0,0,2,''),(2354,5112,0,1,0,0,1,0,0,2,''),(2355,5113,0,1,0,0,1,0,0,2,''),(2356,5114,0,1,0,0,1,0,0,2,''),(2357,5115,0,1,0,0,5,0,0,2,''),(2358,5116,0,1,0,0,1,0,0,2,''),(2359,5117,0,1,0,0,1,0,0,2,''),(2360,5118,0,1,0,0,1,0,0,2,''),(2361,5119,0,1,0,0,1,0,0,2,''),(2362,5120,0,1,0,0,1,0,0,2,''),(2363,5121,0,1,0,0,1,0,0,2,''),(2364,5122,0,1,0,0,1,0,0,2,''),(2365,5123,0,1,0,0,1,0,0,2,''),(2366,5124,0,1,0,0,1,0,0,2,''),(2367,5125,0,1,0,0,2,0,0,2,''),(2368,5126,0,1,0,0,2,0,0,2,''),(2369,5127,0,1,0,0,2,0,0,2,''),(2370,5128,0,1,0,0,5,0,0,2,''),(2371,5129,0,1,0,0,1,0,0,2,''),(2372,5130,0,1,0,0,1,0,0,2,''),(2373,5131,0,1,0,0,3,0,0,2,''),(2374,5132,0,1,0,0,2,0,0,2,''),(2375,5133,0,1,0,0,1,0,0,2,''),(2376,5134,0,1,0,0,1,0,0,2,''),(2377,5135,0,1,0,0,1,0,0,2,''),(2378,5136,0,1,0,0,1,0,0,2,''),(2379,5137,0,1,0,0,2,0,0,2,''),(2380,5138,0,1,0,0,3,0,0,2,''),(2381,5139,0,1,0,0,1,0,0,2,''),(2382,5140,0,1,0,0,4,0,0,2,''),(2383,5141,0,1,0,0,1,0,0,2,''),(2384,5142,0,1,0,0,4,0,0,2,''),(2385,5143,0,1,0,0,2,0,0,2,''),(2386,5144,0,1,0,0,2,0,0,2,''),(2387,5145,0,1,0,0,1,0,0,2,''),(2388,5146,0,1,0,0,1,0,0,2,''),(2389,5147,0,1,0,0,1,0,0,2,''),(2390,5148,0,1,0,0,1,0,0,2,''),(2391,5149,0,1,0,0,1,0,0,2,''),(2392,5150,0,1,0,0,3,0,0,2,''),(2393,5151,0,1,0,0,3,0,0,2,''),(2394,5152,0,1,0,0,1,0,0,2,''),(2395,5153,0,1,0,0,1,0,0,2,''),(2396,5154,0,1,0,0,1,0,0,2,''),(2397,5155,0,1,0,0,12,0,0,2,''),(2398,5156,0,1,0,0,1,0,0,2,''),(2399,5157,0,1,0,0,1,0,0,2,''),(2400,5158,0,1,0,0,1,0,0,2,''),(2401,5159,0,1,0,0,15,0,0,2,''),(2402,5160,0,1,0,0,2,0,0,2,''),(2403,5161,0,1,0,0,3,0,0,2,''),(2404,5162,0,1,0,0,11,0,0,2,''),(2405,5163,0,1,0,0,4,0,0,2,''),(2406,5164,0,1,0,0,1,0,0,2,''),(2407,5165,0,1,0,0,3,0,0,2,''),(2408,5166,0,1,0,0,9,0,0,2,''),(2409,5167,0,1,0,0,1,0,0,2,''),(2410,5168,0,1,0,0,2,0,0,2,''),(2411,5169,0,1,0,0,1,0,0,2,''),(2412,5170,0,1,0,0,1,0,0,2,''),(2413,5171,0,1,0,0,1,0,0,2,''),(2414,5172,0,1,0,0,1,0,0,2,''),(2415,5173,0,1,0,0,3,0,0,2,''),(2416,5174,0,1,0,0,3,0,0,2,''),(2417,5175,0,1,0,0,1,0,0,2,''),(2418,5176,0,1,0,0,2,0,0,2,''),(2419,5177,0,1,0,0,1,0,0,2,''),(2420,5178,0,1,0,0,2,0,0,2,''),(2421,5179,0,1,0,0,2,0,0,2,''),(2422,5180,0,1,0,0,1,0,0,2,''),(2423,5181,0,1,0,0,1,0,0,2,''),(2424,5182,0,1,0,0,3,0,0,2,''),(2425,5183,0,1,0,0,8,0,0,2,''),(2426,5184,0,1,0,0,2,0,0,2,''),(2427,5185,0,1,0,0,2,0,0,2,''),(2428,5186,0,1,0,0,3,0,0,2,''),(2429,5187,0,1,0,0,1,0,0,2,''),(2430,5188,0,1,0,0,1,0,0,2,''),(2431,5189,0,1,0,0,1,0,0,2,''),(2432,5190,0,1,0,0,1,0,0,2,''),(2433,5191,0,1,0,0,1,0,0,2,''),(2434,5192,0,1,0,0,1,0,0,2,''),(2435,5193,0,1,0,0,3,0,0,2,''),(2436,5194,0,1,0,0,2,0,0,2,''),(2437,5195,0,1,0,0,1,0,0,2,''),(2438,5196,0,1,0,0,3,0,0,2,''),(2439,5197,0,1,0,0,1,0,0,2,''),(2440,5198,0,1,0,0,2,0,0,2,''),(2441,5199,0,1,0,0,1,0,0,2,''),(2442,5200,0,1,0,0,13,0,0,2,''),(2443,5201,0,1,0,0,7,0,0,2,''),(2444,5202,0,1,0,0,11,0,0,2,''),(2445,5203,0,1,0,0,2,0,0,2,''),(2446,5204,0,1,0,0,7,0,0,2,''),(2448,5206,0,1,0,0,8,0,0,2,''),(2449,5207,0,1,0,0,7,0,0,2,''),(2450,5208,0,1,0,0,9,0,0,2,''),(2451,5209,0,1,0,0,5,0,0,2,''),(2452,5210,0,1,0,0,6,0,0,2,''),(2453,5211,0,1,0,0,10,0,0,2,''),(2454,5212,0,1,0,0,3,0,0,2,''),(2455,5213,0,1,0,0,11,0,0,2,''),(2456,5214,0,1,0,0,2,0,0,2,''),(2457,5215,0,1,0,0,28,0,0,2,''),(2459,5217,0,1,0,0,3,0,0,2,''),(2460,5218,0,1,0,0,6,0,0,2,''),(2461,5219,0,1,0,0,1,0,0,2,''),(2462,5220,0,1,0,0,8,0,0,2,''),(2463,5221,0,1,0,0,2,0,0,2,''),(2464,5222,0,1,0,0,15,0,0,2,''),(2465,5223,0,1,0,0,14,0,0,2,''),(2466,5224,0,1,0,0,19,0,0,2,''),(2467,5225,0,1,0,0,1,0,0,2,''),(2470,5228,0,1,0,0,1,0,0,2,''),(2472,5233,0,1,0,0,0,0,0,0,''),(2473,5240,0,1,0,0,100,0,0,2,''),(2474,5241,0,1,0,0,10,0,0,2,''),(2475,5242,0,1,0,0,10,0,0,2,''),(2476,5243,0,1,0,0,10,0,0,2,''),(2477,5244,0,1,0,0,2,0,0,2,''),(2478,5245,0,1,0,0,2,0,0,2,''),(2479,5246,0,1,0,0,1,0,0,2,''),(2480,5247,0,1,0,0,7,0,0,2,''),(2481,5248,0,1,0,0,2,0,0,2,''),(2482,5249,0,1,0,0,10,0,0,2,''),(2483,5250,0,1,0,0,2,0,0,2,''),(2484,5251,0,1,0,0,10,0,0,2,''),(2485,5252,0,1,0,0,5,0,0,2,''),(2486,5253,0,1,0,0,584,0,0,2,''),(2487,5254,0,1,0,0,832,0,0,2,''),(2488,5255,0,1,0,100,100,0,0,2,''),(2489,5256,0,1,0,0,349,0,0,2,''),(2490,5257,0,1,0,0,142,0,0,2,''),(2491,5258,0,1,0,0,275,0,0,2,''),(2493,5260,0,1,0,100,41,0,0,2,''),(2495,5262,0,1,0,0,375,0,0,2,''),(2496,5263,0,1,0,0,10,0,0,2,''),(2497,5264,0,1,0,0,10,0,0,2,''),(2498,5265,0,1,0,0,975,0,0,2,''),(2500,5267,0,1,0,0,900,0,0,2,''),(2501,5268,0,1,0,0,987,0,0,2,''),(2502,5269,0,1,0,0,1300,0,0,2,''),(2503,5270,0,1,0,100,100,0,0,2,''),(2504,5271,0,1,0,100,100,0,0,2,''),(2505,5272,0,1,0,0,5,0,0,2,''),(2506,5273,0,1,0,0,4,0,0,2,''),(2507,5274,0,1,0,100,100,0,0,2,''),(2508,5275,0,1,0,100,100,0,0,2,''),(2509,5276,0,1,0,100,100,0,0,2,''),(2510,5277,0,1,0,0,973,0,0,2,''),(2511,5278,0,1,0,0,990,0,0,2,''),(2512,5279,0,1,0,0,1000,0,0,2,''),(2513,5280,0,1,0,0,643,0,0,2,''),(2514,5281,0,1,0,0,982,0,0,2,''),(2515,5282,0,1,0,0,129,0,0,2,''),(2518,5285,0,1,0,0,10,0,0,2,''),(2519,5286,0,1,0,0,13,0,0,2,''),(2520,5287,0,1,0,0,5,0,0,2,''),(2524,5291,0,1,0,0,5,0,0,2,''),(2525,5292,0,1,0,0,1,0,0,2,''),(2526,5293,0,1,0,0,9,0,0,2,''),(2527,5294,0,1,0,0,16,0,0,2,''),(2528,5295,0,1,0,0,10,0,0,2,''),(2529,5296,0,1,0,0,1,0,0,2,''),(2531,5298,0,1,0,0,5,0,0,2,''),(2532,5299,0,1,0,0,7,0,0,2,''),(2533,5300,0,1,0,0,1,0,0,2,''),(2534,5301,0,1,0,0,3,0,0,2,''),(2536,5303,0,1,0,0,3,0,0,2,''),(2537,5304,0,1,0,0,5,0,0,2,''),(2538,5305,0,1,0,0,6,0,0,2,''),(2539,5306,0,1,0,0,8,0,0,2,''),(2540,5307,0,1,0,0,5,0,0,2,''),(2541,5308,0,1,0,0,4,0,0,2,''),(2542,5309,0,1,0,0,3,0,0,2,''),(2543,5310,0,1,0,0,6,0,0,2,''),(2544,5311,0,1,0,0,6,0,0,2,''),(2545,5312,0,1,0,0,3,0,0,2,''),(2556,5323,0,1,0,0,6,0,0,2,''),(2558,5325,0,1,0,0,7,0,0,2,''),(2559,5326,0,1,0,0,1,0,0,2,''),(2561,5328,0,1,0,0,8,0,0,2,''),(2562,5329,0,1,0,0,34,0,0,2,''),(2573,5340,0,1,0,0,3,0,0,2,''),(2574,5341,0,1,0,0,12,0,0,2,''),(2576,5343,0,1,0,0,1,0,0,2,''),(2577,5346,0,1,0,0,998,17,0,2,''),(2578,5347,0,1,0,0,999,7,0,2,''),(2579,5348,0,1,0,100,0,0,0,2,''),(2580,5349,0,1,0,98,100,2,0,2,''),(2581,5350,0,1,0,100,0,0,0,2,''),(2582,5351,0,1,0,100,0,0,0,2,''),(2583,5352,0,1,0,100,0,0,0,2,''),(2584,5353,0,1,0,100,0,0,0,2,''),(2585,5354,0,1,0,100,0,0,0,2,''),(2586,5355,0,1,0,100,0,0,0,2,''),(2587,5356,0,1,0,100,0,0,0,2,''),(2588,5357,0,1,0,100,0,0,0,2,''),(2589,5358,0,1,0,100,0,0,0,2,''),(2590,5359,0,1,0,100,0,0,0,2,''),(2591,5360,0,1,0,100,0,0,0,2,''),(2592,5361,0,1,0,100,0,0,0,2,''),(2593,5362,0,1,0,100,0,0,0,2,''),(2594,5363,0,1,0,100,0,0,0,2,''),(2595,5364,0,1,0,100,0,0,0,2,''),(2596,5365,0,1,0,100,0,0,0,2,''),(2597,5366,0,1,0,100,0,0,0,2,''),(2598,5367,0,1,0,100,0,0,0,2,''),(2599,5368,0,1,0,100,0,0,0,2,''),(2600,5369,0,1,0,100,0,0,0,2,''),(2601,5370,0,1,0,100,0,0,0,2,''),(2602,5371,0,1,0,100,0,0,0,2,''),(2603,5372,0,1,0,100,0,0,0,2,''),(2604,5373,0,1,0,100,0,0,0,2,''),(2605,5374,0,1,0,100,0,0,0,2,''),(2606,5375,0,1,0,100,0,0,0,2,''),(2607,5376,0,1,0,100,0,0,0,2,''),(2608,5377,0,1,0,100,0,0,0,2,''),(2609,5378,0,1,0,100,0,0,0,2,''),(2610,5379,0,1,0,100,0,0,0,2,''),(2611,5380,0,1,0,100,0,0,0,2,''),(2612,5381,0,1,0,100,0,0,0,2,''),(2613,5382,0,1,0,100,0,0,0,2,''),(2614,5383,0,1,0,1,0,0,0,2,''),(2615,5384,0,1,0,1,0,0,0,2,''),(2616,5385,0,1,0,1,0,0,0,2,''),(2617,5386,0,1,0,1,0,0,0,2,''),(2618,5387,0,1,0,1,0,0,0,2,''),(2619,5388,0,1,0,1,0,0,0,2,''),(2620,5389,0,1,0,1,0,0,0,2,''),(2621,5390,0,1,0,1,0,0,0,2,''),(2622,5391,0,1,0,1,0,0,0,2,''),(2623,5392,0,1,0,1,0,0,0,2,''),(2624,5393,0,1,0,1,0,0,0,2,''),(2625,5394,0,1,0,1,0,0,0,2,''),(2626,5395,0,1,0,1,0,0,0,2,''),(2627,5396,0,1,0,1,0,0,0,2,''),(2628,5397,0,1,0,100,0,0,0,2,''),(2629,5398,0,1,0,100,0,0,0,2,'');

--
-- Table structure for table `ps_stock_mvt`
--

CREATE TABLE `ps_stock_mvt` (
  `id_stock_mvt` bigint NOT NULL AUTO_INCREMENT,
  `id_stock` int NOT NULL,
  `id_order` int DEFAULT NULL,
  `id_supply_order` int DEFAULT NULL,
  `id_stock_mvt_reason` int NOT NULL,
  `id_employee` int NOT NULL,
  `employee_lastname` varchar(32) CHARACTER SET utf8mb4 COLLATE utf8mb4_unicode_ci DEFAULT NULL,
  `employee_firstname` varchar(32) CHARACTER SET utf8mb4 COLLATE utf8mb4_unicode_ci DEFAULT NULL,
  `physical_quantity` int NOT NULL,
  `date_add` datetime NOT NULL,
  `sign` smallint NOT NULL DEFAULT '1',
  `price_te` decimal(20,6) DEFAULT '0.000000',
  `last_wa` decimal(20,6) DEFAULT '0.000000',
  `current_wa` decimal(20,6) DEFAULT '0.000000',
  `referer` bigint DEFAULT NULL,
  PRIMARY KEY (`id_stock_mvt`),
  KEY `id_stock` (`id_stock`),
  KEY `id_stock_mvt_reason` (`id_stock_mvt_reason`)
) ENGINE=InnoDB AUTO_INCREMENT=1362 DEFAULT CHARSET=utf8mb4 COLLATE=utf8mb4_unicode_ci;

--
-- Dumping data for table `ps_stock_mvt`
--

INSERT INTO `ps_stock_mvt` VALUES (1,5,NULL,NULL,11,1,'BABY-MARINPOUY','Philippe',2,'2023-02-13 12:00:22',1,0.000000,0.000000,0.000000,NULL),(2,11,NULL,NULL,11,1,'BABY-MARINPOUY','Philippe',7,'2023-02-13 12:00:23',1,0.000000,0.000000,0.000000,NULL),(3,13,NULL,NULL,11,1,'BABY-MARINPOUY','Philippe',3,'2023-02-13 12:00:23',1,0.000000,0.000000,0.000000,NULL),(4,14,NULL,NULL,11,1,'BABY-MARINPOUY','Philippe',3,'2023-02-13 12:00:23',1,0.000000,0.000000,0.000000,NULL),(5,16,NULL,NULL,11,1,'BABY-MARINPOUY','Philippe',7,'2023-02-13 12:00:23',1,0.000000,0.000000,0.000000,NULL),(6,17,NULL,NULL,11,1,'BABY-MARINPOUY','Philippe',4,'2023-02-13 12:00:23',1,0.000000,0.000000,0.000000,NULL),(7,18,NULL,NULL,11,1,'BABY-MARINPOUY','Philippe',3,'2023-02-13 12:00:24',1,0.000000,0.000000,0.000000,NULL),(8,19,NULL,NULL,11,1,'BABY-MARINPOUY','Philippe',5,'2023-02-13 12:00:24',1,0.000000,0.000000,0.000000,NULL),(9,20,NULL,NULL,11,1,'BABY-MARINPOUY','Philippe',7,'2023-02-13 12:00:24',1,0.000000,0.000000,0.000000,NULL),(10,21,NULL,NULL,11,1,'BABY-MARINPOUY','Philippe',8,'2023-02-13 12:00:24',1,0.000000,0.000000,0.000000,NULL),(11,22,NULL,NULL,11,1,'BABY-MARINPOUY','Philippe',7,'2023-02-13 12:00:24',1,0.000000,0.000000,0.000000,NULL),(12,23,NULL,NULL,11,1,'BABY-MARINPOUY','Philippe',5,'2023-02-13 12:00:24',1,0.000000,0.000000,0.000000,NULL),(13,24,NULL,NULL,11,1,'BABY-MARINPOUY','Philippe',5,'2023-02-13 12:00:24',1,0.000000,0.000000,0.000000,NULL),(14,30,NULL,NULL,11,1,'BABY-MARINPOUY','Philippe',3,'2023-02-13 12:00:25',1,0.000000,0.000000,0.000000,NULL),(15,33,NULL,NULL,11,1,'BABY-MARINPOUY','Philippe',6,'2023-02-13 12:00:25',1,0.000000,0.000000,0.000000,NULL),(16,34,NULL,NULL,11,1,'BABY-MARINPOUY','Philippe',7,'2023-02-13 12:00:25',1,0.000000,0.000000,0.000000,NULL),(17,35,NULL,NULL,11,1,'BABY-MARINPOUY','Philippe',3,'2023-02-13 12:00:25',1,0.000000,0.000000,0.000000,NULL),(18,36,NULL,NULL,11,1,'BABY-MARINPOUY','Philippe',4,'2023-02-13 12:00:26',1,0.000000,0.000000,0.000000,NULL),(19,38,NULL,NULL,11,1,'BABY-MARINPOUY','Philippe',6,'2023-02-13 12:00:26',1,0.000000,0.000000,0.000000,NULL),(20,39,NULL,NULL,11,1,'BABY-MARINPOUY','Philippe',3,'2023-02-13 12:00:26',1,0.000000,0.000000,0.000000,NULL),(21,42,NULL,NULL,11,1,'BABY-MARINPOUY','Philippe',6,'2023-02-13 12:00:26',1,0.000000,0.000000,0.000000,NULL),(22,43,NULL,NULL,11,1,'BABY-MARINPOUY','Philippe',10,'2023-02-13 12:00:26',1,0.000000,0.000000,0.000000,NULL),(23,44,NULL,NULL,11,1,'BABY-MARINPOUY','Philippe',4,'2023-02-13 12:00:27',1,0.000000,0.000000,0.000000,NULL),(24,47,NULL,NULL,11,1,'BABY-MARINPOUY','Philippe',2,'2023-02-13 12:00:27',1,0.000000,0.000000,0.000000,NULL),(25,48,NULL,NULL,11,1,'BABY-MARINPOUY','Philippe',12,'2023-02-13 12:00:27',1,0.000000,0.000000,0.000000,NULL),(26,49,NULL,NULL,11,1,'BABY-MARINPOUY','Philippe',4,'2023-02-13 12:00:27',1,0.000000,0.000000,0.000000,NULL),(27,51,NULL,NULL,11,1,'BABY-MARINPOUY','Philippe',3,'2023-02-13 12:02:38',1,0.000000,0.000000,0.000000,NULL),(28,52,NULL,NULL,11,1,'BABY-MARINPOUY','Philippe',5,'2023-02-13 12:02:38',1,0.000000,0.000000,0.000000,NULL),(29,53,NULL,NULL,11,1,'BABY-MARINPOUY','Philippe',3,'2023-02-13 12:02:38',1,0.000000,0.000000,0.000000,NULL),(30,54,NULL,NULL,11,1,'BABY-MARINPOUY','Philippe',6,'2023-02-13 12:02:39',1,0.000000,0.000000,0.000000,NULL),(31,55,NULL,NULL,11,1,'BABY-MARINPOUY','Philippe',8,'2023-02-13 12:02:39',1,0.000000,0.000000,0.000000,NULL),(32,56,NULL,NULL,11,1,'BABY-MARINPOUY','Philippe',5,'2023-02-13 12:02:39',1,0.000000,0.000000,0.000000,NULL),(33,58,NULL,NULL,11,1,'BABY-MARINPOUY','Philippe',3,'2023-02-13 12:02:39',1,0.000000,0.000000,0.000000,NULL),(34,61,NULL,NULL,11,1,'BABY-MARINPOUY','Philippe',5,'2023-02-13 12:02:39',1,0.000000,0.000000,0.000000,NULL),(35,62,NULL,NULL,11,1,'BABY-MARINPOUY','Philippe',8,'2023-02-13 12:02:40',1,0.000000,0.000000,0.000000,NULL),(36,63,NULL,NULL,11,1,'BABY-MARINPOUY','Philippe',13,'2023-02-13 12:02:40',1,0.000000,0.000000,0.000000,NULL),(37,65,NULL,NULL,11,1,'BABY-MARINPOUY','Philippe',5,'2023-02-13 12:02:40',1,0.000000,0.000000,0.000000,NULL),(38,66,NULL,NULL,11,1,'BABY-MARINPOUY','Philippe',7,'2023-02-13 12:02:40',1,0.000000,0.000000,0.000000,NULL),(39,67,NULL,NULL,11,1,'BABY-MARINPOUY','Philippe',2,'2023-02-13 12:02:40',1,0.000000,0.000000,0.000000,NULL),(40,68,NULL,NULL,11,1,'BABY-MARINPOUY','Philippe',2,'2023-02-13 12:02:40',1,0.000000,0.000000,0.000000,NULL),(41,70,NULL,NULL,11,1,'BABY-MARINPOUY','Philippe',4,'2023-02-13 12:02:40',1,0.000000,0.000000,0.000000,NULL),(42,71,NULL,NULL,11,1,'BABY-MARINPOUY','Philippe',1,'2023-02-13 12:02:41',1,0.000000,0.000000,0.000000,NULL),(43,72,NULL,NULL,11,1,'BABY-MARINPOUY','Philippe',6,'2023-02-13 12:02:41',1,0.000000,0.000000,0.000000,NULL),(44,73,NULL,NULL,11,1,'BABY-MARINPOUY','Philippe',2,'2023-02-13 12:02:41',1,0.000000,0.000000,0.000000,NULL),(45,74,NULL,NULL,11,1,'BABY-MARINPOUY','Philippe',6,'2023-02-13 12:02:41',1,0.000000,0.000000,0.000000,NULL),(46,76,NULL,NULL,11,1,'BABY-MARINPOUY','Philippe',5,'2023-02-13 12:02:41',1,0.000000,0.000000,0.000000,NULL),(47,77,NULL,NULL,11,1,'BABY-MARINPOUY','Philippe',10,'2023-02-13 12:02:41',1,0.000000,0.000000,0.000000,NULL),(48,78,NULL,NULL,11,1,'BABY-MARINPOUY','Philippe',4,'2023-02-13 12:02:42',1,0.000000,0.000000,0.000000,NULL),(49,79,NULL,NULL,11,1,'BABY-MARINPOUY','Philippe',4,'2023-02-13 12:02:42',1,0.000000,0.000000,0.000000,NULL),(50,80,NULL,NULL,11,1,'BABY-MARINPOUY','Philippe',5,'2023-02-13 12:02:42',1,0.000000,0.000000,0.000000,NULL),(51,81,NULL,NULL,11,1,'BABY-MARINPOUY','Philippe',4,'2023-02-13 12:02:42',1,0.000000,0.000000,0.000000,NULL),(52,82,NULL,NULL,11,1,'BABY-MARINPOUY','Philippe',4,'2023-02-13 12:02:42',1,0.000000,0.000000,0.000000,NULL),(53,83,NULL,NULL,11,1,'BABY-MARINPOUY','Philippe',5,'2023-02-13 12:02:42',1,0.000000,0.000000,0.000000,NULL),(54,85,NULL,NULL,11,1,'BABY-MARINPOUY','Philippe',2,'2023-02-13 12:02:43',1,0.000000,0.000000,0.000000,NULL),(55,86,NULL,NULL,11,1,'BABY-MARINPOUY','Philippe',2,'2023-02-13 12:02:43',1,0.000000,0.000000,0.000000,NULL),(56,87,NULL,NULL,11,1,'BABY-MARINPOUY','Philippe',1,'2023-02-13 12:02:43',1,0.000000,0.000000,0.000000,NULL),(57,88,NULL,NULL,11,1,'BABY-MARINPOUY','Philippe',4,'2023-02-13 12:02:43',1,0.000000,0.000000,0.000000,NULL),(58,96,NULL,NULL,11,1,'BABY-MARINPOUY','Philippe',1,'2023-02-13 12:02:44',1,0.000000,0.000000,0.000000,NULL),(59,99,NULL,NULL,11,1,'BABY-MARINPOUY','Philippe',1,'2023-02-13 12:02:44',1,0.000000,0.000000,0.000000,NULL),(60,103,NULL,NULL,11,1,'BABY-MARINPOUY','Philippe',3,'2023-02-13 12:02:47',1,0.000000,0.000000,0.000000,NULL),(61,106,NULL,NULL,11,1,'BABY-MARINPOUY','Philippe',27,'2023-02-13 12:02:47',1,0.000000,0.000000,0.000000,NULL),(62,109,NULL,NULL,11,1,'BABY-MARINPOUY','Philippe',3,'2023-02-13 12:02:48',1,0.000000,0.000000,0.000000,NULL),(63,111,NULL,NULL,11,1,'BABY-MARINPOUY','Philippe',7,'2023-02-13 12:02:48',1,0.000000,0.000000,0.000000,NULL),(64,112,NULL,NULL,11,1,'BABY-MARINPOUY','Philippe',10,'2023-02-13 12:02:48',1,0.000000,0.000000,0.000000,NULL),(65,114,NULL,NULL,11,1,'BABY-MARINPOUY','Philippe',18,'2023-02-13 12:02:48',1,0.000000,0.000000,0.000000,NULL),(66,115,NULL,NULL,11,1,'BABY-MARINPOUY','Philippe',10,'2023-02-13 12:02:48',1,0.000000,0.000000,0.000000,NULL),(67,116,NULL,NULL,11,1,'BABY-MARINPOUY','Philippe',7,'2023-02-13 12:02:49',1,0.000000,0.000000,0.000000,NULL),(68,117,NULL,NULL,11,1,'BABY-MARINPOUY','Philippe',25,'2023-02-13 12:02:49',1,0.000000,0.000000,0.000000,NULL),(69,118,NULL,NULL,11,1,'BABY-MARINPOUY','Philippe',5,'2023-02-13 12:02:49',1,0.000000,0.000000,0.000000,NULL),(70,119,NULL,NULL,11,1,'BABY-MARINPOUY','Philippe',5,'2023-02-13 12:02:49',1,0.000000,0.000000,0.000000,NULL),(71,120,NULL,NULL,11,1,'BABY-MARINPOUY','Philippe',3,'2023-02-13 12:02:49',1,0.000000,0.000000,0.000000,NULL),(72,121,NULL,NULL,11,1,'BABY-MARINPOUY','Philippe',5,'2023-02-13 12:02:49',1,0.000000,0.000000,0.000000,NULL),(73,122,NULL,NULL,11,1,'BABY-MARINPOUY','Philippe',2,'2023-02-13 12:02:49',1,0.000000,0.000000,0.000000,NULL),(74,123,NULL,NULL,11,1,'BABY-MARINPOUY','Philippe',7,'2023-02-13 12:02:49',1,0.000000,0.000000,0.000000,NULL),(75,125,NULL,NULL,11,1,'BABY-MARINPOUY','Philippe',4,'2023-02-13 12:02:49',1,0.000000,0.000000,0.000000,NULL),(76,126,NULL,NULL,11,1,'BABY-MARINPOUY','Philippe',6,'2023-02-13 12:02:50',1,0.000000,0.000000,0.000000,NULL),(77,127,NULL,NULL,11,1,'BABY-MARINPOUY','Philippe',18,'2023-02-13 12:02:50',1,0.000000,0.000000,0.000000,NULL),(78,128,NULL,NULL,11,1,'BABY-MARINPOUY','Philippe',3,'2023-02-13 12:02:50',1,0.000000,0.000000,0.000000,NULL),(79,129,NULL,NULL,11,1,'BABY-MARINPOUY','Philippe',8,'2023-02-13 12:02:50',1,0.000000,0.000000,0.000000,NULL),(80,130,NULL,NULL,11,1,'BABY-MARINPOUY','Philippe',9,'2023-02-13 12:02:50',1,0.000000,0.000000,0.000000,NULL),(81,131,NULL,NULL,11,1,'BABY-MARINPOUY','Philippe',5,'2023-02-13 12:02:50',1,0.000000,0.000000,0.000000,NULL),(82,133,NULL,NULL,11,1,'BABY-MARINPOUY','Philippe',5,'2023-02-13 12:02:50',1,0.000000,0.000000,0.000000,NULL),(83,134,NULL,NULL,11,1,'BABY-MARINPOUY','Philippe',6,'2023-02-13 12:02:51',1,0.000000,0.000000,0.000000,NULL),(84,135,NULL,NULL,11,1,'BABY-MARINPOUY','Philippe',5,'2023-02-13 12:02:51',1,0.000000,0.000000,0.000000,NULL),(85,136,NULL,NULL,11,1,'BABY-MARINPOUY','Philippe',3,'2023-02-13 12:02:51',1,0.000000,0.000000,0.000000,NULL),(86,138,NULL,NULL,11,1,'BABY-MARINPOUY','Philippe',7,'2023-02-13 12:02:51',1,0.000000,0.000000,0.000000,NULL),(87,139,NULL,NULL,11,1,'BABY-MARINPOUY','Philippe',7,'2023-02-13 12:02:51',1,0.000000,0.000000,0.000000,NULL),(88,140,NULL,NULL,11,1,'BABY-MARINPOUY','Philippe',1,'2023-02-13 12:02:51',1,0.000000,0.000000,0.000000,NULL),(89,141,NULL,NULL,11,1,'BABY-MARINPOUY','Philippe',1,'2023-02-13 12:02:51',1,0.000000,0.000000,0.000000,NULL),(90,142,NULL,NULL,11,1,'BABY-MARINPOUY','Philippe',4,'2023-02-13 12:02:52',1,0.000000,0.000000,0.000000,NULL),(91,143,NULL,NULL,11,1,'BABY-MARINPOUY','Philippe',13,'2023-02-13 12:02:52',1,0.000000,0.000000,0.000000,NULL),(92,144,NULL,NULL,11,1,'BABY-MARINPOUY','Philippe',6,'2023-02-13 12:02:52',1,0.000000,0.000000,0.000000,NULL),(93,145,NULL,NULL,11,1,'BABY-MARINPOUY','Philippe',4,'2023-02-13 12:02:52',1,0.000000,0.000000,0.000000,NULL),(94,146,NULL,NULL,11,1,'BABY-MARINPOUY','Philippe',4,'2023-02-13 12:02:52',1,0.000000,0.000000,0.000000,NULL),(95,147,NULL,NULL,11,1,'BABY-MARINPOUY','Philippe',5,'2023-02-13 12:02:52',1,0.000000,0.000000,0.000000,NULL),(96,148,NULL,NULL,11,1,'BABY-MARINPOUY','Philippe',7,'2023-02-13 12:02:52',1,0.000000,0.000000,0.000000,NULL),(97,149,NULL,NULL,11,1,'BABY-MARINPOUY','Philippe',7,'2023-02-13 12:02:52',1,0.000000,0.000000,0.000000,NULL),(98,150,NULL,NULL,11,1,'BABY-MARINPOUY','Philippe',6,'2023-02-13 12:02:52',1,0.000000,0.000000,0.000000,NULL),(99,151,NULL,NULL,11,1,'BABY-MARINPOUY','Philippe',5,'2023-02-13 12:02:55',1,0.000000,0.000000,0.000000,NULL),(100,152,NULL,NULL,11,1,'BABY-MARINPOUY','Philippe',7,'2023-02-13 12:02:55',1,0.000000,0.000000,0.000000,NULL),(101,153,NULL,NULL,11,1,'BABY-MARINPOUY','Philippe',2,'2023-02-13 12:02:55',1,0.000000,0.000000,0.000000,NULL),(102,154,NULL,NULL,11,1,'BABY-MARINPOUY','Philippe',2,'2023-02-13 12:02:55',1,0.000000,0.000000,0.000000,NULL),(103,155,NULL,NULL,11,1,'BABY-MARINPOUY','Philippe',4,'2023-02-13 12:02:55',1,0.000000,0.000000,0.000000,NULL),(104,156,NULL,NULL,11,1,'BABY-MARINPOUY','Philippe',7,'2023-02-13 12:02:55',1,0.000000,0.000000,0.000000,NULL),(105,157,NULL,NULL,11,1,'BABY-MARINPOUY','Philippe',4,'2023-02-13 12:02:55',1,0.000000,0.000000,0.000000,NULL),(106,158,NULL,NULL,11,1,'BABY-MARINPOUY','Philippe',5,'2023-02-13 12:02:56',1,0.000000,0.000000,0.000000,NULL),(107,159,NULL,NULL,11,1,'BABY-MARINPOUY','Philippe',4,'2023-02-13 12:02:56',1,0.000000,0.000000,0.000000,NULL),(108,160,NULL,NULL,11,1,'BABY-MARINPOUY','Philippe',2,'2023-02-13 12:02:56',1,0.000000,0.000000,0.000000,NULL),(109,161,NULL,NULL,11,1,'BABY-MARINPOUY','Philippe',5,'2023-02-13 12:02:56',1,0.000000,0.000000,0.000000,NULL),(110,162,NULL,NULL,11,1,'BABY-MARINPOUY','Philippe',1,'2023-02-13 12:02:56',1,0.000000,0.000000,0.000000,NULL),(111,163,NULL,NULL,11,1,'BABY-MARINPOUY','Philippe',1,'2023-02-13 12:02:56',1,0.000000,0.000000,0.000000,NULL),(112,164,NULL,NULL,11,1,'BABY-MARINPOUY','Philippe',5,'2023-02-13 12:02:56',1,0.000000,0.000000,0.000000,NULL),(113,165,NULL,NULL,11,1,'BABY-MARINPOUY','Philippe',8,'2023-02-13 12:02:56',1,0.000000,0.000000,0.000000,NULL),(114,166,NULL,NULL,11,1,'BABY-MARINPOUY','Philippe',1,'2023-02-13 12:02:57',1,0.000000,0.000000,0.000000,NULL),(115,167,NULL,NULL,11,1,'BABY-MARINPOUY','Philippe',2,'2023-02-13 12:02:57',1,0.000000,0.000000,0.000000,NULL),(116,168,NULL,NULL,11,1,'BABY-MARINPOUY','Philippe',4,'2023-02-13 12:02:57',1,0.000000,0.000000,0.000000,NULL),(117,169,NULL,NULL,11,1,'BABY-MARINPOUY','Philippe',9,'2023-02-13 12:02:57',1,0.000000,0.000000,0.000000,NULL),(118,170,NULL,NULL,11,1,'BABY-MARINPOUY','Philippe',3,'2023-02-13 12:02:57',1,0.000000,0.000000,0.000000,NULL),(119,171,NULL,NULL,11,1,'BABY-MARINPOUY','Philippe',2,'2023-02-13 12:02:57',1,0.000000,0.000000,0.000000,NULL),(120,172,NULL,NULL,11,1,'BABY-MARINPOUY','Philippe',1,'2023-02-13 12:02:57',1,0.000000,0.000000,0.000000,NULL),(121,173,NULL,NULL,11,1,'BABY-MARINPOUY','Philippe',5,'2023-02-13 12:02:57',1,0.000000,0.000000,0.000000,NULL),(122,174,NULL,NULL,11,1,'BABY-MARINPOUY','Philippe',2,'2023-02-13 12:02:58',1,0.000000,0.000000,0.000000,NULL),(123,175,NULL,NULL,11,1,'BABY-MARINPOUY','Philippe',3,'2023-02-13 12:02:58',1,0.000000,0.000000,0.000000,NULL),(124,176,NULL,NULL,11,1,'BABY-MARINPOUY','Philippe',5,'2023-02-13 12:02:58',1,0.000000,0.000000,0.000000,NULL),(125,177,NULL,NULL,11,1,'BABY-MARINPOUY','Philippe',4,'2023-02-13 12:02:58',1,0.000000,0.000000,0.000000,NULL),(126,179,NULL,NULL,11,1,'BABY-MARINPOUY','Philippe',8,'2023-02-13 12:02:58',1,0.000000,0.000000,0.000000,NULL),(127,180,NULL,NULL,11,1,'BABY-MARINPOUY','Philippe',3,'2023-02-13 12:02:58',1,0.000000,0.000000,0.000000,NULL),(128,181,NULL,NULL,11,1,'BABY-MARINPOUY','Philippe',3,'2023-02-13 12:02:58',1,0.000000,0.000000,0.000000,NULL),(129,182,NULL,NULL,11,1,'BABY-MARINPOUY','Philippe',12,'2023-02-13 12:02:58',1,0.000000,0.000000,0.000000,NULL),(130,183,NULL,NULL,11,1,'BABY-MARINPOUY','Philippe',5,'2023-02-13 12:02:59',1,0.000000,0.000000,0.000000,NULL),(131,184,NULL,NULL,11,1,'BABY-MARINPOUY','Philippe',5,'2023-02-13 12:02:59',1,0.000000,0.000000,0.000000,NULL),(132,185,NULL,NULL,11,1,'BABY-MARINPOUY','Philippe',7,'2023-02-13 12:02:59',1,0.000000,0.000000,0.000000,NULL),(133,186,NULL,NULL,11,1,'BABY-MARINPOUY','Philippe',3,'2023-02-13 12:02:59',1,0.000000,0.000000,0.000000,NULL),(134,187,NULL,NULL,11,1,'BABY-MARINPOUY','Philippe',9,'2023-02-13 12:02:59',1,0.000000,0.000000,0.000000,NULL),(135,188,NULL,NULL,11,1,'BABY-MARINPOUY','Philippe',2,'2023-02-13 12:02:59',1,0.000000,0.000000,0.000000,NULL),(136,189,NULL,NULL,11,1,'BABY-MARINPOUY','Philippe',5,'2023-02-13 12:02:59',1,0.000000,0.000000,0.000000,NULL),(137,190,NULL,NULL,11,1,'BABY-MARINPOUY','Philippe',2,'2023-02-13 12:02:59',1,0.000000,0.000000,0.000000,NULL),(138,191,NULL,NULL,11,1,'BABY-MARINPOUY','Philippe',6,'2023-02-13 12:03:00',1,0.000000,0.000000,0.000000,NULL),(139,192,NULL,NULL,11,1,'BABY-MARINPOUY','Philippe',2,'2023-02-13 12:03:00',1,0.000000,0.000000,0.000000,NULL),(140,193,NULL,NULL,11,1,'BABY-MARINPOUY','Philippe',7,'2023-02-13 12:03:00',1,0.000000,0.000000,0.000000,NULL),(141,194,NULL,NULL,11,1,'BABY-MARINPOUY','Philippe',4,'2023-02-13 12:03:00',1,0.000000,0.000000,0.000000,NULL),(142,195,NULL,NULL,11,1,'BABY-MARINPOUY','Philippe',4,'2023-02-13 12:03:00',1,0.000000,0.000000,0.000000,NULL),(143,196,NULL,NULL,11,1,'BABY-MARINPOUY','Philippe',3,'2023-02-13 12:03:00',1,0.000000,0.000000,0.000000,NULL),(144,197,NULL,NULL,11,1,'BABY-MARINPOUY','Philippe',1,'2023-02-13 12:03:00',1,0.000000,0.000000,0.000000,NULL),(145,198,NULL,NULL,11,1,'BABY-MARINPOUY','Philippe',7,'2023-02-13 12:03:00',1,0.000000,0.000000,0.000000,NULL),(146,199,NULL,NULL,11,1,'BABY-MARINPOUY','Philippe',2,'2023-02-13 12:03:01',1,0.000000,0.000000,0.000000,NULL),(147,201,NULL,NULL,11,1,'BABY-MARINPOUY','Philippe',3,'2023-02-13 12:03:03',1,0.000000,0.000000,0.000000,NULL),(148,202,NULL,NULL,11,1,'BABY-MARINPOUY','Philippe',1,'2023-02-13 12:03:03',1,0.000000,0.000000,0.000000,NULL),(149,203,NULL,NULL,11,1,'BABY-MARINPOUY','Philippe',6,'2023-02-13 12:03:03',1,0.000000,0.000000,0.000000,NULL),(150,204,NULL,NULL,11,1,'BABY-MARINPOUY','Philippe',5,'2023-02-13 12:03:03',1,0.000000,0.000000,0.000000,NULL),(151,205,NULL,NULL,11,1,'BABY-MARINPOUY','Philippe',1,'2023-02-13 12:03:03',1,0.000000,0.000000,0.000000,NULL),(152,206,NULL,NULL,11,1,'BABY-MARINPOUY','Philippe',11,'2023-02-13 12:03:04',1,0.000000,0.000000,0.000000,NULL),(153,207,NULL,NULL,11,1,'BABY-MARINPOUY','Philippe',4,'2023-02-13 12:03:04',1,0.000000,0.000000,0.000000,NULL),(154,208,NULL,NULL,11,1,'BABY-MARINPOUY','Philippe',3,'2023-02-13 12:03:04',1,0.000000,0.000000,0.000000,NULL),(155,209,NULL,NULL,11,1,'BABY-MARINPOUY','Philippe',6,'2023-02-13 12:03:04',1,0.000000,0.000000,0.000000,NULL),(156,211,NULL,NULL,11,1,'BABY-MARINPOUY','Philippe',2,'2023-02-13 12:03:04',1,0.000000,0.000000,0.000000,NULL),(157,212,NULL,NULL,11,1,'BABY-MARINPOUY','Philippe',3,'2023-02-13 12:03:04',1,0.000000,0.000000,0.000000,NULL),(158,213,NULL,NULL,11,1,'BABY-MARINPOUY','Philippe',5,'2023-02-13 12:03:04',1,0.000000,0.000000,0.000000,NULL),(159,214,NULL,NULL,11,1,'BABY-MARINPOUY','Philippe',3,'2023-02-13 12:03:05',1,0.000000,0.000000,0.000000,NULL),(160,215,NULL,NULL,11,1,'BABY-MARINPOUY','Philippe',12,'2023-02-13 12:03:05',1,0.000000,0.000000,0.000000,NULL),(161,216,NULL,NULL,11,1,'BABY-MARINPOUY','Philippe',6,'2023-02-13 12:03:05',1,0.000000,0.000000,0.000000,NULL),(162,217,NULL,NULL,11,1,'BABY-MARINPOUY','Philippe',9,'2023-02-13 12:03:05',1,0.000000,0.000000,0.000000,NULL),(163,218,NULL,NULL,11,1,'BABY-MARINPOUY','Philippe',3,'2023-02-13 12:03:05',1,0.000000,0.000000,0.000000,NULL),(164,219,NULL,NULL,11,1,'BABY-MARINPOUY','Philippe',9,'2023-02-13 12:03:05',1,0.000000,0.000000,0.000000,NULL),(165,221,NULL,NULL,11,1,'BABY-MARINPOUY','Philippe',4,'2023-02-13 12:03:05',1,0.000000,0.000000,0.000000,NULL),(166,222,NULL,NULL,11,1,'BABY-MARINPOUY','Philippe',3,'2023-02-13 12:03:06',1,0.000000,0.000000,0.000000,NULL),(167,223,NULL,NULL,11,1,'BABY-MARINPOUY','Philippe',4,'2023-02-13 12:03:06',1,0.000000,0.000000,0.000000,NULL),(168,224,NULL,NULL,11,1,'BABY-MARINPOUY','Philippe',5,'2023-02-13 12:03:06',1,0.000000,0.000000,0.000000,NULL),(169,226,NULL,NULL,11,1,'BABY-MARINPOUY','Philippe',8,'2023-02-13 12:03:06',1,0.000000,0.000000,0.000000,NULL),(170,227,NULL,NULL,11,1,'BABY-MARINPOUY','Philippe',10,'2023-02-13 12:03:06',1,0.000000,0.000000,0.000000,NULL),(171,228,NULL,NULL,11,1,'BABY-MARINPOUY','Philippe',11,'2023-02-13 12:03:06',1,0.000000,0.000000,0.000000,NULL),(172,233,NULL,NULL,11,1,'BABY-MARINPOUY','Philippe',5,'2023-02-13 12:03:07',1,0.000000,0.000000,0.000000,NULL),(173,237,NULL,NULL,11,1,'BABY-MARINPOUY','Philippe',5,'2023-02-13 12:03:08',1,0.000000,0.000000,0.000000,NULL),(174,238,NULL,NULL,11,1,'BABY-MARINPOUY','Philippe',11,'2023-02-13 12:03:08',1,0.000000,0.000000,0.000000,NULL),(175,239,NULL,NULL,11,1,'BABY-MARINPOUY','Philippe',9,'2023-02-13 12:03:08',1,0.000000,0.000000,0.000000,NULL),(176,240,NULL,NULL,11,1,'BABY-MARINPOUY','Philippe',12,'2023-02-13 12:03:08',1,0.000000,0.000000,0.000000,NULL),(177,241,NULL,NULL,11,1,'BABY-MARINPOUY','Philippe',5,'2023-02-13 12:03:08',1,0.000000,0.000000,0.000000,NULL),(178,242,NULL,NULL,11,1,'BABY-MARINPOUY','Philippe',1,'2023-02-13 12:03:08',1,0.000000,0.000000,0.000000,NULL),(179,243,NULL,NULL,11,1,'BABY-MARINPOUY','Philippe',2,'2023-02-13 12:03:09',1,0.000000,0.000000,0.000000,NULL),(180,244,NULL,NULL,11,1,'BABY-MARINPOUY','Philippe',2,'2023-02-13 12:03:09',1,0.000000,0.000000,0.000000,NULL),(181,245,NULL,NULL,11,1,'BABY-MARINPOUY','Philippe',1,'2023-02-13 12:03:09',1,0.000000,0.000000,0.000000,NULL),(182,246,NULL,NULL,11,1,'BABY-MARINPOUY','Philippe',7,'2023-02-13 12:03:09',1,0.000000,0.000000,0.000000,NULL),(183,247,NULL,NULL,11,1,'BABY-MARINPOUY','Philippe',4,'2023-02-13 12:03:09',1,0.000000,0.000000,0.000000,NULL),(184,249,NULL,NULL,11,1,'BABY-MARINPOUY','Philippe',2,'2023-02-13 12:03:10',1,0.000000,0.000000,0.000000,NULL),(185,250,NULL,NULL,11,1,'BABY-MARINPOUY','Philippe',8,'2023-02-13 12:03:10',1,0.000000,0.000000,0.000000,NULL),(186,254,NULL,NULL,11,1,'BABY-MARINPOUY','Philippe',5,'2023-02-13 12:03:12',1,0.000000,0.000000,0.000000,NULL),(187,256,NULL,NULL,11,1,'BABY-MARINPOUY','Philippe',4,'2023-02-13 12:03:12',1,0.000000,0.000000,0.000000,NULL),(188,257,NULL,NULL,11,1,'BABY-MARINPOUY','Philippe',4,'2023-02-13 12:03:12',1,0.000000,0.000000,0.000000,NULL),(189,258,NULL,NULL,11,1,'BABY-MARINPOUY','Philippe',7,'2023-02-13 12:03:13',1,0.000000,0.000000,0.000000,NULL),(190,259,NULL,NULL,11,1,'BABY-MARINPOUY','Philippe',3,'2023-02-13 12:03:13',1,0.000000,0.000000,0.000000,NULL),(191,262,NULL,NULL,11,1,'BABY-MARINPOUY','Philippe',2,'2023-02-13 12:03:13',1,0.000000,0.000000,0.000000,NULL),(192,263,NULL,NULL,11,1,'BABY-MARINPOUY','Philippe',1,'2023-02-13 12:03:13',1,0.000000,0.000000,0.000000,NULL),(193,264,NULL,NULL,11,1,'BABY-MARINPOUY','Philippe',4,'2023-02-13 12:03:14',1,0.000000,0.000000,0.000000,NULL),(194,268,NULL,NULL,11,1,'BABY-MARINPOUY','Philippe',7,'2023-02-13 12:03:14',1,0.000000,0.000000,0.000000,NULL),(195,269,NULL,NULL,11,1,'BABY-MARINPOUY','Philippe',8,'2023-02-13 12:03:14',1,0.000000,0.000000,0.000000,NULL),(196,271,NULL,NULL,11,1,'BABY-MARINPOUY','Philippe',9,'2023-02-13 12:03:15',1,0.000000,0.000000,0.000000,NULL),(197,272,NULL,NULL,11,1,'BABY-MARINPOUY','Philippe',6,'2023-02-13 12:03:15',1,0.000000,0.000000,0.000000,NULL),(198,273,NULL,NULL,11,1,'BABY-MARINPOUY','Philippe',6,'2023-02-13 12:03:15',1,0.000000,0.000000,0.000000,NULL),(199,274,NULL,NULL,11,1,'BABY-MARINPOUY','Philippe',4,'2023-02-13 12:03:15',1,0.000000,0.000000,0.000000,NULL),(200,275,NULL,NULL,11,1,'BABY-MARINPOUY','Philippe',5,'2023-02-13 12:03:15',1,0.000000,0.000000,0.000000,NULL),(201,276,NULL,NULL,11,1,'BABY-MARINPOUY','Philippe',2,'2023-02-13 12:03:15',1,0.000000,0.000000,0.000000,NULL),(202,278,NULL,NULL,11,1,'BABY-MARINPOUY','Philippe',1,'2023-02-13 12:03:16',1,0.000000,0.000000,0.000000,NULL),(203,284,NULL,NULL,11,1,'BABY-MARINPOUY','Philippe',3,'2023-02-13 12:03:17',1,0.000000,0.000000,0.000000,NULL),(204,286,NULL,NULL,11,1,'BABY-MARINPOUY','Philippe',5,'2023-02-13 12:03:17',1,0.000000,0.000000,0.000000,NULL),(205,287,NULL,NULL,11,1,'BABY-MARINPOUY','Philippe',6,'2023-02-13 12:03:17',1,0.000000,0.000000,0.000000,NULL),(206,290,NULL,NULL,11,1,'BABY-MARINPOUY','Philippe',10,'2023-02-13 12:03:18',1,0.000000,0.000000,0.000000,NULL),(207,301,NULL,NULL,11,1,'BABY-MARINPOUY','Philippe',5,'2023-02-13 12:03:21',1,0.000000,0.000000,0.000000,NULL),(208,302,NULL,NULL,11,1,'BABY-MARINPOUY','Philippe',3,'2023-02-13 12:03:22',1,0.000000,0.000000,0.000000,NULL),(209,304,NULL,NULL,11,1,'BABY-MARINPOUY','Philippe',6,'2023-02-13 12:03:22',1,0.000000,0.000000,0.000000,NULL),(210,305,NULL,NULL,11,1,'BABY-MARINPOUY','Philippe',3,'2023-02-13 12:03:22',1,0.000000,0.000000,0.000000,NULL),(211,306,NULL,NULL,11,1,'BABY-MARINPOUY','Philippe',5,'2023-02-13 12:03:22',1,0.000000,0.000000,0.000000,NULL),(212,308,NULL,NULL,11,1,'BABY-MARINPOUY','Philippe',3,'2023-02-13 12:03:23',1,0.000000,0.000000,0.000000,NULL),(213,309,NULL,NULL,11,1,'BABY-MARINPOUY','Philippe',3,'2023-02-13 12:03:23',1,0.000000,0.000000,0.000000,NULL),(214,315,NULL,NULL,11,1,'BABY-MARINPOUY','Philippe',3,'2023-02-13 12:03:24',1,0.000000,0.000000,0.000000,NULL),(215,350,NULL,NULL,11,1,'BABY-MARINPOUY','Philippe',8,'2023-02-13 12:03:29',1,0.000000,0.000000,0.000000,NULL),(216,352,NULL,NULL,11,1,'BABY-MARINPOUY','Philippe',1,'2023-02-13 12:03:31',1,0.000000,0.000000,0.000000,NULL),(217,353,NULL,NULL,11,1,'BABY-MARINPOUY','Philippe',2,'2023-02-13 12:03:31',1,0.000000,0.000000,0.000000,NULL),(218,355,NULL,NULL,11,1,'BABY-MARINPOUY','Philippe',1,'2023-02-13 12:03:31',1,0.000000,0.000000,0.000000,NULL),(219,357,NULL,NULL,11,1,'BABY-MARINPOUY','Philippe',14,'2023-02-13 12:03:32',1,0.000000,0.000000,0.000000,NULL),(220,358,NULL,NULL,11,1,'BABY-MARINPOUY','Philippe',1,'2023-02-13 12:03:32',1,0.000000,0.000000,0.000000,NULL),(221,359,NULL,NULL,11,1,'BABY-MARINPOUY','Philippe',2,'2023-02-13 12:03:32',1,0.000000,0.000000,0.000000,NULL),(222,360,NULL,NULL,11,1,'BABY-MARINPOUY','Philippe',5,'2023-02-13 12:03:32',1,0.000000,0.000000,0.000000,NULL),(223,362,NULL,NULL,11,1,'BABY-MARINPOUY','Philippe',5,'2023-02-13 12:03:33',1,0.000000,0.000000,0.000000,NULL),(224,363,NULL,NULL,11,1,'BABY-MARINPOUY','Philippe',4,'2023-02-13 12:03:33',1,0.000000,0.000000,0.000000,NULL),(225,364,NULL,NULL,11,1,'BABY-MARINPOUY','Philippe',1,'2023-02-13 12:03:33',1,0.000000,0.000000,0.000000,NULL),(226,365,NULL,NULL,11,1,'BABY-MARINPOUY','Philippe',5,'2023-02-13 12:03:33',1,0.000000,0.000000,0.000000,NULL),(227,366,NULL,NULL,11,1,'BABY-MARINPOUY','Philippe',8,'2023-02-13 12:03:33',1,0.000000,0.000000,0.000000,NULL),(228,367,NULL,NULL,11,1,'BABY-MARINPOUY','Philippe',4,'2023-02-13 12:03:33',1,0.000000,0.000000,0.000000,NULL),(229,368,NULL,NULL,11,1,'BABY-MARINPOUY','Philippe',7,'2023-02-13 12:03:33',1,0.000000,0.000000,0.000000,NULL),(230,369,NULL,NULL,11,1,'BABY-MARINPOUY','Philippe',5,'2023-02-13 12:03:34',1,0.000000,0.000000,0.000000,NULL),(231,370,NULL,NULL,11,1,'BABY-MARINPOUY','Philippe',12,'2023-02-13 12:03:34',1,0.000000,0.000000,0.000000,NULL),(232,371,NULL,NULL,11,1,'BABY-MARINPOUY','Philippe',3,'2023-02-13 12:03:34',1,0.000000,0.000000,0.000000,NULL),(233,372,NULL,NULL,11,1,'BABY-MARINPOUY','Philippe',2,'2023-02-13 12:03:34',1,0.000000,0.000000,0.000000,NULL),(234,373,NULL,NULL,11,1,'BABY-MARINPOUY','Philippe',2,'2023-02-13 12:03:34',1,0.000000,0.000000,0.000000,NULL),(235,377,NULL,NULL,11,1,'BABY-MARINPOUY','Philippe',3,'2023-02-13 12:03:35',1,0.000000,0.000000,0.000000,NULL),(236,378,NULL,NULL,11,1,'BABY-MARINPOUY','Philippe',2,'2023-02-13 12:03:35',1,0.000000,0.000000,0.000000,NULL),(237,379,NULL,NULL,11,1,'BABY-MARINPOUY','Philippe',3,'2023-02-13 12:03:35',1,0.000000,0.000000,0.000000,NULL),(238,380,NULL,NULL,11,1,'BABY-MARINPOUY','Philippe',5,'2023-02-13 12:03:35',1,0.000000,0.000000,0.000000,NULL),(239,381,NULL,NULL,11,1,'BABY-MARINPOUY','Philippe',6,'2023-02-13 12:03:36',1,0.000000,0.000000,0.000000,NULL),(240,382,NULL,NULL,11,1,'BABY-MARINPOUY','Philippe',8,'2023-02-13 12:03:36',1,0.000000,0.000000,0.000000,NULL),(241,383,NULL,NULL,11,1,'BABY-MARINPOUY','Philippe',5,'2023-02-13 12:03:36',1,0.000000,0.000000,0.000000,NULL),(242,387,NULL,NULL,11,1,'BABY-MARINPOUY','Philippe',3,'2023-02-13 12:03:36',1,0.000000,0.000000,0.000000,NULL),(243,388,NULL,NULL,11,1,'BABY-MARINPOUY','Philippe',4,'2023-02-13 12:03:37',1,0.000000,0.000000,0.000000,NULL),(244,389,NULL,NULL,11,1,'BABY-MARINPOUY','Philippe',3,'2023-02-13 12:03:37',1,0.000000,0.000000,0.000000,NULL),(245,390,NULL,NULL,11,1,'BABY-MARINPOUY','Philippe',7,'2023-02-13 12:03:37',1,0.000000,0.000000,0.000000,NULL),(246,391,NULL,NULL,11,1,'BABY-MARINPOUY','Philippe',4,'2023-02-13 12:03:37',1,0.000000,0.000000,0.000000,NULL),(247,392,NULL,NULL,11,1,'BABY-MARINPOUY','Philippe',7,'2023-02-13 12:03:37',1,0.000000,0.000000,0.000000,NULL),(248,393,NULL,NULL,11,1,'BABY-MARINPOUY','Philippe',2,'2023-02-13 12:03:37',1,0.000000,0.000000,0.000000,NULL),(249,394,NULL,NULL,11,1,'BABY-MARINPOUY','Philippe',1,'2023-02-13 12:03:38',1,0.000000,0.000000,0.000000,NULL),(250,395,NULL,NULL,11,1,'BABY-MARINPOUY','Philippe',3,'2023-02-13 12:03:38',1,0.000000,0.000000,0.000000,NULL),(251,396,NULL,NULL,11,1,'BABY-MARINPOUY','Philippe',1,'2023-02-13 12:03:38',1,0.000000,0.000000,0.000000,NULL),(252,397,NULL,NULL,11,1,'BABY-MARINPOUY','Philippe',3,'2023-02-13 12:03:38',1,0.000000,0.000000,0.000000,NULL),(253,398,NULL,NULL,11,1,'BABY-MARINPOUY','Philippe',6,'2023-02-13 12:03:38',1,0.000000,0.000000,0.000000,NULL),(254,399,NULL,NULL,11,1,'BABY-MARINPOUY','Philippe',6,'2023-02-13 12:03:38',1,0.000000,0.000000,0.000000,NULL),(255,400,NULL,NULL,11,1,'BABY-MARINPOUY','Philippe',16,'2023-02-13 12:03:39',1,0.000000,0.000000,0.000000,NULL),(256,401,NULL,NULL,11,1,'BABY-MARINPOUY','Philippe',6,'2023-02-13 12:03:40',1,0.000000,0.000000,0.000000,NULL),(257,402,NULL,NULL,11,1,'BABY-MARINPOUY','Philippe',6,'2023-02-13 12:03:40',1,0.000000,0.000000,0.000000,NULL),(258,403,NULL,NULL,11,1,'BABY-MARINPOUY','Philippe',1,'2023-02-13 12:03:40',1,0.000000,0.000000,0.000000,NULL),(259,404,NULL,NULL,11,1,'BABY-MARINPOUY','Philippe',6,'2023-02-13 12:03:40',1,0.000000,0.000000,0.000000,NULL),(260,405,NULL,NULL,11,1,'BABY-MARINPOUY','Philippe',8,'2023-02-13 12:03:41',1,0.000000,0.000000,0.000000,NULL),(261,406,NULL,NULL,11,1,'BABY-MARINPOUY','Philippe',4,'2023-02-13 12:03:41',1,0.000000,0.000000,0.000000,NULL),(262,407,NULL,NULL,11,1,'BABY-MARINPOUY','Philippe',4,'2023-02-13 12:03:41',1,0.000000,0.000000,0.000000,NULL),(263,408,NULL,NULL,11,1,'BABY-MARINPOUY','Philippe',18,'2023-02-13 12:03:41',1,0.000000,0.000000,0.000000,NULL),(264,409,NULL,NULL,11,1,'BABY-MARINPOUY','Philippe',2,'2023-02-13 12:03:41',1,0.000000,0.000000,0.000000,NULL),(265,410,NULL,NULL,11,1,'BABY-MARINPOUY','Philippe',6,'2023-02-13 12:03:41',1,0.000000,0.000000,0.000000,NULL),(266,411,NULL,NULL,11,1,'BABY-MARINPOUY','Philippe',18,'2023-02-13 12:03:41',1,0.000000,0.000000,0.000000,NULL),(267,412,NULL,NULL,11,1,'BABY-MARINPOUY','Philippe',18,'2023-02-13 12:03:42',1,0.000000,0.000000,0.000000,NULL),(268,413,NULL,NULL,11,1,'BABY-MARINPOUY','Philippe',3,'2023-02-13 12:03:42',1,0.000000,0.000000,0.000000,NULL),(269,414,NULL,NULL,11,1,'BABY-MARINPOUY','Philippe',8,'2023-02-13 12:03:42',1,0.000000,0.000000,0.000000,NULL),(270,415,NULL,NULL,11,1,'BABY-MARINPOUY','Philippe',9,'2023-02-13 12:03:42',1,0.000000,0.000000,0.000000,NULL),(271,416,NULL,NULL,11,1,'BABY-MARINPOUY','Philippe',4,'2023-02-13 12:03:42',1,0.000000,0.000000,0.000000,NULL),(272,417,NULL,NULL,11,1,'BABY-MARINPOUY','Philippe',6,'2023-02-13 12:03:42',1,0.000000,0.000000,0.000000,NULL),(273,418,NULL,NULL,11,1,'BABY-MARINPOUY','Philippe',8,'2023-02-13 12:03:42',1,0.000000,0.000000,0.000000,NULL),(274,419,NULL,NULL,11,1,'BABY-MARINPOUY','Philippe',3,'2023-02-13 12:03:42',1,0.000000,0.000000,0.000000,NULL),(275,420,NULL,NULL,11,1,'BABY-MARINPOUY','Philippe',5,'2023-02-13 12:03:43',1,0.000000,0.000000,0.000000,NULL),(276,421,NULL,NULL,11,1,'BABY-MARINPOUY','Philippe',15,'2023-02-13 12:03:43',1,0.000000,0.000000,0.000000,NULL),(277,422,NULL,NULL,11,1,'BABY-MARINPOUY','Philippe',14,'2023-02-13 12:03:43',1,0.000000,0.000000,0.000000,NULL),(278,423,NULL,NULL,11,1,'BABY-MARINPOUY','Philippe',3,'2023-02-13 12:03:43',1,0.000000,0.000000,0.000000,NULL),(279,424,NULL,NULL,11,1,'BABY-MARINPOUY','Philippe',5,'2023-02-13 12:03:43',1,0.000000,0.000000,0.000000,NULL),(280,425,NULL,NULL,11,1,'BABY-MARINPOUY','Philippe',10,'2023-02-13 12:03:43',1,0.000000,0.000000,0.000000,NULL),(281,426,NULL,NULL,11,1,'BABY-MARINPOUY','Philippe',10,'2023-02-13 12:03:43',1,0.000000,0.000000,0.000000,NULL),(282,427,NULL,NULL,11,1,'BABY-MARINPOUY','Philippe',1,'2023-02-13 12:03:43',1,0.000000,0.000000,0.000000,NULL),(283,428,NULL,NULL,11,1,'BABY-MARINPOUY','Philippe',4,'2023-02-13 12:03:44',1,0.000000,0.000000,0.000000,NULL),(284,429,NULL,NULL,11,1,'BABY-MARINPOUY','Philippe',1,'2023-02-13 12:03:44',1,0.000000,0.000000,0.000000,NULL),(285,430,NULL,NULL,11,1,'BABY-MARINPOUY','Philippe',4,'2023-02-13 12:03:44',1,0.000000,0.000000,0.000000,NULL),(286,431,NULL,NULL,11,1,'BABY-MARINPOUY','Philippe',3,'2023-02-13 12:03:44',1,0.000000,0.000000,0.000000,NULL),(287,432,NULL,NULL,11,1,'BABY-MARINPOUY','Philippe',2,'2023-02-13 12:03:44',1,0.000000,0.000000,0.000000,NULL),(288,433,NULL,NULL,11,1,'BABY-MARINPOUY','Philippe',1,'2023-02-13 12:03:44',1,0.000000,0.000000,0.000000,NULL),(289,434,NULL,NULL,11,1,'BABY-MARINPOUY','Philippe',6,'2023-02-13 12:03:44',1,0.000000,0.000000,0.000000,NULL),(290,435,NULL,NULL,11,1,'BABY-MARINPOUY','Philippe',5,'2023-02-13 12:03:45',1,0.000000,0.000000,0.000000,NULL),(291,436,NULL,NULL,11,1,'BABY-MARINPOUY','Philippe',7,'2023-02-13 12:03:45',1,0.000000,0.000000,0.000000,NULL),(292,437,NULL,NULL,11,1,'BABY-MARINPOUY','Philippe',6,'2023-02-13 12:03:45',1,0.000000,0.000000,0.000000,NULL),(293,438,NULL,NULL,11,1,'BABY-MARINPOUY','Philippe',8,'2023-02-13 12:03:45',1,0.000000,0.000000,0.000000,NULL),(294,439,NULL,NULL,11,1,'BABY-MARINPOUY','Philippe',4,'2023-02-13 12:03:45',1,0.000000,0.000000,0.000000,NULL),(295,440,NULL,NULL,11,1,'BABY-MARINPOUY','Philippe',9,'2023-02-13 12:03:45',1,0.000000,0.000000,0.000000,NULL),(296,441,NULL,NULL,11,1,'BABY-MARINPOUY','Philippe',4,'2023-02-13 12:03:45',1,0.000000,0.000000,0.000000,NULL),(297,442,NULL,NULL,11,1,'BABY-MARINPOUY','Philippe',4,'2023-02-13 12:03:46',1,0.000000,0.000000,0.000000,NULL),(298,443,NULL,NULL,11,1,'BABY-MARINPOUY','Philippe',5,'2023-02-13 12:03:46',1,0.000000,0.000000,0.000000,NULL),(299,444,NULL,NULL,11,1,'BABY-MARINPOUY','Philippe',3,'2023-02-13 12:03:46',1,0.000000,0.000000,0.000000,NULL),(300,445,NULL,NULL,11,1,'BABY-MARINPOUY','Philippe',1,'2023-02-13 12:03:46',1,0.000000,0.000000,0.000000,NULL),(301,446,NULL,NULL,11,1,'BABY-MARINPOUY','Philippe',3,'2023-02-13 12:03:46',1,0.000000,0.000000,0.000000,NULL),(302,447,NULL,NULL,11,1,'BABY-MARINPOUY','Philippe',6,'2023-02-13 12:03:46',1,0.000000,0.000000,0.000000,NULL),(303,448,NULL,NULL,11,1,'BABY-MARINPOUY','Philippe',4,'2023-02-13 12:03:47',1,0.000000,0.000000,0.000000,NULL),(304,449,NULL,NULL,11,1,'BABY-MARINPOUY','Philippe',4,'2023-02-13 12:03:47',1,0.000000,0.000000,0.000000,NULL),(305,450,NULL,NULL,11,1,'BABY-MARINPOUY','Philippe',2,'2023-02-13 12:03:47',1,0.000000,0.000000,0.000000,NULL),(306,451,NULL,NULL,11,1,'BABY-MARINPOUY','Philippe',4,'2023-02-13 12:03:48',1,0.000000,0.000000,0.000000,NULL),(307,452,NULL,NULL,11,1,'BABY-MARINPOUY','Philippe',5,'2023-02-13 12:03:48',1,0.000000,0.000000,0.000000,NULL),(308,453,NULL,NULL,11,1,'BABY-MARINPOUY','Philippe',8,'2023-02-13 12:03:48',1,0.000000,0.000000,0.000000,NULL),(309,454,NULL,NULL,11,1,'BABY-MARINPOUY','Philippe',4,'2023-02-13 12:03:48',1,0.000000,0.000000,0.000000,NULL),(310,455,NULL,NULL,11,1,'BABY-MARINPOUY','Philippe',3,'2023-02-13 12:03:48',1,0.000000,0.000000,0.000000,NULL),(311,456,NULL,NULL,11,1,'BABY-MARINPOUY','Philippe',4,'2023-02-13 12:03:49',1,0.000000,0.000000,0.000000,NULL),(312,457,NULL,NULL,11,1,'BABY-MARINPOUY','Philippe',5,'2023-02-13 12:03:49',1,0.000000,0.000000,0.000000,NULL),(313,458,NULL,NULL,11,1,'BABY-MARINPOUY','Philippe',10,'2023-02-13 12:03:49',1,0.000000,0.000000,0.000000,NULL),(314,459,NULL,NULL,11,1,'BABY-MARINPOUY','Philippe',3,'2023-02-13 12:03:49',1,0.000000,0.000000,0.000000,NULL),(315,241,NULL,NULL,11,1,'BABY-MARINPOUY','Philippe',299,'2023-02-27 06:48:32',1,0.000000,0.000000,0.000000,NULL),(316,18,NULL,NULL,11,2,'Damien','Damien',1,'2023-02-27 14:37:45',1,0.000000,0.000000,0.000000,NULL),(317,460,NULL,NULL,11,2,'Damien','Damien',1,'2023-02-27 14:54:13',1,0.000000,0.000000,0.000000,NULL),(318,461,NULL,NULL,11,2,'Damien','Damien',2,'2023-02-27 14:59:48',1,0.000000,0.000000,0.000000,NULL),(319,462,NULL,NULL,11,2,'Damien','Damien',1,'2023-02-27 15:13:45',1,0.000000,0.000000,0.000000,NULL),(320,463,NULL,NULL,11,2,'Damien','Damien',3,'2023-02-27 15:15:42',1,0.000000,0.000000,0.000000,NULL),(321,189,NULL,NULL,11,5,'mouad','Mouad',5,'2023-03-09 09:32:33',1,0.000000,0.000000,0.000000,NULL),(322,621,NULL,NULL,11,1,'BABY-MARINPOUY','Philippe',6,'2023-04-17 23:24:47',1,0.000000,0.000000,0.000000,NULL),(323,622,NULL,NULL,11,1,'BABY-MARINPOUY','Philippe',3,'2023-04-17 23:24:47',1,0.000000,0.000000,0.000000,NULL),(324,623,NULL,NULL,11,1,'BABY-MARINPOUY','Philippe',1,'2023-04-17 23:24:47',1,0.000000,0.000000,0.000000,NULL),(325,624,NULL,NULL,11,1,'BABY-MARINPOUY','Philippe',8,'2023-04-17 23:24:47',1,0.000000,0.000000,0.000000,NULL),(326,625,NULL,NULL,11,1,'BABY-MARINPOUY','Philippe',1,'2023-04-17 23:24:47',1,0.000000,0.000000,0.000000,NULL),(327,626,NULL,NULL,11,1,'BABY-MARINPOUY','Philippe',1,'2023-04-17 23:24:47',1,0.000000,0.000000,0.000000,NULL),(328,627,NULL,NULL,11,1,'BABY-MARINPOUY','Philippe',7,'2023-04-17 23:24:47',1,0.000000,0.000000,0.000000,NULL),(329,628,NULL,NULL,11,1,'BABY-MARINPOUY','Philippe',1,'2023-04-17 23:24:48',1,0.000000,0.000000,0.000000,NULL),(330,629,NULL,NULL,11,1,'BABY-MARINPOUY','Philippe',3,'2023-04-17 23:24:48',1,0.000000,0.000000,0.000000,NULL),(331,630,NULL,NULL,11,1,'BABY-MARINPOUY','Philippe',3,'2023-04-17 23:24:48',1,0.000000,0.000000,0.000000,NULL),(332,631,NULL,NULL,11,1,'BABY-MARINPOUY','Philippe',1,'2023-04-17 23:24:48',1,0.000000,0.000000,0.000000,NULL),(333,632,NULL,NULL,11,1,'BABY-MARINPOUY','Philippe',4,'2023-04-17 23:24:48',1,0.000000,0.000000,0.000000,NULL),(334,633,NULL,NULL,11,1,'BABY-MARINPOUY','Philippe',7,'2023-04-17 23:24:48',1,0.000000,0.000000,0.000000,NULL),(335,634,NULL,NULL,11,1,'BABY-MARINPOUY','Philippe',5,'2023-04-17 23:24:48',1,0.000000,0.000000,0.000000,NULL),(336,635,NULL,NULL,11,1,'BABY-MARINPOUY','Philippe',7,'2023-04-17 23:24:48',1,0.000000,0.000000,0.000000,NULL),(337,636,NULL,NULL,11,1,'BABY-MARINPOUY','Philippe',7,'2023-04-17 23:24:48',1,0.000000,0.000000,0.000000,NULL),(338,637,NULL,NULL,11,1,'BABY-MARINPOUY','Philippe',2,'2023-04-17 23:24:48',1,0.000000,0.000000,0.000000,NULL),(339,638,NULL,NULL,11,1,'BABY-MARINPOUY','Philippe',2,'2023-04-17 23:24:48',1,0.000000,0.000000,0.000000,NULL),(340,639,NULL,NULL,11,1,'BABY-MARINPOUY','Philippe',12,'2023-04-17 23:24:48',1,0.000000,0.000000,0.000000,NULL),(341,640,NULL,NULL,11,1,'BABY-MARINPOUY','Philippe',9,'2023-04-17 23:24:48',1,0.000000,0.000000,0.000000,NULL),(342,641,NULL,NULL,11,1,'BABY-MARINPOUY','Philippe',2,'2023-04-17 23:24:48',1,0.000000,0.000000,0.000000,NULL),(343,642,NULL,NULL,11,1,'BABY-MARINPOUY','Philippe',1,'2023-04-17 23:24:48',1,0.000000,0.000000,0.000000,NULL),(344,643,NULL,NULL,11,1,'BABY-MARINPOUY','Philippe',3,'2023-04-17 23:24:48',1,0.000000,0.000000,0.000000,NULL),(345,644,NULL,NULL,11,1,'BABY-MARINPOUY','Philippe',1,'2023-04-17 23:24:48',1,0.000000,0.000000,0.000000,NULL),(346,645,NULL,NULL,11,1,'BABY-MARINPOUY','Philippe',3,'2023-04-17 23:24:48',1,0.000000,0.000000,0.000000,NULL),(347,646,NULL,NULL,11,1,'BABY-MARINPOUY','Philippe',1,'2023-04-17 23:24:49',1,0.000000,0.000000,0.000000,NULL),(348,647,NULL,NULL,11,1,'BABY-MARINPOUY','Philippe',5,'2023-04-17 23:24:49',1,0.000000,0.000000,0.000000,NULL),(349,648,NULL,NULL,11,1,'BABY-MARINPOUY','Philippe',8,'2023-04-17 23:24:49',1,0.000000,0.000000,0.000000,NULL),(350,649,NULL,NULL,11,1,'BABY-MARINPOUY','Philippe',9,'2023-04-17 23:24:49',1,0.000000,0.000000,0.000000,NULL),(351,650,NULL,NULL,11,1,'BABY-MARINPOUY','Philippe',6,'2023-04-17 23:24:49',1,0.000000,0.000000,0.000000,NULL),(352,651,NULL,NULL,11,1,'BABY-MARINPOUY','Philippe',1,'2023-04-17 23:24:49',1,0.000000,0.000000,0.000000,NULL),(353,652,NULL,NULL,11,1,'BABY-MARINPOUY','Philippe',6,'2023-04-17 23:24:49',1,0.000000,0.000000,0.000000,NULL),(354,653,NULL,NULL,11,1,'BABY-MARINPOUY','Philippe',5,'2023-04-17 23:24:49',1,0.000000,0.000000,0.000000,NULL),(355,654,NULL,NULL,11,1,'BABY-MARINPOUY','Philippe',6,'2023-04-17 23:24:49',1,0.000000,0.000000,0.000000,NULL),(356,655,NULL,NULL,11,1,'BABY-MARINPOUY','Philippe',5,'2023-04-17 23:24:49',1,0.000000,0.000000,0.000000,NULL),(357,656,NULL,NULL,11,1,'BABY-MARINPOUY','Philippe',6,'2023-04-17 23:24:49',1,0.000000,0.000000,0.000000,NULL),(358,657,NULL,NULL,11,1,'BABY-MARINPOUY','Philippe',3,'2023-04-17 23:24:49',1,0.000000,0.000000,0.000000,NULL),(359,658,NULL,NULL,11,1,'BABY-MARINPOUY','Philippe',4,'2023-04-17 23:24:49',1,0.000000,0.000000,0.000000,NULL),(360,659,NULL,NULL,11,1,'BABY-MARINPOUY','Philippe',2,'2023-04-17 23:24:49',1,0.000000,0.000000,0.000000,NULL),(361,660,NULL,NULL,11,1,'BABY-MARINPOUY','Philippe',10,'2023-04-17 23:24:49',1,0.000000,0.000000,0.000000,NULL),(362,661,NULL,NULL,11,1,'BABY-MARINPOUY','Philippe',6,'2023-04-17 23:24:50',1,0.000000,0.000000,0.000000,NULL),(363,662,NULL,NULL,11,1,'BABY-MARINPOUY','Philippe',3,'2023-04-17 23:24:50',1,0.000000,0.000000,0.000000,NULL),(364,663,NULL,NULL,11,1,'BABY-MARINPOUY','Philippe',1,'2023-04-17 23:24:50',1,0.000000,0.000000,0.000000,NULL),(365,664,NULL,NULL,11,1,'BABY-MARINPOUY','Philippe',7,'2023-04-17 23:24:50',1,0.000000,0.000000,0.000000,NULL),(366,665,NULL,NULL,11,1,'BABY-MARINPOUY','Philippe',9,'2023-04-17 23:24:50',1,0.000000,0.000000,0.000000,NULL),(367,666,NULL,NULL,11,1,'BABY-MARINPOUY','Philippe',2,'2023-04-17 23:24:50',1,0.000000,0.000000,0.000000,NULL),(368,667,NULL,NULL,11,1,'BABY-MARINPOUY','Philippe',7,'2023-04-17 23:24:50',1,0.000000,0.000000,0.000000,NULL),(369,668,NULL,NULL,11,1,'BABY-MARINPOUY','Philippe',1,'2023-04-17 23:24:50',1,0.000000,0.000000,0.000000,NULL),(370,669,NULL,NULL,11,1,'BABY-MARINPOUY','Philippe',7,'2023-04-17 23:24:50',1,0.000000,0.000000,0.000000,NULL),(371,670,NULL,NULL,11,1,'BABY-MARINPOUY','Philippe',2,'2023-04-17 23:24:50',1,0.000000,0.000000,0.000000,NULL),(372,671,NULL,NULL,11,1,'BABY-MARINPOUY','Philippe',2,'2023-04-17 23:24:50',1,0.000000,0.000000,0.000000,NULL),(373,672,NULL,NULL,11,1,'BABY-MARINPOUY','Philippe',5,'2023-04-17 23:24:50',1,0.000000,0.000000,0.000000,NULL),(374,673,NULL,NULL,11,1,'BABY-MARINPOUY','Philippe',26,'2023-04-17 23:24:50',1,0.000000,0.000000,0.000000,NULL),(375,674,NULL,NULL,11,1,'BABY-MARINPOUY','Philippe',3,'2023-04-17 23:24:50',1,0.000000,0.000000,0.000000,NULL),(376,675,NULL,NULL,11,1,'BABY-MARINPOUY','Philippe',6,'2023-04-17 23:24:50',1,0.000000,0.000000,0.000000,NULL),(377,676,NULL,NULL,11,1,'BABY-MARINPOUY','Philippe',1,'2023-04-17 23:24:50',1,0.000000,0.000000,0.000000,NULL),(378,677,NULL,NULL,11,1,'BABY-MARINPOUY','Philippe',2,'2023-04-17 23:24:50',1,0.000000,0.000000,0.000000,NULL),(379,678,NULL,NULL,11,1,'BABY-MARINPOUY','Philippe',1,'2023-04-17 23:24:50',1,0.000000,0.000000,0.000000,NULL),(380,679,NULL,NULL,11,1,'BABY-MARINPOUY','Philippe',13,'2023-04-17 23:24:50',1,0.000000,0.000000,0.000000,NULL),(381,680,NULL,NULL,11,1,'BABY-MARINPOUY','Philippe',6,'2023-04-17 23:24:50',1,0.000000,0.000000,0.000000,NULL),(382,681,NULL,NULL,11,1,'BABY-MARINPOUY','Philippe',1,'2023-04-17 23:24:50',1,0.000000,0.000000,0.000000,NULL),(383,682,NULL,NULL,11,1,'BABY-MARINPOUY','Philippe',2,'2023-04-17 23:24:51',1,0.000000,0.000000,0.000000,NULL),(384,683,NULL,NULL,11,1,'BABY-MARINPOUY','Philippe',8,'2023-04-17 23:24:51',1,0.000000,0.000000,0.000000,NULL),(385,684,NULL,NULL,11,1,'BABY-MARINPOUY','Philippe',4,'2023-04-17 23:24:51',1,0.000000,0.000000,0.000000,NULL),(386,685,NULL,NULL,11,1,'BABY-MARINPOUY','Philippe',4,'2023-04-17 23:24:51',1,0.000000,0.000000,0.000000,NULL),(387,686,NULL,NULL,11,1,'BABY-MARINPOUY','Philippe',3,'2023-04-17 23:24:51',1,0.000000,0.000000,0.000000,NULL),(388,687,NULL,NULL,11,1,'BABY-MARINPOUY','Philippe',3,'2023-04-17 23:24:51',1,0.000000,0.000000,0.000000,NULL),(389,688,NULL,NULL,11,1,'BABY-MARINPOUY','Philippe',4,'2023-04-17 23:24:51',1,0.000000,0.000000,0.000000,NULL),(390,689,NULL,NULL,11,1,'BABY-MARINPOUY','Philippe',3,'2023-04-17 23:24:51',1,0.000000,0.000000,0.000000,NULL),(391,690,NULL,NULL,11,1,'BABY-MARINPOUY','Philippe',11,'2023-04-17 23:24:51',1,0.000000,0.000000,0.000000,NULL),(392,691,NULL,NULL,11,1,'BABY-MARINPOUY','Philippe',6,'2023-04-17 23:56:48',1,0.000000,0.000000,0.000000,NULL),(393,692,NULL,NULL,11,1,'BABY-MARINPOUY','Philippe',3,'2023-04-17 23:56:48',1,0.000000,0.000000,0.000000,NULL),(394,693,NULL,NULL,11,1,'BABY-MARINPOUY','Philippe',1,'2023-04-17 23:56:48',1,0.000000,0.000000,0.000000,NULL),(395,694,NULL,NULL,11,1,'BABY-MARINPOUY','Philippe',8,'2023-04-18 00:06:34',1,0.000000,0.000000,0.000000,NULL),(396,695,NULL,NULL,11,1,'BABY-MARINPOUY','Philippe',1,'2023-04-18 00:06:34',1,0.000000,0.000000,0.000000,NULL),(397,696,NULL,NULL,11,1,'BABY-MARINPOUY','Philippe',1,'2023-04-18 00:06:34',1,0.000000,0.000000,0.000000,NULL),(398,697,NULL,NULL,11,1,'BABY-MARINPOUY','Philippe',8,'2023-04-18 00:08:58',1,0.000000,0.000000,0.000000,NULL),(399,698,NULL,NULL,11,1,'BABY-MARINPOUY','Philippe',1,'2023-04-18 00:08:58',1,0.000000,0.000000,0.000000,NULL),(400,699,NULL,NULL,11,1,'BABY-MARINPOUY','Philippe',1,'2023-04-18 00:08:58',1,0.000000,0.000000,0.000000,NULL),(401,700,NULL,NULL,11,1,'BABY-MARINPOUY','Philippe',1,'2023-04-18 00:12:35',1,0.000000,0.000000,0.000000,NULL),(402,701,NULL,NULL,11,1,'BABY-MARINPOUY','Philippe',1,'2023-04-18 00:12:35',1,0.000000,0.000000,0.000000,NULL),(403,702,NULL,NULL,11,1,'BABY-MARINPOUY','Philippe',8,'2023-04-18 00:17:20',1,0.000000,0.000000,0.000000,NULL),(404,703,NULL,NULL,11,1,'BABY-MARINPOUY','Philippe',1,'2023-04-18 00:17:21',1,0.000000,0.000000,0.000000,NULL),(405,704,NULL,NULL,11,1,'BABY-MARINPOUY','Philippe',1,'2023-04-18 00:17:21',1,0.000000,0.000000,0.000000,NULL),(406,705,NULL,NULL,11,1,'BABY-MARINPOUY','Philippe',8,'2023-04-18 00:23:23',1,0.000000,0.000000,0.000000,NULL),(407,706,NULL,NULL,11,1,'BABY-MARINPOUY','Philippe',1,'2023-04-18 00:23:23',1,0.000000,0.000000,0.000000,NULL),(408,707,NULL,NULL,11,1,'BABY-MARINPOUY','Philippe',1,'2023-04-18 00:23:23',1,0.000000,0.000000,0.000000,NULL),(409,708,NULL,NULL,11,1,'BABY-MARINPOUY','Philippe',7,'2023-04-18 00:23:23',1,0.000000,0.000000,0.000000,NULL),(410,709,NULL,NULL,11,1,'BABY-MARINPOUY','Philippe',1,'2023-04-18 00:23:23',1,0.000000,0.000000,0.000000,NULL),(411,710,NULL,NULL,11,1,'BABY-MARINPOUY','Philippe',3,'2023-04-18 00:23:24',1,0.000000,0.000000,0.000000,NULL),(412,711,NULL,NULL,11,1,'BABY-MARINPOUY','Philippe',3,'2023-04-18 00:23:24',1,0.000000,0.000000,0.000000,NULL),(413,712,NULL,NULL,11,1,'BABY-MARINPOUY','Philippe',1,'2023-04-18 00:23:24',1,0.000000,0.000000,0.000000,NULL),(414,713,NULL,NULL,11,1,'BABY-MARINPOUY','Philippe',4,'2023-04-18 00:23:24',1,0.000000,0.000000,0.000000,NULL),(415,714,NULL,NULL,11,1,'BABY-MARINPOUY','Philippe',7,'2023-04-18 00:23:24',1,0.000000,0.000000,0.000000,NULL),(416,715,NULL,NULL,11,1,'BABY-MARINPOUY','Philippe',5,'2023-04-18 00:23:24',1,0.000000,0.000000,0.000000,NULL),(417,716,NULL,NULL,11,1,'BABY-MARINPOUY','Philippe',7,'2023-04-18 00:23:24',1,0.000000,0.000000,0.000000,NULL),(418,717,NULL,NULL,11,1,'BABY-MARINPOUY','Philippe',7,'2023-04-18 00:23:24',1,0.000000,0.000000,0.000000,NULL),(419,718,NULL,NULL,11,1,'BABY-MARINPOUY','Philippe',2,'2023-04-18 00:23:24',1,0.000000,0.000000,0.000000,NULL),(420,719,NULL,NULL,11,1,'BABY-MARINPOUY','Philippe',2,'2023-04-18 00:23:24',1,0.000000,0.000000,0.000000,NULL),(421,720,NULL,NULL,11,1,'BABY-MARINPOUY','Philippe',12,'2023-04-18 00:23:24',1,0.000000,0.000000,0.000000,NULL),(422,721,NULL,NULL,11,1,'BABY-MARINPOUY','Philippe',9,'2023-04-18 00:23:24',1,0.000000,0.000000,0.000000,NULL),(423,722,NULL,NULL,11,1,'BABY-MARINPOUY','Philippe',2,'2023-04-18 00:23:24',1,0.000000,0.000000,0.000000,NULL),(424,723,NULL,NULL,11,1,'BABY-MARINPOUY','Philippe',1,'2023-04-18 00:23:24',1,0.000000,0.000000,0.000000,NULL),(425,724,NULL,NULL,11,1,'BABY-MARINPOUY','Philippe',3,'2023-04-18 00:23:25',1,0.000000,0.000000,0.000000,NULL),(426,725,NULL,NULL,11,1,'BABY-MARINPOUY','Philippe',1,'2023-04-18 00:23:25',1,0.000000,0.000000,0.000000,NULL),(427,726,NULL,NULL,11,1,'BABY-MARINPOUY','Philippe',3,'2023-04-18 00:23:25',1,0.000000,0.000000,0.000000,NULL),(428,727,NULL,NULL,11,1,'BABY-MARINPOUY','Philippe',1,'2023-04-18 00:23:25',1,0.000000,0.000000,0.000000,NULL),(429,728,NULL,NULL,11,1,'BABY-MARINPOUY','Philippe',5,'2023-04-18 00:23:25',1,0.000000,0.000000,0.000000,NULL),(430,729,NULL,NULL,11,1,'BABY-MARINPOUY','Philippe',8,'2023-04-18 00:23:25',1,0.000000,0.000000,0.000000,NULL),(431,730,NULL,NULL,11,1,'BABY-MARINPOUY','Philippe',9,'2023-04-18 00:23:25',1,0.000000,0.000000,0.000000,NULL),(432,731,NULL,NULL,11,1,'BABY-MARINPOUY','Philippe',6,'2023-04-18 00:23:25',1,0.000000,0.000000,0.000000,NULL),(433,732,NULL,NULL,11,1,'BABY-MARINPOUY','Philippe',1,'2023-04-18 00:23:25',1,0.000000,0.000000,0.000000,NULL),(434,733,NULL,NULL,11,1,'BABY-MARINPOUY','Philippe',6,'2023-04-18 00:23:25',1,0.000000,0.000000,0.000000,NULL),(435,734,NULL,NULL,11,1,'BABY-MARINPOUY','Philippe',5,'2023-04-18 00:23:25',1,0.000000,0.000000,0.000000,NULL),(436,735,NULL,NULL,11,1,'BABY-MARINPOUY','Philippe',6,'2023-04-18 00:23:25',1,0.000000,0.000000,0.000000,NULL),(437,736,NULL,NULL,11,1,'BABY-MARINPOUY','Philippe',5,'2023-04-18 00:23:26',1,0.000000,0.000000,0.000000,NULL),(438,737,NULL,NULL,11,1,'BABY-MARINPOUY','Philippe',6,'2023-04-18 00:23:26',1,0.000000,0.000000,0.000000,NULL),(439,738,NULL,NULL,11,1,'BABY-MARINPOUY','Philippe',3,'2023-04-18 00:23:26',1,0.000000,0.000000,0.000000,NULL),(440,739,NULL,NULL,11,1,'BABY-MARINPOUY','Philippe',4,'2023-04-18 00:23:26',1,0.000000,0.000000,0.000000,NULL),(441,740,NULL,NULL,11,1,'BABY-MARINPOUY','Philippe',2,'2023-04-18 00:23:26',1,0.000000,0.000000,0.000000,NULL),(442,741,NULL,NULL,11,1,'BABY-MARINPOUY','Philippe',10,'2023-04-18 00:23:26',1,0.000000,0.000000,0.000000,NULL),(443,742,NULL,NULL,11,1,'BABY-MARINPOUY','Philippe',6,'2023-04-18 00:23:26',1,0.000000,0.000000,0.000000,NULL),(444,743,NULL,NULL,11,1,'BABY-MARINPOUY','Philippe',3,'2023-04-18 00:23:26',1,0.000000,0.000000,0.000000,NULL),(445,744,NULL,NULL,11,1,'BABY-MARINPOUY','Philippe',1,'2023-04-18 00:23:26',1,0.000000,0.000000,0.000000,NULL),(446,745,NULL,NULL,11,1,'BABY-MARINPOUY','Philippe',7,'2023-04-18 00:23:26',1,0.000000,0.000000,0.000000,NULL),(447,746,NULL,NULL,11,1,'BABY-MARINPOUY','Philippe',9,'2023-04-18 00:23:26',1,0.000000,0.000000,0.000000,NULL),(448,747,NULL,NULL,11,1,'BABY-MARINPOUY','Philippe',2,'2023-04-18 00:23:26',1,0.000000,0.000000,0.000000,NULL),(449,748,NULL,NULL,11,1,'BABY-MARINPOUY','Philippe',7,'2023-04-18 00:23:26',1,0.000000,0.000000,0.000000,NULL),(450,749,NULL,NULL,11,1,'BABY-MARINPOUY','Philippe',1,'2023-04-18 00:23:26',1,0.000000,0.000000,0.000000,NULL),(451,750,NULL,NULL,11,1,'BABY-MARINPOUY','Philippe',7,'2023-04-18 00:23:26',1,0.000000,0.000000,0.000000,NULL),(452,751,NULL,NULL,11,1,'BABY-MARINPOUY','Philippe',2,'2023-04-18 00:23:26',1,0.000000,0.000000,0.000000,NULL),(453,752,NULL,NULL,11,1,'BABY-MARINPOUY','Philippe',2,'2023-04-18 00:23:26',1,0.000000,0.000000,0.000000,NULL),(454,753,NULL,NULL,11,1,'BABY-MARINPOUY','Philippe',5,'2023-04-18 00:23:26',1,0.000000,0.000000,0.000000,NULL),(455,754,NULL,NULL,11,1,'BABY-MARINPOUY','Philippe',26,'2023-04-18 00:23:26',1,0.000000,0.000000,0.000000,NULL),(456,755,NULL,NULL,11,1,'BABY-MARINPOUY','Philippe',3,'2023-04-18 00:23:26',1,0.000000,0.000000,0.000000,NULL),(457,756,NULL,NULL,11,1,'BABY-MARINPOUY','Philippe',6,'2023-04-18 00:23:27',1,0.000000,0.000000,0.000000,NULL),(458,757,NULL,NULL,11,1,'BABY-MARINPOUY','Philippe',1,'2023-04-18 00:23:27',1,0.000000,0.000000,0.000000,NULL),(459,758,NULL,NULL,11,1,'BABY-MARINPOUY','Philippe',2,'2023-04-18 00:23:27',1,0.000000,0.000000,0.000000,NULL),(460,759,NULL,NULL,11,1,'BABY-MARINPOUY','Philippe',1,'2023-04-18 00:23:27',1,0.000000,0.000000,0.000000,NULL),(461,760,NULL,NULL,11,1,'BABY-MARINPOUY','Philippe',13,'2023-04-18 00:23:27',1,0.000000,0.000000,0.000000,NULL),(462,761,NULL,NULL,11,1,'BABY-MARINPOUY','Philippe',6,'2023-04-18 00:23:27',1,0.000000,0.000000,0.000000,NULL),(463,762,NULL,NULL,11,1,'BABY-MARINPOUY','Philippe',1,'2023-04-18 00:23:27',1,0.000000,0.000000,0.000000,NULL),(464,763,NULL,NULL,11,1,'BABY-MARINPOUY','Philippe',2,'2023-04-18 00:23:27',1,0.000000,0.000000,0.000000,NULL),(465,764,NULL,NULL,11,1,'BABY-MARINPOUY','Philippe',8,'2023-04-18 00:23:27',1,0.000000,0.000000,0.000000,NULL),(466,765,NULL,NULL,11,1,'BABY-MARINPOUY','Philippe',4,'2023-04-18 00:23:27',1,0.000000,0.000000,0.000000,NULL),(467,766,NULL,NULL,11,1,'BABY-MARINPOUY','Philippe',4,'2023-04-18 00:23:27',1,0.000000,0.000000,0.000000,NULL),(468,767,NULL,NULL,11,1,'BABY-MARINPOUY','Philippe',3,'2023-04-18 00:23:27',1,0.000000,0.000000,0.000000,NULL),(469,768,NULL,NULL,11,1,'BABY-MARINPOUY','Philippe',3,'2023-04-18 00:23:27',1,0.000000,0.000000,0.000000,NULL),(470,769,NULL,NULL,11,1,'BABY-MARINPOUY','Philippe',4,'2023-04-18 00:23:27',1,0.000000,0.000000,0.000000,NULL),(471,770,NULL,NULL,11,1,'BABY-MARINPOUY','Philippe',3,'2023-04-18 00:23:27',1,0.000000,0.000000,0.000000,NULL),(472,771,NULL,NULL,11,1,'BABY-MARINPOUY','Philippe',11,'2023-04-18 00:23:27',1,0.000000,0.000000,0.000000,NULL),(473,772,NULL,NULL,11,1,'BABY-MARINPOUY','Philippe',6,'2023-04-25 09:13:04',1,0.000000,0.000000,0.000000,NULL),(474,773,NULL,NULL,11,1,'BABY-MARINPOUY','Philippe',12,'2023-04-25 09:13:04',1,0.000000,0.000000,0.000000,NULL),(475,774,NULL,NULL,11,1,'BABY-MARINPOUY','Philippe',12,'2023-04-25 09:13:04',1,0.000000,0.000000,0.000000,NULL),(476,775,NULL,NULL,11,1,'BABY-MARINPOUY','Philippe',6,'2023-04-25 09:13:05',1,0.000000,0.000000,0.000000,NULL),(477,776,NULL,NULL,11,1,'BABY-MARINPOUY','Philippe',6,'2023-04-25 09:13:05',1,0.000000,0.000000,0.000000,NULL),(478,777,NULL,NULL,11,1,'BABY-MARINPOUY','Philippe',5,'2023-04-25 09:13:05',1,0.000000,0.000000,0.000000,NULL),(479,778,NULL,NULL,11,1,'BABY-MARINPOUY','Philippe',5,'2023-04-25 09:13:05',1,0.000000,0.000000,0.000000,NULL),(480,779,NULL,NULL,11,1,'BABY-MARINPOUY','Philippe',5,'2023-04-25 09:13:05',1,0.000000,0.000000,0.000000,NULL),(481,780,NULL,NULL,11,1,'BABY-MARINPOUY','Philippe',5,'2023-04-25 09:13:06',1,0.000000,0.000000,0.000000,NULL),(482,781,NULL,NULL,11,1,'BABY-MARINPOUY','Philippe',4,'2023-04-25 09:13:06',1,0.000000,0.000000,0.000000,NULL),(483,782,NULL,NULL,11,1,'BABY-MARINPOUY','Philippe',2,'2023-04-25 09:13:06',1,0.000000,0.000000,0.000000,NULL),(484,783,NULL,NULL,11,1,'BABY-MARINPOUY','Philippe',2,'2023-04-25 09:13:06',1,0.000000,0.000000,0.000000,NULL),(485,784,NULL,NULL,11,1,'BABY-MARINPOUY','Philippe',2,'2023-04-25 09:13:06',1,0.000000,0.000000,0.000000,NULL),(486,785,NULL,NULL,11,1,'BABY-MARINPOUY','Philippe',5,'2023-04-25 09:13:06',1,0.000000,0.000000,0.000000,NULL),(487,786,NULL,NULL,11,1,'BABY-MARINPOUY','Philippe',5,'2023-04-25 09:13:06',1,0.000000,0.000000,0.000000,NULL),(488,787,NULL,NULL,11,1,'BABY-MARINPOUY','Philippe',5,'2023-04-25 09:13:06',1,0.000000,0.000000,0.000000,NULL),(489,788,NULL,NULL,11,1,'BABY-MARINPOUY','Philippe',3,'2023-04-25 09:13:06',1,0.000000,0.000000,0.000000,NULL),(490,789,NULL,NULL,11,1,'BABY-MARINPOUY','Philippe',3,'2023-04-25 09:13:06',1,0.000000,0.000000,0.000000,NULL),(491,790,NULL,NULL,11,1,'BABY-MARINPOUY','Philippe',6,'2023-04-25 09:13:06',1,0.000000,0.000000,0.000000,NULL),(492,791,NULL,NULL,11,1,'BABY-MARINPOUY','Philippe',10,'2023-05-22 23:43:10',1,0.000000,0.000000,0.000000,NULL),(493,792,NULL,NULL,11,1,'BABY-MARINPOUY','Philippe',5,'2023-05-22 23:43:10',1,0.000000,0.000000,0.000000,NULL),(494,793,NULL,NULL,11,1,'BABY-MARINPOUY','Philippe',1,'2023-06-19 23:28:28',1,0.000000,0.000000,0.000000,NULL),(495,794,NULL,NULL,11,1,'BABY-MARINPOUY','Philippe',20,'2023-07-16 12:40:50',1,0.000000,0.000000,0.000000,NULL),(496,795,NULL,NULL,11,1,'BABY-MARINPOUY','Philippe',20,'2023-07-16 12:40:51',1,0.000000,0.000000,0.000000,NULL),(497,796,NULL,NULL,11,1,'BABY-MARINPOUY','Philippe',20,'2023-07-16 12:40:51',1,0.000000,0.000000,0.000000,NULL),(498,797,NULL,NULL,11,1,'BABY-MARINPOUY','Philippe',20,'2023-07-16 12:40:51',1,0.000000,0.000000,0.000000,NULL),(499,798,NULL,NULL,11,1,'BABY-MARINPOUY','Philippe',20,'2023-07-16 12:40:51',1,0.000000,0.000000,0.000000,NULL),(500,799,NULL,NULL,11,1,'BABY-MARINPOUY','Philippe',20,'2023-07-16 12:40:51',1,0.000000,0.000000,0.000000,NULL),(501,800,NULL,NULL,11,1,'BABY-MARINPOUY','Philippe',20,'2023-07-16 12:40:51',1,0.000000,0.000000,0.000000,NULL),(502,801,NULL,NULL,11,1,'BABY-MARINPOUY','Philippe',20,'2023-07-16 12:40:52',1,0.000000,0.000000,0.000000,NULL),(503,802,NULL,NULL,11,1,'BABY-MARINPOUY','Philippe',20,'2023-07-16 12:40:52',1,0.000000,0.000000,0.000000,NULL),(504,803,NULL,NULL,11,1,'BABY-MARINPOUY','Philippe',20,'2023-07-16 12:40:52',1,0.000000,0.000000,0.000000,NULL),(505,804,NULL,NULL,11,1,'BABY-MARINPOUY','Philippe',20,'2023-07-16 12:40:52',1,0.000000,0.000000,0.000000,NULL),(506,805,NULL,NULL,11,1,'BABY-MARINPOUY','Philippe',20,'2023-07-16 12:40:52',1,0.000000,0.000000,0.000000,NULL),(507,806,NULL,NULL,11,1,'BABY-MARINPOUY','Philippe',20,'2023-07-16 12:40:52',1,0.000000,0.000000,0.000000,NULL),(508,807,NULL,NULL,11,1,'BABY-MARINPOUY','Philippe',20,'2023-07-16 12:40:52',1,0.000000,0.000000,0.000000,NULL),(509,808,NULL,NULL,11,1,'BABY-MARINPOUY','Philippe',20,'2023-07-16 12:40:52',1,0.000000,0.000000,0.000000,NULL),(510,809,NULL,NULL,11,1,'BABY-MARINPOUY','Philippe',20,'2023-07-16 12:40:52',1,0.000000,0.000000,0.000000,NULL),(511,810,NULL,NULL,11,1,'BABY-MARINPOUY','Philippe',20,'2023-07-16 12:40:52',1,0.000000,0.000000,0.000000,NULL),(512,811,NULL,NULL,11,1,'BABY-MARINPOUY','Philippe',20,'2023-07-16 12:40:52',1,0.000000,0.000000,0.000000,NULL),(513,812,NULL,NULL,11,1,'BABY-MARINPOUY','Philippe',20,'2023-07-16 12:40:52',1,0.000000,0.000000,0.000000,NULL),(514,813,NULL,NULL,11,1,'BABY-MARINPOUY','Philippe',20,'2023-07-16 12:40:52',1,0.000000,0.000000,0.000000,NULL),(515,814,NULL,NULL,11,1,'BABY-MARINPOUY','Philippe',20,'2023-07-16 12:40:52',1,0.000000,0.000000,0.000000,NULL),(516,815,NULL,NULL,11,1,'BABY-MARINPOUY','Philippe',20,'2023-07-16 12:40:52',1,0.000000,0.000000,0.000000,NULL),(517,816,NULL,NULL,11,1,'BABY-MARINPOUY','Philippe',20,'2023-07-16 12:40:52',1,0.000000,0.000000,0.000000,NULL),(518,817,NULL,NULL,11,1,'BABY-MARINPOUY','Philippe',20,'2023-07-16 12:40:53',1,0.000000,0.000000,0.000000,NULL),(519,818,NULL,NULL,11,1,'BABY-MARINPOUY','Philippe',20,'2023-07-16 12:40:53',1,0.000000,0.000000,0.000000,NULL),(520,819,NULL,NULL,11,1,'BABY-MARINPOUY','Philippe',20,'2023-07-16 12:40:53',1,0.000000,0.000000,0.000000,NULL),(521,820,NULL,NULL,11,1,'BABY-MARINPOUY','Philippe',20,'2023-07-16 12:40:53',1,0.000000,0.000000,0.000000,NULL),(522,821,NULL,NULL,11,1,'BABY-MARINPOUY','Philippe',20,'2023-07-16 12:40:53',1,0.000000,0.000000,0.000000,NULL),(523,822,NULL,NULL,11,1,'BABY-MARINPOUY','Philippe',20,'2023-07-16 12:40:53',1,0.000000,0.000000,0.000000,NULL),(524,823,NULL,NULL,11,1,'BABY-MARINPOUY','Philippe',20,'2023-07-16 12:40:53',1,0.000000,0.000000,0.000000,NULL),(525,824,NULL,NULL,11,1,'BABY-MARINPOUY','Philippe',20,'2023-07-16 12:40:53',1,0.000000,0.000000,0.000000,NULL),(526,825,NULL,NULL,11,1,'BABY-MARINPOUY','Philippe',20,'2023-07-16 12:40:53',1,0.000000,0.000000,0.000000,NULL),(527,826,NULL,NULL,11,1,'BABY-MARINPOUY','Philippe',20,'2023-07-16 12:40:53',1,0.000000,0.000000,0.000000,NULL),(528,827,NULL,NULL,11,1,'BABY-MARINPOUY','Philippe',20,'2023-07-16 12:40:53',1,0.000000,0.000000,0.000000,NULL),(529,828,NULL,NULL,11,1,'BABY-MARINPOUY','Philippe',20,'2023-07-16 12:40:53',1,0.000000,0.000000,0.000000,NULL),(530,829,NULL,NULL,11,1,'BABY-MARINPOUY','Philippe',20,'2023-07-16 12:40:53',1,0.000000,0.000000,0.000000,NULL),(531,830,NULL,NULL,11,1,'BABY-MARINPOUY','Philippe',20,'2023-07-16 12:40:53',1,0.000000,0.000000,0.000000,NULL),(532,831,NULL,NULL,11,1,'BABY-MARINPOUY','Philippe',20,'2023-07-16 12:40:53',1,0.000000,0.000000,0.000000,NULL),(533,832,NULL,NULL,11,1,'BABY-MARINPOUY','Philippe',20,'2023-07-16 12:40:53',1,0.000000,0.000000,0.000000,NULL),(534,833,NULL,NULL,11,1,'BABY-MARINPOUY','Philippe',20,'2023-07-16 12:40:53',1,0.000000,0.000000,0.000000,NULL),(535,834,NULL,NULL,11,1,'BABY-MARINPOUY','Philippe',20,'2023-07-16 12:40:54',1,0.000000,0.000000,0.000000,NULL),(536,835,NULL,NULL,11,1,'BABY-MARINPOUY','Philippe',20,'2023-07-16 12:40:54',1,0.000000,0.000000,0.000000,NULL),(537,836,NULL,NULL,11,1,'BABY-MARINPOUY','Philippe',20,'2023-07-16 12:40:54',1,0.000000,0.000000,0.000000,NULL),(538,837,NULL,NULL,11,1,'BABY-MARINPOUY','Philippe',20,'2023-07-16 12:40:54',1,0.000000,0.000000,0.000000,NULL),(539,838,NULL,NULL,11,1,'BABY-MARINPOUY','Philippe',20,'2023-07-16 12:40:54',1,0.000000,0.000000,0.000000,NULL),(540,839,NULL,NULL,11,1,'BABY-MARINPOUY','Philippe',20,'2023-07-16 12:40:54',1,0.000000,0.000000,0.000000,NULL),(541,840,NULL,NULL,11,1,'BABY-MARINPOUY','Philippe',20,'2023-07-16 12:40:54',1,0.000000,0.000000,0.000000,NULL),(542,841,NULL,NULL,11,1,'BABY-MARINPOUY','Philippe',20,'2023-07-16 12:40:54',1,0.000000,0.000000,0.000000,NULL),(543,842,NULL,NULL,11,1,'BABY-MARINPOUY','Philippe',20,'2023-07-16 12:40:54',1,0.000000,0.000000,0.000000,NULL),(544,843,NULL,NULL,11,1,'BABY-MARINPOUY','Philippe',20,'2023-07-16 12:40:54',1,0.000000,0.000000,0.000000,NULL),(545,844,NULL,NULL,11,1,'BABY-MARINPOUY','Philippe',20,'2023-07-16 12:40:54',1,0.000000,0.000000,0.000000,NULL),(546,845,NULL,NULL,11,1,'BABY-MARINPOUY','Philippe',20,'2023-07-16 12:40:54',1,0.000000,0.000000,0.000000,NULL),(547,846,NULL,NULL,11,1,'BABY-MARINPOUY','Philippe',20,'2023-07-16 12:40:55',1,0.000000,0.000000,0.000000,NULL),(548,847,NULL,NULL,11,1,'BABY-MARINPOUY','Philippe',20,'2023-07-16 12:40:55',1,0.000000,0.000000,0.000000,NULL),(549,848,NULL,NULL,11,1,'BABY-MARINPOUY','Philippe',20,'2023-07-16 12:40:55',1,0.000000,0.000000,0.000000,NULL),(550,849,NULL,NULL,11,1,'BABY-MARINPOUY','Philippe',20,'2023-07-16 12:40:55',1,0.000000,0.000000,0.000000,NULL),(551,850,NULL,NULL,11,1,'BABY-MARINPOUY','Philippe',20,'2023-07-16 12:40:55',1,0.000000,0.000000,0.000000,NULL),(552,851,NULL,NULL,11,1,'BABY-MARINPOUY','Philippe',20,'2023-07-16 12:40:55',1,0.000000,0.000000,0.000000,NULL),(553,852,NULL,NULL,11,1,'BABY-MARINPOUY','Philippe',20,'2023-07-16 12:40:55',1,0.000000,0.000000,0.000000,NULL),(554,853,NULL,NULL,11,1,'BABY-MARINPOUY','Philippe',20,'2023-07-16 12:40:55',1,0.000000,0.000000,0.000000,NULL),(555,854,NULL,NULL,11,1,'BABY-MARINPOUY','Philippe',20,'2023-07-16 12:40:55',1,0.000000,0.000000,0.000000,NULL),(556,855,NULL,NULL,11,1,'BABY-MARINPOUY','Philippe',20,'2023-07-16 12:40:55',1,0.000000,0.000000,0.000000,NULL),(557,856,NULL,NULL,11,1,'BABY-MARINPOUY','Philippe',20,'2023-07-16 12:40:55',1,0.000000,0.000000,0.000000,NULL),(558,857,NULL,NULL,11,1,'BABY-MARINPOUY','Philippe',20,'2023-07-16 12:40:55',1,0.000000,0.000000,0.000000,NULL),(559,858,NULL,NULL,11,1,'BABY-MARINPOUY','Philippe',20,'2023-07-16 12:40:55',1,0.000000,0.000000,0.000000,NULL),(560,859,NULL,NULL,11,1,'BABY-MARINPOUY','Philippe',20,'2023-07-16 12:40:55',1,0.000000,0.000000,0.000000,NULL),(561,860,NULL,NULL,11,1,'BABY-MARINPOUY','Philippe',20,'2023-07-16 12:40:55',1,0.000000,0.000000,0.000000,NULL),(562,861,NULL,NULL,11,1,'BABY-MARINPOUY','Philippe',20,'2023-07-16 12:40:55',1,0.000000,0.000000,0.000000,NULL),(563,862,NULL,NULL,11,1,'BABY-MARINPOUY','Philippe',20,'2023-07-16 12:40:55',1,0.000000,0.000000,0.000000,NULL),(564,863,NULL,NULL,11,1,'BABY-MARINPOUY','Philippe',20,'2023-07-16 12:40:55',1,0.000000,0.000000,0.000000,NULL),(565,864,NULL,NULL,11,1,'BABY-MARINPOUY','Philippe',20,'2023-07-16 12:40:55',1,0.000000,0.000000,0.000000,NULL),(566,865,NULL,NULL,11,1,'BABY-MARINPOUY','Philippe',20,'2023-07-16 12:40:56',1,0.000000,0.000000,0.000000,NULL),(567,866,NULL,NULL,11,1,'BABY-MARINPOUY','Philippe',20,'2023-07-16 12:40:56',1,0.000000,0.000000,0.000000,NULL),(568,867,NULL,NULL,11,1,'BABY-MARINPOUY','Philippe',20,'2023-07-16 12:40:56',1,0.000000,0.000000,0.000000,NULL),(569,868,NULL,NULL,11,1,'BABY-MARINPOUY','Philippe',20,'2023-07-16 12:40:56',1,0.000000,0.000000,0.000000,NULL),(570,869,NULL,NULL,11,1,'BABY-MARINPOUY','Philippe',20,'2023-07-16 12:40:56',1,0.000000,0.000000,0.000000,NULL),(571,870,NULL,NULL,11,1,'BABY-MARINPOUY','Philippe',20,'2023-07-16 12:40:56',1,0.000000,0.000000,0.000000,NULL),(572,871,NULL,NULL,11,1,'BABY-MARINPOUY','Philippe',20,'2023-07-16 12:40:56',1,0.000000,0.000000,0.000000,NULL),(573,872,NULL,NULL,11,1,'BABY-MARINPOUY','Philippe',20,'2023-07-16 12:40:56',1,0.000000,0.000000,0.000000,NULL),(574,873,NULL,NULL,11,1,'BABY-MARINPOUY','Philippe',20,'2023-07-16 12:40:56',1,0.000000,0.000000,0.000000,NULL),(575,874,NULL,NULL,11,1,'BABY-MARINPOUY','Philippe',20,'2023-07-16 12:40:56',1,0.000000,0.000000,0.000000,NULL),(576,875,NULL,NULL,11,1,'BABY-MARINPOUY','Philippe',20,'2023-07-16 12:40:56',1,0.000000,0.000000,0.000000,NULL),(577,876,NULL,NULL,11,1,'BABY-MARINPOUY','Philippe',20,'2023-07-16 12:40:56',1,0.000000,0.000000,0.000000,NULL),(578,877,NULL,NULL,11,1,'BABY-MARINPOUY','Philippe',20,'2023-07-16 12:40:56',1,0.000000,0.000000,0.000000,NULL),(579,878,NULL,NULL,11,1,'BABY-MARINPOUY','Philippe',20,'2023-07-16 12:40:56',1,0.000000,0.000000,0.000000,NULL),(580,879,NULL,NULL,11,1,'BABY-MARINPOUY','Philippe',20,'2023-07-16 12:40:56',1,0.000000,0.000000,0.000000,NULL),(581,880,NULL,NULL,11,1,'BABY-MARINPOUY','Philippe',20,'2023-07-16 12:40:56',1,0.000000,0.000000,0.000000,NULL),(582,881,NULL,NULL,11,1,'BABY-MARINPOUY','Philippe',20,'2023-07-16 12:40:56',1,0.000000,0.000000,0.000000,NULL),(583,882,NULL,NULL,11,1,'BABY-MARINPOUY','Philippe',20,'2023-07-16 12:40:56',1,0.000000,0.000000,0.000000,NULL),(584,883,NULL,NULL,11,1,'BABY-MARINPOUY','Philippe',20,'2023-07-16 12:40:56',1,0.000000,0.000000,0.000000,NULL),(585,884,NULL,NULL,11,1,'BABY-MARINPOUY','Philippe',20,'2023-07-16 12:40:56',1,0.000000,0.000000,0.000000,NULL),(586,885,NULL,NULL,11,1,'BABY-MARINPOUY','Philippe',20,'2023-07-16 12:40:56',1,0.000000,0.000000,0.000000,NULL),(587,886,NULL,NULL,11,1,'BABY-MARINPOUY','Philippe',20,'2023-07-16 12:40:57',1,0.000000,0.000000,0.000000,NULL),(588,887,NULL,NULL,11,1,'BABY-MARINPOUY','Philippe',20,'2023-07-16 12:40:57',1,0.000000,0.000000,0.000000,NULL),(589,888,NULL,NULL,11,1,'BABY-MARINPOUY','Philippe',20,'2023-07-16 12:40:57',1,0.000000,0.000000,0.000000,NULL),(590,889,NULL,NULL,11,1,'BABY-MARINPOUY','Philippe',20,'2023-07-16 12:40:57',1,0.000000,0.000000,0.000000,NULL),(591,890,NULL,NULL,11,1,'BABY-MARINPOUY','Philippe',20,'2023-07-16 12:40:57',1,0.000000,0.000000,0.000000,NULL),(592,891,NULL,NULL,11,1,'BABY-MARINPOUY','Philippe',20,'2023-07-16 12:40:57',1,0.000000,0.000000,0.000000,NULL),(593,892,NULL,NULL,11,1,'BABY-MARINPOUY','Philippe',20,'2023-07-16 12:40:57',1,0.000000,0.000000,0.000000,NULL),(594,893,NULL,NULL,11,1,'BABY-MARINPOUY','Philippe',20,'2023-07-16 12:40:57',1,0.000000,0.000000,0.000000,NULL),(595,894,NULL,NULL,11,1,'BABY-MARINPOUY','Philippe',20,'2023-07-16 12:40:57',1,0.000000,0.000000,0.000000,NULL),(596,895,NULL,NULL,11,1,'BABY-MARINPOUY','Philippe',20,'2023-07-16 12:40:57',1,0.000000,0.000000,0.000000,NULL),(597,896,NULL,NULL,11,1,'BABY-MARINPOUY','Philippe',20,'2023-07-16 12:40:57',1,0.000000,0.000000,0.000000,NULL),(598,897,NULL,NULL,11,1,'BABY-MARINPOUY','Philippe',20,'2023-07-16 12:40:57',1,0.000000,0.000000,0.000000,NULL),(599,898,NULL,NULL,11,1,'BABY-MARINPOUY','Philippe',20,'2023-07-16 12:40:57',1,0.000000,0.000000,0.000000,NULL),(600,899,NULL,NULL,11,1,'BABY-MARINPOUY','Philippe',20,'2023-07-16 12:40:57',1,0.000000,0.000000,0.000000,NULL),(601,900,NULL,NULL,11,1,'BABY-MARINPOUY','Philippe',20,'2023-07-16 12:40:57',1,0.000000,0.000000,0.000000,NULL),(602,901,NULL,NULL,11,1,'BABY-MARINPOUY','Philippe',20,'2023-07-16 12:40:57',1,0.000000,0.000000,0.000000,NULL),(603,902,NULL,NULL,11,1,'BABY-MARINPOUY','Philippe',20,'2023-07-16 12:40:57',1,0.000000,0.000000,0.000000,NULL),(604,903,NULL,NULL,11,1,'BABY-MARINPOUY','Philippe',20,'2023-07-16 12:40:57',1,0.000000,0.000000,0.000000,NULL),(605,904,NULL,NULL,11,1,'BABY-MARINPOUY','Philippe',20,'2023-07-16 12:40:58',1,0.000000,0.000000,0.000000,NULL),(606,905,NULL,NULL,11,1,'BABY-MARINPOUY','Philippe',20,'2023-07-16 12:40:58',1,0.000000,0.000000,0.000000,NULL),(607,906,NULL,NULL,11,1,'BABY-MARINPOUY','Philippe',20,'2023-07-16 12:40:58',1,0.000000,0.000000,0.000000,NULL),(608,907,NULL,NULL,11,1,'BABY-MARINPOUY','Philippe',1,'2023-10-30 22:39:01',1,0.000000,0.000000,0.000000,NULL),(609,908,NULL,NULL,11,1,'BABY-MARINPOUY','Philippe',5,'2023-10-30 22:39:02',1,0.000000,0.000000,0.000000,NULL),(610,909,NULL,NULL,11,1,'BABY-MARINPOUY','Philippe',5,'2023-10-30 22:39:02',1,0.000000,0.000000,0.000000,NULL),(611,910,NULL,NULL,11,1,'BABY-MARINPOUY','Philippe',6,'2023-10-30 22:39:02',1,0.000000,0.000000,0.000000,NULL),(612,911,NULL,NULL,11,1,'BABY-MARINPOUY','Philippe',7,'2023-10-30 22:39:02',1,0.000000,0.000000,0.000000,NULL),(613,912,NULL,NULL,11,1,'BABY-MARINPOUY','Philippe',4,'2023-10-30 22:39:03',1,0.000000,0.000000,0.000000,NULL),(614,913,NULL,NULL,11,1,'BABY-MARINPOUY','Philippe',13,'2023-10-30 22:39:03',1,0.000000,0.000000,0.000000,NULL),(615,914,NULL,NULL,11,1,'BABY-MARINPOUY','Philippe',11,'2023-10-30 22:39:03',1,0.000000,0.000000,0.000000,NULL),(616,915,NULL,NULL,11,1,'BABY-MARINPOUY','Philippe',1,'2023-10-30 22:39:03',1,0.000000,0.000000,0.000000,NULL),(617,916,NULL,NULL,11,1,'BABY-MARINPOUY','Philippe',6,'2023-10-30 22:39:03',1,0.000000,0.000000,0.000000,NULL),(618,917,NULL,NULL,11,1,'BABY-MARINPOUY','Philippe',6,'2023-10-30 22:39:03',1,0.000000,0.000000,0.000000,NULL),(619,918,NULL,NULL,11,1,'BABY-MARINPOUY','Philippe',1,'2023-10-30 22:39:03',1,0.000000,0.000000,0.000000,NULL),(620,919,NULL,NULL,11,1,'BABY-MARINPOUY','Philippe',22,'2023-10-30 22:39:03',1,0.000000,0.000000,0.000000,NULL),(621,920,NULL,NULL,11,1,'BABY-MARINPOUY','Philippe',14,'2023-10-30 22:39:03',1,0.000000,0.000000,0.000000,NULL),(622,921,NULL,NULL,11,1,'BABY-MARINPOUY','Philippe',6,'2023-10-30 22:39:03',1,0.000000,0.000000,0.000000,NULL),(623,922,NULL,NULL,11,1,'BABY-MARINPOUY','Philippe',18,'2023-10-30 22:39:04',1,0.000000,0.000000,0.000000,NULL),(624,923,NULL,NULL,11,1,'BABY-MARINPOUY','Philippe',3,'2023-10-30 22:39:04',1,0.000000,0.000000,0.000000,NULL),(625,924,NULL,NULL,11,1,'BABY-MARINPOUY','Philippe',5,'2023-10-30 22:39:04',1,0.000000,0.000000,0.000000,NULL),(626,925,NULL,NULL,11,1,'BABY-MARINPOUY','Philippe',1,'2023-10-30 22:39:04',1,0.000000,0.000000,0.000000,NULL),(627,926,NULL,NULL,11,1,'BABY-MARINPOUY','Philippe',7,'2023-10-30 22:39:04',1,0.000000,0.000000,0.000000,NULL),(628,927,NULL,NULL,11,1,'BABY-MARINPOUY','Philippe',2,'2023-10-30 22:39:04',1,0.000000,0.000000,0.000000,NULL),(629,928,NULL,NULL,11,1,'BABY-MARINPOUY','Philippe',8,'2023-10-30 22:39:04',1,0.000000,0.000000,0.000000,NULL),(630,929,NULL,NULL,11,1,'BABY-MARINPOUY','Philippe',2,'2023-10-30 22:39:04',1,0.000000,0.000000,0.000000,NULL),(631,930,NULL,NULL,11,1,'BABY-MARINPOUY','Philippe',2,'2023-10-30 22:39:04',1,0.000000,0.000000,0.000000,NULL),(632,931,NULL,NULL,11,1,'BABY-MARINPOUY','Philippe',3,'2023-10-30 22:39:04',1,0.000000,0.000000,0.000000,NULL),(633,932,NULL,NULL,11,1,'BABY-MARINPOUY','Philippe',1,'2023-10-30 22:39:04',1,0.000000,0.000000,0.000000,NULL),(634,933,NULL,NULL,11,1,'BABY-MARINPOUY','Philippe',6,'2023-10-30 22:39:04',1,0.000000,0.000000,0.000000,NULL),(635,934,NULL,NULL,11,1,'BABY-MARINPOUY','Philippe',4,'2023-10-30 22:39:04',1,0.000000,0.000000,0.000000,NULL),(636,935,NULL,NULL,11,1,'BABY-MARINPOUY','Philippe',2,'2023-10-30 22:39:04',1,0.000000,0.000000,0.000000,NULL),(637,936,NULL,NULL,11,1,'BABY-MARINPOUY','Philippe',7,'2023-10-30 22:39:04',1,0.000000,0.000000,0.000000,NULL),(638,937,NULL,NULL,11,1,'BABY-MARINPOUY','Philippe',8,'2023-10-30 22:39:04',1,0.000000,0.000000,0.000000,NULL),(639,938,NULL,NULL,11,1,'BABY-MARINPOUY','Philippe',2,'2023-10-30 22:39:04',1,0.000000,0.000000,0.000000,NULL),(640,939,NULL,NULL,11,1,'BABY-MARINPOUY','Philippe',4,'2023-10-30 22:39:05',1,0.000000,0.000000,0.000000,NULL),(641,940,NULL,NULL,11,1,'BABY-MARINPOUY','Philippe',3,'2023-10-30 22:39:05',1,0.000000,0.000000,0.000000,NULL),(642,941,NULL,NULL,11,1,'BABY-MARINPOUY','Philippe',2,'2023-10-30 22:39:05',1,0.000000,0.000000,0.000000,NULL),(643,942,NULL,NULL,11,1,'BABY-MARINPOUY','Philippe',3,'2023-10-30 22:39:05',1,0.000000,0.000000,0.000000,NULL),(644,943,NULL,NULL,11,1,'BABY-MARINPOUY','Philippe',3,'2023-10-30 22:39:05',1,0.000000,0.000000,0.000000,NULL),(645,944,NULL,NULL,11,1,'BABY-MARINPOUY','Philippe',5,'2023-10-30 22:39:05',1,0.000000,0.000000,0.000000,NULL),(646,945,NULL,NULL,11,1,'BABY-MARINPOUY','Philippe',10,'2023-10-30 22:39:05',1,0.000000,0.000000,0.000000,NULL),(647,946,NULL,NULL,11,1,'BABY-MARINPOUY','Philippe',18,'2023-10-30 22:39:05',1,0.000000,0.000000,0.000000,NULL),(648,947,NULL,NULL,11,1,'BABY-MARINPOUY','Philippe',3,'2023-10-30 22:39:05',1,0.000000,0.000000,0.000000,NULL),(649,948,NULL,NULL,11,1,'BABY-MARINPOUY','Philippe',2,'2023-10-30 22:39:05',1,0.000000,0.000000,0.000000,NULL),(650,949,NULL,NULL,11,1,'BABY-MARINPOUY','Philippe',4,'2023-10-30 22:39:05',1,0.000000,0.000000,0.000000,NULL),(651,950,NULL,NULL,11,1,'BABY-MARINPOUY','Philippe',10,'2023-10-30 22:39:05',1,0.000000,0.000000,0.000000,NULL),(652,951,NULL,NULL,11,1,'BABY-MARINPOUY','Philippe',5,'2023-10-30 22:39:05',1,0.000000,0.000000,0.000000,NULL),(653,952,NULL,NULL,11,1,'BABY-MARINPOUY','Philippe',2,'2023-10-30 22:39:06',1,0.000000,0.000000,0.000000,NULL),(654,953,NULL,NULL,11,1,'BABY-MARINPOUY','Philippe',1,'2023-10-30 22:39:06',1,0.000000,0.000000,0.000000,NULL),(655,954,NULL,NULL,11,1,'BABY-MARINPOUY','Philippe',1,'2023-10-30 22:39:06',1,0.000000,0.000000,0.000000,NULL),(656,955,NULL,NULL,11,1,'BABY-MARINPOUY','Philippe',4,'2023-10-30 22:39:06',1,0.000000,0.000000,0.000000,NULL),(657,956,NULL,NULL,11,1,'BABY-MARINPOUY','Philippe',7,'2023-10-30 22:39:06',1,0.000000,0.000000,0.000000,NULL),(658,957,NULL,NULL,11,1,'BABY-MARINPOUY','Philippe',2,'2023-10-30 22:39:06',1,0.000000,0.000000,0.000000,NULL),(659,958,NULL,NULL,11,1,'BABY-MARINPOUY','Philippe',1,'2023-10-30 22:39:06',1,0.000000,0.000000,0.000000,NULL),(660,959,NULL,NULL,11,1,'BABY-MARINPOUY','Philippe',2,'2023-10-30 22:39:06',1,0.000000,0.000000,0.000000,NULL),(661,960,NULL,NULL,11,1,'BABY-MARINPOUY','Philippe',1,'2023-10-30 22:39:06',1,0.000000,0.000000,0.000000,NULL),(662,961,NULL,NULL,11,1,'BABY-MARINPOUY','Philippe',11,'2023-10-30 22:39:06',1,0.000000,0.000000,0.000000,NULL),(663,962,NULL,NULL,11,1,'BABY-MARINPOUY','Philippe',1,'2023-10-30 22:39:06',1,0.000000,0.000000,0.000000,NULL),(664,963,NULL,NULL,11,1,'BABY-MARINPOUY','Philippe',1,'2023-10-30 22:39:06',1,0.000000,0.000000,0.000000,NULL),(665,964,NULL,NULL,11,1,'BABY-MARINPOUY','Philippe',2,'2023-10-30 22:39:06',1,0.000000,0.000000,0.000000,NULL),(666,965,NULL,NULL,11,1,'BABY-MARINPOUY','Philippe',3,'2023-10-30 22:39:06',1,0.000000,0.000000,0.000000,NULL),(667,966,NULL,NULL,11,1,'BABY-MARINPOUY','Philippe',2,'2023-10-30 22:39:06',1,0.000000,0.000000,0.000000,NULL),(668,967,NULL,NULL,11,1,'BABY-MARINPOUY','Philippe',3,'2023-10-30 22:39:06',1,0.000000,0.000000,0.000000,NULL),(669,968,NULL,NULL,11,1,'BABY-MARINPOUY','Philippe',8,'2023-10-30 22:39:06',1,0.000000,0.000000,0.000000,NULL),(670,969,NULL,NULL,11,1,'BABY-MARINPOUY','Philippe',1,'2023-10-30 22:39:07',1,0.000000,0.000000,0.000000,NULL),(671,970,NULL,NULL,11,1,'BABY-MARINPOUY','Philippe',1,'2023-10-30 22:39:07',1,0.000000,0.000000,0.000000,NULL),(672,971,NULL,NULL,11,1,'BABY-MARINPOUY','Philippe',6,'2023-10-30 22:39:07',1,0.000000,0.000000,0.000000,NULL),(673,972,NULL,NULL,11,1,'BABY-MARINPOUY','Philippe',3,'2023-10-30 22:39:07',1,0.000000,0.000000,0.000000,NULL),(674,973,NULL,NULL,11,1,'BABY-MARINPOUY','Philippe',1,'2023-10-30 22:39:07',1,0.000000,0.000000,0.000000,NULL),(675,974,NULL,NULL,11,1,'BABY-MARINPOUY','Philippe',1,'2023-10-30 22:39:07',1,0.000000,0.000000,0.000000,NULL),(676,975,NULL,NULL,11,1,'BABY-MARINPOUY','Philippe',3,'2023-10-30 22:39:07',1,0.000000,0.000000,0.000000,NULL),(677,976,NULL,NULL,11,1,'BABY-MARINPOUY','Philippe',5,'2023-10-30 22:39:07',1,0.000000,0.000000,0.000000,NULL),(678,977,NULL,NULL,11,1,'BABY-MARINPOUY','Philippe',6,'2023-10-30 22:39:07',1,0.000000,0.000000,0.000000,NULL),(679,978,NULL,NULL,11,1,'BABY-MARINPOUY','Philippe',6,'2023-10-30 22:39:07',1,0.000000,0.000000,0.000000,NULL),(680,979,NULL,NULL,11,1,'BABY-MARINPOUY','Philippe',2,'2023-10-30 22:39:07',1,0.000000,0.000000,0.000000,NULL),(681,980,NULL,NULL,11,1,'BABY-MARINPOUY','Philippe',1,'2023-10-30 22:39:07',1,0.000000,0.000000,0.000000,NULL),(682,981,NULL,NULL,11,1,'BABY-MARINPOUY','Philippe',1,'2023-10-30 22:39:07',1,0.000000,0.000000,0.000000,NULL),(683,982,NULL,NULL,11,1,'BABY-MARINPOUY','Philippe',13,'2023-10-30 22:39:07',1,0.000000,0.000000,0.000000,NULL),(684,983,NULL,NULL,11,1,'BABY-MARINPOUY','Philippe',6,'2023-10-30 22:39:07',1,0.000000,0.000000,0.000000,NULL),(685,984,NULL,NULL,11,1,'BABY-MARINPOUY','Philippe',5,'2023-10-30 22:39:07',1,0.000000,0.000000,0.000000,NULL),(686,985,NULL,NULL,11,1,'BABY-MARINPOUY','Philippe',6,'2023-10-30 22:39:07',1,0.000000,0.000000,0.000000,NULL),(687,986,NULL,NULL,11,1,'BABY-MARINPOUY','Philippe',1,'2023-10-30 22:39:08',1,0.000000,0.000000,0.000000,NULL),(688,987,NULL,NULL,11,1,'BABY-MARINPOUY','Philippe',1,'2023-10-30 22:39:08',1,0.000000,0.000000,0.000000,NULL),(689,988,NULL,NULL,11,1,'BABY-MARINPOUY','Philippe',3,'2023-10-30 22:39:08',1,0.000000,0.000000,0.000000,NULL),(690,989,NULL,NULL,11,1,'BABY-MARINPOUY','Philippe',1,'2023-10-30 22:39:08',1,0.000000,0.000000,0.000000,NULL),(691,990,NULL,NULL,11,1,'BABY-MARINPOUY','Philippe',1,'2023-10-30 22:39:08',1,0.000000,0.000000,0.000000,NULL),(692,991,NULL,NULL,11,1,'BABY-MARINPOUY','Philippe',4,'2023-10-30 22:39:08',1,0.000000,0.000000,0.000000,NULL),(693,992,NULL,NULL,11,1,'BABY-MARINPOUY','Philippe',4,'2023-10-30 22:39:08',1,0.000000,0.000000,0.000000,NULL),(694,993,NULL,NULL,11,1,'BABY-MARINPOUY','Philippe',5,'2023-10-30 22:39:08',1,0.000000,0.000000,0.000000,NULL),(695,994,NULL,NULL,11,1,'BABY-MARINPOUY','Philippe',1,'2023-10-30 22:39:08',1,0.000000,0.000000,0.000000,NULL),(696,995,NULL,NULL,11,1,'BABY-MARINPOUY','Philippe',1,'2023-10-30 22:39:08',1,0.000000,0.000000,0.000000,NULL),(697,996,NULL,NULL,11,1,'BABY-MARINPOUY','Philippe',5,'2023-10-30 22:39:08',1,0.000000,0.000000,0.000000,NULL),(698,997,NULL,NULL,11,1,'BABY-MARINPOUY','Philippe',3,'2023-10-30 22:39:08',1,0.000000,0.000000,0.000000,NULL),(699,998,NULL,NULL,11,1,'BABY-MARINPOUY','Philippe',6,'2023-10-30 22:39:08',1,0.000000,0.000000,0.000000,NULL),(700,999,NULL,NULL,11,1,'BABY-MARINPOUY','Philippe',3,'2023-10-30 22:39:08',1,0.000000,0.000000,0.000000,NULL),(701,1000,NULL,NULL,11,1,'BABY-MARINPOUY','Philippe',1,'2023-10-30 22:39:08',1,0.000000,0.000000,0.000000,NULL),(702,1001,NULL,NULL,11,1,'BABY-MARINPOUY','Philippe',8,'2023-10-30 22:39:08',1,0.000000,0.000000,0.000000,NULL),(703,1002,NULL,NULL,11,1,'BABY-MARINPOUY','Philippe',6,'2023-10-30 22:39:08',1,0.000000,0.000000,0.000000,NULL),(704,1003,NULL,NULL,11,1,'BABY-MARINPOUY','Philippe',3,'2023-10-30 22:39:09',1,0.000000,0.000000,0.000000,NULL),(705,1004,NULL,NULL,11,1,'BABY-MARINPOUY','Philippe',3,'2023-10-30 22:39:09',1,0.000000,0.000000,0.000000,NULL),(706,1005,NULL,NULL,11,1,'BABY-MARINPOUY','Philippe',1,'2023-10-30 22:39:09',1,0.000000,0.000000,0.000000,NULL),(707,1006,NULL,NULL,11,1,'BABY-MARINPOUY','Philippe',1,'2023-10-30 22:39:09',1,0.000000,0.000000,0.000000,NULL),(708,1007,NULL,NULL,11,1,'BABY-MARINPOUY','Philippe',2,'2023-10-30 22:39:09',1,0.000000,0.000000,0.000000,NULL),(709,1008,NULL,NULL,11,1,'BABY-MARINPOUY','Philippe',7,'2023-10-30 22:39:09',1,0.000000,0.000000,0.000000,NULL),(710,1009,NULL,NULL,11,1,'BABY-MARINPOUY','Philippe',4,'2023-10-30 22:39:09',1,0.000000,0.000000,0.000000,NULL),(711,1010,NULL,NULL,11,1,'BABY-MARINPOUY','Philippe',5,'2023-10-30 22:39:09',1,0.000000,0.000000,0.000000,NULL),(712,1011,NULL,NULL,11,1,'BABY-MARINPOUY','Philippe',11,'2023-10-30 22:39:09',1,0.000000,0.000000,0.000000,NULL),(713,1012,NULL,NULL,11,1,'BABY-MARINPOUY','Philippe',6,'2023-10-30 22:39:09',1,0.000000,0.000000,0.000000,NULL),(714,1013,NULL,NULL,11,1,'BABY-MARINPOUY','Philippe',5,'2023-10-30 22:39:09',1,0.000000,0.000000,0.000000,NULL),(715,1014,NULL,NULL,11,1,'BABY-MARINPOUY','Philippe',4,'2023-10-30 22:39:09',1,0.000000,0.000000,0.000000,NULL),(716,1015,NULL,NULL,11,1,'BABY-MARINPOUY','Philippe',12,'2023-10-30 22:39:09',1,0.000000,0.000000,0.000000,NULL),(717,1016,NULL,NULL,11,1,'BABY-MARINPOUY','Philippe',6,'2023-10-30 22:39:09',1,0.000000,0.000000,0.000000,NULL),(718,1017,NULL,NULL,11,1,'BABY-MARINPOUY','Philippe',2,'2023-10-30 22:39:09',1,0.000000,0.000000,0.000000,NULL),(719,1018,NULL,NULL,11,1,'BABY-MARINPOUY','Philippe',5,'2023-10-30 22:39:09',1,0.000000,0.000000,0.000000,NULL),(720,1019,NULL,NULL,11,1,'BABY-MARINPOUY','Philippe',13,'2023-10-30 22:39:09',1,0.000000,0.000000,0.000000,NULL),(721,1020,NULL,NULL,11,1,'BABY-MARINPOUY','Philippe',5,'2023-10-30 22:39:10',1,0.000000,0.000000,0.000000,NULL),(722,1021,NULL,NULL,11,1,'BABY-MARINPOUY','Philippe',16,'2023-10-30 22:39:10',1,0.000000,0.000000,0.000000,NULL),(723,1022,NULL,NULL,11,1,'BABY-MARINPOUY','Philippe',12,'2023-10-30 22:39:10',1,0.000000,0.000000,0.000000,NULL),(724,1023,NULL,NULL,11,1,'BABY-MARINPOUY','Philippe',6,'2023-10-30 22:39:10',1,0.000000,0.000000,0.000000,NULL),(725,1024,NULL,NULL,11,1,'BABY-MARINPOUY','Philippe',2,'2023-10-30 22:39:10',1,0.000000,0.000000,0.000000,NULL),(726,1025,NULL,NULL,11,1,'BABY-MARINPOUY','Philippe',8,'2023-10-30 22:39:10',1,0.000000,0.000000,0.000000,NULL),(727,1026,NULL,NULL,11,1,'BABY-MARINPOUY','Philippe',17,'2023-10-30 22:39:10',1,0.000000,0.000000,0.000000,NULL),(728,1027,NULL,NULL,11,1,'BABY-MARINPOUY','Philippe',30,'2023-10-30 22:39:10',1,0.000000,0.000000,0.000000,NULL),(729,1028,NULL,NULL,11,1,'BABY-MARINPOUY','Philippe',37,'2023-10-30 22:39:10',1,0.000000,0.000000,0.000000,NULL),(730,1029,NULL,NULL,11,1,'BABY-MARINPOUY','Philippe',3,'2023-10-30 22:39:10',1,0.000000,0.000000,0.000000,NULL),(731,1030,NULL,NULL,11,1,'BABY-MARINPOUY','Philippe',8,'2023-10-30 22:39:10',1,0.000000,0.000000,0.000000,NULL),(732,1031,NULL,NULL,11,1,'BABY-MARINPOUY','Philippe',1,'2023-10-30 22:39:10',1,0.000000,0.000000,0.000000,NULL),(733,1032,NULL,NULL,11,1,'BABY-MARINPOUY','Philippe',29,'2023-10-30 22:39:10',1,0.000000,0.000000,0.000000,NULL),(734,1033,NULL,NULL,11,1,'BABY-MARINPOUY','Philippe',17,'2023-10-30 22:39:10',1,0.000000,0.000000,0.000000,NULL),(735,1034,NULL,NULL,11,1,'BABY-MARINPOUY','Philippe',5,'2023-10-30 22:39:10',1,0.000000,0.000000,0.000000,NULL),(736,1035,NULL,NULL,11,1,'BABY-MARINPOUY','Philippe',7,'2023-10-30 22:39:11',1,0.000000,0.000000,0.000000,NULL),(737,1036,NULL,NULL,11,1,'BABY-MARINPOUY','Philippe',5,'2023-10-30 22:39:11',1,0.000000,0.000000,0.000000,NULL),(738,1037,NULL,NULL,11,1,'BABY-MARINPOUY','Philippe',9,'2023-10-30 22:39:11',1,0.000000,0.000000,0.000000,NULL),(739,1038,NULL,NULL,11,1,'BABY-MARINPOUY','Philippe',4,'2023-10-30 22:39:11',1,0.000000,0.000000,0.000000,NULL),(740,1039,NULL,NULL,11,1,'BABY-MARINPOUY','Philippe',4,'2023-10-30 22:39:11',1,0.000000,0.000000,0.000000,NULL),(741,1040,NULL,NULL,11,1,'BABY-MARINPOUY','Philippe',2,'2023-10-30 22:39:11',1,0.000000,0.000000,0.000000,NULL),(742,1041,NULL,NULL,11,1,'BABY-MARINPOUY','Philippe',7,'2023-10-30 22:39:11',1,0.000000,0.000000,0.000000,NULL),(743,1042,NULL,NULL,11,1,'BABY-MARINPOUY','Philippe',2,'2023-10-30 22:39:11',1,0.000000,0.000000,0.000000,NULL),(744,1043,NULL,NULL,11,1,'BABY-MARINPOUY','Philippe',2,'2023-10-30 22:39:11',1,0.000000,0.000000,0.000000,NULL),(745,1044,NULL,NULL,11,1,'BABY-MARINPOUY','Philippe',13,'2023-10-30 22:39:11',1,0.000000,0.000000,0.000000,NULL),(746,1045,NULL,NULL,11,1,'BABY-MARINPOUY','Philippe',1,'2023-10-30 22:39:11',1,0.000000,0.000000,0.000000,NULL),(747,1046,NULL,NULL,11,1,'BABY-MARINPOUY','Philippe',6,'2023-10-30 22:39:11',1,0.000000,0.000000,0.000000,NULL),(748,1047,NULL,NULL,11,1,'BABY-MARINPOUY','Philippe',5,'2023-10-30 22:39:11',1,0.000000,0.000000,0.000000,NULL),(749,1048,NULL,NULL,11,1,'BABY-MARINPOUY','Philippe',4,'2023-10-30 22:39:11',1,0.000000,0.000000,0.000000,NULL),(750,1049,NULL,NULL,11,1,'BABY-MARINPOUY','Philippe',4,'2023-10-30 22:39:11',1,0.000000,0.000000,0.000000,NULL),(751,1050,NULL,NULL,11,1,'BABY-MARINPOUY','Philippe',1,'2023-10-30 22:39:11',1,0.000000,0.000000,0.000000,NULL),(752,1051,NULL,NULL,11,1,'BABY-MARINPOUY','Philippe',1,'2023-10-30 22:39:11',1,0.000000,0.000000,0.000000,NULL),(753,1052,NULL,NULL,11,1,'BABY-MARINPOUY','Philippe',18,'2023-10-30 22:39:11',1,0.000000,0.000000,0.000000,NULL),(754,1053,NULL,NULL,11,1,'BABY-MARINPOUY','Philippe',9,'2023-10-30 22:39:11',1,0.000000,0.000000,0.000000,NULL),(755,1054,NULL,NULL,11,1,'BABY-MARINPOUY','Philippe',7,'2023-10-30 22:39:12',1,0.000000,0.000000,0.000000,NULL),(756,1055,NULL,NULL,11,1,'BABY-MARINPOUY','Philippe',10,'2023-10-30 22:39:12',1,0.000000,0.000000,0.000000,NULL),(757,1056,NULL,NULL,11,1,'BABY-MARINPOUY','Philippe',5,'2023-10-30 22:39:12',1,0.000000,0.000000,0.000000,NULL),(758,1057,NULL,NULL,11,1,'BABY-MARINPOUY','Philippe',9,'2023-10-30 22:39:12',1,0.000000,0.000000,0.000000,NULL),(759,1058,NULL,NULL,11,1,'BABY-MARINPOUY','Philippe',9,'2023-10-30 22:39:12',1,0.000000,0.000000,0.000000,NULL),(760,1059,NULL,NULL,11,1,'BABY-MARINPOUY','Philippe',9,'2023-10-30 22:39:12',1,0.000000,0.000000,0.000000,NULL),(761,1060,NULL,NULL,11,1,'BABY-MARINPOUY','Philippe',18,'2023-10-30 22:39:12',1,0.000000,0.000000,0.000000,NULL),(762,1061,NULL,NULL,11,1,'BABY-MARINPOUY','Philippe',1,'2023-10-30 22:39:12',1,0.000000,0.000000,0.000000,NULL),(763,1062,NULL,NULL,11,1,'BABY-MARINPOUY','Philippe',25,'2023-10-30 22:39:12',1,0.000000,0.000000,0.000000,NULL),(764,1063,NULL,NULL,11,1,'BABY-MARINPOUY','Philippe',7,'2023-10-30 22:39:12',1,0.000000,0.000000,0.000000,NULL),(765,1064,NULL,NULL,11,1,'BABY-MARINPOUY','Philippe',1,'2023-10-30 22:39:12',1,0.000000,0.000000,0.000000,NULL),(766,1065,NULL,NULL,11,1,'BABY-MARINPOUY','Philippe',1,'2023-10-30 22:39:12',1,0.000000,0.000000,0.000000,NULL),(767,1066,NULL,NULL,11,1,'BABY-MARINPOUY','Philippe',1,'2023-10-30 22:39:12',1,0.000000,0.000000,0.000000,NULL),(768,1067,NULL,NULL,11,1,'BABY-MARINPOUY','Philippe',1,'2023-10-30 22:39:12',1,0.000000,0.000000,0.000000,NULL),(769,1068,NULL,NULL,11,1,'BABY-MARINPOUY','Philippe',1,'2023-10-30 22:39:12',1,0.000000,0.000000,0.000000,NULL),(770,1069,NULL,NULL,11,1,'BABY-MARINPOUY','Philippe',1,'2023-10-30 22:39:12',1,0.000000,0.000000,0.000000,NULL),(771,1070,NULL,NULL,11,1,'BABY-MARINPOUY','Philippe',14,'2023-10-30 22:39:12',1,0.000000,0.000000,0.000000,NULL),(772,1071,NULL,NULL,11,1,'BABY-MARINPOUY','Philippe',8,'2023-10-30 22:39:12',1,0.000000,0.000000,0.000000,NULL),(773,1072,NULL,NULL,11,1,'BABY-MARINPOUY','Philippe',1,'2023-10-30 22:39:12',1,0.000000,0.000000,0.000000,NULL),(774,1430,NULL,NULL,11,5,'mouad','Mouad',10,'2024-12-16 12:32:22',1,0.000000,0.000000,0.000000,NULL),(775,1348,NULL,NULL,11,5,'mouad','Mouad',15,'2024-12-16 14:14:55',1,0.000000,0.000000,0.000000,NULL),(776,1378,NULL,NULL,11,5,'mouad','Mouad',20,'2024-12-16 14:30:47',1,0.000000,0.000000,0.000000,NULL),(777,1377,NULL,NULL,11,5,'mouad','Mouad',20,'2024-12-16 14:30:47',1,0.000000,0.000000,0.000000,NULL),(778,1376,NULL,NULL,11,5,'mouad','Mouad',20,'2024-12-16 14:30:47',1,0.000000,0.000000,0.000000,NULL),(779,1375,NULL,NULL,11,5,'mouad','Mouad',20,'2024-12-16 14:30:47',1,0.000000,0.000000,0.000000,NULL),(780,1374,NULL,NULL,11,5,'mouad','Mouad',20,'2024-12-16 14:30:47',1,0.000000,0.000000,0.000000,NULL),(781,1373,NULL,NULL,11,5,'mouad','Mouad',20,'2024-12-16 14:30:47',1,0.000000,0.000000,0.000000,NULL),(782,1372,NULL,NULL,11,5,'mouad','Mouad',20,'2024-12-16 14:30:47',1,0.000000,0.000000,0.000000,NULL),(783,1371,NULL,NULL,11,5,'mouad','Mouad',20,'2024-12-16 14:30:47',1,0.000000,0.000000,0.000000,NULL),(784,1370,NULL,NULL,11,5,'mouad','Mouad',20,'2024-12-16 14:30:47',1,0.000000,0.000000,0.000000,NULL),(785,1369,NULL,NULL,11,5,'mouad','Mouad',20,'2024-12-16 14:30:47',1,0.000000,0.000000,0.000000,NULL),(786,1368,NULL,NULL,11,5,'mouad','Mouad',20,'2024-12-16 14:30:47',1,0.000000,0.000000,0.000000,NULL),(787,1367,NULL,NULL,11,5,'mouad','Mouad',20,'2024-12-16 14:30:47',1,0.000000,0.000000,0.000000,NULL),(788,1366,NULL,NULL,11,5,'mouad','Mouad',20,'2024-12-16 14:30:47',1,0.000000,0.000000,0.000000,NULL),(789,1365,NULL,NULL,11,5,'mouad','Mouad',20,'2024-12-16 14:30:47',1,0.000000,0.000000,0.000000,NULL),(790,1364,NULL,NULL,11,5,'mouad','Mouad',20,'2024-12-16 14:30:47',1,0.000000,0.000000,0.000000,NULL),(791,1363,NULL,NULL,11,5,'mouad','Mouad',20,'2024-12-16 14:30:47',1,0.000000,0.000000,0.000000,NULL),(792,1362,NULL,NULL,11,5,'mouad','Mouad',20,'2024-12-16 14:30:47',1,0.000000,0.000000,0.000000,NULL),(793,1361,NULL,NULL,11,5,'mouad','Mouad',20,'2024-12-16 14:30:47',1,0.000000,0.000000,0.000000,NULL),(794,1360,NULL,NULL,11,5,'mouad','Mouad',20,'2024-12-16 14:30:47',1,0.000000,0.000000,0.000000,NULL),(795,1359,NULL,NULL,11,5,'mouad','Mouad',20,'2024-12-16 14:30:47',1,0.000000,0.000000,0.000000,NULL),(796,1358,NULL,NULL,11,5,'mouad','Mouad',20,'2024-12-16 14:30:47',1,0.000000,0.000000,0.000000,NULL),(797,1357,NULL,NULL,11,5,'mouad','Mouad',20,'2024-12-16 14:30:47',1,0.000000,0.000000,0.000000,NULL),(798,1356,NULL,NULL,11,5,'mouad','Mouad',20,'2024-12-16 14:30:48',1,0.000000,0.000000,0.000000,NULL),(799,1355,NULL,NULL,11,5,'mouad','Mouad',20,'2024-12-16 14:30:48',1,0.000000,0.000000,0.000000,NULL),(800,1354,NULL,NULL,11,5,'mouad','Mouad',20,'2024-12-16 14:30:48',1,0.000000,0.000000,0.000000,NULL),(801,1353,NULL,NULL,11,5,'mouad','Mouad',20,'2024-12-16 14:30:48',1,0.000000,0.000000,0.000000,NULL),(802,1352,NULL,NULL,11,5,'mouad','Mouad',20,'2024-12-16 14:30:48',1,0.000000,0.000000,0.000000,NULL),(803,1350,NULL,NULL,11,5,'mouad','Mouad',20,'2024-12-16 14:30:48',1,0.000000,0.000000,0.000000,NULL),(804,1349,NULL,NULL,11,5,'mouad','Mouad',20,'2024-12-16 14:30:48',1,0.000000,0.000000,0.000000,NULL),(805,1378,NULL,NULL,11,5,'mouad','Mouad',20,'2024-12-16 14:30:48',1,0.000000,0.000000,0.000000,NULL),(806,1377,NULL,NULL,11,5,'mouad','Mouad',20,'2024-12-16 14:30:48',1,0.000000,0.000000,0.000000,NULL),(807,1376,NULL,NULL,11,5,'mouad','Mouad',20,'2024-12-16 14:30:48',1,0.000000,0.000000,0.000000,NULL),(808,1375,NULL,NULL,11,5,'mouad','Mouad',20,'2024-12-16 14:30:48',1,0.000000,0.000000,0.000000,NULL),(809,1374,NULL,NULL,11,5,'mouad','Mouad',20,'2024-12-16 14:30:48',1,0.000000,0.000000,0.000000,NULL),(810,1373,NULL,NULL,11,5,'mouad','Mouad',20,'2024-12-16 14:30:48',1,0.000000,0.000000,0.000000,NULL),(811,1372,NULL,NULL,11,5,'mouad','Mouad',20,'2024-12-16 14:30:48',1,0.000000,0.000000,0.000000,NULL),(812,1371,NULL,NULL,11,5,'mouad','Mouad',20,'2024-12-16 14:30:48',1,0.000000,0.000000,0.000000,NULL),(813,1370,NULL,NULL,11,5,'mouad','Mouad',20,'2024-12-16 14:30:48',1,0.000000,0.000000,0.000000,NULL),(814,1369,NULL,NULL,11,5,'mouad','Mouad',20,'2024-12-16 14:30:48',1,0.000000,0.000000,0.000000,NULL),(815,1368,NULL,NULL,11,5,'mouad','Mouad',20,'2024-12-16 14:30:48',1,0.000000,0.000000,0.000000,NULL),(816,1367,NULL,NULL,11,5,'mouad','Mouad',20,'2024-12-16 14:30:48',1,0.000000,0.000000,0.000000,NULL),(817,1366,NULL,NULL,11,5,'mouad','Mouad',20,'2024-12-16 14:30:48',1,0.000000,0.000000,0.000000,NULL),(818,1365,NULL,NULL,11,5,'mouad','Mouad',20,'2024-12-16 14:30:48',1,0.000000,0.000000,0.000000,NULL),(819,1364,NULL,NULL,11,5,'mouad','Mouad',20,'2024-12-16 14:30:48',1,0.000000,0.000000,0.000000,NULL),(820,1363,NULL,NULL,11,5,'mouad','Mouad',20,'2024-12-16 14:30:48',1,0.000000,0.000000,0.000000,NULL),(821,1362,NULL,NULL,11,5,'mouad','Mouad',20,'2024-12-16 14:30:48',1,0.000000,0.000000,0.000000,NULL),(822,1361,NULL,NULL,11,5,'mouad','Mouad',20,'2024-12-16 14:30:48',1,0.000000,0.000000,0.000000,NULL),(823,1360,NULL,NULL,11,5,'mouad','Mouad',20,'2024-12-16 14:30:48',1,0.000000,0.000000,0.000000,NULL),(824,1359,NULL,NULL,11,5,'mouad','Mouad',20,'2024-12-16 14:30:48',1,0.000000,0.000000,0.000000,NULL),(825,1358,NULL,NULL,11,5,'mouad','Mouad',20,'2024-12-16 14:30:49',1,0.000000,0.000000,0.000000,NULL),(826,1357,NULL,NULL,11,5,'mouad','Mouad',20,'2024-12-16 14:30:49',1,0.000000,0.000000,0.000000,NULL),(827,1356,NULL,NULL,11,5,'mouad','Mouad',20,'2024-12-16 14:30:49',1,0.000000,0.000000,0.000000,NULL),(828,1355,NULL,NULL,11,5,'mouad','Mouad',20,'2024-12-16 14:30:49',1,0.000000,0.000000,0.000000,NULL),(829,1354,NULL,NULL,11,5,'mouad','Mouad',20,'2024-12-16 14:30:49',1,0.000000,0.000000,0.000000,NULL),(830,1353,NULL,NULL,11,5,'mouad','Mouad',20,'2024-12-16 14:30:49',1,0.000000,0.000000,0.000000,NULL),(831,1352,NULL,NULL,11,5,'mouad','Mouad',20,'2024-12-16 14:30:49',1,0.000000,0.000000,0.000000,NULL),(832,1350,NULL,NULL,11,5,'mouad','Mouad',20,'2024-12-16 14:30:49',1,0.000000,0.000000,0.000000,NULL),(833,1349,NULL,NULL,11,5,'mouad','Mouad',20,'2024-12-16 14:30:49',1,0.000000,0.000000,0.000000,NULL),(834,1421,NULL,NULL,11,5,'mouad','Mouad',10,'2024-12-16 14:36:47',1,0.000000,0.000000,0.000000,NULL),(835,1413,NULL,NULL,11,5,'mouad','Mouad',10,'2024-12-16 14:37:48',1,0.000000,0.000000,0.000000,NULL),(836,1401,NULL,NULL,11,5,'mouad','Mouad',10,'2024-12-16 14:39:03',1,0.000000,0.000000,0.000000,NULL),(837,1465,NULL,NULL,11,11,'Savignac','Louis',1,'2024-12-16 15:09:51',1,0.000000,0.000000,0.000000,NULL),(838,1466,NULL,NULL,11,11,'Savignac','Louis',1,'2024-12-16 15:18:57',1,0.000000,0.000000,0.000000,NULL),(839,1467,NULL,NULL,11,11,'Savignac','Louis',1,'2024-12-16 15:57:56',1,0.000000,0.000000,0.000000,NULL),(840,1468,NULL,NULL,11,11,'Savignac','Louis',1,'2024-12-16 16:30:54',1,0.000000,0.000000,0.000000,NULL),(841,1469,NULL,NULL,11,5,'mouad','Mouad',10,'2024-12-16 16:34:33',1,0.000000,0.000000,0.000000,NULL),(842,1470,NULL,NULL,11,5,'mouad','Mouad',20,'2024-12-16 16:38:27',1,0.000000,0.000000,0.000000,NULL),(843,1471,NULL,NULL,11,5,'mouad','Mouad',20,'2024-12-16 16:41:00',1,0.000000,0.000000,0.000000,NULL),(844,1472,NULL,NULL,11,11,'Savignac','Louis',1,'2024-12-16 16:50:01',1,0.000000,0.000000,0.000000,NULL),(845,1473,NULL,NULL,11,5,'mouad','Mouad',20,'2024-12-16 16:51:06',1,0.000000,0.000000,0.000000,NULL),(846,1474,NULL,NULL,11,5,'mouad','Mouad',20,'2024-12-16 16:57:58',1,0.000000,0.000000,0.000000,NULL),(847,1476,NULL,NULL,11,5,'mouad','Mouad',20,'2024-12-16 17:03:36',1,0.000000,0.000000,0.000000,NULL),(848,1477,NULL,NULL,11,5,'mouad','Mouad',1,'2024-12-17 10:28:45',1,0.000000,0.000000,0.000000,NULL),(849,1478,NULL,NULL,11,5,'mouad','Mouad',1,'2024-12-17 10:50:45',1,0.000000,0.000000,0.000000,NULL),(850,1479,NULL,NULL,11,5,'mouad','Mouad',1,'2024-12-17 10:54:14',1,0.000000,0.000000,0.000000,NULL),(851,1480,NULL,NULL,11,5,'mouad','Mouad',1,'2024-12-17 11:01:06',1,0.000000,0.000000,0.000000,NULL),(852,1481,NULL,NULL,11,5,'mouad','Mouad',1,'2024-12-17 11:04:13',1,0.000000,0.000000,0.000000,NULL),(853,1482,NULL,NULL,11,5,'mouad','Mouad',1,'2024-12-17 11:08:30',1,0.000000,0.000000,0.000000,NULL),(854,1483,NULL,NULL,11,5,'mouad','Mouad',1,'2024-12-17 11:11:52',1,0.000000,0.000000,0.000000,NULL),(855,1484,NULL,NULL,11,5,'mouad','Mouad',1,'2024-12-17 11:21:34',1,0.000000,0.000000,0.000000,NULL),(856,1485,NULL,NULL,11,5,'mouad','Mouad',1,'2024-12-17 11:28:27',1,0.000000,0.000000,0.000000,NULL),(857,1486,NULL,NULL,11,5,'mouad','Mouad',1,'2024-12-17 11:31:21',1,0.000000,0.000000,0.000000,NULL),(858,1487,NULL,NULL,11,5,'mouad','Mouad',1,'2024-12-17 11:36:52',1,0.000000,0.000000,0.000000,NULL),(859,1488,NULL,NULL,11,5,'mouad','Mouad',1,'2024-12-17 11:42:00',1,0.000000,0.000000,0.000000,NULL),(860,1489,NULL,NULL,11,5,'mouad','Mouad',1,'2024-12-17 11:45:12',1,0.000000,0.000000,0.000000,NULL),(861,1490,NULL,NULL,11,5,'mouad','Mouad',1,'2024-12-17 11:54:03',1,0.000000,0.000000,0.000000,NULL),(862,1491,NULL,NULL,11,5,'mouad','Mouad',1,'2024-12-17 11:59:04',1,0.000000,0.000000,0.000000,NULL),(863,1492,NULL,NULL,11,5,'mouad','Mouad',1,'2024-12-17 12:02:55',1,0.000000,0.000000,0.000000,NULL),(864,1493,NULL,NULL,11,5,'mouad','Mouad',1,'2024-12-17 13:25:26',1,0.000000,0.000000,0.000000,NULL),(865,1494,NULL,NULL,11,5,'mouad','Mouad',1,'2024-12-17 13:27:08',1,0.000000,0.000000,0.000000,NULL),(866,1495,NULL,NULL,11,5,'mouad','Mouad',1,'2024-12-17 13:35:39',1,0.000000,0.000000,0.000000,NULL),(867,1496,NULL,NULL,11,5,'mouad','Mouad',1,'2024-12-17 13:48:17',1,0.000000,0.000000,0.000000,NULL),(868,1497,NULL,NULL,11,5,'mouad','Mouad',1,'2024-12-17 13:51:33',1,0.000000,0.000000,0.000000,NULL),(869,1498,NULL,NULL,11,5,'mouad','Mouad',1,'2024-12-17 13:58:59',1,0.000000,0.000000,0.000000,NULL),(870,1499,NULL,NULL,11,5,'mouad','Mouad',1,'2024-12-17 14:07:42',1,0.000000,0.000000,0.000000,NULL),(871,1500,NULL,NULL,11,5,'mouad','Mouad',1,'2024-12-17 14:35:14',1,0.000000,0.000000,0.000000,NULL),(872,1501,NULL,NULL,11,5,'mouad','Mouad',1,'2024-12-17 14:39:48',1,0.000000,0.000000,0.000000,NULL),(873,1502,NULL,NULL,11,5,'mouad','Mouad',1,'2024-12-17 14:43:05',1,0.000000,0.000000,0.000000,NULL),(874,1503,NULL,NULL,11,5,'mouad','Mouad',1,'2024-12-17 14:48:05',1,0.000000,0.000000,0.000000,NULL),(875,1504,NULL,NULL,11,5,'mouad','Mouad',1,'2024-12-17 14:51:12',1,0.000000,0.000000,0.000000,NULL),(876,1505,NULL,NULL,11,5,'mouad','Mouad',1,'2024-12-17 14:56:06',1,0.000000,0.000000,0.000000,NULL),(877,1506,NULL,NULL,11,5,'mouad','Mouad',1,'2024-12-17 14:59:19',1,0.000000,0.000000,0.000000,NULL),(878,1507,NULL,NULL,11,5,'mouad','Mouad',1,'2024-12-17 15:02:03',1,0.000000,0.000000,0.000000,NULL),(879,1473,NULL,NULL,11,5,'mouad','Mouad',19,'2024-12-18 15:38:03',-1,0.000000,0.000000,0.000000,NULL),(880,1471,NULL,NULL,11,5,'mouad','Mouad',19,'2024-12-18 15:38:51',-1,0.000000,0.000000,0.000000,NULL),(881,1470,NULL,NULL,11,5,'mouad','Mouad',19,'2024-12-18 15:39:53',-1,0.000000,0.000000,0.000000,NULL),(882,1469,NULL,NULL,11,5,'mouad','Mouad',9,'2024-12-18 15:40:41',-1,0.000000,0.000000,0.000000,NULL),(883,1512,NULL,NULL,11,11,'Savignac','Louis',1,'2024-12-19 09:39:49',1,0.000000,0.000000,0.000000,NULL),(884,1509,NULL,NULL,11,5,'mouad','Mouad',1,'2024-12-19 09:42:05',1,0.000000,0.000000,0.000000,NULL),(885,1510,NULL,NULL,11,5,'mouad','Mouad',1,'2024-12-19 09:47:54',1,0.000000,0.000000,0.000000,NULL),(886,1514,NULL,NULL,11,5,'mouad','Mouad',10,'2024-12-19 10:49:34',1,0.000000,0.000000,0.000000,NULL),(887,1515,NULL,NULL,11,5,'mouad','Mouad',10,'2024-12-19 10:49:43',1,0.000000,0.000000,0.000000,NULL),(888,1516,NULL,NULL,11,5,'mouad','Mouad',10,'2024-12-19 10:49:53',1,0.000000,0.000000,0.000000,NULL),(889,1517,NULL,NULL,11,5,'mouad','Mouad',10,'2024-12-19 10:49:59',1,0.000000,0.000000,0.000000,NULL),(890,1518,NULL,NULL,11,5,'mouad','Mouad',10,'2024-12-19 10:50:10',1,0.000000,0.000000,0.000000,NULL),(891,1519,NULL,NULL,11,5,'mouad','Mouad',10,'2024-12-19 10:50:18',1,0.000000,0.000000,0.000000,NULL),(892,1520,NULL,NULL,11,5,'mouad','Mouad',10,'2024-12-19 10:50:26',1,0.000000,0.000000,0.000000,NULL),(893,1521,NULL,NULL,11,5,'mouad','Mouad',10,'2024-12-19 10:50:33',1,0.000000,0.000000,0.000000,NULL),(894,1522,NULL,NULL,11,5,'mouad','Mouad',10,'2024-12-19 10:50:48',1,0.000000,0.000000,0.000000,NULL),(895,1523,NULL,NULL,11,5,'mouad','Mouad',10,'2024-12-19 10:50:57',1,0.000000,0.000000,0.000000,NULL),(896,1524,NULL,NULL,11,10,'Ludovic','ludovic',10,'2024-12-19 10:51:02',1,0.000000,0.000000,0.000000,NULL),(897,1525,NULL,NULL,11,5,'mouad','Mouad',10,'2024-12-19 10:51:05',1,0.000000,0.000000,0.000000,NULL),(898,1526,NULL,NULL,11,5,'mouad','Mouad',10,'2024-12-19 10:51:11',1,0.000000,0.000000,0.000000,NULL),(899,1527,NULL,NULL,11,10,'Ludovic','ludovic',10,'2024-12-19 10:51:14',1,0.000000,0.000000,0.000000,NULL),(900,1528,NULL,NULL,11,10,'Ludovic','ludovic',10,'2024-12-19 10:51:19',1,0.000000,0.000000,0.000000,NULL),(901,1529,NULL,NULL,11,5,'mouad','Mouad',10,'2024-12-19 10:51:19',1,0.000000,0.000000,0.000000,NULL),(902,1530,NULL,NULL,11,10,'Ludovic','ludovic',10,'2024-12-19 10:51:25',1,0.000000,0.000000,0.000000,NULL),(903,1531,NULL,NULL,11,5,'mouad','Mouad',10,'2024-12-19 10:51:25',1,0.000000,0.000000,0.000000,NULL),(904,1532,NULL,NULL,11,10,'Ludovic','ludovic',10,'2024-12-19 10:51:29',1,0.000000,0.000000,0.000000,NULL),(905,1533,NULL,NULL,11,10,'Ludovic','ludovic',10,'2024-12-19 10:51:33',1,0.000000,0.000000,0.000000,NULL),(906,1534,NULL,NULL,11,10,'Ludovic','ludovic',10,'2024-12-19 10:51:39',1,0.000000,0.000000,0.000000,NULL),(907,1535,NULL,NULL,11,10,'Ludovic','ludovic',10,'2024-12-19 10:51:44',1,0.000000,0.000000,0.000000,NULL),(908,1536,NULL,NULL,11,10,'Ludovic','ludovic',10,'2024-12-19 10:51:46',1,0.000000,0.000000,0.000000,NULL),(909,1537,NULL,NULL,11,10,'Ludovic','ludovic',10,'2024-12-19 10:52:04',1,0.000000,0.000000,0.000000,NULL),(910,1538,NULL,NULL,11,10,'Ludovic','ludovic',10,'2024-12-19 10:52:53',1,0.000000,0.000000,0.000000,NULL),(911,1539,NULL,NULL,11,10,'Ludovic','ludovic',10,'2024-12-19 10:53:00',1,0.000000,0.000000,0.000000,NULL),(912,1540,NULL,NULL,11,10,'Ludovic','ludovic',10,'2024-12-19 10:53:06',1,0.000000,0.000000,0.000000,NULL),(913,1541,NULL,NULL,11,10,'Ludovic','ludovic',10,'2024-12-19 10:53:15',1,0.000000,0.000000,0.000000,NULL),(914,1542,NULL,NULL,11,10,'Ludovic','ludovic',10,'2024-12-19 10:53:22',1,0.000000,0.000000,0.000000,NULL),(915,1543,NULL,NULL,11,10,'Ludovic','ludovic',10,'2024-12-19 10:53:27',1,0.000000,0.000000,0.000000,NULL),(916,1544,NULL,NULL,11,10,'Ludovic','ludovic',10,'2024-12-19 10:53:32',1,0.000000,0.000000,0.000000,NULL),(917,1545,NULL,NULL,11,10,'Ludovic','ludovic',10,'2024-12-19 10:53:36',1,0.000000,0.000000,0.000000,NULL),(918,1546,NULL,NULL,11,10,'Ludovic','ludovic',10,'2024-12-19 10:53:47',1,0.000000,0.000000,0.000000,NULL),(919,1547,NULL,NULL,11,10,'Ludovic','ludovic',10,'2024-12-19 10:53:52',1,0.000000,0.000000,0.000000,NULL),(920,1548,NULL,NULL,11,10,'Ludovic','ludovic',10,'2024-12-19 10:53:55',1,0.000000,0.000000,0.000000,NULL),(921,1549,NULL,NULL,11,10,'Ludovic','ludovic',10,'2024-12-19 10:54:03',1,0.000000,0.000000,0.000000,NULL),(922,1550,NULL,NULL,11,10,'Ludovic','ludovic',10,'2024-12-19 10:54:08',1,0.000000,0.000000,0.000000,NULL),(923,1551,NULL,NULL,11,10,'Ludovic','ludovic',10,'2024-12-19 10:54:13',1,0.000000,0.000000,0.000000,NULL),(924,1552,NULL,NULL,11,10,'Ludovic','ludovic',10,'2024-12-19 10:54:17',1,0.000000,0.000000,0.000000,NULL),(925,1553,NULL,NULL,11,10,'Ludovic','ludovic',10,'2024-12-19 10:54:23',1,0.000000,0.000000,0.000000,NULL),(926,1554,NULL,NULL,11,10,'Ludovic','ludovic',10,'2024-12-19 10:55:12',1,0.000000,0.000000,0.000000,NULL),(927,1555,NULL,NULL,11,10,'Ludovic','ludovic',10,'2024-12-19 10:55:21',1,0.000000,0.000000,0.000000,NULL),(928,1556,NULL,NULL,11,5,'mouad','Mouad',10,'2024-12-19 10:55:26',1,0.000000,0.000000,0.000000,NULL),(929,1557,NULL,NULL,11,10,'Ludovic','ludovic',10,'2024-12-19 10:55:29',1,0.000000,0.000000,0.000000,NULL),(930,1558,NULL,NULL,11,5,'mouad','Mouad',10,'2024-12-19 10:55:38',1,0.000000,0.000000,0.000000,NULL),(931,1559,NULL,NULL,11,10,'Ludovic','ludovic',10,'2024-12-19 10:55:42',1,0.000000,0.000000,0.000000,NULL),(932,1560,NULL,NULL,11,10,'Ludovic','ludovic',10,'2024-12-19 10:55:44',1,0.000000,0.000000,0.000000,NULL),(933,1561,NULL,NULL,11,5,'mouad','Mouad',10,'2024-12-19 10:55:52',1,0.000000,0.000000,0.000000,NULL),(934,1562,NULL,NULL,11,10,'Ludovic','ludovic',10,'2024-12-19 10:55:55',1,0.000000,0.000000,0.000000,NULL),(935,1563,NULL,NULL,11,10,'Ludovic','ludovic',10,'2024-12-19 10:55:59',1,0.000000,0.000000,0.000000,NULL),(936,1564,NULL,NULL,11,5,'mouad','Mouad',10,'2024-12-19 10:56:06',1,0.000000,0.000000,0.000000,NULL),(937,1565,NULL,NULL,11,5,'mouad','Mouad',10,'2024-12-19 10:56:14',1,0.000000,0.000000,0.000000,NULL),(938,1566,NULL,NULL,11,5,'mouad','Mouad',10,'2024-12-19 10:56:28',1,0.000000,0.000000,0.000000,NULL),(939,1567,NULL,NULL,11,5,'mouad','Mouad',10,'2024-12-19 10:56:38',1,0.000000,0.000000,0.000000,NULL),(940,1568,NULL,NULL,11,5,'mouad','Mouad',10,'2024-12-19 10:56:49',1,0.000000,0.000000,0.000000,NULL),(941,1569,NULL,NULL,11,5,'mouad','Mouad',10,'2024-12-19 10:56:57',1,0.000000,0.000000,0.000000,NULL),(942,1572,NULL,NULL,11,5,'mouad','Mouad',10,'2024-12-19 10:57:20',1,0.000000,0.000000,0.000000,NULL),(943,1573,NULL,NULL,11,5,'mouad','Mouad',10,'2024-12-19 10:57:31',1,0.000000,0.000000,0.000000,NULL),(944,1574,NULL,NULL,11,5,'mouad','Mouad',10,'2024-12-19 10:57:43',1,0.000000,0.000000,0.000000,NULL),(945,1575,NULL,NULL,11,5,'mouad','Mouad',10,'2024-12-19 10:57:53',1,0.000000,0.000000,0.000000,NULL),(946,1576,NULL,NULL,11,5,'mouad','Mouad',10,'2024-12-19 10:58:01',1,0.000000,0.000000,0.000000,NULL),(947,1577,NULL,NULL,11,10,'Ludovic','ludovic',10,'2024-12-19 10:58:06',1,0.000000,0.000000,0.000000,NULL),(948,1578,NULL,NULL,11,5,'mouad','Mouad',10,'2024-12-19 10:58:09',1,0.000000,0.000000,0.000000,NULL),(949,1579,NULL,NULL,11,10,'Ludovic','ludovic',10,'2024-12-19 10:58:14',1,0.000000,0.000000,0.000000,NULL),(950,1580,NULL,NULL,11,5,'mouad','Mouad',10,'2024-12-19 10:58:20',1,0.000000,0.000000,0.000000,NULL),(951,1581,NULL,NULL,11,10,'Ludovic','ludovic',10,'2024-12-19 10:58:24',1,0.000000,0.000000,0.000000,NULL),(952,1582,NULL,NULL,11,10,'Ludovic','ludovic',10,'2024-12-19 10:58:29',1,0.000000,0.000000,0.000000,NULL),(953,1583,NULL,NULL,11,10,'Ludovic','ludovic',10,'2024-12-19 10:58:34',1,0.000000,0.000000,0.000000,NULL),(954,1584,NULL,NULL,11,10,'Ludovic','ludovic',10,'2024-12-19 10:58:42',1,0.000000,0.000000,0.000000,NULL),(955,1585,NULL,NULL,11,10,'Ludovic','ludovic',10,'2024-12-19 10:58:55',1,0.000000,0.000000,0.000000,NULL),(956,1586,NULL,NULL,11,10,'Ludovic','ludovic',10,'2024-12-19 10:59:07',1,0.000000,0.000000,0.000000,NULL),(957,1587,NULL,NULL,11,10,'Ludovic','ludovic',10,'2024-12-19 10:59:13',1,0.000000,0.000000,0.000000,NULL),(958,1588,NULL,NULL,11,10,'Ludovic','ludovic',10,'2024-12-19 10:59:22',1,0.000000,0.000000,0.000000,NULL),(959,1589,NULL,NULL,11,10,'Ludovic','ludovic',10,'2024-12-19 10:59:28',1,0.000000,0.000000,0.000000,NULL),(960,1590,NULL,NULL,11,10,'Ludovic','ludovic',10,'2024-12-19 10:59:39',1,0.000000,0.000000,0.000000,NULL),(961,1591,NULL,NULL,11,10,'Ludovic','ludovic',10,'2024-12-19 10:59:46',1,0.000000,0.000000,0.000000,NULL),(962,1592,NULL,NULL,11,10,'Ludovic','ludovic',10,'2024-12-19 10:59:52',1,0.000000,0.000000,0.000000,NULL),(963,1593,NULL,NULL,11,10,'Ludovic','ludovic',10,'2024-12-19 11:00:02',1,0.000000,0.000000,0.000000,NULL),(964,1594,NULL,NULL,11,10,'Ludovic','ludovic',10,'2024-12-19 11:00:13',1,0.000000,0.000000,0.000000,NULL),(965,1595,NULL,NULL,11,10,'Ludovic','ludovic',10,'2024-12-19 11:00:18',1,0.000000,0.000000,0.000000,NULL),(966,1596,NULL,NULL,11,10,'Ludovic','ludovic',10,'2024-12-19 11:00:25',1,0.000000,0.000000,0.000000,NULL),(967,1597,NULL,NULL,11,10,'Ludovic','ludovic',10,'2024-12-19 11:00:33',1,0.000000,0.000000,0.000000,NULL),(968,1598,NULL,NULL,11,10,'Ludovic','ludovic',10,'2024-12-19 11:00:40',1,0.000000,0.000000,0.000000,NULL),(969,1599,NULL,NULL,11,10,'Ludovic','ludovic',10,'2024-12-19 11:00:42',1,0.000000,0.000000,0.000000,NULL),(970,1600,NULL,NULL,11,10,'Ludovic','ludovic',10,'2024-12-19 11:00:48',1,0.000000,0.000000,0.000000,NULL),(971,1601,NULL,NULL,11,10,'Ludovic','ludovic',10,'2024-12-19 11:00:54',1,0.000000,0.000000,0.000000,NULL),(972,1602,NULL,NULL,11,10,'Ludovic','ludovic',10,'2024-12-19 11:00:59',1,0.000000,0.000000,0.000000,NULL),(973,1603,NULL,NULL,11,10,'Ludovic','ludovic',10,'2024-12-19 11:01:04',1,0.000000,0.000000,0.000000,NULL),(974,1604,NULL,NULL,11,10,'Ludovic','ludovic',10,'2024-12-19 11:01:10',1,0.000000,0.000000,0.000000,NULL),(975,1606,NULL,NULL,11,10,'Ludovic','ludovic',10,'2024-12-19 11:02:51',1,0.000000,0.000000,0.000000,NULL),(976,1607,NULL,NULL,11,10,'Ludovic','ludovic',10,'2024-12-19 11:04:40',1,0.000000,0.000000,0.000000,NULL),(977,1608,NULL,NULL,11,10,'Ludovic','ludovic',10,'2024-12-19 11:04:42',1,0.000000,0.000000,0.000000,NULL),(978,1609,NULL,NULL,11,10,'Ludovic','ludovic',10,'2024-12-19 11:04:48',1,0.000000,0.000000,0.000000,NULL),(979,1610,NULL,NULL,11,10,'Ludovic','ludovic',10,'2024-12-19 11:05:12',1,0.000000,0.000000,0.000000,NULL),(980,1611,NULL,NULL,11,10,'Ludovic','ludovic',10,'2024-12-19 11:05:16',1,0.000000,0.000000,0.000000,NULL),(981,1511,NULL,NULL,11,11,'Savignac','Louis',1,'2024-12-19 16:17:12',1,0.000000,0.000000,0.000000,NULL),(982,1613,NULL,NULL,11,5,'mouad','Mouad',10,'2025-01-03 16:50:22',1,0.000000,0.000000,0.000000,NULL),(983,817,NULL,NULL,11,1,'BABY-MARINPOUY','Philippe',1,'2025-01-09 16:21:57',1,0.000000,0.000000,0.000000,NULL),(984,1348,NULL,NULL,11,11,'Savignac','Louis',5,'2025-01-09 16:24:25',-1,0.000000,0.000000,0.000000,NULL),(985,2198,NULL,NULL,11,5,'mouad','Mouad',10,'2025-01-16 16:37:31',1,0.000000,0.000000,0.000000,NULL),(986,2248,NULL,NULL,11,1,'BABY-MARINPOUY','Philippe',4,'2025-01-28 10:45:09',1,0.000000,0.000000,0.000000,NULL),(987,2249,NULL,NULL,11,1,'BABY-MARINPOUY','Philippe',2,'2025-01-28 10:45:09',1,0.000000,0.000000,0.000000,NULL),(988,2250,NULL,NULL,11,1,'BABY-MARINPOUY','Philippe',1,'2025-01-28 10:45:09',1,0.000000,0.000000,0.000000,NULL),(989,2251,NULL,NULL,11,1,'BABY-MARINPOUY','Philippe',2,'2025-01-28 10:45:09',1,0.000000,0.000000,0.000000,NULL),(990,2252,NULL,NULL,11,1,'BABY-MARINPOUY','Philippe',2,'2025-01-28 10:45:09',1,0.000000,0.000000,0.000000,NULL),(991,2253,NULL,NULL,11,1,'BABY-MARINPOUY','Philippe',1,'2025-01-28 10:45:10',1,0.000000,0.000000,0.000000,NULL),(992,2254,NULL,NULL,11,1,'BABY-MARINPOUY','Philippe',1,'2025-01-28 10:45:10',1,0.000000,0.000000,0.000000,NULL),(993,2255,NULL,NULL,11,1,'BABY-MARINPOUY','Philippe',2,'2025-01-28 10:45:10',1,0.000000,0.000000,0.000000,NULL),(994,2256,NULL,NULL,11,1,'BABY-MARINPOUY','Philippe',1,'2025-01-28 10:45:10',1,0.000000,0.000000,0.000000,NULL),(995,2257,NULL,NULL,11,1,'BABY-MARINPOUY','Philippe',3,'2025-01-28 10:45:10',1,0.000000,0.000000,0.000000,NULL),(996,2258,NULL,NULL,11,1,'BABY-MARINPOUY','Philippe',1,'2025-01-28 10:45:10',1,0.000000,0.000000,0.000000,NULL),(997,2259,NULL,NULL,11,1,'BABY-MARINPOUY','Philippe',1,'2025-01-28 10:45:10',1,0.000000,0.000000,0.000000,NULL),(998,2260,NULL,NULL,11,1,'BABY-MARINPOUY','Philippe',1,'2025-01-28 10:45:11',1,0.000000,0.000000,0.000000,NULL),(999,2261,NULL,NULL,11,1,'BABY-MARINPOUY','Philippe',1,'2025-01-28 10:45:11',1,0.000000,0.000000,0.000000,NULL),(1000,2262,NULL,NULL,11,1,'BABY-MARINPOUY','Philippe',1,'2025-01-28 10:45:11',1,0.000000,0.000000,0.000000,NULL),(1001,2263,NULL,NULL,11,1,'BABY-MARINPOUY','Philippe',1,'2025-01-28 10:45:11',1,0.000000,0.000000,0.000000,NULL),(1002,2264,NULL,NULL,11,1,'BABY-MARINPOUY','Philippe',2,'2025-01-28 10:45:11',1,0.000000,0.000000,0.000000,NULL),(1003,2265,NULL,NULL,11,1,'BABY-MARINPOUY','Philippe',1,'2025-01-28 10:45:11',1,0.000000,0.000000,0.000000,NULL),(1004,2266,NULL,NULL,11,1,'BABY-MARINPOUY','Philippe',1,'2025-01-28 10:45:11',1,0.000000,0.000000,0.000000,NULL),(1005,2267,NULL,NULL,11,1,'BABY-MARINPOUY','Philippe',3,'2025-01-28 10:45:12',1,0.000000,0.000000,0.000000,NULL),(1006,2268,NULL,NULL,11,1,'BABY-MARINPOUY','Philippe',2,'2025-01-28 10:45:12',1,0.000000,0.000000,0.000000,NULL),(1007,2269,NULL,NULL,11,1,'BABY-MARINPOUY','Philippe',1,'2025-01-28 10:45:12',1,0.000000,0.000000,0.000000,NULL),(1008,2270,NULL,NULL,11,1,'BABY-MARINPOUY','Philippe',3,'2025-01-28 10:45:12',1,0.000000,0.000000,0.000000,NULL),(1009,2271,NULL,NULL,11,1,'BABY-MARINPOUY','Philippe',1,'2025-01-28 10:45:12',1,0.000000,0.000000,0.000000,NULL),(1010,2272,NULL,NULL,11,1,'BABY-MARINPOUY','Philippe',2,'2025-01-28 10:45:12',1,0.000000,0.000000,0.000000,NULL),(1011,2273,NULL,NULL,11,1,'BABY-MARINPOUY','Philippe',1,'2025-01-28 10:45:12',1,0.000000,0.000000,0.000000,NULL),(1012,2274,NULL,NULL,11,1,'BABY-MARINPOUY','Philippe',3,'2025-01-28 10:45:12',1,0.000000,0.000000,0.000000,NULL),(1013,2275,NULL,NULL,11,1,'BABY-MARINPOUY','Philippe',1,'2025-01-28 10:45:12',1,0.000000,0.000000,0.000000,NULL),(1014,2276,NULL,NULL,11,1,'BABY-MARINPOUY','Philippe',1,'2025-01-28 10:45:12',1,0.000000,0.000000,0.000000,NULL),(1015,2277,NULL,NULL,11,1,'BABY-MARINPOUY','Philippe',4,'2025-01-28 10:45:13',1,0.000000,0.000000,0.000000,NULL),(1016,2278,NULL,NULL,11,1,'BABY-MARINPOUY','Philippe',1,'2025-01-28 10:45:13',1,0.000000,0.000000,0.000000,NULL),(1017,2279,NULL,NULL,11,1,'BABY-MARINPOUY','Philippe',1,'2025-01-28 10:45:13',1,0.000000,0.000000,0.000000,NULL),(1018,2280,NULL,NULL,11,1,'BABY-MARINPOUY','Philippe',1,'2025-01-28 10:45:13',1,0.000000,0.000000,0.000000,NULL),(1019,2281,NULL,NULL,11,1,'BABY-MARINPOUY','Philippe',1,'2025-01-28 10:45:13',1,0.000000,0.000000,0.000000,NULL),(1020,2282,NULL,NULL,11,1,'BABY-MARINPOUY','Philippe',2,'2025-01-28 10:45:13',1,0.000000,0.000000,0.000000,NULL),(1021,2283,NULL,NULL,11,1,'BABY-MARINPOUY','Philippe',2,'2025-01-28 10:45:13',1,0.000000,0.000000,0.000000,NULL),(1022,2284,NULL,NULL,11,1,'BABY-MARINPOUY','Philippe',12,'2025-01-28 10:45:13',1,0.000000,0.000000,0.000000,NULL),(1023,2285,NULL,NULL,11,1,'BABY-MARINPOUY','Philippe',15,'2025-01-28 10:45:13',1,0.000000,0.000000,0.000000,NULL),(1024,2286,NULL,NULL,11,1,'BABY-MARINPOUY','Philippe',1,'2025-01-28 10:45:13',1,0.000000,0.000000,0.000000,NULL),(1025,2287,NULL,NULL,11,1,'BABY-MARINPOUY','Philippe',6,'2025-01-28 10:45:13',1,0.000000,0.000000,0.000000,NULL),(1026,2288,NULL,NULL,11,1,'BABY-MARINPOUY','Philippe',2,'2025-01-28 10:45:13',1,0.000000,0.000000,0.000000,NULL),(1027,2289,NULL,NULL,11,1,'BABY-MARINPOUY','Philippe',1,'2025-01-28 10:45:13',1,0.000000,0.000000,0.000000,NULL),(1028,2290,NULL,NULL,11,1,'BABY-MARINPOUY','Philippe',3,'2025-01-28 10:45:14',1,0.000000,0.000000,0.000000,NULL),(1029,2291,NULL,NULL,11,1,'BABY-MARINPOUY','Philippe',3,'2025-01-28 10:45:14',1,0.000000,0.000000,0.000000,NULL),(1030,2292,NULL,NULL,11,1,'BABY-MARINPOUY','Philippe',2,'2025-01-28 10:45:14',1,0.000000,0.000000,0.000000,NULL),(1031,2293,NULL,NULL,11,1,'BABY-MARINPOUY','Philippe',1,'2025-01-28 10:45:14',1,0.000000,0.000000,0.000000,NULL),(1032,2294,NULL,NULL,11,1,'BABY-MARINPOUY','Philippe',1,'2025-01-28 10:45:14',1,0.000000,0.000000,0.000000,NULL),(1033,2295,NULL,NULL,11,1,'BABY-MARINPOUY','Philippe',1,'2025-01-28 10:45:14',1,0.000000,0.000000,0.000000,NULL),(1034,2296,NULL,NULL,11,1,'BABY-MARINPOUY','Philippe',1,'2025-01-28 10:45:14',1,0.000000,0.000000,0.000000,NULL),(1035,2297,NULL,NULL,11,1,'BABY-MARINPOUY','Philippe',2,'2025-01-28 10:45:15',1,0.000000,0.000000,0.000000,NULL),(1036,2298,NULL,NULL,11,1,'BABY-MARINPOUY','Philippe',2,'2025-01-28 10:45:15',1,0.000000,0.000000,0.000000,NULL),(1037,2299,NULL,NULL,11,1,'BABY-MARINPOUY','Philippe',5,'2025-01-28 10:45:15',1,0.000000,0.000000,0.000000,NULL),(1038,2300,NULL,NULL,11,1,'BABY-MARINPOUY','Philippe',2,'2025-01-28 10:45:15',1,0.000000,0.000000,0.000000,NULL),(1039,2301,NULL,NULL,11,1,'BABY-MARINPOUY','Philippe',1,'2025-01-28 10:45:15',1,0.000000,0.000000,0.000000,NULL),(1040,2302,NULL,NULL,11,1,'BABY-MARINPOUY','Philippe',4,'2025-01-28 10:45:15',1,0.000000,0.000000,0.000000,NULL),(1041,2303,NULL,NULL,11,1,'BABY-MARINPOUY','Philippe',1,'2025-01-28 10:45:15',1,0.000000,0.000000,0.000000,NULL),(1042,2304,NULL,NULL,11,1,'BABY-MARINPOUY','Philippe',2,'2025-01-28 10:45:15',1,0.000000,0.000000,0.000000,NULL),(1043,2305,NULL,NULL,11,1,'BABY-MARINPOUY','Philippe',2,'2025-01-28 10:45:15',1,0.000000,0.000000,0.000000,NULL),(1044,2306,NULL,NULL,11,1,'BABY-MARINPOUY','Philippe',6,'2025-01-28 10:45:15',1,0.000000,0.000000,0.000000,NULL),(1045,2307,NULL,NULL,11,1,'BABY-MARINPOUY','Philippe',3,'2025-01-28 10:45:15',1,0.000000,0.000000,0.000000,NULL),(1046,2308,NULL,NULL,11,1,'BABY-MARINPOUY','Philippe',1,'2025-01-28 10:45:16',1,0.000000,0.000000,0.000000,NULL),(1047,2309,NULL,NULL,11,1,'BABY-MARINPOUY','Philippe',2,'2025-01-28 10:45:16',1,0.000000,0.000000,0.000000,NULL),(1048,2310,NULL,NULL,11,1,'BABY-MARINPOUY','Philippe',1,'2025-01-28 10:45:16',1,0.000000,0.000000,0.000000,NULL),(1049,2311,NULL,NULL,11,1,'BABY-MARINPOUY','Philippe',1,'2025-01-28 10:45:16',1,0.000000,0.000000,0.000000,NULL),(1050,2312,NULL,NULL,11,1,'BABY-MARINPOUY','Philippe',1,'2025-01-28 10:45:16',1,0.000000,0.000000,0.000000,NULL),(1051,2313,NULL,NULL,11,1,'BABY-MARINPOUY','Philippe',1,'2025-01-28 10:45:16',1,0.000000,0.000000,0.000000,NULL),(1052,2314,NULL,NULL,11,1,'BABY-MARINPOUY','Philippe',20,'2025-01-28 10:45:16',1,0.000000,0.000000,0.000000,NULL),(1053,2315,NULL,NULL,11,1,'BABY-MARINPOUY','Philippe',1,'2025-01-28 10:45:16',1,0.000000,0.000000,0.000000,NULL),(1054,2316,NULL,NULL,11,1,'BABY-MARINPOUY','Philippe',1,'2025-01-28 10:45:16',1,0.000000,0.000000,0.000000,NULL),(1055,2317,NULL,NULL,11,1,'BABY-MARINPOUY','Philippe',1,'2025-01-28 10:45:16',1,0.000000,0.000000,0.000000,NULL),(1056,2318,NULL,NULL,11,1,'BABY-MARINPOUY','Philippe',1,'2025-01-28 10:45:16',1,0.000000,0.000000,0.000000,NULL),(1057,2319,NULL,NULL,11,1,'BABY-MARINPOUY','Philippe',1,'2025-01-28 10:45:16',1,0.000000,0.000000,0.000000,NULL),(1058,2320,NULL,NULL,11,1,'BABY-MARINPOUY','Philippe',9,'2025-01-28 10:45:17',1,0.000000,0.000000,0.000000,NULL),(1059,2321,NULL,NULL,11,1,'BABY-MARINPOUY','Philippe',1,'2025-01-28 10:45:17',1,0.000000,0.000000,0.000000,NULL),(1060,2322,NULL,NULL,11,1,'BABY-MARINPOUY','Philippe',2,'2025-01-28 10:45:17',1,0.000000,0.000000,0.000000,NULL),(1061,2323,NULL,NULL,11,1,'BABY-MARINPOUY','Philippe',3,'2025-01-28 10:45:17',1,0.000000,0.000000,0.000000,NULL),(1062,2324,NULL,NULL,11,1,'BABY-MARINPOUY','Philippe',1,'2025-01-28 10:45:17',1,0.000000,0.000000,0.000000,NULL),(1063,2325,NULL,NULL,11,1,'BABY-MARINPOUY','Philippe',3,'2025-01-28 10:45:17',1,0.000000,0.000000,0.000000,NULL),(1064,2326,NULL,NULL,11,1,'BABY-MARINPOUY','Philippe',1,'2025-01-28 10:45:17',1,0.000000,0.000000,0.000000,NULL),(1065,2327,NULL,NULL,11,1,'BABY-MARINPOUY','Philippe',1,'2025-01-28 10:45:17',1,0.000000,0.000000,0.000000,NULL),(1066,2328,NULL,NULL,11,1,'BABY-MARINPOUY','Philippe',2,'2025-01-28 10:45:17',1,0.000000,0.000000,0.000000,NULL),(1067,2329,NULL,NULL,11,1,'BABY-MARINPOUY','Philippe',1,'2025-01-28 10:45:17',1,0.000000,0.000000,0.000000,NULL),(1068,2330,NULL,NULL,11,1,'BABY-MARINPOUY','Philippe',2,'2025-01-28 10:45:17',1,0.000000,0.000000,0.000000,NULL),(1069,2331,NULL,NULL,11,1,'BABY-MARINPOUY','Philippe',1,'2025-01-28 10:45:18',1,0.000000,0.000000,0.000000,NULL),(1070,2332,NULL,NULL,11,1,'BABY-MARINPOUY','Philippe',2,'2025-01-28 10:45:18',1,0.000000,0.000000,0.000000,NULL),(1071,2333,NULL,NULL,11,1,'BABY-MARINPOUY','Philippe',1,'2025-01-28 10:45:18',1,0.000000,0.000000,0.000000,NULL),(1072,2334,NULL,NULL,11,1,'BABY-MARINPOUY','Philippe',1,'2025-01-28 10:45:18',1,0.000000,0.000000,0.000000,NULL),(1073,2335,NULL,NULL,11,1,'BABY-MARINPOUY','Philippe',1,'2025-01-28 10:45:18',1,0.000000,0.000000,0.000000,NULL),(1074,2336,NULL,NULL,11,1,'BABY-MARINPOUY','Philippe',1,'2025-01-28 10:45:18',1,0.000000,0.000000,0.000000,NULL),(1075,2337,NULL,NULL,11,1,'BABY-MARINPOUY','Philippe',1,'2025-01-28 10:45:18',1,0.000000,0.000000,0.000000,NULL),(1076,2338,NULL,NULL,11,1,'BABY-MARINPOUY','Philippe',1,'2025-01-28 10:45:18',1,0.000000,0.000000,0.000000,NULL),(1077,2339,NULL,NULL,11,1,'BABY-MARINPOUY','Philippe',1,'2025-01-28 10:45:18',1,0.000000,0.000000,0.000000,NULL),(1078,2340,NULL,NULL,11,1,'BABY-MARINPOUY','Philippe',1,'2025-01-28 10:45:18',1,0.000000,0.000000,0.000000,NULL),(1079,2341,NULL,NULL,11,1,'BABY-MARINPOUY','Philippe',1,'2025-01-28 10:45:18',1,0.000000,0.000000,0.000000,NULL),(1080,2342,NULL,NULL,11,1,'BABY-MARINPOUY','Philippe',1,'2025-01-28 10:45:19',1,0.000000,0.000000,0.000000,NULL),(1081,2343,NULL,NULL,11,1,'BABY-MARINPOUY','Philippe',1,'2025-01-28 10:45:19',1,0.000000,0.000000,0.000000,NULL),(1082,2344,NULL,NULL,11,1,'BABY-MARINPOUY','Philippe',1,'2025-01-28 10:45:19',1,0.000000,0.000000,0.000000,NULL),(1083,2345,NULL,NULL,11,1,'BABY-MARINPOUY','Philippe',1,'2025-01-28 10:45:19',1,0.000000,0.000000,0.000000,NULL),(1084,2346,NULL,NULL,11,1,'BABY-MARINPOUY','Philippe',3,'2025-01-28 10:45:19',1,0.000000,0.000000,0.000000,NULL),(1085,2347,NULL,NULL,11,1,'BABY-MARINPOUY','Philippe',2,'2025-01-28 10:45:19',1,0.000000,0.000000,0.000000,NULL),(1086,2348,NULL,NULL,11,1,'BABY-MARINPOUY','Philippe',1,'2025-01-28 10:45:20',1,0.000000,0.000000,0.000000,NULL),(1087,2349,NULL,NULL,11,1,'BABY-MARINPOUY','Philippe',1,'2025-01-28 10:45:20',1,0.000000,0.000000,0.000000,NULL),(1088,2350,NULL,NULL,11,1,'BABY-MARINPOUY','Philippe',1,'2025-01-28 10:45:20',1,0.000000,0.000000,0.000000,NULL),(1089,2351,NULL,NULL,11,1,'BABY-MARINPOUY','Philippe',1,'2025-01-28 10:45:20',1,0.000000,0.000000,0.000000,NULL),(1090,2352,NULL,NULL,11,1,'BABY-MARINPOUY','Philippe',1,'2025-01-28 10:45:20',1,0.000000,0.000000,0.000000,NULL),(1091,2353,NULL,NULL,11,1,'BABY-MARINPOUY','Philippe',1,'2025-01-28 10:45:20',1,0.000000,0.000000,0.000000,NULL),(1092,2354,NULL,NULL,11,1,'BABY-MARINPOUY','Philippe',1,'2025-01-28 10:45:20',1,0.000000,0.000000,0.000000,NULL),(1093,2355,NULL,NULL,11,1,'BABY-MARINPOUY','Philippe',1,'2025-01-28 10:45:20',1,0.000000,0.000000,0.000000,NULL),(1094,2356,NULL,NULL,11,1,'BABY-MARINPOUY','Philippe',1,'2025-01-28 10:45:20',1,0.000000,0.000000,0.000000,NULL),(1095,2357,NULL,NULL,11,1,'BABY-MARINPOUY','Philippe',5,'2025-01-28 10:45:20',1,0.000000,0.000000,0.000000,NULL),(1096,2358,NULL,NULL,11,1,'BABY-MARINPOUY','Philippe',1,'2025-01-28 10:45:20',1,0.000000,0.000000,0.000000,NULL),(1097,2359,NULL,NULL,11,1,'BABY-MARINPOUY','Philippe',1,'2025-01-28 10:45:21',1,0.000000,0.000000,0.000000,NULL),(1098,2360,NULL,NULL,11,1,'BABY-MARINPOUY','Philippe',1,'2025-01-28 10:45:21',1,0.000000,0.000000,0.000000,NULL),(1099,2361,NULL,NULL,11,1,'BABY-MARINPOUY','Philippe',1,'2025-01-28 10:45:21',1,0.000000,0.000000,0.000000,NULL),(1100,2362,NULL,NULL,11,1,'BABY-MARINPOUY','Philippe',1,'2025-01-28 10:45:21',1,0.000000,0.000000,0.000000,NULL),(1101,2363,NULL,NULL,11,1,'BABY-MARINPOUY','Philippe',1,'2025-01-28 10:45:21',1,0.000000,0.000000,0.000000,NULL),(1102,2364,NULL,NULL,11,1,'BABY-MARINPOUY','Philippe',1,'2025-01-28 10:45:21',1,0.000000,0.000000,0.000000,NULL),(1103,2365,NULL,NULL,11,1,'BABY-MARINPOUY','Philippe',1,'2025-01-28 10:45:21',1,0.000000,0.000000,0.000000,NULL),(1104,2366,NULL,NULL,11,1,'BABY-MARINPOUY','Philippe',1,'2025-01-28 10:45:21',1,0.000000,0.000000,0.000000,NULL),(1105,2367,NULL,NULL,11,1,'BABY-MARINPOUY','Philippe',2,'2025-01-28 10:45:21',1,0.000000,0.000000,0.000000,NULL),(1106,2368,NULL,NULL,11,1,'BABY-MARINPOUY','Philippe',2,'2025-01-28 10:45:21',1,0.000000,0.000000,0.000000,NULL),(1107,2369,NULL,NULL,11,1,'BABY-MARINPOUY','Philippe',2,'2025-01-28 10:45:21',1,0.000000,0.000000,0.000000,NULL),(1108,2370,NULL,NULL,11,1,'BABY-MARINPOUY','Philippe',5,'2025-01-28 10:45:22',1,0.000000,0.000000,0.000000,NULL),(1109,2371,NULL,NULL,11,1,'BABY-MARINPOUY','Philippe',1,'2025-01-28 10:45:22',1,0.000000,0.000000,0.000000,NULL),(1110,2372,NULL,NULL,11,1,'BABY-MARINPOUY','Philippe',1,'2025-01-28 10:45:22',1,0.000000,0.000000,0.000000,NULL),(1111,2373,NULL,NULL,11,1,'BABY-MARINPOUY','Philippe',3,'2025-01-28 10:45:22',1,0.000000,0.000000,0.000000,NULL),(1112,2374,NULL,NULL,11,1,'BABY-MARINPOUY','Philippe',2,'2025-01-28 10:45:22',1,0.000000,0.000000,0.000000,NULL),(1113,2375,NULL,NULL,11,1,'BABY-MARINPOUY','Philippe',1,'2025-01-28 10:45:22',1,0.000000,0.000000,0.000000,NULL),(1114,2376,NULL,NULL,11,1,'BABY-MARINPOUY','Philippe',1,'2025-01-28 10:45:22',1,0.000000,0.000000,0.000000,NULL),(1115,2377,NULL,NULL,11,1,'BABY-MARINPOUY','Philippe',1,'2025-01-28 10:45:22',1,0.000000,0.000000,0.000000,NULL),(1116,2378,NULL,NULL,11,1,'BABY-MARINPOUY','Philippe',1,'2025-01-28 10:45:22',1,0.000000,0.000000,0.000000,NULL),(1117,2379,NULL,NULL,11,1,'BABY-MARINPOUY','Philippe',2,'2025-01-28 10:45:22',1,0.000000,0.000000,0.000000,NULL),(1118,2380,NULL,NULL,11,1,'BABY-MARINPOUY','Philippe',3,'2025-01-28 10:45:23',1,0.000000,0.000000,0.000000,NULL),(1119,2381,NULL,NULL,11,1,'BABY-MARINPOUY','Philippe',1,'2025-01-28 10:45:23',1,0.000000,0.000000,0.000000,NULL),(1120,2382,NULL,NULL,11,1,'BABY-MARINPOUY','Philippe',4,'2025-01-28 10:45:23',1,0.000000,0.000000,0.000000,NULL),(1121,2383,NULL,NULL,11,1,'BABY-MARINPOUY','Philippe',1,'2025-01-28 10:45:23',1,0.000000,0.000000,0.000000,NULL),(1122,2384,NULL,NULL,11,1,'BABY-MARINPOUY','Philippe',4,'2025-01-28 10:45:23',1,0.000000,0.000000,0.000000,NULL),(1123,2385,NULL,NULL,11,1,'BABY-MARINPOUY','Philippe',2,'2025-01-28 10:45:23',1,0.000000,0.000000,0.000000,NULL),(1124,2386,NULL,NULL,11,1,'BABY-MARINPOUY','Philippe',2,'2025-01-28 10:45:23',1,0.000000,0.000000,0.000000,NULL),(1125,2387,NULL,NULL,11,1,'BABY-MARINPOUY','Philippe',1,'2025-01-28 10:45:23',1,0.000000,0.000000,0.000000,NULL),(1126,2388,NULL,NULL,11,1,'BABY-MARINPOUY','Philippe',1,'2025-01-28 10:45:23',1,0.000000,0.000000,0.000000,NULL),(1127,2389,NULL,NULL,11,1,'BABY-MARINPOUY','Philippe',1,'2025-01-28 10:45:23',1,0.000000,0.000000,0.000000,NULL),(1128,2390,NULL,NULL,11,1,'BABY-MARINPOUY','Philippe',1,'2025-01-28 10:45:23',1,0.000000,0.000000,0.000000,NULL),(1129,2391,NULL,NULL,11,1,'BABY-MARINPOUY','Philippe',1,'2025-01-28 10:45:24',1,0.000000,0.000000,0.000000,NULL),(1130,2392,NULL,NULL,11,1,'BABY-MARINPOUY','Philippe',3,'2025-01-28 10:45:24',1,0.000000,0.000000,0.000000,NULL),(1131,2393,NULL,NULL,11,1,'BABY-MARINPOUY','Philippe',3,'2025-01-28 10:45:24',1,0.000000,0.000000,0.000000,NULL),(1132,2394,NULL,NULL,11,1,'BABY-MARINPOUY','Philippe',1,'2025-01-28 10:45:24',1,0.000000,0.000000,0.000000,NULL),(1133,2395,NULL,NULL,11,1,'BABY-MARINPOUY','Philippe',1,'2025-01-28 10:45:25',1,0.000000,0.000000,0.000000,NULL),(1134,2396,NULL,NULL,11,1,'BABY-MARINPOUY','Philippe',1,'2025-01-28 10:45:25',1,0.000000,0.000000,0.000000,NULL),(1135,2397,NULL,NULL,11,1,'BABY-MARINPOUY','Philippe',12,'2025-01-28 10:45:25',1,0.000000,0.000000,0.000000,NULL),(1136,2398,NULL,NULL,11,1,'BABY-MARINPOUY','Philippe',1,'2025-01-28 10:45:25',1,0.000000,0.000000,0.000000,NULL),(1137,2399,NULL,NULL,11,1,'BABY-MARINPOUY','Philippe',1,'2025-01-28 10:45:25',1,0.000000,0.000000,0.000000,NULL),(1138,2400,NULL,NULL,11,1,'BABY-MARINPOUY','Philippe',1,'2025-01-28 10:45:26',1,0.000000,0.000000,0.000000,NULL),(1139,2401,NULL,NULL,11,1,'BABY-MARINPOUY','Philippe',15,'2025-01-28 10:45:26',1,0.000000,0.000000,0.000000,NULL),(1140,2402,NULL,NULL,11,1,'BABY-MARINPOUY','Philippe',2,'2025-01-28 10:45:26',1,0.000000,0.000000,0.000000,NULL),(1141,2403,NULL,NULL,11,1,'BABY-MARINPOUY','Philippe',3,'2025-01-28 10:45:26',1,0.000000,0.000000,0.000000,NULL),(1142,2404,NULL,NULL,11,1,'BABY-MARINPOUY','Philippe',11,'2025-01-28 10:45:26',1,0.000000,0.000000,0.000000,NULL),(1143,2405,NULL,NULL,11,1,'BABY-MARINPOUY','Philippe',4,'2025-01-28 10:45:26',1,0.000000,0.000000,0.000000,NULL),(1144,2406,NULL,NULL,11,1,'BABY-MARINPOUY','Philippe',1,'2025-01-28 10:45:26',1,0.000000,0.000000,0.000000,NULL),(1145,2407,NULL,NULL,11,1,'BABY-MARINPOUY','Philippe',3,'2025-01-28 10:45:26',1,0.000000,0.000000,0.000000,NULL),(1146,2408,NULL,NULL,11,1,'BABY-MARINPOUY','Philippe',9,'2025-01-28 10:45:26',1,0.000000,0.000000,0.000000,NULL),(1147,2409,NULL,NULL,11,1,'BABY-MARINPOUY','Philippe',1,'2025-01-28 10:45:26',1,0.000000,0.000000,0.000000,NULL),(1148,2410,NULL,NULL,11,1,'BABY-MARINPOUY','Philippe',2,'2025-01-28 10:45:26',1,0.000000,0.000000,0.000000,NULL),(1149,2411,NULL,NULL,11,1,'BABY-MARINPOUY','Philippe',1,'2025-01-28 10:45:26',1,0.000000,0.000000,0.000000,NULL),(1150,2412,NULL,NULL,11,1,'BABY-MARINPOUY','Philippe',1,'2025-01-28 10:45:27',1,0.000000,0.000000,0.000000,NULL),(1151,2413,NULL,NULL,11,1,'BABY-MARINPOUY','Philippe',1,'2025-01-28 10:45:27',1,0.000000,0.000000,0.000000,NULL),(1152,2414,NULL,NULL,11,1,'BABY-MARINPOUY','Philippe',1,'2025-01-28 10:45:27',1,0.000000,0.000000,0.000000,NULL),(1153,2415,NULL,NULL,11,1,'BABY-MARINPOUY','Philippe',3,'2025-01-28 10:45:27',1,0.000000,0.000000,0.000000,NULL),(1154,2416,NULL,NULL,11,1,'BABY-MARINPOUY','Philippe',3,'2025-01-28 10:45:27',1,0.000000,0.000000,0.000000,NULL),(1155,2417,NULL,NULL,11,1,'BABY-MARINPOUY','Philippe',1,'2025-01-28 10:45:27',1,0.000000,0.000000,0.000000,NULL),(1156,2418,NULL,NULL,11,1,'BABY-MARINPOUY','Philippe',2,'2025-01-28 10:45:27',1,0.000000,0.000000,0.000000,NULL),(1157,2419,NULL,NULL,11,1,'BABY-MARINPOUY','Philippe',1,'2025-01-28 10:45:27',1,0.000000,0.000000,0.000000,NULL),(1158,2420,NULL,NULL,11,1,'BABY-MARINPOUY','Philippe',2,'2025-01-28 10:45:27',1,0.000000,0.000000,0.000000,NULL),(1159,2421,NULL,NULL,11,1,'BABY-MARINPOUY','Philippe',2,'2025-01-28 10:45:27',1,0.000000,0.000000,0.000000,NULL),(1160,2422,NULL,NULL,11,1,'BABY-MARINPOUY','Philippe',1,'2025-01-28 10:45:27',1,0.000000,0.000000,0.000000,NULL),(1161,2423,NULL,NULL,11,1,'BABY-MARINPOUY','Philippe',1,'2025-01-28 10:45:27',1,0.000000,0.000000,0.000000,NULL),(1162,2424,NULL,NULL,11,1,'BABY-MARINPOUY','Philippe',3,'2025-01-28 10:45:27',1,0.000000,0.000000,0.000000,NULL),(1163,2425,NULL,NULL,11,1,'BABY-MARINPOUY','Philippe',8,'2025-01-28 10:45:27',1,0.000000,0.000000,0.000000,NULL),(1164,2426,NULL,NULL,11,1,'BABY-MARINPOUY','Philippe',2,'2025-01-28 10:45:27',1,0.000000,0.000000,0.000000,NULL),(1165,2427,NULL,NULL,11,1,'BABY-MARINPOUY','Philippe',2,'2025-01-28 10:45:28',1,0.000000,0.000000,0.000000,NULL),(1166,2428,NULL,NULL,11,1,'BABY-MARINPOUY','Philippe',3,'2025-01-28 10:45:28',1,0.000000,0.000000,0.000000,NULL),(1167,2429,NULL,NULL,11,1,'BABY-MARINPOUY','Philippe',1,'2025-01-28 10:45:28',1,0.000000,0.000000,0.000000,NULL),(1168,2430,NULL,NULL,11,1,'BABY-MARINPOUY','Philippe',1,'2025-01-28 10:45:28',1,0.000000,0.000000,0.000000,NULL),(1169,2431,NULL,NULL,11,1,'BABY-MARINPOUY','Philippe',1,'2025-01-28 10:45:28',1,0.000000,0.000000,0.000000,NULL),(1170,2432,NULL,NULL,11,1,'BABY-MARINPOUY','Philippe',1,'2025-01-28 10:45:28',1,0.000000,0.000000,0.000000,NULL),(1171,2433,NULL,NULL,11,1,'BABY-MARINPOUY','Philippe',1,'2025-01-28 10:45:28',1,0.000000,0.000000,0.000000,NULL),(1172,2434,NULL,NULL,11,1,'BABY-MARINPOUY','Philippe',1,'2025-01-28 10:45:28',1,0.000000,0.000000,0.000000,NULL),(1173,2435,NULL,NULL,11,1,'BABY-MARINPOUY','Philippe',3,'2025-01-28 10:45:28',1,0.000000,0.000000,0.000000,NULL),(1174,2436,NULL,NULL,11,1,'BABY-MARINPOUY','Philippe',2,'2025-01-28 10:45:28',1,0.000000,0.000000,0.000000,NULL),(1175,2437,NULL,NULL,11,1,'BABY-MARINPOUY','Philippe',1,'2025-01-28 10:45:28',1,0.000000,0.000000,0.000000,NULL),(1176,2438,NULL,NULL,11,1,'BABY-MARINPOUY','Philippe',3,'2025-01-28 10:45:29',1,0.000000,0.000000,0.000000,NULL),(1177,2439,NULL,NULL,11,1,'BABY-MARINPOUY','Philippe',1,'2025-01-28 10:45:29',1,0.000000,0.000000,0.000000,NULL),(1178,2440,NULL,NULL,11,1,'BABY-MARINPOUY','Philippe',2,'2025-01-28 10:45:29',1,0.000000,0.000000,0.000000,NULL),(1179,2441,NULL,NULL,11,1,'BABY-MARINPOUY','Philippe',1,'2025-01-28 10:45:29',1,0.000000,0.000000,0.000000,NULL),(1180,2442,NULL,NULL,11,1,'BABY-MARINPOUY','Philippe',13,'2025-01-29 10:16:20',1,0.000000,0.000000,0.000000,NULL),(1181,2443,NULL,NULL,11,1,'BABY-MARINPOUY','Philippe',7,'2025-01-29 10:16:21',1,0.000000,0.000000,0.000000,NULL),(1182,2444,NULL,NULL,11,1,'BABY-MARINPOUY','Philippe',11,'2025-01-29 10:16:21',1,0.000000,0.000000,0.000000,NULL),(1183,2445,NULL,NULL,11,1,'BABY-MARINPOUY','Philippe',2,'2025-01-29 10:16:21',1,0.000000,0.000000,0.000000,NULL),(1184,2446,NULL,NULL,11,1,'BABY-MARINPOUY','Philippe',7,'2025-01-29 10:16:21',1,0.000000,0.000000,0.000000,NULL),(1185,2447,NULL,NULL,11,1,'BABY-MARINPOUY','Philippe',3,'2025-01-29 10:16:21',1,0.000000,0.000000,0.000000,NULL),(1186,2448,NULL,NULL,11,1,'BABY-MARINPOUY','Philippe',8,'2025-01-29 10:16:21',1,0.000000,0.000000,0.000000,NULL),(1187,2449,NULL,NULL,11,1,'BABY-MARINPOUY','Philippe',7,'2025-01-29 10:16:21',1,0.000000,0.000000,0.000000,NULL),(1188,2450,NULL,NULL,11,1,'BABY-MARINPOUY','Philippe',9,'2025-01-29 10:16:21',1,0.000000,0.000000,0.000000,NULL),(1189,2451,NULL,NULL,11,1,'BABY-MARINPOUY','Philippe',5,'2025-01-29 10:16:22',1,0.000000,0.000000,0.000000,NULL),(1190,2452,NULL,NULL,11,1,'BABY-MARINPOUY','Philippe',6,'2025-01-29 10:16:22',1,0.000000,0.000000,0.000000,NULL),(1191,2453,NULL,NULL,11,1,'BABY-MARINPOUY','Philippe',10,'2025-01-29 10:16:22',1,0.000000,0.000000,0.000000,NULL),(1192,2454,NULL,NULL,11,1,'BABY-MARINPOUY','Philippe',3,'2025-01-29 10:16:22',1,0.000000,0.000000,0.000000,NULL),(1193,2455,NULL,NULL,11,1,'BABY-MARINPOUY','Philippe',11,'2025-01-29 10:16:22',1,0.000000,0.000000,0.000000,NULL),(1194,2456,NULL,NULL,11,1,'BABY-MARINPOUY','Philippe',2,'2025-01-29 10:16:22',1,0.000000,0.000000,0.000000,NULL),(1195,2457,NULL,NULL,11,1,'BABY-MARINPOUY','Philippe',28,'2025-01-29 10:16:22',1,0.000000,0.000000,0.000000,NULL),(1196,2458,NULL,NULL,11,1,'BABY-MARINPOUY','Philippe',6,'2025-01-29 10:16:22',1,0.000000,0.000000,0.000000,NULL),(1197,2459,NULL,NULL,11,1,'BABY-MARINPOUY','Philippe',3,'2025-01-29 10:16:22',1,0.000000,0.000000,0.000000,NULL),(1198,2460,NULL,NULL,11,1,'BABY-MARINPOUY','Philippe',6,'2025-01-29 10:16:22',1,0.000000,0.000000,0.000000,NULL),(1199,2461,NULL,NULL,11,1,'BABY-MARINPOUY','Philippe',1,'2025-01-29 10:16:22',1,0.000000,0.000000,0.000000,NULL),(1200,2462,NULL,NULL,11,1,'BABY-MARINPOUY','Philippe',8,'2025-01-29 10:16:22',1,0.000000,0.000000,0.000000,NULL),(1201,2463,NULL,NULL,11,1,'BABY-MARINPOUY','Philippe',2,'2025-01-29 10:16:23',1,0.000000,0.000000,0.000000,NULL),(1202,2464,NULL,NULL,11,1,'BABY-MARINPOUY','Philippe',15,'2025-01-29 10:16:23',1,0.000000,0.000000,0.000000,NULL),(1203,2465,NULL,NULL,11,1,'BABY-MARINPOUY','Philippe',14,'2025-01-29 10:16:23',1,0.000000,0.000000,0.000000,NULL),(1204,2466,NULL,NULL,11,1,'BABY-MARINPOUY','Philippe',19,'2025-01-29 10:16:23',1,0.000000,0.000000,0.000000,NULL),(1205,2467,NULL,NULL,11,1,'BABY-MARINPOUY','Philippe',1,'2025-01-29 10:16:23',1,0.000000,0.000000,0.000000,NULL),(1206,2468,NULL,NULL,11,1,'BABY-MARINPOUY','Philippe',3,'2025-01-29 10:16:23',1,0.000000,0.000000,0.000000,NULL),(1207,2469,NULL,NULL,11,1,'BABY-MARINPOUY','Philippe',12,'2025-01-29 10:16:23',1,0.000000,0.000000,0.000000,NULL),(1208,2470,NULL,NULL,11,1,'BABY-MARINPOUY','Philippe',1,'2025-01-29 10:16:23',1,0.000000,0.000000,0.000000,NULL),(1209,2471,NULL,NULL,11,1,'BABY-MARINPOUY','Philippe',1,'2025-01-29 10:16:24',1,0.000000,0.000000,0.000000,NULL),(1210,1692,NULL,NULL,11,1,'BABY-MARINPOUY','Philippe',1,'2025-02-19 14:25:42',1,0.000000,0.000000,0.000000,NULL),(1211,2473,NULL,NULL,11,13,'Guillaume','Guillaume',100,'2025-02-26 09:38:46',1,0.000000,0.000000,0.000000,NULL),(1212,2474,NULL,NULL,11,13,'Guillaume','Guillaume',10,'2025-02-26 09:41:41',1,0.000000,0.000000,0.000000,NULL),(1213,2475,NULL,NULL,11,13,'Guillaume','Guillaume',10,'2025-02-26 09:43:58',1,0.000000,0.000000,0.000000,NULL),(1214,2476,NULL,NULL,11,13,'Guillaume','Guillaume',10,'2025-02-26 09:45:42',1,0.000000,0.000000,0.000000,NULL),(1215,2477,NULL,NULL,11,13,'Guillaume','Guillaume',2,'2025-02-26 09:50:05',1,0.000000,0.000000,0.000000,NULL),(1216,2478,NULL,NULL,11,13,'Guillaume','Guillaume',2,'2025-02-26 09:54:46',1,0.000000,0.000000,0.000000,NULL),(1217,2479,NULL,NULL,11,13,'Guillaume','Guillaume',1,'2025-02-26 10:00:57',1,0.000000,0.000000,0.000000,NULL),(1218,2480,NULL,NULL,11,13,'Guillaume','Guillaume',7,'2025-02-26 10:03:54',1,0.000000,0.000000,0.000000,NULL),(1219,2481,NULL,NULL,11,13,'Guillaume','Guillaume',2,'2025-02-26 10:09:22',1,0.000000,0.000000,0.000000,NULL),(1220,2482,NULL,NULL,11,13,'Guillaume','Guillaume',10,'2025-02-26 10:10:42',1,0.000000,0.000000,0.000000,NULL),(1221,2483,NULL,NULL,11,13,'Guillaume','Guillaume',2,'2025-02-26 10:55:47',1,0.000000,0.000000,0.000000,NULL),(1222,2484,NULL,NULL,11,13,'Guillaume','Guillaume',10,'2025-02-26 10:58:24',1,0.000000,0.000000,0.000000,NULL),(1223,2485,NULL,NULL,11,13,'Guillaume','Guillaume',5,'2025-02-26 11:02:17',1,0.000000,0.000000,0.000000,NULL),(1224,2486,NULL,NULL,11,13,'Guillaume','Guillaume',584,'2025-02-26 11:04:09',1,0.000000,0.000000,0.000000,NULL),(1225,2487,NULL,NULL,11,13,'Guillaume','Guillaume',832,'2025-02-26 11:06:30',1,0.000000,0.000000,0.000000,NULL),(1226,2488,NULL,NULL,11,13,'Guillaume','Guillaume',100,'2025-02-26 11:11:17',1,0.000000,0.000000,0.000000,NULL),(1227,2489,NULL,NULL,11,13,'Guillaume','Guillaume',349,'2025-02-26 11:15:28',1,0.000000,0.000000,0.000000,NULL),(1228,2490,NULL,NULL,11,13,'Guillaume','Guillaume',142,'2025-02-26 11:18:18',1,0.000000,0.000000,0.000000,NULL),(1229,2491,NULL,NULL,11,13,'Guillaume','Guillaume',275,'2025-02-26 11:22:05',1,0.000000,0.000000,0.000000,NULL),(1230,2493,NULL,NULL,11,13,'Guillaume','Guillaume',41,'2025-02-26 11:44:12',1,0.000000,0.000000,0.000000,NULL),(1231,2495,NULL,NULL,11,13,'Guillaume','Guillaume',375,'2025-02-26 12:01:02',1,0.000000,0.000000,0.000000,NULL),(1232,2496,NULL,NULL,11,13,'Guillaume','Guillaume',10,'2025-02-26 12:02:33',1,0.000000,0.000000,0.000000,NULL),(1233,2497,NULL,NULL,11,13,'Guillaume','Guillaume',10,'2025-02-26 12:06:25',1,0.000000,0.000000,0.000000,NULL),(1234,2498,NULL,NULL,11,13,'Guillaume','Guillaume',975,'2025-02-26 12:08:25',1,0.000000,0.000000,0.000000,NULL),(1235,2500,NULL,NULL,11,13,'Guillaume','Guillaume',900,'2025-02-26 12:13:41',1,0.000000,0.000000,0.000000,NULL),(1236,2501,NULL,NULL,11,13,'Guillaume','Guillaume',987,'2025-02-26 12:15:53',1,0.000000,0.000000,0.000000,NULL),(1237,2502,NULL,NULL,11,13,'Guillaume','Guillaume',1300,'2025-02-26 12:19:45',1,0.000000,0.000000,0.000000,NULL),(1238,2503,NULL,NULL,11,13,'Guillaume','Guillaume',100,'2025-02-26 12:22:14',1,0.000000,0.000000,0.000000,NULL),(1239,2504,NULL,NULL,11,13,'Guillaume','Guillaume',100,'2025-02-26 12:24:56',1,0.000000,0.000000,0.000000,NULL),(1240,2505,NULL,NULL,11,13,'Guillaume','Guillaume',5,'2025-02-26 12:27:28',1,0.000000,0.000000,0.000000,NULL),(1241,2506,NULL,NULL,11,13,'Guillaume','Guillaume',4,'2025-02-26 12:32:42',1,0.000000,0.000000,0.000000,NULL),(1242,2507,NULL,NULL,11,13,'Guillaume','Guillaume',100,'2025-02-26 12:36:58',1,0.000000,0.000000,0.000000,NULL),(1243,2508,NULL,NULL,11,13,'Guillaume','Guillaume',100,'2025-02-26 12:40:10',1,0.000000,0.000000,0.000000,NULL),(1244,2509,NULL,NULL,11,13,'Guillaume','Guillaume',100,'2025-02-26 12:42:32',1,0.000000,0.000000,0.000000,NULL),(1245,2510,NULL,NULL,11,13,'Guillaume','Guillaume',973,'2025-02-26 12:44:50',1,0.000000,0.000000,0.000000,NULL),(1246,2511,NULL,NULL,11,13,'Guillaume','Guillaume',990,'2025-02-26 12:49:29',1,0.000000,0.000000,0.000000,NULL),(1247,2512,NULL,NULL,11,13,'Guillaume','Guillaume',1000,'2025-02-26 12:52:44',1,0.000000,0.000000,0.000000,NULL),(1248,2513,NULL,NULL,11,13,'Guillaume','Guillaume',643,'2025-02-26 12:55:31',1,0.000000,0.000000,0.000000,NULL),(1249,2514,NULL,NULL,11,13,'Guillaume','Guillaume',982,'2025-02-26 12:57:59',1,0.000000,0.000000,0.000000,NULL),(1250,2515,NULL,NULL,11,13,'Guillaume','Guillaume',129,'2025-02-26 13:06:19',1,0.000000,0.000000,0.000000,NULL),(1251,2518,NULL,NULL,11,1,'BABY-MARINPOUY','Philippe',10,'2025-03-04 11:03:17',1,0.000000,0.000000,0.000000,NULL),(1252,2519,NULL,NULL,11,1,'BABY-MARINPOUY','Philippe',13,'2025-03-04 11:03:17',1,0.000000,0.000000,0.000000,NULL),(1253,2520,NULL,NULL,11,1,'BABY-MARINPOUY','Philippe',5,'2025-03-04 11:03:17',1,0.000000,0.000000,0.000000,NULL),(1254,2521,NULL,NULL,11,1,'BABY-MARINPOUY','Philippe',13,'2025-03-04 11:03:18',1,0.000000,0.000000,0.000000,NULL),(1255,2522,NULL,NULL,11,1,'BABY-MARINPOUY','Philippe',7,'2025-03-04 11:03:18',1,0.000000,0.000000,0.000000,NULL),(1256,2523,NULL,NULL,11,1,'BABY-MARINPOUY','Philippe',11,'2025-03-04 11:03:18',1,0.000000,0.000000,0.000000,NULL),(1257,2524,NULL,NULL,11,1,'BABY-MARINPOUY','Philippe',5,'2025-03-04 11:03:18',1,0.000000,0.000000,0.000000,NULL),(1258,2525,NULL,NULL,11,1,'BABY-MARINPOUY','Philippe',1,'2025-03-04 11:03:18',1,0.000000,0.000000,0.000000,NULL),(1259,2526,NULL,NULL,11,1,'BABY-MARINPOUY','Philippe',9,'2025-03-04 11:03:18',1,0.000000,0.000000,0.000000,NULL),(1260,2527,NULL,NULL,11,1,'BABY-MARINPOUY','Philippe',16,'2025-03-04 11:03:19',1,0.000000,0.000000,0.000000,NULL),(1261,2528,NULL,NULL,11,1,'BABY-MARINPOUY','Philippe',10,'2025-03-04 11:03:19',1,0.000000,0.000000,0.000000,NULL),(1262,2529,NULL,NULL,11,1,'BABY-MARINPOUY','Philippe',1,'2025-03-04 11:03:19',1,0.000000,0.000000,0.000000,NULL),(1263,2530,NULL,NULL,11,1,'BABY-MARINPOUY','Philippe',2,'2025-03-04 11:03:19',1,0.000000,0.000000,0.000000,NULL),(1264,2531,NULL,NULL,11,1,'BABY-MARINPOUY','Philippe',5,'2025-03-04 11:03:19',1,0.000000,0.000000,0.000000,NULL),(1265,2532,NULL,NULL,11,1,'BABY-MARINPOUY','Philippe',7,'2025-03-04 11:03:19',1,0.000000,0.000000,0.000000,NULL),(1266,2533,NULL,NULL,11,1,'BABY-MARINPOUY','Philippe',1,'2025-03-04 11:03:19',1,0.000000,0.000000,0.000000,NULL),(1267,2534,NULL,NULL,11,1,'BABY-MARINPOUY','Philippe',3,'2025-03-04 11:03:19',1,0.000000,0.000000,0.000000,NULL),(1268,2535,NULL,NULL,11,1,'BABY-MARINPOUY','Philippe',4,'2025-03-04 11:03:19',1,0.000000,0.000000,0.000000,NULL),(1269,2536,NULL,NULL,11,1,'BABY-MARINPOUY','Philippe',3,'2025-03-04 11:03:19',1,0.000000,0.000000,0.000000,NULL),(1270,2537,NULL,NULL,11,1,'BABY-MARINPOUY','Philippe',5,'2025-03-04 11:03:19',1,0.000000,0.000000,0.000000,NULL),(1271,2538,NULL,NULL,11,1,'BABY-MARINPOUY','Philippe',6,'2025-03-04 11:03:19',1,0.000000,0.000000,0.000000,NULL),(1272,2539,NULL,NULL,11,1,'BABY-MARINPOUY','Philippe',8,'2025-03-04 11:03:20',1,0.000000,0.000000,0.000000,NULL),(1273,2540,NULL,NULL,11,1,'BABY-MARINPOUY','Philippe',5,'2025-03-04 11:03:20',1,0.000000,0.000000,0.000000,NULL),(1274,2541,NULL,NULL,11,1,'BABY-MARINPOUY','Philippe',4,'2025-03-04 11:03:20',1,0.000000,0.000000,0.000000,NULL),(1275,2542,NULL,NULL,11,1,'BABY-MARINPOUY','Philippe',3,'2025-03-04 11:03:20',1,0.000000,0.000000,0.000000,NULL),(1276,2543,NULL,NULL,11,1,'BABY-MARINPOUY','Philippe',6,'2025-03-04 11:03:20',1,0.000000,0.000000,0.000000,NULL),(1277,2544,NULL,NULL,11,1,'BABY-MARINPOUY','Philippe',6,'2025-03-04 11:03:20',1,0.000000,0.000000,0.000000,NULL),(1278,2545,NULL,NULL,11,1,'BABY-MARINPOUY','Philippe',3,'2025-03-04 11:03:20',1,0.000000,0.000000,0.000000,NULL),(1279,2546,NULL,NULL,11,1,'BABY-MARINPOUY','Philippe',8,'2025-03-04 11:03:21',1,0.000000,0.000000,0.000000,NULL),(1280,2547,NULL,NULL,11,1,'BABY-MARINPOUY','Philippe',7,'2025-03-04 11:03:21',1,0.000000,0.000000,0.000000,NULL),(1281,2548,NULL,NULL,11,1,'BABY-MARINPOUY','Philippe',9,'2025-03-04 11:03:21',1,0.000000,0.000000,0.000000,NULL),(1282,2549,NULL,NULL,11,1,'BABY-MARINPOUY','Philippe',5,'2025-03-04 11:03:21',1,0.000000,0.000000,0.000000,NULL),(1283,2550,NULL,NULL,11,1,'BABY-MARINPOUY','Philippe',6,'2025-03-04 11:03:21',1,0.000000,0.000000,0.000000,NULL),(1284,2551,NULL,NULL,11,1,'BABY-MARINPOUY','Philippe',10,'2025-03-04 11:03:21',1,0.000000,0.000000,0.000000,NULL),(1285,2552,NULL,NULL,11,1,'BABY-MARINPOUY','Philippe',3,'2025-03-04 11:03:21',1,0.000000,0.000000,0.000000,NULL),(1286,2553,NULL,NULL,11,1,'BABY-MARINPOUY','Philippe',11,'2025-03-04 11:03:21',1,0.000000,0.000000,0.000000,NULL),(1287,2554,NULL,NULL,11,1,'BABY-MARINPOUY','Philippe',2,'2025-03-04 11:03:21',1,0.000000,0.000000,0.000000,NULL),(1288,2555,NULL,NULL,11,1,'BABY-MARINPOUY','Philippe',28,'2025-03-04 11:03:21',1,0.000000,0.000000,0.000000,NULL),(1289,2556,NULL,NULL,11,1,'BABY-MARINPOUY','Philippe',6,'2025-03-04 11:03:21',1,0.000000,0.000000,0.000000,NULL),(1290,2557,NULL,NULL,11,1,'BABY-MARINPOUY','Philippe',3,'2025-03-04 11:03:22',1,0.000000,0.000000,0.000000,NULL),(1291,2558,NULL,NULL,11,1,'BABY-MARINPOUY','Philippe',7,'2025-03-04 11:03:22',1,0.000000,0.000000,0.000000,NULL),(1292,2559,NULL,NULL,11,1,'BABY-MARINPOUY','Philippe',1,'2025-03-04 11:03:22',1,0.000000,0.000000,0.000000,NULL),(1293,2560,NULL,NULL,11,1,'BABY-MARINPOUY','Philippe',6,'2025-03-04 11:03:22',1,0.000000,0.000000,0.000000,NULL),(1294,2561,NULL,NULL,11,1,'BABY-MARINPOUY','Philippe',8,'2025-03-04 11:03:22',1,0.000000,0.000000,0.000000,NULL),(1295,2562,NULL,NULL,11,1,'BABY-MARINPOUY','Philippe',34,'2025-03-04 11:03:22',1,0.000000,0.000000,0.000000,NULL),(1296,2563,NULL,NULL,11,1,'BABY-MARINPOUY','Philippe',1,'2025-03-04 11:03:22',1,0.000000,0.000000,0.000000,NULL),(1297,2564,NULL,NULL,11,1,'BABY-MARINPOUY','Philippe',5,'2025-03-04 11:03:22',1,0.000000,0.000000,0.000000,NULL),(1298,2565,NULL,NULL,11,1,'BABY-MARINPOUY','Philippe',8,'2025-03-04 11:03:22',1,0.000000,0.000000,0.000000,NULL),(1299,2566,NULL,NULL,11,1,'BABY-MARINPOUY','Philippe',5,'2025-03-04 11:03:22',1,0.000000,0.000000,0.000000,NULL),(1300,2567,NULL,NULL,11,1,'BABY-MARINPOUY','Philippe',5,'2025-03-04 11:03:22',1,0.000000,0.000000,0.000000,NULL),(1301,2568,NULL,NULL,11,1,'BABY-MARINPOUY','Philippe',2,'2025-03-04 11:03:23',1,0.000000,0.000000,0.000000,NULL),(1302,2569,NULL,NULL,11,1,'BABY-MARINPOUY','Philippe',15,'2025-03-04 11:03:23',1,0.000000,0.000000,0.000000,NULL),(1303,2570,NULL,NULL,11,1,'BABY-MARINPOUY','Philippe',14,'2025-03-04 11:03:23',1,0.000000,0.000000,0.000000,NULL),(1304,2571,NULL,NULL,11,1,'BABY-MARINPOUY','Philippe',19,'2025-03-04 11:03:23',1,0.000000,0.000000,0.000000,NULL),(1305,2572,NULL,NULL,11,1,'BABY-MARINPOUY','Philippe',1,'2025-03-04 11:03:23',1,0.000000,0.000000,0.000000,NULL),(1306,2573,NULL,NULL,11,1,'BABY-MARINPOUY','Philippe',3,'2025-03-04 11:03:23',1,0.000000,0.000000,0.000000,NULL),(1307,2574,NULL,NULL,11,1,'BABY-MARINPOUY','Philippe',12,'2025-03-04 11:03:23',1,0.000000,0.000000,0.000000,NULL),(1308,2575,NULL,NULL,11,1,'BABY-MARINPOUY','Philippe',1,'2025-03-04 11:03:23',1,0.000000,0.000000,0.000000,NULL),(1309,2576,NULL,NULL,11,1,'BABY-MARINPOUY','Philippe',1,'2025-03-04 11:03:23',1,0.000000,0.000000,0.000000,NULL),(1310,2577,NULL,NULL,11,13,'Guillaume','Guillaume',999,'2025-03-10 16:27:50',1,0.000000,0.000000,0.000000,NULL),(1311,2578,NULL,NULL,11,13,'Guillaume','Guillaume',999,'2025-03-10 16:29:38',1,0.000000,0.000000,0.000000,NULL),(1312,2608,NULL,NULL,11,12,'logistique','logistique',100,'2025-03-12 12:23:14',1,0.000000,0.000000,0.000000,NULL),(1313,2588,NULL,NULL,11,12,'logistique','logistique',100,'2025-03-12 12:23:28',1,0.000000,0.000000,0.000000,NULL),(1314,2587,NULL,NULL,11,12,'logistique','logistique',100,'2025-03-12 12:23:39',1,0.000000,0.000000,0.000000,NULL),(1315,2586,NULL,NULL,11,12,'logistique','logistique',100,'2025-03-12 12:23:52',1,0.000000,0.000000,0.000000,NULL),(1316,2585,NULL,NULL,11,12,'logistique','logistique',100,'2025-03-12 12:24:10',1,0.000000,0.000000,0.000000,NULL),(1317,2584,NULL,NULL,11,12,'logistique','logistique',100,'2025-03-12 12:24:24',1,0.000000,0.000000,0.000000,NULL),(1318,2583,NULL,NULL,11,12,'logistique','logistique',100,'2025-03-12 12:24:40',1,0.000000,0.000000,0.000000,NULL),(1319,2582,NULL,NULL,11,12,'logistique','logistique',100,'2025-03-12 12:25:05',1,0.000000,0.000000,0.000000,NULL),(1320,2581,NULL,NULL,11,12,'logistique','logistique',100,'2025-03-12 12:25:30',1,0.000000,0.000000,0.000000,NULL),(1321,2580,NULL,NULL,11,12,'logistique','logistique',100,'2025-03-12 12:25:50',1,0.000000,0.000000,0.000000,NULL),(1322,2579,NULL,NULL,11,12,'logistique','logistique',100,'2025-03-12 12:26:04',1,0.000000,0.000000,0.000000,NULL),(1323,2609,NULL,NULL,11,12,'logistique','logistique',100,'2025-03-12 12:27:39',1,0.000000,0.000000,0.000000,NULL),(1324,2610,NULL,NULL,11,12,'logistique','logistique',100,'2025-03-12 12:31:07',1,0.000000,0.000000,0.000000,NULL),(1325,2589,NULL,NULL,11,15,'tavares','Laura',100,'2025-03-12 12:34:21',1,0.000000,0.000000,0.000000,NULL),(1326,2611,NULL,NULL,11,12,'logistique','logistique',100,'2025-03-12 12:34:53',1,0.000000,0.000000,0.000000,NULL),(1327,2612,NULL,NULL,11,12,'logistique','logistique',100,'2025-03-12 12:37:35',1,0.000000,0.000000,0.000000,NULL),(1328,2613,NULL,NULL,11,12,'logistique','logistique',100,'2025-03-12 12:39:16',1,0.000000,0.000000,0.000000,NULL),(1329,2614,NULL,NULL,11,12,'logistique','logistique',100,'2025-03-12 12:41:01',1,0.000000,0.000000,0.000000,NULL),(1330,2615,NULL,NULL,11,12,'logistique','logistique',100,'2025-03-12 12:42:50',1,0.000000,0.000000,0.000000,NULL),(1331,2590,NULL,NULL,11,15,'tavares','Laura',100,'2025-03-12 12:45:16',1,0.000000,0.000000,0.000000,NULL),(1332,2616,NULL,NULL,11,12,'logistique','logistique',100,'2025-03-12 12:47:58',1,0.000000,0.000000,0.000000,NULL),(1333,2629,NULL,NULL,11,14,'BLEVIN','Alix',100,'2025-03-12 12:49:43',1,0.000000,0.000000,0.000000,NULL),(1334,2617,NULL,NULL,11,12,'logistique','logistique',100,'2025-03-12 12:50:43',1,0.000000,0.000000,0.000000,NULL),(1335,2618,NULL,NULL,11,12,'logistique','logistique',100,'2025-03-12 12:53:10',1,0.000000,0.000000,0.000000,NULL),(1336,2619,NULL,NULL,11,12,'logistique','logistique',100,'2025-03-12 12:55:50',1,0.000000,0.000000,0.000000,NULL),(1337,2621,NULL,NULL,11,12,'logistique','logistique',100,'2025-03-12 13:01:52',1,0.000000,0.000000,0.000000,NULL),(1338,2622,NULL,NULL,11,12,'logistique','logistique',100,'2025-03-12 13:04:23',1,0.000000,0.000000,0.000000,NULL),(1339,2591,NULL,NULL,11,15,'tavares','Laura',100,'2025-03-12 13:05:04',1,0.000000,0.000000,0.000000,NULL),(1340,2628,NULL,NULL,11,12,'logistique','logistique',100,'2025-03-12 13:08:37',1,0.000000,0.000000,0.000000,NULL),(1341,2624,NULL,NULL,11,14,'BLEVIN','Alix',100,'2025-03-12 13:09:27',1,0.000000,0.000000,0.000000,NULL),(1342,2627,NULL,NULL,11,12,'logistique','logistique',100,'2025-03-12 13:11:55',1,0.000000,0.000000,0.000000,NULL),(1343,2623,NULL,NULL,11,14,'BLEVIN','Alix',100,'2025-03-12 13:13:40',1,0.000000,0.000000,0.000000,NULL),(1344,2592,NULL,NULL,11,15,'tavares','Laura',100,'2025-03-12 13:14:01',1,0.000000,0.000000,0.000000,NULL),(1345,2626,NULL,NULL,11,12,'logistique','logistique',100,'2025-03-12 13:15:40',1,0.000000,0.000000,0.000000,NULL),(1346,2593,NULL,NULL,11,15,'tavares','Laura',100,'2025-03-12 13:24:55',1,0.000000,0.000000,0.000000,NULL),(1347,2594,NULL,NULL,11,15,'tavares','Laura',100,'2025-03-12 13:34:40',1,0.000000,0.000000,0.000000,NULL),(1348,2595,NULL,NULL,11,15,'tavares','Laura',100,'2025-03-12 13:41:12',1,0.000000,0.000000,0.000000,NULL),(1349,2596,NULL,NULL,11,15,'tavares','Laura',100,'2025-03-12 13:48:12',1,0.000000,0.000000,0.000000,NULL),(1350,2597,NULL,NULL,11,15,'tavares','Laura',100,'2025-03-12 13:53:45',1,0.000000,0.000000,0.000000,NULL),(1351,2598,NULL,NULL,11,15,'tavares','Laura',100,'2025-03-12 14:01:54',1,0.000000,0.000000,0.000000,NULL),(1352,2599,NULL,NULL,11,15,'tavares','Laura',100,'2025-03-12 14:16:23',1,0.000000,0.000000,0.000000,NULL),(1353,2600,NULL,NULL,11,15,'tavares','Laura',100,'2025-03-12 14:24:13',1,0.000000,0.000000,0.000000,NULL),(1354,2601,NULL,NULL,11,15,'tavares','Laura',100,'2025-03-12 15:03:58',1,0.000000,0.000000,0.000000,NULL),(1355,2602,NULL,NULL,11,15,'tavares','Laura',100,'2025-03-12 15:14:14',1,0.000000,0.000000,0.000000,NULL),(1356,2603,NULL,NULL,11,15,'tavares','Laura',100,'2025-03-12 15:22:13',1,0.000000,0.000000,0.000000,NULL),(1357,2604,NULL,NULL,11,15,'tavares','Laura',100,'2025-03-12 15:26:20',1,0.000000,0.000000,0.000000,NULL),(1358,2607,NULL,NULL,11,15,'tavares','Laura',100,'2025-03-12 15:39:46',1,0.000000,0.000000,0.000000,NULL),(1359,2606,NULL,NULL,11,15,'tavares','Laura',100,'2025-03-12 15:49:07',1,0.000000,0.000000,0.000000,NULL),(1360,2605,NULL,NULL,11,15,'tavares','Laura',100,'2025-03-12 15:52:43',1,0.000000,0.000000,0.000000,NULL),(1361,2625,NULL,NULL,11,15,'tavares','Laura',100,'2025-03-12 16:45:30',1,0.000000,0.000000,0.000000,NULL);

--
-- Table structure for table `ps_stock_mvt_reason`
--

CREATE TABLE `ps_stock_mvt_reason` (
  `id_stock_mvt_reason` int unsigned NOT NULL AUTO_INCREMENT,
  `sign` tinyint(1) NOT NULL DEFAULT '1',
  `date_add` datetime NOT NULL,
  `date_upd` datetime NOT NULL,
  `deleted` tinyint unsigned NOT NULL DEFAULT '0',
  PRIMARY KEY (`id_stock_mvt_reason`)
) ENGINE=InnoDB AUTO_INCREMENT=13 DEFAULT CHARSET=utf8mb4 COLLATE=utf8mb4_general_ci;

--
-- Dumping data for table `ps_stock_mvt_reason`
--

INSERT INTO `ps_stock_mvt_reason` VALUES (1,1,'2023-02-10 15:08:20','2023-02-10 15:08:20',0),(2,-1,'2023-02-10 15:08:20','2023-02-10 15:08:20',0),(3,-1,'2023-02-10 15:08:20','2023-02-10 15:08:20',0),(4,-1,'2023-02-10 15:08:20','2023-02-10 15:08:20',0),(5,1,'2023-02-10 15:08:20','2023-02-10 15:08:20',0),(6,-1,'2023-02-10 15:08:20','2023-02-10 15:08:20',0),(7,1,'2023-02-10 15:08:20','2023-02-10 15:08:20',0),(8,1,'2023-02-10 15:08:20','2023-02-10 15:08:20',0),(9,1,'2023-02-10 15:08:20','2023-02-10 15:08:20',0),(10,1,'2023-02-10 15:08:20','2023-02-10 15:08:20',0),(11,1,'2023-02-10 15:08:20','2023-02-10 15:08:20',0),(12,-1,'2023-02-10 15:08:20','2023-02-10 15:08:20',0);

--
-- Table structure for table `ps_stock_mvt_reason_lang`
--

CREATE TABLE `ps_stock_mvt_reason_lang` (
  `id_stock_mvt_reason` int unsigned NOT NULL,
  `id_lang` int unsigned NOT NULL,
  `name` varchar(255) CHARACTER SET utf8mb3 COLLATE utf8mb3_general_ci NOT NULL,
  PRIMARY KEY (`id_stock_mvt_reason`,`id_lang`)
) ENGINE=InnoDB DEFAULT CHARSET=utf8mb4 COLLATE=utf8mb4_general_ci;

--
-- Dumping data for table `ps_stock_mvt_reason_lang`
--

INSERT INTO `ps_stock_mvt_reason_lang` VALUES (1,1,'Augmentation'),(2,1,'Diminution'),(3,1,'Commande client'),(4,1,'Regulation following an inventory of stock'),(5,1,'Regulation following an inventory of stock'),(6,1,'Transfert vers un autre entrepôt'),(7,1,'Transfert depuis un autre entrepôt'),(8,1,'Commande fournisseur'),(9,1,'Commande client'),(10,1,'Retour produit'),(11,1,'Employee Edition'),(12,1,'Employee Edition');

--
-- Table structure for table `ps_store`
--

CREATE TABLE `ps_store` (
  `id_store` int unsigned NOT NULL AUTO_INCREMENT,
  `id_country` int unsigned NOT NULL,
  `id_state` int unsigned DEFAULT NULL,
  `city` varchar(64) CHARACTER SET utf8mb4 COLLATE utf8mb4_general_ci NOT NULL,
  `postcode` varchar(12) CHARACTER SET utf8mb4 COLLATE utf8mb4_general_ci NOT NULL,
  `latitude` decimal(13,8) DEFAULT NULL,
  `longitude` decimal(13,8) DEFAULT NULL,
  `phone` varchar(16) CHARACTER SET utf8mb4 COLLATE utf8mb4_general_ci DEFAULT NULL,
  `fax` varchar(16) CHARACTER SET utf8mb4 COLLATE utf8mb4_general_ci DEFAULT NULL,
  `email` varchar(255) CHARACTER SET utf8mb4 COLLATE utf8mb4_general_ci DEFAULT NULL,
  `active` tinyint unsigned NOT NULL DEFAULT '0',
  `date_add` datetime NOT NULL,
  `date_upd` datetime NOT NULL,
  PRIMARY KEY (`id_store`)
) ENGINE=InnoDB AUTO_INCREMENT=6 DEFAULT CHARSET=utf8mb4 COLLATE=utf8mb4_general_ci;

--
-- Dumping data for table `ps_store`
--

INSERT INTO `ps_store` VALUES (1,21,12,'Miami','33135',25.76500500,-80.24379700,'','','',1,'2023-02-10 15:10:03','2023-02-10 15:10:03'),(2,21,12,'Miami','33304',26.13793600,-80.13943500,'','','',1,'2023-02-10 15:10:03','2023-02-10 15:10:03'),(3,21,12,'Miami','33026',26.00998700,-80.29447200,'','','',1,'2023-02-10 15:10:03','2023-02-10 15:10:03'),(4,21,12,'Miami','33133',25.73629600,-80.24479700,'','','',1,'2023-02-10 15:10:03','2023-02-10 15:10:03'),(5,21,12,'Miami','33181',25.88674000,-80.16329200,'','','',1,'2023-02-10 15:10:03','2023-02-10 15:10:03');

--
-- Table structure for table `ps_store_lang`
--

CREATE TABLE `ps_store_lang` (
  `id_store` int unsigned NOT NULL,
  `id_lang` int unsigned NOT NULL,
  `name` varchar(255) CHARACTER SET utf8mb4 COLLATE utf8mb4_general_ci NOT NULL,
  `address1` varchar(255) CHARACTER SET utf8mb4 COLLATE utf8mb4_general_ci NOT NULL,
  `address2` varchar(255) CHARACTER SET utf8mb4 COLLATE utf8mb4_general_ci DEFAULT NULL,
  `hours` text CHARACTER SET utf8mb4 COLLATE utf8mb4_general_ci,
  `note` text CHARACTER SET utf8mb4 COLLATE utf8mb4_general_ci,
  PRIMARY KEY (`id_store`,`id_lang`)
) ENGINE=InnoDB DEFAULT CHARSET=utf8mb4 COLLATE=utf8mb4_general_ci;

--
-- Dumping data for table `ps_store_lang`
--

INSERT INTO `ps_store_lang` VALUES (1,1,'Dade County','3030 SW 8th St Miami','',' [[\"09:00AM - 07:00PM\"],[\"09:00AM - 07:00PM\"],[\"09:00AM - 07:00PM\"],[\"09:00AM - 07:00PM\"],[\"09:00AM - 07:00PM\"],[\"10:00AM - 04:00PM\"],[\"10:00AM - 04:00PM\"]]',''),(2,1,'E Fort Lauderdale','1000 Northeast 4th Ave Fort Lauderdale','',' [[\"09:00AM - 07:00PM\"],[\"09:00AM - 07:00PM\"],[\"09:00AM - 07:00PM\"],[\"09:00AM - 07:00PM\"],[\"09:00AM - 07:00PM\"],[\"10:00AM - 04:00PM\"],[\"10:00AM - 04:00PM\"]]',''),(3,1,'Pembroke Pines','11001 Pines Blvd Pembroke Pines','',' [[\"09:00AM - 07:00PM\"],[\"09:00AM - 07:00PM\"],[\"09:00AM - 07:00PM\"],[\"09:00AM - 07:00PM\"],[\"09:00AM - 07:00PM\"],[\"10:00AM - 04:00PM\"],[\"10:00AM - 04:00PM\"]]',''),(4,1,'Coconut Grove','2999 SW 32nd Avenue','',' [[\"09:00AM - 07:00PM\"],[\"09:00AM - 07:00PM\"],[\"09:00AM - 07:00PM\"],[\"09:00AM - 07:00PM\"],[\"09:00AM - 07:00PM\"],[\"10:00AM - 04:00PM\"],[\"10:00AM - 04:00PM\"]]',''),(5,1,'N Miami/Biscayne','12055 Biscayne Blvd','',' [[\"09:00AM - 07:00PM\"],[\"09:00AM - 07:00PM\"],[\"09:00AM - 07:00PM\"],[\"09:00AM - 07:00PM\"],[\"09:00AM - 07:00PM\"],[\"10:00AM - 04:00PM\"],[\"10:00AM - 04:00PM\"]]','');

--
-- Table structure for table `ps_store_shop`
--

CREATE TABLE `ps_store_shop` (
  `id_store` int unsigned NOT NULL,
  `id_shop` int unsigned NOT NULL,
  PRIMARY KEY (`id_store`,`id_shop`),
  KEY `id_shop` (`id_shop`)
) ENGINE=InnoDB DEFAULT CHARSET=utf8mb4 COLLATE=utf8mb4_general_ci;

--
-- Dumping data for table `ps_store_shop`
--

INSERT INTO `ps_store_shop` VALUES (1,1),(2,1),(3,1),(4,1),(5,1);

--
-- Table structure for table `ps_supplier`
--

CREATE TABLE `ps_supplier` (
  `id_supplier` int unsigned NOT NULL AUTO_INCREMENT,
  `name` varchar(64) CHARACTER SET utf8mb4 COLLATE utf8mb4_general_ci NOT NULL,
  `date_add` datetime NOT NULL,
  `date_upd` datetime NOT NULL,
  `active` tinyint(1) NOT NULL DEFAULT '0',
  PRIMARY KEY (`id_supplier`)
) ENGINE=InnoDB DEFAULT CHARSET=utf8mb4 COLLATE=utf8mb4_general_ci;

--
-- Dumping data for table `ps_supplier`
--


--
-- Table structure for table `ps_supplier_lang`
--

CREATE TABLE `ps_supplier_lang` (
  `id_supplier` int unsigned NOT NULL,
  `id_lang` int unsigned NOT NULL,
  `description` text CHARACTER SET utf8mb4 COLLATE utf8mb4_general_ci,
  `meta_title` varchar(255) CHARACTER SET utf8mb4 COLLATE utf8mb4_general_ci DEFAULT NULL,
  `meta_keywords` varchar(255) CHARACTER SET utf8mb4 COLLATE utf8mb4_general_ci DEFAULT NULL,
  `meta_description` varchar(512) CHARACTER SET utf8mb4 COLLATE utf8mb4_general_ci DEFAULT NULL,
  PRIMARY KEY (`id_supplier`,`id_lang`)
) ENGINE=InnoDB DEFAULT CHARSET=utf8mb4 COLLATE=utf8mb4_general_ci;

--
-- Dumping data for table `ps_supplier_lang`
--


--
-- Table structure for table `ps_supplier_shop`
--

CREATE TABLE `ps_supplier_shop` (
  `id_supplier` int unsigned NOT NULL,
  `id_shop` int unsigned NOT NULL,
  PRIMARY KEY (`id_supplier`,`id_shop`),
  KEY `id_shop` (`id_shop`)
) ENGINE=InnoDB DEFAULT CHARSET=utf8mb4 COLLATE=utf8mb4_general_ci;

--
-- Dumping data for table `ps_supplier_shop`
--


--
-- Table structure for table `ps_supply_order`
--

CREATE TABLE `ps_supply_order` (
  `id_supply_order` int unsigned NOT NULL AUTO_INCREMENT,
  `id_supplier` int unsigned NOT NULL,
  `supplier_name` varchar(64) CHARACTER SET utf8mb4 COLLATE utf8mb4_general_ci NOT NULL,
  `id_lang` int unsigned NOT NULL,
  `id_warehouse` int unsigned NOT NULL,
  `id_supply_order_state` int unsigned NOT NULL,
  `id_currency` int unsigned NOT NULL,
  `id_ref_currency` int unsigned NOT NULL,
  `reference` varchar(64) CHARACTER SET utf8mb4 COLLATE utf8mb4_general_ci NOT NULL,
  `date_add` datetime NOT NULL,
  `date_upd` datetime NOT NULL,
  `date_delivery_expected` datetime DEFAULT NULL,
  `total_te` decimal(20,6) DEFAULT '0.000000',
  `total_with_discount_te` decimal(20,6) DEFAULT '0.000000',
  `total_tax` decimal(20,6) DEFAULT '0.000000',
  `total_ti` decimal(20,6) DEFAULT '0.000000',
  `discount_rate` decimal(20,6) DEFAULT '0.000000',
  `discount_value_te` decimal(20,6) DEFAULT '0.000000',
  `is_template` tinyint(1) DEFAULT '0',
  PRIMARY KEY (`id_supply_order`),
  KEY `id_supplier` (`id_supplier`),
  KEY `id_warehouse` (`id_warehouse`),
  KEY `reference` (`reference`)
) ENGINE=InnoDB DEFAULT CHARSET=utf8mb4 COLLATE=utf8mb4_general_ci;

--
-- Dumping data for table `ps_supply_order`
--


--
-- Table structure for table `ps_supply_order_detail`
--

CREATE TABLE `ps_supply_order_detail` (
  `id_supply_order_detail` int unsigned NOT NULL AUTO_INCREMENT,
  `id_supply_order` int unsigned NOT NULL,
  `id_currency` int unsigned NOT NULL,
  `id_product` int unsigned NOT NULL,
  `id_product_attribute` int unsigned NOT NULL,
  `reference` varchar(64) CHARACTER SET utf8mb4 COLLATE utf8mb4_general_ci NOT NULL,
  `supplier_reference` varchar(64) CHARACTER SET utf8mb4 COLLATE utf8mb4_general_ci NOT NULL,
  `name` varchar(128) CHARACTER SET utf8mb4 COLLATE utf8mb4_general_ci NOT NULL,
  `ean13` varchar(13) CHARACTER SET utf8mb4 COLLATE utf8mb4_general_ci DEFAULT NULL,
  `isbn` varchar(32) CHARACTER SET utf8mb4 COLLATE utf8mb4_general_ci DEFAULT NULL,
  `upc` varchar(12) CHARACTER SET utf8mb4 COLLATE utf8mb4_general_ci DEFAULT NULL,
  `mpn` varchar(40) CHARACTER SET utf8mb4 COLLATE utf8mb4_general_ci DEFAULT NULL,
  `exchange_rate` decimal(20,6) DEFAULT '0.000000',
  `unit_price_te` decimal(20,6) DEFAULT '0.000000',
  `quantity_expected` int unsigned NOT NULL,
  `quantity_received` int unsigned NOT NULL,
  `price_te` decimal(20,6) DEFAULT '0.000000',
  `discount_rate` decimal(20,6) DEFAULT '0.000000',
  `discount_value_te` decimal(20,6) DEFAULT '0.000000',
  `price_with_discount_te` decimal(20,6) DEFAULT '0.000000',
  `tax_rate` decimal(20,6) DEFAULT '0.000000',
  `tax_value` decimal(20,6) DEFAULT '0.000000',
  `price_ti` decimal(20,6) DEFAULT '0.000000',
  `tax_value_with_order_discount` decimal(20,6) DEFAULT '0.000000',
  `price_with_order_discount_te` decimal(20,6) DEFAULT '0.000000',
  PRIMARY KEY (`id_supply_order_detail`),
  KEY `id_supply_order` (`id_supply_order`,`id_product`),
  KEY `id_product_attribute` (`id_product_attribute`),
  KEY `id_product_product_attribute` (`id_product`,`id_product_attribute`)
) ENGINE=InnoDB DEFAULT CHARSET=utf8mb4 COLLATE=utf8mb4_general_ci;

--
-- Dumping data for table `ps_supply_order_detail`
--


--
-- Table structure for table `ps_supply_order_history`
--

CREATE TABLE `ps_supply_order_history` (
  `id_supply_order_history` int unsigned NOT NULL AUTO_INCREMENT,
  `id_supply_order` int unsigned NOT NULL,
  `id_employee` int unsigned NOT NULL,
  `employee_lastname` varchar(255) CHARACTER SET utf8mb4 COLLATE utf8mb4_general_ci DEFAULT '',
  `employee_firstname` varchar(255) CHARACTER SET utf8mb4 COLLATE utf8mb4_general_ci DEFAULT '',
  `id_state` int unsigned NOT NULL,
  `date_add` datetime NOT NULL,
  PRIMARY KEY (`id_supply_order_history`),
  KEY `id_supply_order` (`id_supply_order`),
  KEY `id_employee` (`id_employee`),
  KEY `id_state` (`id_state`)
) ENGINE=InnoDB DEFAULT CHARSET=utf8mb4 COLLATE=utf8mb4_general_ci;

--
-- Dumping data for table `ps_supply_order_history`
--


--
-- Table structure for table `ps_supply_order_receipt_history`
--

CREATE TABLE `ps_supply_order_receipt_history` (
  `id_supply_order_receipt_history` int unsigned NOT NULL AUTO_INCREMENT,
  `id_supply_order_detail` int unsigned NOT NULL,
  `id_employee` int unsigned NOT NULL,
  `employee_lastname` varchar(255) CHARACTER SET utf8mb4 COLLATE utf8mb4_general_ci DEFAULT '',
  `employee_firstname` varchar(255) CHARACTER SET utf8mb4 COLLATE utf8mb4_general_ci DEFAULT '',
  `id_supply_order_state` int unsigned NOT NULL,
  `quantity` int unsigned NOT NULL,
  `date_add` datetime NOT NULL,
  PRIMARY KEY (`id_supply_order_receipt_history`),
  KEY `id_supply_order_detail` (`id_supply_order_detail`),
  KEY `id_supply_order_state` (`id_supply_order_state`)
) ENGINE=InnoDB DEFAULT CHARSET=utf8mb4 COLLATE=utf8mb4_general_ci;

--
-- Dumping data for table `ps_supply_order_receipt_history`
--


--
-- Table structure for table `ps_supply_order_state`
--

CREATE TABLE `ps_supply_order_state` (
  `id_supply_order_state` int unsigned NOT NULL AUTO_INCREMENT,
  `delivery_note` tinyint(1) NOT NULL DEFAULT '0',
  `editable` tinyint(1) NOT NULL DEFAULT '0',
  `receipt_state` tinyint(1) NOT NULL DEFAULT '0',
  `pending_receipt` tinyint(1) NOT NULL DEFAULT '0',
  `enclosed` tinyint(1) NOT NULL DEFAULT '0',
  `color` varchar(32) CHARACTER SET utf8mb4 COLLATE utf8mb4_general_ci DEFAULT NULL,
  PRIMARY KEY (`id_supply_order_state`)
) ENGINE=InnoDB AUTO_INCREMENT=7 DEFAULT CHARSET=utf8mb4 COLLATE=utf8mb4_general_ci;

--
-- Dumping data for table `ps_supply_order_state`
--

INSERT INTO `ps_supply_order_state` VALUES (1,0,1,0,0,0,'#faab00'),(2,1,0,0,0,0,'#273cff'),(3,0,0,0,1,0,'#ff37f5'),(4,0,0,1,1,0,'#ff3e33'),(5,0,0,1,0,1,'#00d60c'),(6,0,0,0,0,1,'#666666');

--
-- Table structure for table `ps_supply_order_state_lang`
--

CREATE TABLE `ps_supply_order_state_lang` (
  `id_supply_order_state` int unsigned NOT NULL,
  `id_lang` int unsigned NOT NULL,
  `name` varchar(128) CHARACTER SET utf8mb4 COLLATE utf8mb4_general_ci DEFAULT NULL,
  PRIMARY KEY (`id_supply_order_state`,`id_lang`)
) ENGINE=InnoDB DEFAULT CHARSET=utf8mb4 COLLATE=utf8mb4_general_ci;

--
-- Dumping data for table `ps_supply_order_state_lang`
--

INSERT INTO `ps_supply_order_state_lang` VALUES (1,1,'1 - En cours de création'),(2,1,'2 - Commande validée'),(3,1,'3 - En attente de réception'),(4,1,'4 - Commande reçue partiellement'),(5,1,'5 - Commande reçue intégralement'),(6,1,'6 - Commande annulée');

--
-- Table structure for table `ps_tab`
--

CREATE TABLE `ps_tab` (
  `id_tab` int NOT NULL AUTO_INCREMENT,
  `id_parent` int NOT NULL,
  `position` int NOT NULL,
  `module` varchar(64) CHARACTER SET utf8mb4 COLLATE utf8mb4_unicode_ci DEFAULT NULL,
  `class_name` varchar(64) CHARACTER SET utf8mb4 COLLATE utf8mb4_unicode_ci NOT NULL,
  `route_name` varchar(256) CHARACTER SET utf8mb4 COLLATE utf8mb4_unicode_ci DEFAULT NULL,
  `active` tinyint(1) NOT NULL,
  `enabled` tinyint(1) NOT NULL,
  `hide_host_mode` tinyint(1) NOT NULL,
  `icon` varchar(32) CHARACTER SET utf8mb4 COLLATE utf8mb4_unicode_ci DEFAULT NULL,
  `wording` varchar(255) CHARACTER SET utf8mb4 COLLATE utf8mb4_unicode_ci DEFAULT NULL,
  `wording_domain` varchar(255) CHARACTER SET utf8mb4 COLLATE utf8mb4_unicode_ci DEFAULT NULL,
  PRIMARY KEY (`id_tab`)
) ENGINE=InnoDB AUTO_INCREMENT=152 DEFAULT CHARSET=utf8mb4 COLLATE=utf8mb4_unicode_ci;

--
-- Dumping data for table `ps_tab`
--

INSERT INTO `ps_tab` VALUES (1,0,1,NULL,'AdminDashboard',NULL,1,1,0,'trending_up','Dashboard','Admin.Navigation.Menu'),(2,0,2,NULL,'SELL',NULL,1,1,0,'','Sell','Admin.Navigation.Menu'),(3,2,0,NULL,'AdminParentOrders',NULL,1,1,0,'shopping_basket','Orders','Admin.Navigation.Menu'),(4,3,0,NULL,'AdminOrders',NULL,1,1,0,'','Orders','Admin.Navigation.Menu'),(5,3,1,NULL,'AdminInvoices',NULL,1,1,0,'','Invoices','Admin.Navigation.Menu'),(6,3,2,NULL,'AdminSlip',NULL,1,1,0,'','Credit Slips','Admin.Navigation.Menu'),(7,3,3,NULL,'AdminDeliverySlip',NULL,1,1,0,'','Delivery Slips','Admin.Navigation.Menu'),(8,3,4,NULL,'AdminCarts',NULL,1,1,0,'','Shopping Carts','Admin.Navigation.Menu'),(9,2,1,NULL,'AdminCatalog',NULL,1,1,0,'store','Catalog','Admin.Navigation.Menu'),(10,9,0,NULL,'AdminProducts',NULL,1,1,0,'','Products','Admin.Navigation.Menu'),(11,9,1,NULL,'AdminCategories',NULL,1,1,0,'','Categories','Admin.Navigation.Menu'),(12,9,2,NULL,'AdminTracking',NULL,1,1,0,'','Monitoring','Admin.Navigation.Menu'),(13,9,3,NULL,'AdminParentAttributesGroups',NULL,1,1,0,'','Attributes & Features','Admin.Navigation.Menu'),(14,13,0,NULL,'AdminAttributesGroups',NULL,1,1,0,'','Attributes','Admin.Navigation.Menu'),(15,13,1,NULL,'AdminFeatures',NULL,1,1,0,'','Features','Admin.Navigation.Menu'),(16,9,4,NULL,'AdminParentManufacturers',NULL,1,1,0,'','Brands & Suppliers','Admin.Navigation.Menu'),(17,16,0,NULL,'AdminManufacturers',NULL,1,1,0,'','Brands','Admin.Navigation.Menu'),(18,16,1,NULL,'AdminSuppliers',NULL,1,1,0,'','Suppliers','Admin.Navigation.Menu'),(19,9,5,NULL,'AdminAttachments',NULL,1,1,0,'','Files','Admin.Navigation.Menu'),(20,9,6,NULL,'AdminParentCartRules',NULL,1,1,0,'','Discounts','Admin.Navigation.Menu'),(21,20,0,NULL,'AdminCartRules',NULL,1,1,0,'','Cart Rules','Admin.Navigation.Menu'),(22,20,1,NULL,'AdminSpecificPriceRule',NULL,1,1,0,'','Catalog Price Rules','Admin.Navigation.Menu'),(23,9,7,NULL,'AdminStockManagement',NULL,1,1,0,'','Stock','Admin.Navigation.Menu'),(24,2,2,NULL,'AdminParentCustomer',NULL,1,1,0,'account_circle','Customers','Admin.Navigation.Menu'),(25,24,0,NULL,'AdminCustomers',NULL,1,1,0,'','Customers','Admin.Navigation.Menu'),(26,24,1,NULL,'AdminAddresses',NULL,1,1,0,'','Addresses','Admin.Navigation.Menu'),(27,24,2,NULL,'AdminOutstanding',NULL,0,1,0,'','Outstanding','Admin.Navigation.Menu'),(28,2,3,NULL,'AdminParentCustomerThreads',NULL,1,1,0,'chat','Customer Service','Admin.Navigation.Menu'),(29,28,0,NULL,'AdminCustomerThreads',NULL,1,1,0,'','Customer Service','Admin.Navigation.Menu'),(30,28,1,NULL,'AdminOrderMessage',NULL,1,1,0,'','Order Messages','Admin.Navigation.Menu'),(31,28,2,NULL,'AdminReturn',NULL,1,1,0,'','Merchandise Returns','Admin.Navigation.Menu'),(32,2,4,'','AdminStats','',1,1,0,'assessment','Stats','Admin.Navigation.Menu'),(33,2,5,NULL,'AdminStock',NULL,1,1,0,'store','',''),(34,33,0,NULL,'AdminWarehouses',NULL,1,1,0,'','Warehouses','Admin.Navigation.Menu'),(35,33,1,NULL,'AdminParentStockManagement',NULL,1,1,0,'','Stock Management','Admin.Navigation.Menu'),(36,35,0,NULL,'AdminStockManagement',NULL,1,1,0,'','Stock Management','Admin.Navigation.Menu'),(37,36,0,NULL,'AdminStockMvt',NULL,1,1,0,'','Stock Movement','Admin.Navigation.Menu'),(38,36,1,NULL,'AdminStockInstantState',NULL,1,1,0,'','Instant Stock Status','Admin.Navigation.Menu'),(39,36,2,NULL,'AdminStockCover',NULL,1,1,0,'','Stock Coverage','Admin.Navigation.Menu'),(40,33,2,NULL,'AdminSupplyOrders',NULL,1,1,0,'','Supply orders','Admin.Navigation.Menu'),(41,33,3,NULL,'AdminStockConfiguration',NULL,1,1,0,'','Configuration','Admin.Navigation.Menu'),(42,0,3,NULL,'IMPROVE',NULL,1,1,0,'','Improve','Admin.Navigation.Menu'),(43,42,0,NULL,'AdminParentModulesSf',NULL,1,1,0,'extension','Modules','Admin.Navigation.Menu'),(44,43,1,'','AdminModulesSf','',1,1,0,'','Module Manager','Admin.Navigation.Menu'),(45,44,0,NULL,'AdminModulesManage',NULL,1,1,0,'','Modules','Admin.Navigation.Menu'),(46,44,1,NULL,'AdminModulesNotifications',NULL,1,1,0,'','Alerts','Admin.Navigation.Menu'),(47,44,2,NULL,'AdminModulesUpdates',NULL,1,1,0,'','Updates','Admin.Navigation.Menu'),(48,43,0,'','AdminParentModulesCatalog','',1,1,0,'','Marketplace','Modules.Mbo.Global'),(49,48,0,'','AdminModulesCatalog','',0,1,0,'','Marketplace','Modules.Mbo.Global'),(50,48,1,'','AdminAddonsCatalog','',0,1,0,'','Modules in the spotlight','Modules.Mbo.Modulesselection'),(51,43,2,NULL,'AdminModules',NULL,0,1,0,'','',''),(52,42,1,NULL,'AdminParentThemes',NULL,1,1,0,'desktop_mac','Design','Admin.Navigation.Menu'),(53,130,1,'','AdminThemes','',1,1,0,'','Theme & Logo','Admin.Navigation.Menu'),(54,52,1,'','AdminThemesCatalog','',0,1,0,'','Theme Catalog','Admin.Navigation.Menu'),(55,52,2,NULL,'AdminParentMailTheme',NULL,1,1,0,'','Email Theme','Admin.Navigation.Menu'),(56,55,0,NULL,'AdminMailTheme',NULL,1,1,0,'','Email Theme','Admin.Navigation.Menu'),(57,52,3,NULL,'AdminCmsContent',NULL,1,1,0,'','Pages','Admin.Navigation.Menu'),(58,52,4,NULL,'AdminModulesPositions',NULL,1,1,0,'','Positions','Admin.Navigation.Menu'),(59,52,5,NULL,'AdminImages',NULL,1,1,0,'','Image Settings','Admin.Navigation.Menu'),(60,42,2,NULL,'AdminParentShipping',NULL,1,1,0,'local_shipping','Shipping','Admin.Navigation.Menu'),(61,60,0,NULL,'AdminCarriers',NULL,1,1,0,'','Carriers','Admin.Navigation.Menu'),(62,60,1,NULL,'AdminShipping',NULL,1,1,0,'','Preferences','Admin.Navigation.Menu'),(63,42,3,NULL,'AdminParentPayment',NULL,1,1,0,'payment','Payment','Admin.Navigation.Menu'),(64,63,0,NULL,'AdminPayment',NULL,1,1,0,'','Payment Methods','Admin.Navigation.Menu'),(65,63,1,NULL,'AdminPaymentPreferences',NULL,1,1,0,'','Preferences','Admin.Navigation.Menu'),(66,42,4,NULL,'AdminInternational',NULL,1,1,0,'language','International','Admin.Navigation.Menu'),(67,66,0,NULL,'AdminParentLocalization',NULL,1,1,0,'','Localization','Admin.Navigation.Menu'),(68,67,0,NULL,'AdminLocalization',NULL,1,1,0,'','Localization','Admin.Navigation.Menu'),(69,67,1,NULL,'AdminLanguages',NULL,1,1,0,'','Languages','Admin.Navigation.Menu'),(70,67,2,NULL,'AdminCurrencies',NULL,1,1,0,'','Currencies','Admin.Navigation.Menu'),(71,67,3,NULL,'AdminGeolocation',NULL,1,1,0,'','Geolocation','Admin.Navigation.Menu'),(72,66,1,NULL,'AdminParentCountries',NULL,1,1,0,'','Locations','Admin.Navigation.Menu'),(73,72,0,NULL,'AdminZones',NULL,1,1,0,'','Zones','Admin.Navigation.Menu'),(74,72,1,NULL,'AdminCountries',NULL,1,1,0,'','Countries','Admin.Navigation.Menu'),(75,72,2,NULL,'AdminStates',NULL,1,1,0,'','States','Admin.Navigation.Menu'),(76,66,2,NULL,'AdminParentTaxes',NULL,1,1,0,'','Taxes','Admin.Navigation.Menu'),(77,76,0,NULL,'AdminTaxes',NULL,1,1,0,'','Taxes','Admin.Navigation.Menu'),(78,76,1,NULL,'AdminTaxRulesGroup',NULL,1,1,0,'','Tax Rules','Admin.Navigation.Menu'),(79,66,3,NULL,'AdminTranslations',NULL,1,1,0,'','Translations','Admin.Navigation.Menu'),(80,0,4,NULL,'CONFIGURE',NULL,1,1,0,'','Configure','Admin.Navigation.Menu'),(81,80,0,NULL,'ShopParameters',NULL,1,1,0,'settings','Shop Parameters','Admin.Navigation.Menu'),(82,81,0,NULL,'AdminParentPreferences',NULL,1,1,0,'','General','Admin.Navigation.Menu'),(83,82,0,NULL,'AdminPreferences',NULL,1,1,0,'','General','Admin.Navigation.Menu'),(84,82,1,NULL,'AdminMaintenance',NULL,1,1,0,'','Maintenance','Admin.Navigation.Menu'),(85,81,1,NULL,'AdminParentOrderPreferences',NULL,1,1,0,'','Order Settings','Admin.Navigation.Menu'),(86,85,0,NULL,'AdminOrderPreferences',NULL,1,1,0,'','Order Settings','Admin.Navigation.Menu'),(87,85,1,NULL,'AdminStatuses',NULL,1,1,0,'','Statuses','Admin.Navigation.Menu'),(88,81,2,NULL,'AdminPPreferences',NULL,1,1,0,'','Product Settings','Admin.Navigation.Menu'),(89,81,3,NULL,'AdminParentCustomerPreferences',NULL,1,1,0,'','Customer Settings','Admin.Navigation.Menu'),(90,89,0,NULL,'AdminCustomerPreferences',NULL,1,1,0,'','Customer Settings','Admin.Navigation.Menu'),(91,89,1,NULL,'AdminGroups',NULL,1,1,0,'','Groups','Admin.Navigation.Menu'),(92,89,2,NULL,'AdminGenders',NULL,1,1,0,'','Titles','Admin.Navigation.Menu'),(93,81,4,NULL,'AdminParentStores',NULL,1,1,0,'','Contact','Admin.Navigation.Menu'),(94,93,0,NULL,'AdminContacts',NULL,1,1,0,'','Contacts','Admin.Navigation.Menu'),(95,93,1,NULL,'AdminStores',NULL,1,1,0,'','Stores','Admin.Navigation.Menu'),(96,81,5,NULL,'AdminParentMeta',NULL,1,1,0,'','Traffic & SEO','Admin.Navigation.Menu'),(97,96,0,NULL,'AdminMeta',NULL,1,1,0,'','SEO & URLs','Admin.Navigation.Menu'),(98,96,1,NULL,'AdminSearchEngines',NULL,1,1,0,'','Search Engines','Admin.Navigation.Menu'),(99,96,2,NULL,'AdminReferrers',NULL,1,1,0,'','Referrers','Admin.Navigation.Menu'),(100,81,6,NULL,'AdminParentSearchConf',NULL,1,1,0,'','Search','Admin.Navigation.Menu'),(101,100,0,NULL,'AdminSearchConf',NULL,1,1,0,'','Search','Admin.Navigation.Menu'),(102,100,1,NULL,'AdminTags',NULL,1,1,0,'','Tags','Admin.Navigation.Menu'),(103,80,1,NULL,'AdminAdvancedParameters',NULL,1,1,0,'settings_applications','Advanced Parameters','Admin.Navigation.Menu'),(104,103,0,NULL,'AdminInformation',NULL,1,1,0,'','Information','Admin.Navigation.Menu'),(105,103,1,NULL,'AdminPerformance',NULL,1,1,0,'','Performance','Admin.Navigation.Menu'),(106,103,2,NULL,'AdminAdminPreferences',NULL,1,1,0,'','Administration','Admin.Navigation.Menu'),(107,103,3,NULL,'AdminEmails',NULL,1,1,0,'','E-mail','Admin.Navigation.Menu'),(108,103,4,NULL,'AdminImport',NULL,1,1,0,'','Import','Admin.Navigation.Menu'),(109,103,5,NULL,'AdminParentEmployees',NULL,1,1,0,'','Team','Admin.Navigation.Menu'),(110,109,0,NULL,'AdminEmployees',NULL,1,1,0,'','Employees','Admin.Navigation.Menu'),(111,109,1,NULL,'AdminProfiles',NULL,1,1,0,'','Profiles','Admin.Navigation.Menu'),(112,109,2,NULL,'AdminAccess',NULL,1,1,0,'','Permissions','Admin.Navigation.Menu'),(113,103,6,NULL,'AdminParentRequestSql',NULL,1,1,0,'','Database','Admin.Navigation.Menu'),(114,113,0,NULL,'AdminRequestSql',NULL,1,1,0,'','SQL Manager','Admin.Navigation.Menu'),(115,113,1,NULL,'AdminBackup',NULL,1,1,0,'','DB Backup','Admin.Navigation.Menu'),(116,103,7,NULL,'AdminLogs',NULL,1,1,0,'','Logs','Admin.Navigation.Menu'),(117,103,8,NULL,'AdminWebservice',NULL,1,1,0,'','Webservice','Admin.Navigation.Menu'),(118,103,9,NULL,'AdminShopGroup',NULL,0,1,0,'','Multistore','Admin.Navigation.Menu'),(119,103,10,NULL,'AdminShopUrl',NULL,0,1,0,'','Multistore','Admin.Navigation.Menu'),(120,103,11,NULL,'AdminFeatureFlag',NULL,1,1,0,'','Experimental Features','Admin.Navigation.Menu'),(121,-1,1,NULL,'AdminQuickAccesses',NULL,1,1,0,'','Quick Access','Admin.Navigation.Menu'),(122,0,5,NULL,'DEFAULT',NULL,1,1,0,'','More','Admin.Navigation.Menu'),(123,-1,3,NULL,'AdminPatterns',NULL,1,1,0,'','',''),(124,43,3,'blockwishlist','WishlistConfigurationAdminParentController','',0,0,0,'',NULL,NULL),(125,124,1,'blockwishlist','WishlistConfigurationAdminController','',1,0,0,'',NULL,NULL),(126,124,2,'blockwishlist','WishlistStatisticsAdminController','',1,0,0,'',NULL,NULL),(127,-1,4,'dashgoals','AdminDashgoals','',1,1,0,'',NULL,NULL),(128,-1,5,'ps_faviconnotificationbo','AdminConfigureFaviconBo','',1,1,0,'',NULL,NULL),(129,52,6,'ps_linklist','AdminLinkWidget','admin_link_block_list',1,1,0,'','Link List','Modules.Linklist.Admin'),(130,52,0,'','AdminThemesParent','',1,1,0,'','Theme & Logo','Admin.Navigation.Menu'),(131,130,2,'ps_themecusto','AdminPsThemeCustoConfiguration','',1,1,0,'',NULL,NULL),(132,130,3,'ps_themecusto','AdminPsThemeCustoAdvanced','',1,1,0,'',NULL,NULL),(133,0,6,'welcome','AdminWelcome','',1,1,0,'',NULL,NULL),(134,81,7,'gamification','AdminGamification','',1,1,0,'',NULL,NULL),(135,-1,6,'psgdpr','AdminAjaxPsgdpr','',1,1,0,'',NULL,NULL),(136,-1,7,'psgdpr','AdminDownloadInvoicesPsgdpr','',1,1,0,'',NULL,NULL),(137,48,0,'ps_mbo','AdminPsMboModule','',1,1,0,'',NULL,NULL),(138,48,1,'ps_mbo','AdminPsMboAddons','',1,1,0,'','Modules in the spotlight','Modules.Mbo.Modulesselection'),(139,-1,2,'ps_mbo','AdminPsMboRecommended','',1,1,0,'','Recommended Modules and Services','Modules.Mbo.Recommendedmodulesandservices'),(140,52,1,'ps_mbo','AdminPsMboTheme','',1,1,0,'',NULL,NULL),(141,-1,8,'ps_buybuttonlite','AdminAjaxPs_buybuttonlite','',1,1,0,'',NULL,NULL),(142,-1,9,'ps_checkout','AdminAjaxPrestashopCheckout','',1,1,0,'',NULL,NULL),(143,-1,10,'ps_checkout','AdminPaypalOnboardingPrestashopCheckout','',1,1,0,'',NULL,NULL),(144,32,1,'ps_metrics','AdminMetricsLegacyStatsController','',1,1,0,'',NULL,NULL),(145,32,2,'ps_metrics','AdminMetricsController','',1,1,0,'',NULL,NULL),(146,42,5,'','Marketing','',1,1,0,'campaign',NULL,NULL),(147,146,1,'ps_facebook','AdminPsfacebookModule','',1,1,0,'',NULL,NULL),(148,-1,11,'ps_facebook','AdminAjaxPsfacebook','',1,1,0,'',NULL,NULL),(149,146,2,'psxmarketingwithgoogle','AdminPsxMktgWithGoogleModule','',1,1,0,'',NULL,NULL),(150,-1,12,'psxmarketingwithgoogle','AdminAjaxPsxMktgWithGoogle','',1,1,0,'',NULL,NULL),(151,0,7,'blockreassurance','AdminBlockListing','',0,0,0,'',NULL,NULL);

--
-- Table structure for table `ps_tab_advice`
--

CREATE TABLE `ps_tab_advice` (
  `id_tab` int NOT NULL,
  `id_advice` int NOT NULL,
  PRIMARY KEY (`id_tab`,`id_advice`)
) ENGINE=InnoDB DEFAULT CHARSET=utf8mb3;

--
-- Dumping data for table `ps_tab_advice`
--


--
-- Table structure for table `ps_tab_lang`
--

CREATE TABLE `ps_tab_lang` (
  `id_tab` int NOT NULL,
  `id_lang` int NOT NULL,
  `name` varchar(128) CHARACTER SET utf8mb4 COLLATE utf8mb4_unicode_ci NOT NULL,
  PRIMARY KEY (`id_tab`,`id_lang`),
  KEY `IDX_CFD9262DED47AB56` (`id_tab`),
  KEY `IDX_CFD9262DBA299860` (`id_lang`)
) ENGINE=InnoDB DEFAULT CHARSET=utf8mb4 COLLATE=utf8mb4_unicode_ci;

--
-- Dumping data for table `ps_tab_lang`
--

INSERT INTO `ps_tab_lang` VALUES (1,1,'Tableau de bord'),(2,1,'Vendre'),(3,1,'Commandes'),(4,1,'Commandes'),(5,1,'Factures'),(6,1,'Avoirs'),(7,1,'Bons de livraison'),(8,1,'Paniers'),(9,1,'Catalogue'),(10,1,'Produits'),(11,1,'Catégories'),(12,1,'Suivi'),(13,1,'Attributs & caractéristiques'),(14,1,'Attributs'),(15,1,'Caractéristiques'),(16,1,'Marques et fournisseurs'),(17,1,'Marques'),(18,1,'Fournisseurs'),(19,1,'Fichiers'),(20,1,'Réductions'),(21,1,'Règles panier'),(22,1,'Règles de prix catalogue'),(23,1,'Stock'),(24,1,'Clients'),(25,1,'Clients'),(26,1,'Adresses'),(27,1,'Encours autorisés'),(28,1,'SAV'),(29,1,'SAV'),(30,1,'Messages prédéfinis'),(31,1,'Retours produits'),(32,1,'Statistiques'),(34,1,'Entrepôts'),(35,1,'Gestion du stock'),(37,1,'Mouvements de stock'),(38,1,'État instantané du stock'),(39,1,'Couverture du stock'),(40,1,'Commandes fournisseurs'),(41,1,'Paramètres'),(42,1,'Personnaliser'),(43,1,'Modules'),(44,1,'Gestionnaire de modules '),(45,1,'Modules'),(46,1,'Alertes'),(47,1,'Mises à jour'),(48,1,'Marketplace'),(49,1,'Marketplace'),(50,1,'Modules à la une'),(52,1,'Apparence'),(53,1,'Thème et logo'),(54,1,'Catalogue de thèmes'),(55,1,'Thème d\'email'),(56,1,'Thème d\'email'),(57,1,'Pages'),(58,1,'Positions'),(59,1,'Images'),(60,1,'Livraison'),(61,1,'Transporteurs'),(62,1,'Préférences'),(63,1,'Paiement'),(64,1,'Modes de paiement'),(65,1,'Préférences'),(66,1,'International'),(67,1,'Localisation'),(68,1,'Localisation'),(69,1,'Langues'),(70,1,'Devises'),(71,1,'Géolocalisation'),(72,1,'Zones géographiques'),(73,1,'Zones'),(74,1,'Pays'),(75,1,'États'),(76,1,'Taxes'),(77,1,'Taxes'),(78,1,'Règles de taxes'),(79,1,'Traductions'),(80,1,'Configurer'),(81,1,'Paramètres de la boutique'),(82,1,'Paramètres généraux'),(83,1,'Paramètres généraux'),(84,1,'Maintenance'),(85,1,'Commandes'),(86,1,'Commandes'),(87,1,'États de commandes'),(88,1,'Produits'),(89,1,'Clients'),(90,1,'Clients'),(91,1,'Groupes'),(92,1,'Titres de civilité'),(93,1,'Contact'),(94,1,'Contacts'),(95,1,'Magasins'),(96,1,'Trafic et SEO'),(97,1,'SEO & URL'),(98,1,'Moteurs de recherche'),(99,1,'Affiliés'),(100,1,'Rechercher'),(101,1,'Rechercher'),(102,1,'Mots-clés'),(103,1,'Paramètres avancés'),(104,1,'Informations'),(105,1,'Performances'),(106,1,'Administration'),(107,1,'Email'),(108,1,'Importer'),(109,1,'Équipe'),(110,1,'Employés'),(111,1,'Profils'),(112,1,'Permissions'),(113,1,'Base de données'),(114,1,'Gestionnaire SQL'),(115,1,'Sauvegarde BDD'),(116,1,'Logs'),(117,1,'Webservice'),(118,1,'Multiboutique'),(119,1,'Multiboutique'),(120,1,'Fonctionnalités expérimentales'),(121,1,'Accès rapide'),(122,1,'Détails'),(124,1,'Wishlist Module'),(125,1,'Configuration'),(126,1,'Statistics'),(127,1,'Dashgoals'),(128,1,'Notifications de Commande sur le Favicon'),(129,1,'Liste de liens'),(130,1,'Thème et logo'),(131,1,'Pages Configuration'),(132,1,'Personnalisation avancée'),(133,1,'Welcome'),(134,1,'Merchant Expertise'),(135,1,'RGPD Officiel '),(136,1,'RGPD Officiel '),(137,1,'Marketplace'),(138,1,'Modules à la une'),(139,1,'Recommended Modules and Services'),(140,1,'Catalogue de thèmes'),(141,1,'ps_buybuttonlite'),(142,1,'PrestaShop Checkout'),(143,1,'PrestaShop Checkout'),(144,1,'Statistiques'),(145,1,'PrestaShop Metrics'),(146,1,'Marketing'),(147,1,'Facebook'),(148,1,'ps_facebook'),(149,1,'Google'),(150,1,'psxmarketingwithgoogle'),(151,1,'AdminBlockListing');

--
-- Table structure for table `ps_tab_module_preference`
--

CREATE TABLE `ps_tab_module_preference` (
  `id_tab_module_preference` int NOT NULL AUTO_INCREMENT,
  `id_employee` int NOT NULL,
  `id_tab` int NOT NULL,
  `module` varchar(191) CHARACTER SET utf8mb4 COLLATE utf8mb4_general_ci NOT NULL,
  PRIMARY KEY (`id_tab_module_preference`),
  UNIQUE KEY `employee_module` (`id_employee`,`id_tab`,`module`)
) ENGINE=InnoDB DEFAULT CHARSET=utf8mb4 COLLATE=utf8mb4_general_ci;

--
-- Dumping data for table `ps_tab_module_preference`
--


--
-- Table structure for table `ps_tag`
--

CREATE TABLE `ps_tag` (
  `id_tag` int unsigned NOT NULL AUTO_INCREMENT,
  `id_lang` int unsigned NOT NULL,
  `name` varchar(32) CHARACTER SET utf8mb4 COLLATE utf8mb4_general_ci NOT NULL,
  PRIMARY KEY (`id_tag`),
  KEY `tag_name` (`name`),
  KEY `id_lang` (`id_lang`)
) ENGINE=InnoDB AUTO_INCREMENT=216 DEFAULT CHARSET=utf8mb4 COLLATE=utf8mb4_general_ci;

--
-- Dumping data for table `ps_tag`
--

INSERT INTO `ps_tag` VALUES (1,1,'cat1'),(2,1,'cat2'),(3,1,'cat21'),(4,1,'cat211'),(5,1,'cat212'),(6,1,'cat22'),(7,1,'cat23'),(8,1,'cat24'),(9,1,'cat3'),(10,1,'cat31'),(11,1,'cat32'),(12,1,'cat321'),(13,1,'cat322'),(14,1,'cat3221'),(15,1,'cat3222'),(16,1,'cat3223'),(17,1,'cat323'),(18,1,'cat3231'),(19,1,'cat3232'),(21,1,'cat325'),(22,1,'cat326'),(23,1,'cat33'),(24,1,'cat4'),(25,1,'cat5'),(26,1,'cat51'),(27,1,'cat52'),(28,1,'cat53'),(29,1,'cat6'),(30,1,'Epson'),(31,1,'HP'),(32,1,'Canon'),(39,1,'cat8'),(66,1,'cat14'),(67,1,'cat141'),(68,1,'cat142'),(69,1,'cat1421'),(70,1,'cat1422'),(71,1,'cat1423'),(72,1,'cat143'),(79,1,'cat333'),(80,1,'cat1312'),(83,1,'cat1314'),(84,1,'cat1311'),(86,1,'cat1313'),(87,1,'cat181'),(88,1,'cat1811'),(89,1,'cat1812'),(90,1,'cat18'),(91,1,'cat1813'),(94,1,'cat185'),(98,1,'cat183'),(102,1,'cat1853'),(104,1,'cat1833'),(106,1,'cat1831'),(116,1,'cat19'),(117,1,'cat1822'),(118,1,'cat182'),(119,1,'cat1821'),(128,1,'cat1825'),(129,1,'1821'),(130,1,'cat1823'),(133,1,'cat18211'),(134,1,'cat18213'),(137,1,'cat18222'),(138,1,'cat18221'),(139,1,'18213'),(141,1,'cat17'),(142,1,'cat1834'),(143,1,'cat1835'),(147,1,'cat18214'),(151,1,'cat1824'),(152,1,'cat18241'),(153,1,'cat18242'),(154,1,'cat1832'),(157,1,'superU'),(158,1,'cat10'),(159,1,'primagaz'),(160,1,'antargaz'),(161,1,'cat021'),(163,1,'cat20'),(165,1,'cat12'),(166,1,'butagaz'),(168,1,'buragaz'),(169,1,'cat9'),(170,1,'cat94'),(172,1,'cat0100'),(173,1,'cat92'),(175,1,'cat0103'),(177,1,'cat96'),(181,1,'floatyll'),(184,1,'finagaz'),(186,1,'cat222'),(187,1,'cat231'),(188,1,'cat25'),(189,1,'cat223'),(190,1,'cat221'),(193,1,'cat232'),(194,1,'cat961'),(195,1,'cat962'),(196,1,'cat964'),(198,1,'ca962'),(199,1,'cat963'),(201,1,'cat942'),(202,1,'cat921'),(203,1,'cat925'),(204,1,'cat924'),(205,1,'cat926'),(206,1,'cat922'),(208,1,'cat923'),(209,1,'cat941'),(210,1,'cat943'),(211,1,'cat01032'),(212,1,'cat01031'),(213,1,'cat0102'),(215,1,'cat0101');

--
-- Table structure for table `ps_tag_count`
--

CREATE TABLE `ps_tag_count` (
  `id_group` int unsigned NOT NULL DEFAULT '0',
  `id_tag` int unsigned NOT NULL DEFAULT '0',
  `id_lang` int unsigned NOT NULL DEFAULT '0',
  `id_shop` int unsigned NOT NULL DEFAULT '0',
  `counter` int unsigned NOT NULL DEFAULT '0',
  PRIMARY KEY (`id_group`,`id_tag`),
  KEY `id_group` (`id_group`,`id_lang`,`id_shop`,`counter`)
) ENGINE=InnoDB DEFAULT CHARSET=utf8mb4 COLLATE=utf8mb4_general_ci;

--
-- Dumping data for table `ps_tag_count`
--

INSERT INTO `ps_tag_count` VALUES (0,4017,0,1,4),(0,2582,0,1,9),(0,3985,0,1,20),(0,3995,0,1,61),(0,55,1,1,1),(0,79,1,1,1),(0,154,1,1,1),(0,168,1,1,1),(0,218,1,1,1),(0,221,1,1,1),(0,236,1,1,1),(0,256,1,1,1),(0,286,1,1,1),(0,287,1,1,1),(0,288,1,1,1),(0,289,1,1,1),(0,313,1,1,1),(0,320,1,1,1),(0,345,1,1,1),(0,397,1,1,1),(0,448,1,1,1),(0,449,1,1,1),(0,467,1,1,1),(0,475,1,1,1),(0,588,1,1,1),(0,589,1,1,1),(0,590,1,1,1),(0,591,1,1,1),(0,697,1,1,1),(0,698,1,1,1),(0,842,1,1,1),(0,843,1,1,1),(0,844,1,1,1),(0,919,1,1,1),(0,935,1,1,1),(0,936,1,1,1),(0,937,1,1,1),(0,1094,1,1,1),(0,1095,1,1,1),(0,1098,1,1,1),(0,1122,1,1,1),(0,1139,1,1,1),(0,1238,1,1,1),(0,1240,1,1,1),(0,1253,1,1,1),(0,1285,1,1,1),(0,1291,1,1,1),(0,1326,1,1,1),(0,1384,1,1,1),(0,1425,1,1,1),(0,1432,1,1,1),(0,1464,1,1,1),(0,1469,1,1,1),(0,1480,1,1,1),(0,1494,1,1,1),(0,1505,1,1,1),(0,1508,1,1,1),(0,1591,1,1,1),(0,1611,1,1,1),(0,1612,1,1,1),(0,1619,1,1,1),(0,1644,1,1,1),(0,1649,1,1,1),(0,1650,1,1,1),(0,1673,1,1,1),(0,1706,1,1,1),(0,1884,1,1,1),(0,1899,1,1,1),(0,1900,1,1,1),(0,1901,1,1,1),(0,2285,1,1,1),(0,2287,1,1,1),(0,2300,1,1,1),(0,2301,1,1,1),(0,2339,1,1,1),(0,2340,1,1,1),(0,2341,1,1,1),(0,2352,1,1,1),(0,2354,1,1,1),(0,2355,1,1,1),(0,2357,1,1,1),(0,2358,1,1,1),(0,2359,1,1,1),(0,2364,1,1,1),(0,2365,1,1,1),(0,2366,1,1,1),(0,2369,1,1,1),(0,2370,1,1,1),(0,2372,1,1,1),(0,2375,1,1,1),(0,2377,1,1,1),(0,2378,1,1,1),(0,2380,1,1,1),(0,2381,1,1,1),(0,2384,1,1,1),(0,2387,1,1,1),(0,2391,1,1,1),(0,2400,1,1,1),(0,2401,1,1,1),(0,2402,1,1,1),(0,2405,1,1,1),(0,2406,1,1,1),(0,2407,1,1,1),(0,2408,1,1,1),(0,2412,1,1,1),(0,2413,1,1,1),(0,2418,1,1,1),(0,2419,1,1,1),(0,2423,1,1,1),(0,2424,1,1,1),(0,2425,1,1,1),(0,2427,1,1,1),(0,2428,1,1,1),(0,2429,1,1,1),(0,2430,1,1,1),(0,2431,1,1,1),(0,2432,1,1,1),(0,2433,1,1,1),(0,2436,1,1,1),(0,2438,1,1,1),(0,2439,1,1,1),(0,2440,1,1,1),(0,2441,1,1,1),(0,2448,1,1,1),(0,2464,1,1,1),(0,2466,1,1,1),(0,2478,1,1,1),(0,2480,1,1,1),(0,2488,1,1,1),(0,2489,1,1,1),(0,2490,1,1,1),(0,2491,1,1,1),(0,2492,1,1,1),(0,2501,1,1,1),(0,2505,1,1,1),(0,2506,1,1,1),(0,2507,1,1,1),(0,2521,1,1,1),(0,2523,1,1,1),(0,2524,1,1,1),(0,2539,1,1,1),(0,2541,1,1,1),(0,2542,1,1,1),(0,2543,1,1,1),(0,2544,1,1,1),(0,2560,1,1,1),(0,2561,1,1,1),(0,2565,1,1,1),(0,2566,1,1,1),(0,2567,1,1,1),(0,2568,1,1,1),(0,2572,1,1,1),(0,2573,1,1,1),(0,2581,1,1,1),(0,2583,1,1,1),(0,2587,1,1,1),(0,2588,1,1,1),(0,2589,1,1,1),(0,2590,1,1,1),(0,2591,1,1,1),(0,2592,1,1,1),(0,2593,1,1,1),(0,2594,1,1,1),(0,2595,1,1,1),(0,2596,1,1,1),(0,2597,1,1,1),(0,2598,1,1,1),(0,2599,1,1,1),(0,2600,1,1,1),(0,2601,1,1,1),(0,2602,1,1,1),(0,2603,1,1,1),(0,2604,1,1,1),(0,2605,1,1,1),(0,2606,1,1,1),(0,2607,1,1,1),(0,2608,1,1,1),(0,2609,1,1,1),(0,2610,1,1,1),(0,2611,1,1,1),(0,2612,1,1,1),(0,2613,1,1,1),(0,2614,1,1,1),(0,2615,1,1,1),(0,2617,1,1,1),(0,2639,1,1,1),(0,2786,1,1,1),(0,2789,1,1,1),(0,2790,1,1,1),(0,2878,1,1,1),(0,2906,1,1,1),(0,2907,1,1,1),(0,2908,1,1,1),(0,2909,1,1,1),(0,2910,1,1,1),(0,2923,1,1,1),(0,2924,1,1,1),(0,2925,1,1,1),(0,2974,1,1,1),(0,2975,1,1,1),(0,2996,1,1,1),(0,2997,1,1,1),(0,2998,1,1,1),(0,3008,1,1,1),(0,3009,1,1,1),(0,3017,1,1,1),(0,3018,1,1,1),(0,3025,1,1,1),(0,3028,1,1,1),(0,3029,1,1,1),(0,3030,1,1,1),(0,3037,1,1,1),(0,3038,1,1,1),(0,3039,1,1,1),(0,3042,1,1,1),(0,3043,1,1,1),(0,3044,1,1,1),(0,3045,1,1,1),(0,3050,1,1,1),(0,3051,1,1,1),(0,3052,1,1,1),(0,3069,1,1,1),(0,3070,1,1,1),(0,3071,1,1,1),(0,3072,1,1,1),(0,3073,1,1,1),(0,3074,1,1,1),(0,3075,1,1,1),(0,3077,1,1,1),(0,3078,1,1,1),(0,3079,1,1,1),(0,3080,1,1,1),(0,3081,1,1,1),(0,3082,1,1,1),(0,3083,1,1,1),(0,3084,1,1,1),(0,3087,1,1,1),(0,3088,1,1,1),(0,3089,1,1,1),(0,3092,1,1,1),(0,3093,1,1,1),(0,3094,1,1,1),(0,3095,1,1,1),(0,3096,1,1,1),(0,3097,1,1,1),(0,3098,1,1,1),(0,3099,1,1,1),(0,3100,1,1,1),(0,3104,1,1,1),(0,3105,1,1,1),(0,3106,1,1,1),(0,3107,1,1,1),(0,3108,1,1,1),(0,3109,1,1,1),(0,3110,1,1,1),(0,3113,1,1,1),(0,3115,1,1,1),(0,3116,1,1,1),(0,3117,1,1,1),(0,3118,1,1,1),(0,3119,1,1,1),(0,3120,1,1,1),(0,3121,1,1,1),(0,3122,1,1,1),(0,3124,1,1,1),(0,3126,1,1,1),(0,3127,1,1,1),(0,3128,1,1,1),(0,3129,1,1,1),(0,3130,1,1,1),(0,3131,1,1,1),(0,3132,1,1,1),(0,3133,1,1,1),(0,3134,1,1,1),(0,3135,1,1,1),(0,3137,1,1,1),(0,3138,1,1,1),(0,3139,1,1,1),(0,3140,1,1,1),(0,3141,1,1,1),(0,3142,1,1,1),(0,3144,1,1,1),(0,3145,1,1,1),(0,3146,1,1,1),(0,3147,1,1,1),(0,3149,1,1,1),(0,3151,1,1,1),(0,3152,1,1,1),(0,3154,1,1,1),(0,3156,1,1,1),(0,3157,1,1,1),(0,3158,1,1,1),(0,3159,1,1,1),(0,3160,1,1,1),(0,3161,1,1,1),(0,3162,1,1,1),(0,3163,1,1,1),(0,3166,1,1,1),(0,3169,1,1,1),(0,3170,1,1,1),(0,3171,1,1,1),(0,3175,1,1,1),(0,3178,1,1,1),(0,3180,1,1,1),(0,3181,1,1,1),(0,3185,1,1,1),(0,3186,1,1,1),(0,3187,1,1,1),(0,3188,1,1,1),(0,3189,1,1,1),(0,3190,1,1,1),(0,3191,1,1,1),(0,3192,1,1,1),(0,3193,1,1,1),(0,3194,1,1,1),(0,3195,1,1,1),(0,3196,1,1,1),(0,3197,1,1,1),(0,3198,1,1,1),(0,3203,1,1,1),(0,3204,1,1,1),(0,3205,1,1,1),(0,3206,1,1,1),(0,3208,1,1,1),(0,3209,1,1,1),(0,3220,1,1,1),(0,3221,1,1,1),(0,3222,1,1,1),(0,3262,1,1,1),(0,3263,1,1,1),(0,3266,1,1,1),(0,3270,1,1,1),(0,3271,1,1,1),(0,3272,1,1,1),(0,3273,1,1,1),(0,3285,1,1,1),(0,3288,1,1,1),(0,3292,1,1,1),(0,3293,1,1,1),(0,3294,1,1,1),(0,3299,1,1,1),(0,3317,1,1,1),(0,3342,1,1,1),(0,3343,1,1,1),(0,3344,1,1,1),(0,3345,1,1,1),(0,3350,1,1,1),(0,3359,1,1,1),(0,3360,1,1,1),(0,3361,1,1,1),(0,3367,1,1,1),(0,3368,1,1,1),(0,3369,1,1,1),(0,3378,1,1,1),(0,3379,1,1,1),(0,3380,1,1,1),(0,3381,1,1,1),(0,3382,1,1,1),(0,3383,1,1,1),(0,3393,1,1,1),(0,3394,1,1,1),(0,3395,1,1,1),(0,3396,1,1,1),(0,3401,1,1,1),(0,3402,1,1,1),(0,3403,1,1,1),(0,3404,1,1,1),(0,3405,1,1,1),(0,3406,1,1,1),(0,3407,1,1,1),(0,3408,1,1,1),(0,3409,1,1,1),(0,3416,1,1,1),(0,3417,1,1,1),(0,3420,1,1,1),(0,3421,1,1,1),(0,3422,1,1,1),(0,3426,1,1,1),(0,3430,1,1,1),(0,3431,1,1,1),(0,3432,1,1,1),(0,3434,1,1,1),(0,3435,1,1,1),(0,3441,1,1,1),(0,3442,1,1,1),(0,3443,1,1,1),(0,3448,1,1,1),(0,3449,1,1,1),(0,3450,1,1,1),(0,3457,1,1,1),(0,3458,1,1,1),(0,3459,1,1,1),(0,3460,1,1,1),(0,3461,1,1,1),(0,3462,1,1,1),(0,3468,1,1,1),(0,3469,1,1,1),(0,3470,1,1,1),(0,3471,1,1,1),(0,3472,1,1,1),(0,3473,1,1,1),(0,3475,1,1,1),(0,3491,1,1,1),(0,3492,1,1,1),(0,3493,1,1,1),(0,3494,1,1,1),(0,3495,1,1,1),(0,3496,1,1,1),(0,3497,1,1,1),(0,3498,1,1,1),(0,3499,1,1,1),(0,3502,1,1,1),(0,3506,1,1,1),(0,3512,1,1,1),(0,3513,1,1,1),(0,3514,1,1,1),(0,3515,1,1,1),(0,3516,1,1,1),(0,3517,1,1,1),(0,3520,1,1,1),(0,3521,1,1,1),(0,3538,1,1,1),(0,3539,1,1,1),(0,3540,1,1,1),(0,3541,1,1,1),(0,3546,1,1,1),(0,3547,1,1,1),(0,3548,1,1,1),(0,3549,1,1,1),(0,3551,1,1,1),(0,3555,1,1,1),(0,3556,1,1,1),(0,3557,1,1,1),(0,3560,1,1,1),(0,3561,1,1,1),(0,3562,1,1,1),(0,3563,1,1,1),(0,3568,1,1,1),(0,3569,1,1,1),(0,3570,1,1,1),(0,3571,1,1,1),(0,3574,1,1,1),(0,3575,1,1,1),(0,3588,1,1,1),(0,3589,1,1,1),(0,3590,1,1,1),(0,3591,1,1,1),(0,3592,1,1,1),(0,3594,1,1,1),(0,3600,1,1,1),(0,3601,1,1,1),(0,3602,1,1,1),(0,3603,1,1,1),(0,3604,1,1,1),(0,3605,1,1,1),(0,3606,1,1,1),(0,3607,1,1,1),(0,3608,1,1,1),(0,3609,1,1,1),(0,3610,1,1,1),(0,3611,1,1,1),(0,3612,1,1,1),(0,3613,1,1,1),(0,3614,1,1,1),(0,3615,1,1,1),(0,3618,1,1,1),(0,3623,1,1,1),(0,3624,1,1,1),(0,3625,1,1,1),(0,3626,1,1,1),(0,3627,1,1,1),(0,3628,1,1,1),(0,3629,1,1,1),(0,3634,1,1,1),(0,3635,1,1,1),(0,3636,1,1,1),(0,3637,1,1,1),(0,3638,1,1,1),(0,3639,1,1,1),(0,3640,1,1,1),(0,3641,1,1,1),(0,3642,1,1,1),(0,3643,1,1,1),(0,3644,1,1,1),(0,3645,1,1,1),(0,3646,1,1,1),(0,3647,1,1,1),(0,3648,1,1,1),(0,3649,1,1,1),(0,3650,1,1,1),(0,3651,1,1,1),(0,3652,1,1,1),(0,3653,1,1,1),(0,3654,1,1,1),(0,3655,1,1,1),(0,3656,1,1,1),(0,3657,1,1,1),(0,3660,1,1,1),(0,3661,1,1,1),(0,3662,1,1,1),(0,3665,1,1,1),(0,3666,1,1,1),(0,3667,1,1,1),(0,3668,1,1,1),(0,3669,1,1,1),(0,3672,1,1,1),(0,3673,1,1,1),(0,3674,1,1,1),(0,3675,1,1,1),(0,3695,1,1,1),(0,3696,1,1,1),(0,3727,1,1,1),(0,3757,1,1,1),(0,3758,1,1,1),(0,3779,1,1,1),(0,3780,1,1,1),(0,3781,1,1,1),(0,3782,1,1,1),(0,3783,1,1,1),(0,3787,1,1,1),(0,3788,1,1,1),(0,3789,1,1,1),(0,3790,1,1,1),(0,3793,1,1,1),(0,3800,1,1,1),(0,3801,1,1,1),(0,3802,1,1,1),(0,3804,1,1,1),(0,3809,1,1,1),(0,3810,1,1,1),(0,3811,1,1,1),(0,3812,1,1,1),(0,3814,1,1,1),(0,3818,1,1,1),(0,3821,1,1,1),(0,3822,1,1,1),(0,3824,1,1,1),(0,3826,1,1,1),(0,3829,1,1,1),(0,3830,1,1,1),(0,3834,1,1,1),(0,3836,1,1,1),(0,3839,1,1,1),(0,3840,1,1,1),(0,3842,1,1,1),(0,3845,1,1,1),(0,3847,1,1,1),(0,3849,1,1,1),(0,3851,1,1,1),(0,3853,1,1,1),(0,3855,1,1,1),(0,3857,1,1,1),(0,3859,1,1,1),(0,3861,1,1,1),(0,3864,1,1,1),(0,3868,1,1,1),(0,3872,1,1,1),(0,3876,1,1,1),(0,3879,1,1,1),(0,3880,1,1,1),(0,3882,1,1,1),(0,3884,1,1,1),(0,3888,1,1,1),(0,3889,1,1,1),(0,3890,1,1,1),(0,3892,1,1,1),(0,3896,1,1,1),(0,3901,1,1,1),(0,3904,1,1,1),(0,3910,1,1,1),(0,3913,1,1,1),(0,3920,1,1,1),(0,3924,1,1,1),(0,3926,1,1,1),(0,3927,1,1,1),(0,3929,1,1,1),(0,3933,1,1,1),(0,3935,1,1,1),(0,3937,1,1,1),(0,3943,1,1,1),(0,3945,1,1,1),(0,3948,1,1,1),(0,3951,1,1,1),(0,3952,1,1,1),(0,3957,1,1,1),(0,3958,1,1,1),(0,3966,1,1,1),(0,3969,1,1,1),(0,3971,1,1,1),(0,3973,1,1,1),(0,3974,1,1,1),(0,3977,1,1,1),(0,3978,1,1,1),(0,27,1,1,2),(0,86,1,1,2),(0,163,1,1,2),(0,181,1,1,2),(0,281,1,1,2),(0,292,1,1,2),(0,302,1,1,2),(0,303,1,1,2),(0,311,1,1,2),(0,509,1,1,2),(0,510,1,1,2),(0,511,1,1,2),(0,694,1,1,2),(0,1001,1,1,2),(0,1146,1,1,2),(0,1182,1,1,2),(0,1239,1,1,2),(0,1286,1,1,2),(0,1380,1,1,2),(0,1420,1,1,2),(0,1426,1,1,2),(0,1440,1,1,2),(0,1451,1,1,2),(0,1452,1,1,2),(0,1453,1,1,2),(0,1477,1,1,2),(0,1483,1,1,2),(0,1507,1,1,2),(0,1514,1,1,2),(0,1515,1,1,2),(0,1518,1,1,2),(0,1559,1,1,2),(0,1565,1,1,2),(0,1568,1,1,2),(0,1666,1,1,2),(0,1688,1,1,2),(0,1710,1,1,2),(0,1778,1,1,2),(0,1793,1,1,2),(0,1902,1,1,2),(0,2002,1,1,2),(0,2277,1,1,2),(0,2330,1,1,2),(0,2336,1,1,2),(0,2337,1,1,2),(0,2338,1,1,2),(0,2347,1,1,2),(0,2349,1,1,2),(0,2379,1,1,2),(0,2385,1,1,2),(0,2386,1,1,2),(0,2393,1,1,2),(0,2410,1,1,2),(0,2411,1,1,2),(0,2675,1,1,2),(0,2761,1,1,2),(0,3076,1,1,2),(0,3199,1,1,2),(0,3200,1,1,2),(0,3201,1,1,2),(0,3202,1,1,2),(0,3418,1,1,2),(0,3419,1,1,2),(0,3689,1,1,2),(0,3700,1,1,2),(0,3705,1,1,2),(0,3719,1,1,2),(0,3724,1,1,2),(0,3737,1,1,2),(0,3755,1,1,2),(0,3762,1,1,2),(0,3816,1,1,2),(0,3866,1,1,2),(0,3871,1,1,2),(0,3875,1,1,2),(0,3898,1,1,2),(0,3906,1,1,2),(0,3916,1,1,2),(0,3941,1,1,2),(0,3982,1,1,2),(0,8,1,1,3),(0,89,1,1,3),(0,495,1,1,3),(0,496,1,1,3),(0,1028,1,1,3),(0,1138,1,1,3),(0,1143,1,1,3),(0,1144,1,1,3),(0,1207,1,1,3),(0,1331,1,1,3),(0,1383,1,1,3),(0,1424,1,1,3),(0,1497,1,1,3),(0,1657,1,1,3),(0,1679,1,1,3),(0,2276,1,1,3),(0,2558,1,1,3),(0,3179,1,1,3),(0,3732,1,1,3),(0,3922,1,1,3),(0,3939,1,1,3),(0,3962,1,1,3),(0,3994,1,1,3),(0,22,1,1,4),(0,130,1,1,4),(0,1406,1,1,4),(0,1450,1,1,4),(0,1481,1,1,4),(0,1493,1,1,4),(0,1620,1,1,4),(0,1648,1,1,4),(0,1709,1,1,4),(0,1777,1,1,4),(0,2117,1,1,4),(0,2399,1,1,4),(0,2653,1,1,4),(0,3664,1,1,4),(0,3680,1,1,4),(0,3687,1,1,4),(0,3697,1,1,4),(0,3706,1,1,4),(0,3756,1,1,4),(0,7,1,1,5),(0,28,1,1,5),(0,142,1,1,5),(0,143,1,1,5),(0,187,1,1,5),(0,1113,1,1,5),(0,1431,1,1,5),(0,1645,1,1,5),(0,1676,1,1,5),(0,1806,1,1,5),(0,2286,1,1,5),(0,2667,1,1,5),(0,3908,1,1,5),(0,3979,1,1,5),(0,5163,1,1,5),(0,5210,1,1,5),(0,70,1,1,6),(0,71,1,1,6),(0,1404,1,1,6),(0,2001,1,1,6),(0,3267,1,1,6),(0,3960,1,1,6),(0,3987,1,1,6),(0,3991,1,1,6),(0,5161,1,1,6),(0,2540,1,1,7),(0,2620,1,1,7),(0,3678,1,1,7),(0,3921,1,1,7),(0,49,1,1,8),(0,250,1,1,8),(0,1423,1,1,8),(0,1467,1,1,8),(0,1640,1,1,8),(0,1683,1,1,8),(0,54,1,1,9),(0,128,1,1,9),(0,83,1,1,10),(0,1107,1,1,10),(0,1655,1,1,10),(0,3701,1,1,10),(0,84,1,1,11),(0,104,1,1,11),(0,3989,1,1,12),(0,1056,1,1,13),(0,1999,1,1,13),(0,2426,1,1,13),(0,5208,1,1,13),(0,1106,1,1,14),(0,1983,1,1,14),(0,1984,1,1,14),(0,87,1,1,15),(0,1972,1,1,15),(0,1973,1,1,15),(0,5160,1,1,15),(0,5162,1,1,15),(0,69,1,1,16),(0,106,1,1,16),(0,161,1,1,16),(0,1959,1,1,16),(0,1960,1,1,16),(0,1961,1,1,16),(0,1962,1,1,16),(0,1974,1,1,16),(0,1123,1,1,17),(0,3741,1,1,17),(0,76,1,1,18),(0,138,1,1,19),(0,1096,1,1,19),(0,26,1,1,21),(0,1334,1,1,21),(0,1105,1,1,22),(0,1179,1,1,22),(0,1958,1,1,22),(0,72,1,1,23),(0,10,1,1,24),(0,5205,1,1,24),(0,80,1,1,26),(0,68,1,1,28),(0,117,1,1,28),(0,2450,1,1,30),(0,133,1,1,31),(0,98,1,1,32),(0,999,1,1,32),(0,119,1,1,34),(0,5211,1,1,34),(0,39,1,1,42),(0,74,1,1,46),(0,67,1,1,47),(0,5159,1,1,47),(0,17,1,1,53),(0,30,1,1,57),(0,25,1,1,59),(0,118,1,1,60),(0,75,1,1,72),(0,32,1,1,73),(0,73,1,1,88),(0,23,1,1,91),(0,66,1,1,92),(0,24,1,1,98),(0,31,1,1,100),(0,90,1,1,108),(0,5,1,1,120),(0,1,1,1,133),(0,11,1,1,155),(0,3,1,1,261),(0,9,1,1,261),(0,2,1,1,387),(1,4017,0,1,4),(1,2582,0,1,9),(1,3995,0,1,51),(1,55,1,1,1),(1,79,1,1,1),(1,154,1,1,1),(1,168,1,1,1),(1,218,1,1,1),(1,221,1,1,1),(1,236,1,1,1),(1,256,1,1,1),(1,286,1,1,1),(1,287,1,1,1),(1,288,1,1,1),(1,289,1,1,1),(1,313,1,1,1),(1,320,1,1,1),(1,345,1,1,1),(1,397,1,1,1),(1,448,1,1,1),(1,449,1,1,1),(1,467,1,1,1),(1,475,1,1,1),(1,588,1,1,1),(1,589,1,1,1),(1,590,1,1,1),(1,591,1,1,1),(1,697,1,1,1),(1,698,1,1,1),(1,842,1,1,1),(1,843,1,1,1),(1,844,1,1,1),(1,919,1,1,1),(1,935,1,1,1),(1,936,1,1,1),(1,937,1,1,1),(1,1094,1,1,1),(1,1095,1,1,1),(1,1098,1,1,1),(1,1122,1,1,1),(1,1139,1,1,1),(1,1238,1,1,1),(1,1240,1,1,1),(1,1253,1,1,1),(1,1285,1,1,1),(1,1291,1,1,1),(1,1326,1,1,1),(1,1384,1,1,1),(1,1425,1,1,1),(1,1432,1,1,1),(1,1464,1,1,1),(1,1469,1,1,1),(1,1480,1,1,1),(1,1494,1,1,1),(1,1505,1,1,1),(1,1508,1,1,1),(1,1591,1,1,1),(1,1611,1,1,1),(1,1612,1,1,1),(1,1619,1,1,1),(1,1644,1,1,1),(1,1649,1,1,1),(1,1650,1,1,1),(1,1673,1,1,1),(1,1706,1,1,1),(1,1884,1,1,1),(1,1899,1,1,1),(1,1900,1,1,1),(1,1901,1,1,1),(1,2285,1,1,1),(1,2287,1,1,1),(1,2300,1,1,1),(1,2301,1,1,1),(1,2339,1,1,1),(1,2340,1,1,1),(1,2341,1,1,1),(1,2352,1,1,1),(1,2354,1,1,1),(1,2355,1,1,1),(1,2357,1,1,1),(1,2358,1,1,1),(1,2359,1,1,1),(1,2364,1,1,1),(1,2365,1,1,1),(1,2366,1,1,1),(1,2369,1,1,1),(1,2370,1,1,1),(1,2372,1,1,1),(1,2375,1,1,1),(1,2377,1,1,1),(1,2378,1,1,1),(1,2380,1,1,1),(1,2381,1,1,1),(1,2384,1,1,1),(1,2387,1,1,1),(1,2391,1,1,1),(1,2400,1,1,1),(1,2401,1,1,1),(1,2402,1,1,1),(1,2405,1,1,1),(1,2406,1,1,1),(1,2407,1,1,1),(1,2408,1,1,1),(1,2412,1,1,1),(1,2413,1,1,1),(1,2418,1,1,1),(1,2419,1,1,1),(1,2423,1,1,1),(1,2424,1,1,1),(1,2425,1,1,1),(1,2427,1,1,1),(1,2428,1,1,1),(1,2429,1,1,1),(1,2430,1,1,1),(1,2431,1,1,1),(1,2432,1,1,1),(1,2433,1,1,1),(1,2436,1,1,1),(1,2438,1,1,1),(1,2439,1,1,1),(1,2440,1,1,1),(1,2441,1,1,1),(1,2448,1,1,1),(1,2464,1,1,1),(1,2466,1,1,1),(1,2478,1,1,1),(1,2480,1,1,1),(1,2488,1,1,1),(1,2489,1,1,1),(1,2490,1,1,1),(1,2491,1,1,1),(1,2492,1,1,1),(1,2501,1,1,1),(1,2505,1,1,1),(1,2506,1,1,1),(1,2507,1,1,1),(1,2521,1,1,1),(1,2523,1,1,1),(1,2524,1,1,1),(1,2539,1,1,1),(1,2541,1,1,1),(1,2542,1,1,1),(1,2543,1,1,1),(1,2544,1,1,1),(1,2560,1,1,1),(1,2561,1,1,1),(1,2565,1,1,1),(1,2566,1,1,1),(1,2567,1,1,1),(1,2568,1,1,1),(1,2572,1,1,1),(1,2573,1,1,1),(1,2581,1,1,1),(1,2583,1,1,1),(1,2587,1,1,1),(1,2588,1,1,1),(1,2589,1,1,1),(1,2590,1,1,1),(1,2591,1,1,1),(1,2592,1,1,1),(1,2593,1,1,1),(1,2594,1,1,1),(1,2595,1,1,1),(1,2596,1,1,1),(1,2597,1,1,1),(1,2598,1,1,1),(1,2599,1,1,1),(1,2600,1,1,1),(1,2601,1,1,1),(1,2602,1,1,1),(1,2603,1,1,1),(1,2604,1,1,1),(1,2605,1,1,1),(1,2606,1,1,1),(1,2607,1,1,1),(1,2608,1,1,1),(1,2609,1,1,1),(1,2610,1,1,1),(1,2611,1,1,1),(1,2612,1,1,1),(1,2613,1,1,1),(1,2614,1,1,1),(1,2615,1,1,1),(1,2617,1,1,1),(1,2639,1,1,1),(1,2786,1,1,1),(1,2789,1,1,1),(1,2790,1,1,1),(1,2878,1,1,1),(1,2906,1,1,1),(1,2907,1,1,1),(1,2908,1,1,1),(1,2909,1,1,1),(1,2910,1,1,1),(1,2923,1,1,1),(1,2924,1,1,1),(1,2925,1,1,1),(1,2974,1,1,1),(1,2975,1,1,1),(1,2996,1,1,1),(1,2997,1,1,1),(1,2998,1,1,1),(1,3008,1,1,1),(1,3009,1,1,1),(1,3017,1,1,1),(1,3018,1,1,1),(1,3025,1,1,1),(1,3028,1,1,1),(1,3029,1,1,1),(1,3030,1,1,1),(1,3037,1,1,1),(1,3038,1,1,1),(1,3039,1,1,1),(1,3042,1,1,1),(1,3043,1,1,1),(1,3044,1,1,1),(1,3045,1,1,1),(1,3050,1,1,1),(1,3051,1,1,1),(1,3052,1,1,1),(1,3069,1,1,1),(1,3070,1,1,1),(1,3071,1,1,1),(1,3072,1,1,1),(1,3073,1,1,1),(1,3074,1,1,1),(1,3075,1,1,1),(1,3077,1,1,1),(1,3078,1,1,1),(1,3079,1,1,1),(1,3080,1,1,1),(1,3081,1,1,1),(1,3082,1,1,1),(1,3083,1,1,1),(1,3084,1,1,1),(1,3087,1,1,1),(1,3088,1,1,1),(1,3089,1,1,1),(1,3092,1,1,1),(1,3093,1,1,1),(1,3094,1,1,1),(1,3095,1,1,1),(1,3096,1,1,1),(1,3097,1,1,1),(1,3098,1,1,1),(1,3099,1,1,1),(1,3100,1,1,1),(1,3104,1,1,1),(1,3105,1,1,1),(1,3106,1,1,1),(1,3107,1,1,1),(1,3108,1,1,1),(1,3109,1,1,1),(1,3110,1,1,1),(1,3113,1,1,1),(1,3115,1,1,1),(1,3116,1,1,1),(1,3117,1,1,1),(1,3118,1,1,1),(1,3119,1,1,1),(1,3120,1,1,1),(1,3121,1,1,1),(1,3122,1,1,1),(1,3124,1,1,1),(1,3126,1,1,1),(1,3127,1,1,1),(1,3128,1,1,1),(1,3129,1,1,1),(1,3130,1,1,1),(1,3131,1,1,1),(1,3132,1,1,1),(1,3133,1,1,1),(1,3134,1,1,1),(1,3135,1,1,1),(1,3137,1,1,1),(1,3138,1,1,1),(1,3139,1,1,1),(1,3140,1,1,1),(1,3141,1,1,1),(1,3142,1,1,1),(1,3144,1,1,1),(1,3145,1,1,1),(1,3146,1,1,1),(1,3147,1,1,1),(1,3149,1,1,1),(1,3151,1,1,1),(1,3152,1,1,1),(1,3154,1,1,1),(1,3156,1,1,1),(1,3157,1,1,1),(1,3158,1,1,1),(1,3159,1,1,1),(1,3160,1,1,1),(1,3161,1,1,1),(1,3162,1,1,1),(1,3163,1,1,1),(1,3166,1,1,1),(1,3169,1,1,1),(1,3170,1,1,1),(1,3171,1,1,1),(1,3175,1,1,1),(1,3178,1,1,1),(1,3180,1,1,1),(1,3181,1,1,1),(1,3185,1,1,1),(1,3186,1,1,1),(1,3187,1,1,1),(1,3188,1,1,1),(1,3189,1,1,1),(1,3190,1,1,1),(1,3191,1,1,1),(1,3192,1,1,1),(1,3193,1,1,1),(1,3194,1,1,1),(1,3195,1,1,1),(1,3196,1,1,1),(1,3197,1,1,1),(1,3198,1,1,1),(1,3203,1,1,1),(1,3204,1,1,1),(1,3205,1,1,1),(1,3206,1,1,1),(1,3208,1,1,1),(1,3209,1,1,1),(1,3220,1,1,1),(1,3221,1,1,1),(1,3222,1,1,1),(1,3262,1,1,1),(1,3263,1,1,1),(1,3266,1,1,1),(1,3270,1,1,1),(1,3271,1,1,1),(1,3272,1,1,1),(1,3273,1,1,1),(1,3285,1,1,1),(1,3288,1,1,1),(1,3292,1,1,1),(1,3293,1,1,1),(1,3294,1,1,1),(1,3299,1,1,1),(1,3317,1,1,1),(1,3342,1,1,1),(1,3343,1,1,1),(1,3344,1,1,1),(1,3345,1,1,1),(1,3350,1,1,1),(1,3359,1,1,1),(1,3360,1,1,1),(1,3361,1,1,1),(1,3367,1,1,1),(1,3368,1,1,1),(1,3369,1,1,1),(1,3378,1,1,1),(1,3379,1,1,1),(1,3380,1,1,1),(1,3381,1,1,1),(1,3382,1,1,1),(1,3383,1,1,1),(1,3393,1,1,1),(1,3394,1,1,1),(1,3395,1,1,1),(1,3396,1,1,1),(1,3401,1,1,1),(1,3402,1,1,1),(1,3403,1,1,1),(1,3404,1,1,1),(1,3405,1,1,1),(1,3406,1,1,1),(1,3407,1,1,1),(1,3408,1,1,1),(1,3409,1,1,1),(1,3416,1,1,1),(1,3417,1,1,1),(1,3420,1,1,1),(1,3421,1,1,1),(1,3422,1,1,1),(1,3426,1,1,1),(1,3430,1,1,1),(1,3431,1,1,1),(1,3432,1,1,1),(1,3434,1,1,1),(1,3435,1,1,1),(1,3441,1,1,1),(1,3442,1,1,1),(1,3443,1,1,1),(1,3448,1,1,1),(1,3449,1,1,1),(1,3450,1,1,1),(1,3457,1,1,1),(1,3458,1,1,1),(1,3459,1,1,1),(1,3460,1,1,1),(1,3461,1,1,1),(1,3462,1,1,1),(1,3468,1,1,1),(1,3469,1,1,1),(1,3470,1,1,1),(1,3471,1,1,1),(1,3472,1,1,1),(1,3473,1,1,1),(1,3475,1,1,1),(1,3491,1,1,1),(1,3492,1,1,1),(1,3493,1,1,1),(1,3494,1,1,1),(1,3495,1,1,1),(1,3496,1,1,1),(1,3497,1,1,1),(1,3498,1,1,1),(1,3499,1,1,1),(1,3502,1,1,1),(1,3506,1,1,1),(1,3512,1,1,1),(1,3513,1,1,1),(1,3514,1,1,1),(1,3515,1,1,1),(1,3516,1,1,1),(1,3517,1,1,1),(1,3520,1,1,1),(1,3521,1,1,1),(1,3538,1,1,1),(1,3539,1,1,1),(1,3540,1,1,1),(1,3541,1,1,1),(1,3546,1,1,1),(1,3547,1,1,1),(1,3548,1,1,1),(1,3549,1,1,1),(1,3551,1,1,1),(1,3555,1,1,1),(1,3556,1,1,1),(1,3557,1,1,1),(1,3560,1,1,1),(1,3561,1,1,1),(1,3562,1,1,1),(1,3563,1,1,1),(1,3568,1,1,1),(1,3569,1,1,1),(1,3570,1,1,1),(1,3571,1,1,1),(1,3574,1,1,1),(1,3575,1,1,1),(1,3588,1,1,1),(1,3589,1,1,1),(1,3590,1,1,1),(1,3591,1,1,1),(1,3592,1,1,1),(1,3594,1,1,1),(1,3600,1,1,1),(1,3601,1,1,1),(1,3602,1,1,1),(1,3603,1,1,1),(1,3604,1,1,1),(1,3605,1,1,1),(1,3606,1,1,1),(1,3607,1,1,1),(1,3608,1,1,1),(1,3609,1,1,1),(1,3610,1,1,1),(1,3611,1,1,1),(1,3612,1,1,1),(1,3613,1,1,1),(1,3614,1,1,1),(1,3615,1,1,1),(1,3618,1,1,1),(1,3623,1,1,1),(1,3624,1,1,1),(1,3625,1,1,1),(1,3626,1,1,1),(1,3627,1,1,1),(1,3628,1,1,1),(1,3629,1,1,1),(1,3634,1,1,1),(1,3635,1,1,1),(1,3636,1,1,1),(1,3637,1,1,1),(1,3638,1,1,1),(1,3639,1,1,1),(1,3640,1,1,1),(1,3641,1,1,1),(1,3642,1,1,1),(1,3643,1,1,1),(1,3644,1,1,1),(1,3645,1,1,1),(1,3646,1,1,1),(1,3647,1,1,1),(1,3648,1,1,1),(1,3649,1,1,1),(1,3650,1,1,1),(1,3651,1,1,1),(1,3652,1,1,1),(1,3653,1,1,1),(1,3654,1,1,1),(1,3655,1,1,1),(1,3656,1,1,1),(1,3657,1,1,1),(1,3660,1,1,1),(1,3661,1,1,1),(1,3662,1,1,1),(1,3665,1,1,1),(1,3666,1,1,1),(1,3667,1,1,1),(1,3668,1,1,1),(1,3669,1,1,1),(1,3672,1,1,1),(1,3673,1,1,1),(1,3674,1,1,1),(1,3675,1,1,1),(1,3695,1,1,1),(1,3696,1,1,1),(1,3727,1,1,1),(1,3757,1,1,1),(1,3758,1,1,1),(1,3779,1,1,1),(1,3780,1,1,1),(1,3781,1,1,1),(1,3782,1,1,1),(1,3783,1,1,1),(1,3787,1,1,1),(1,3788,1,1,1),(1,3789,1,1,1),(1,3790,1,1,1),(1,3793,1,1,1),(1,3800,1,1,1),(1,3801,1,1,1),(1,3802,1,1,1),(1,3804,1,1,1),(1,3809,1,1,1),(1,3810,1,1,1),(1,3811,1,1,1),(1,3812,1,1,1),(1,3814,1,1,1),(1,3818,1,1,1),(1,3821,1,1,1),(1,3822,1,1,1),(1,3824,1,1,1),(1,3826,1,1,1),(1,3829,1,1,1),(1,3830,1,1,1),(1,3834,1,1,1),(1,3836,1,1,1),(1,3839,1,1,1),(1,3840,1,1,1),(1,3842,1,1,1),(1,3845,1,1,1),(1,3847,1,1,1),(1,3849,1,1,1),(1,3851,1,1,1),(1,3853,1,1,1),(1,3855,1,1,1),(1,3857,1,1,1),(1,3859,1,1,1),(1,3861,1,1,1),(1,3864,1,1,1),(1,3868,1,1,1),(1,3872,1,1,1),(1,3876,1,1,1),(1,3879,1,1,1),(1,3880,1,1,1),(1,3882,1,1,1),(1,3884,1,1,1),(1,3888,1,1,1),(1,3889,1,1,1),(1,3890,1,1,1),(1,3892,1,1,1),(1,3896,1,1,1),(1,3901,1,1,1),(1,3904,1,1,1),(1,3910,1,1,1),(1,3913,1,1,1),(1,3920,1,1,1),(1,3924,1,1,1),(1,3926,1,1,1),(1,3927,1,1,1),(1,3929,1,1,1),(1,3933,1,1,1),(1,3935,1,1,1),(1,3937,1,1,1),(1,3943,1,1,1),(1,3945,1,1,1),(1,3948,1,1,1),(1,3951,1,1,1),(1,3952,1,1,1),(1,3957,1,1,1),(1,3958,1,1,1),(1,3966,1,1,1),(1,3969,1,1,1),(1,3971,1,1,1),(1,3973,1,1,1),(1,3974,1,1,1),(1,3977,1,1,1),(1,3978,1,1,1),(1,27,1,1,2),(1,86,1,1,2),(1,163,1,1,2),(1,181,1,1,2),(1,281,1,1,2),(1,292,1,1,2),(1,302,1,1,2),(1,303,1,1,2),(1,311,1,1,2),(1,509,1,1,2),(1,510,1,1,2),(1,511,1,1,2),(1,694,1,1,2),(1,1001,1,1,2),(1,1146,1,1,2),(1,1182,1,1,2),(1,1239,1,1,2),(1,1286,1,1,2),(1,1380,1,1,2),(1,1420,1,1,2),(1,1426,1,1,2),(1,1440,1,1,2),(1,1451,1,1,2),(1,1452,1,1,2),(1,1453,1,1,2),(1,1477,1,1,2),(1,1483,1,1,2),(1,1507,1,1,2),(1,1514,1,1,2),(1,1515,1,1,2),(1,1518,1,1,2),(1,1559,1,1,2),(1,1565,1,1,2),(1,1568,1,1,2),(1,1666,1,1,2),(1,1688,1,1,2),(1,1710,1,1,2),(1,1778,1,1,2),(1,1793,1,1,2),(1,1902,1,1,2),(1,2002,1,1,2),(1,2277,1,1,2),(1,2330,1,1,2),(1,2336,1,1,2),(1,2337,1,1,2),(1,2338,1,1,2),(1,2347,1,1,2),(1,2349,1,1,2),(1,2379,1,1,2),(1,2385,1,1,2),(1,2386,1,1,2),(1,2393,1,1,2),(1,2410,1,1,2),(1,2411,1,1,2),(1,2675,1,1,2),(1,2761,1,1,2),(1,3076,1,1,2),(1,3199,1,1,2),(1,3200,1,1,2),(1,3201,1,1,2),(1,3202,1,1,2),(1,3418,1,1,2),(1,3419,1,1,2),(1,3689,1,1,2),(1,3700,1,1,2),(1,3705,1,1,2),(1,3719,1,1,2),(1,3724,1,1,2),(1,3737,1,1,2),(1,3755,1,1,2),(1,3762,1,1,2),(1,3816,1,1,2),(1,3866,1,1,2),(1,3871,1,1,2),(1,3875,1,1,2),(1,3898,1,1,2),(1,3906,1,1,2),(1,3916,1,1,2),(1,3941,1,1,2),(1,3982,1,1,2),(1,8,1,1,3),(1,89,1,1,3),(1,495,1,1,3),(1,496,1,1,3),(1,1028,1,1,3),(1,1138,1,1,3),(1,1143,1,1,3),(1,1144,1,1,3),(1,1207,1,1,3),(1,1331,1,1,3),(1,1383,1,1,3),(1,1424,1,1,3),(1,1497,1,1,3),(1,1657,1,1,3),(1,1679,1,1,3),(1,2276,1,1,3),(1,2558,1,1,3),(1,3179,1,1,3),(1,3732,1,1,3),(1,3922,1,1,3),(1,3939,1,1,3),(1,3962,1,1,3),(1,3994,1,1,3),(1,22,1,1,4),(1,130,1,1,4),(1,1406,1,1,4),(1,1450,1,1,4),(1,1481,1,1,4),(1,1493,1,1,4),(1,1620,1,1,4),(1,1648,1,1,4),(1,1709,1,1,4),(1,1777,1,1,4),(1,2117,1,1,4),(1,2399,1,1,4),(1,2653,1,1,4),(1,3664,1,1,4),(1,3680,1,1,4),(1,3687,1,1,4),(1,3697,1,1,4),(1,3706,1,1,4),(1,3756,1,1,4),(1,7,1,1,5),(1,28,1,1,5),(1,142,1,1,5),(1,143,1,1,5),(1,187,1,1,5),(1,1113,1,1,5),(1,1431,1,1,5),(1,1645,1,1,5),(1,1676,1,1,5),(1,1806,1,1,5),(1,2286,1,1,5),(1,2667,1,1,5),(1,3908,1,1,5),(1,3979,1,1,5),(1,5163,1,1,5),(1,5210,1,1,5),(1,70,1,1,6),(1,71,1,1,6),(1,1404,1,1,6),(1,2001,1,1,6),(1,3267,1,1,6),(1,3960,1,1,6),(1,3987,1,1,6),(1,3991,1,1,6),(1,5161,1,1,6),(1,2540,1,1,7),(1,2620,1,1,7),(1,3678,1,1,7),(1,3921,1,1,7),(1,49,1,1,8),(1,250,1,1,8),(1,1423,1,1,8),(1,1467,1,1,8),(1,1640,1,1,8),(1,1683,1,1,8),(1,54,1,1,9),(1,128,1,1,9),(1,83,1,1,10),(1,1107,1,1,10),(1,1655,1,1,10),(1,3701,1,1,10),(1,84,1,1,11),(1,104,1,1,11),(1,3989,1,1,12),(1,1056,1,1,13),(1,1999,1,1,13),(1,2426,1,1,13),(1,3985,1,1,13),(1,5208,1,1,13),(1,1106,1,1,14),(1,1983,1,1,14),(1,1984,1,1,14),(1,87,1,1,15),(1,1972,1,1,15),(1,1973,1,1,15),(1,5160,1,1,15),(1,5162,1,1,15),(1,69,1,1,16),(1,106,1,1,16),(1,161,1,1,16),(1,1959,1,1,16),(1,1960,1,1,16),(1,1961,1,1,16),(1,1962,1,1,16),(1,1974,1,1,16),(1,1123,1,1,17),(1,3741,1,1,17),(1,76,1,1,18),(1,138,1,1,19),(1,1096,1,1,19),(1,26,1,1,21),(1,1334,1,1,21),(1,1105,1,1,22),(1,1179,1,1,22),(1,1958,1,1,22),(1,72,1,1,23),(1,10,1,1,24),(1,5205,1,1,24),(1,80,1,1,26),(1,68,1,1,28),(1,117,1,1,28),(1,2450,1,1,30),(1,133,1,1,31),(1,98,1,1,32),(1,999,1,1,32),(1,119,1,1,34),(1,5211,1,1,34),(1,39,1,1,42),(1,74,1,1,46),(1,67,1,1,47),(1,5159,1,1,47),(1,17,1,1,53),(1,30,1,1,57),(1,25,1,1,59),(1,118,1,1,60),(1,75,1,1,72),(1,32,1,1,73),(1,73,1,1,88),(1,23,1,1,91),(1,66,1,1,92),(1,24,1,1,98),(1,31,1,1,100),(1,90,1,1,108),(1,5,1,1,120),(1,1,1,1,133),(1,11,1,1,155),(1,3,1,1,261),(1,9,1,1,261),(1,2,1,1,387),(2,4017,0,1,4),(2,2582,0,1,9),(2,3995,0,1,51),(2,55,1,1,1),(2,79,1,1,1),(2,154,1,1,1),(2,168,1,1,1),(2,218,1,1,1),(2,221,1,1,1),(2,236,1,1,1),(2,256,1,1,1),(2,286,1,1,1),(2,287,1,1,1),(2,288,1,1,1),(2,289,1,1,1),(2,313,1,1,1),(2,320,1,1,1),(2,345,1,1,1),(2,397,1,1,1),(2,448,1,1,1),(2,449,1,1,1),(2,467,1,1,1),(2,475,1,1,1),(2,588,1,1,1),(2,589,1,1,1),(2,590,1,1,1),(2,591,1,1,1),(2,697,1,1,1),(2,698,1,1,1),(2,842,1,1,1),(2,843,1,1,1),(2,844,1,1,1),(2,919,1,1,1),(2,935,1,1,1),(2,936,1,1,1),(2,937,1,1,1),(2,1094,1,1,1),(2,1095,1,1,1),(2,1098,1,1,1),(2,1122,1,1,1),(2,1139,1,1,1),(2,1238,1,1,1),(2,1240,1,1,1),(2,1253,1,1,1),(2,1285,1,1,1),(2,1291,1,1,1),(2,1326,1,1,1),(2,1384,1,1,1),(2,1425,1,1,1),(2,1432,1,1,1),(2,1464,1,1,1),(2,1469,1,1,1),(2,1480,1,1,1),(2,1494,1,1,1),(2,1505,1,1,1),(2,1508,1,1,1),(2,1591,1,1,1),(2,1611,1,1,1),(2,1612,1,1,1),(2,1619,1,1,1),(2,1644,1,1,1),(2,1649,1,1,1),(2,1650,1,1,1),(2,1673,1,1,1),(2,1706,1,1,1),(2,1884,1,1,1),(2,1899,1,1,1),(2,1900,1,1,1),(2,1901,1,1,1),(2,2285,1,1,1),(2,2287,1,1,1),(2,2300,1,1,1),(2,2301,1,1,1),(2,2339,1,1,1),(2,2340,1,1,1),(2,2341,1,1,1),(2,2352,1,1,1),(2,2354,1,1,1),(2,2355,1,1,1),(2,2357,1,1,1),(2,2358,1,1,1),(2,2359,1,1,1),(2,2364,1,1,1),(2,2365,1,1,1),(2,2366,1,1,1),(2,2369,1,1,1),(2,2370,1,1,1),(2,2372,1,1,1),(2,2375,1,1,1),(2,2377,1,1,1),(2,2378,1,1,1),(2,2380,1,1,1),(2,2381,1,1,1),(2,2384,1,1,1),(2,2387,1,1,1),(2,2391,1,1,1),(2,2400,1,1,1),(2,2401,1,1,1),(2,2402,1,1,1),(2,2405,1,1,1),(2,2406,1,1,1),(2,2407,1,1,1),(2,2408,1,1,1),(2,2412,1,1,1),(2,2413,1,1,1),(2,2418,1,1,1),(2,2419,1,1,1),(2,2423,1,1,1),(2,2424,1,1,1),(2,2425,1,1,1),(2,2427,1,1,1),(2,2428,1,1,1),(2,2429,1,1,1),(2,2430,1,1,1),(2,2431,1,1,1),(2,2432,1,1,1),(2,2433,1,1,1),(2,2436,1,1,1),(2,2438,1,1,1),(2,2439,1,1,1),(2,2440,1,1,1),(2,2441,1,1,1),(2,2448,1,1,1),(2,2464,1,1,1),(2,2466,1,1,1),(2,2478,1,1,1),(2,2480,1,1,1),(2,2488,1,1,1),(2,2489,1,1,1),(2,2490,1,1,1),(2,2491,1,1,1),(2,2492,1,1,1),(2,2501,1,1,1),(2,2505,1,1,1),(2,2506,1,1,1),(2,2507,1,1,1),(2,2521,1,1,1),(2,2523,1,1,1),(2,2524,1,1,1),(2,2539,1,1,1),(2,2541,1,1,1),(2,2542,1,1,1),(2,2543,1,1,1),(2,2544,1,1,1),(2,2560,1,1,1),(2,2561,1,1,1),(2,2565,1,1,1),(2,2566,1,1,1),(2,2567,1,1,1),(2,2568,1,1,1),(2,2572,1,1,1),(2,2573,1,1,1),(2,2581,1,1,1),(2,2583,1,1,1),(2,2587,1,1,1),(2,2588,1,1,1),(2,2589,1,1,1),(2,2590,1,1,1),(2,2591,1,1,1),(2,2592,1,1,1),(2,2593,1,1,1),(2,2594,1,1,1),(2,2595,1,1,1),(2,2596,1,1,1),(2,2597,1,1,1),(2,2598,1,1,1),(2,2599,1,1,1),(2,2600,1,1,1),(2,2601,1,1,1),(2,2602,1,1,1),(2,2603,1,1,1),(2,2604,1,1,1),(2,2605,1,1,1),(2,2606,1,1,1),(2,2607,1,1,1),(2,2608,1,1,1),(2,2609,1,1,1),(2,2610,1,1,1),(2,2611,1,1,1),(2,2612,1,1,1),(2,2613,1,1,1),(2,2614,1,1,1),(2,2615,1,1,1),(2,2617,1,1,1),(2,2639,1,1,1),(2,2786,1,1,1),(2,2789,1,1,1),(2,2790,1,1,1),(2,2878,1,1,1),(2,2906,1,1,1),(2,2907,1,1,1),(2,2908,1,1,1),(2,2909,1,1,1),(2,2910,1,1,1),(2,2923,1,1,1),(2,2924,1,1,1),(2,2925,1,1,1),(2,2974,1,1,1),(2,2975,1,1,1),(2,2996,1,1,1),(2,2997,1,1,1),(2,2998,1,1,1),(2,3008,1,1,1),(2,3009,1,1,1),(2,3017,1,1,1),(2,3018,1,1,1),(2,3025,1,1,1),(2,3028,1,1,1),(2,3029,1,1,1),(2,3030,1,1,1),(2,3037,1,1,1),(2,3038,1,1,1),(2,3039,1,1,1),(2,3042,1,1,1),(2,3043,1,1,1),(2,3044,1,1,1),(2,3045,1,1,1),(2,3050,1,1,1),(2,3051,1,1,1),(2,3052,1,1,1),(2,3069,1,1,1),(2,3070,1,1,1),(2,3071,1,1,1),(2,3072,1,1,1),(2,3073,1,1,1),(2,3074,1,1,1),(2,3075,1,1,1),(2,3077,1,1,1),(2,3078,1,1,1),(2,3079,1,1,1),(2,3080,1,1,1),(2,3081,1,1,1),(2,3082,1,1,1),(2,3083,1,1,1),(2,3084,1,1,1),(2,3087,1,1,1),(2,3088,1,1,1),(2,3089,1,1,1),(2,3092,1,1,1),(2,3093,1,1,1),(2,3094,1,1,1),(2,3095,1,1,1),(2,3096,1,1,1),(2,3097,1,1,1),(2,3098,1,1,1),(2,3099,1,1,1),(2,3100,1,1,1),(2,3104,1,1,1),(2,3105,1,1,1),(2,3106,1,1,1),(2,3107,1,1,1),(2,3108,1,1,1),(2,3109,1,1,1),(2,3110,1,1,1),(2,3113,1,1,1),(2,3115,1,1,1),(2,3116,1,1,1),(2,3117,1,1,1),(2,3118,1,1,1),(2,3119,1,1,1),(2,3120,1,1,1),(2,3121,1,1,1),(2,3122,1,1,1),(2,3124,1,1,1),(2,3126,1,1,1),(2,3127,1,1,1),(2,3128,1,1,1),(2,3129,1,1,1),(2,3130,1,1,1),(2,3131,1,1,1),(2,3132,1,1,1),(2,3133,1,1,1),(2,3134,1,1,1),(2,3135,1,1,1),(2,3137,1,1,1),(2,3138,1,1,1),(2,3139,1,1,1),(2,3140,1,1,1),(2,3141,1,1,1),(2,3142,1,1,1),(2,3144,1,1,1),(2,3145,1,1,1),(2,3146,1,1,1),(2,3147,1,1,1),(2,3149,1,1,1),(2,3151,1,1,1),(2,3152,1,1,1),(2,3154,1,1,1),(2,3156,1,1,1),(2,3157,1,1,1),(2,3158,1,1,1),(2,3159,1,1,1),(2,3160,1,1,1),(2,3161,1,1,1),(2,3162,1,1,1),(2,3163,1,1,1),(2,3166,1,1,1),(2,3169,1,1,1),(2,3170,1,1,1),(2,3171,1,1,1),(2,3175,1,1,1),(2,3178,1,1,1),(2,3180,1,1,1),(2,3181,1,1,1),(2,3185,1,1,1),(2,3186,1,1,1),(2,3187,1,1,1),(2,3188,1,1,1),(2,3189,1,1,1),(2,3190,1,1,1),(2,3191,1,1,1),(2,3192,1,1,1),(2,3193,1,1,1),(2,3194,1,1,1),(2,3195,1,1,1),(2,3196,1,1,1),(2,3197,1,1,1),(2,3198,1,1,1),(2,3203,1,1,1),(2,3204,1,1,1),(2,3205,1,1,1),(2,3206,1,1,1),(2,3208,1,1,1),(2,3209,1,1,1),(2,3220,1,1,1),(2,3221,1,1,1),(2,3222,1,1,1),(2,3262,1,1,1),(2,3263,1,1,1),(2,3266,1,1,1),(2,3270,1,1,1),(2,3271,1,1,1),(2,3272,1,1,1),(2,3273,1,1,1),(2,3285,1,1,1),(2,3288,1,1,1),(2,3292,1,1,1),(2,3293,1,1,1),(2,3294,1,1,1),(2,3299,1,1,1),(2,3317,1,1,1),(2,3342,1,1,1),(2,3343,1,1,1),(2,3344,1,1,1),(2,3345,1,1,1),(2,3350,1,1,1),(2,3359,1,1,1),(2,3360,1,1,1),(2,3361,1,1,1),(2,3367,1,1,1),(2,3368,1,1,1),(2,3369,1,1,1),(2,3378,1,1,1),(2,3379,1,1,1),(2,3380,1,1,1),(2,3381,1,1,1),(2,3382,1,1,1),(2,3383,1,1,1),(2,3393,1,1,1),(2,3394,1,1,1),(2,3395,1,1,1),(2,3396,1,1,1),(2,3401,1,1,1),(2,3402,1,1,1),(2,3403,1,1,1),(2,3404,1,1,1),(2,3405,1,1,1),(2,3406,1,1,1),(2,3407,1,1,1),(2,3408,1,1,1),(2,3409,1,1,1),(2,3416,1,1,1),(2,3417,1,1,1),(2,3420,1,1,1),(2,3421,1,1,1),(2,3422,1,1,1),(2,3426,1,1,1),(2,3430,1,1,1),(2,3431,1,1,1),(2,3432,1,1,1),(2,3434,1,1,1),(2,3435,1,1,1),(2,3441,1,1,1),(2,3442,1,1,1),(2,3443,1,1,1),(2,3448,1,1,1),(2,3449,1,1,1),(2,3450,1,1,1),(2,3457,1,1,1),(2,3458,1,1,1),(2,3459,1,1,1),(2,3460,1,1,1),(2,3461,1,1,1),(2,3462,1,1,1),(2,3468,1,1,1),(2,3469,1,1,1),(2,3470,1,1,1),(2,3471,1,1,1),(2,3472,1,1,1),(2,3473,1,1,1),(2,3475,1,1,1),(2,3491,1,1,1),(2,3492,1,1,1),(2,3493,1,1,1),(2,3494,1,1,1),(2,3495,1,1,1),(2,3496,1,1,1),(2,3497,1,1,1),(2,3498,1,1,1),(2,3499,1,1,1),(2,3502,1,1,1),(2,3506,1,1,1),(2,3512,1,1,1),(2,3513,1,1,1),(2,3514,1,1,1),(2,3515,1,1,1),(2,3516,1,1,1),(2,3517,1,1,1),(2,3520,1,1,1),(2,3521,1,1,1),(2,3538,1,1,1),(2,3539,1,1,1),(2,3540,1,1,1),(2,3541,1,1,1),(2,3546,1,1,1),(2,3547,1,1,1),(2,3548,1,1,1),(2,3549,1,1,1),(2,3551,1,1,1),(2,3555,1,1,1),(2,3556,1,1,1),(2,3557,1,1,1),(2,3560,1,1,1),(2,3561,1,1,1),(2,3562,1,1,1),(2,3563,1,1,1),(2,3568,1,1,1),(2,3569,1,1,1),(2,3570,1,1,1),(2,3571,1,1,1),(2,3574,1,1,1),(2,3575,1,1,1),(2,3588,1,1,1),(2,3589,1,1,1),(2,3590,1,1,1),(2,3591,1,1,1),(2,3592,1,1,1),(2,3594,1,1,1),(2,3600,1,1,1),(2,3601,1,1,1),(2,3602,1,1,1),(2,3603,1,1,1),(2,3604,1,1,1),(2,3605,1,1,1),(2,3606,1,1,1),(2,3607,1,1,1),(2,3608,1,1,1),(2,3609,1,1,1),(2,3610,1,1,1),(2,3611,1,1,1),(2,3612,1,1,1),(2,3613,1,1,1),(2,3614,1,1,1),(2,3615,1,1,1),(2,3618,1,1,1),(2,3623,1,1,1),(2,3624,1,1,1),(2,3625,1,1,1),(2,3626,1,1,1),(2,3627,1,1,1),(2,3628,1,1,1),(2,3629,1,1,1),(2,3634,1,1,1),(2,3635,1,1,1),(2,3636,1,1,1),(2,3637,1,1,1),(2,3638,1,1,1),(2,3639,1,1,1),(2,3640,1,1,1),(2,3641,1,1,1),(2,3642,1,1,1),(2,3643,1,1,1),(2,3644,1,1,1),(2,3645,1,1,1),(2,3646,1,1,1),(2,3647,1,1,1),(2,3648,1,1,1),(2,3649,1,1,1),(2,3650,1,1,1),(2,3651,1,1,1),(2,3652,1,1,1),(2,3653,1,1,1),(2,3654,1,1,1),(2,3655,1,1,1),(2,3656,1,1,1),(2,3657,1,1,1),(2,3660,1,1,1),(2,3661,1,1,1),(2,3662,1,1,1),(2,3665,1,1,1),(2,3666,1,1,1),(2,3667,1,1,1),(2,3668,1,1,1),(2,3669,1,1,1),(2,3672,1,1,1),(2,3673,1,1,1),(2,3674,1,1,1),(2,3675,1,1,1),(2,3695,1,1,1),(2,3696,1,1,1),(2,3727,1,1,1),(2,3757,1,1,1),(2,3758,1,1,1),(2,3779,1,1,1),(2,3780,1,1,1),(2,3781,1,1,1),(2,3782,1,1,1),(2,3783,1,1,1),(2,3787,1,1,1),(2,3788,1,1,1),(2,3789,1,1,1),(2,3790,1,1,1),(2,3793,1,1,1),(2,3800,1,1,1),(2,3801,1,1,1),(2,3802,1,1,1),(2,3804,1,1,1),(2,3809,1,1,1),(2,3810,1,1,1),(2,3811,1,1,1),(2,3812,1,1,1),(2,3814,1,1,1),(2,3818,1,1,1),(2,3821,1,1,1),(2,3822,1,1,1),(2,3824,1,1,1),(2,3826,1,1,1),(2,3829,1,1,1),(2,3830,1,1,1),(2,3834,1,1,1),(2,3836,1,1,1),(2,3839,1,1,1),(2,3840,1,1,1),(2,3842,1,1,1),(2,3845,1,1,1),(2,3847,1,1,1),(2,3849,1,1,1),(2,3851,1,1,1),(2,3853,1,1,1),(2,3855,1,1,1),(2,3857,1,1,1),(2,3859,1,1,1),(2,3861,1,1,1),(2,3864,1,1,1),(2,3868,1,1,1),(2,3872,1,1,1),(2,3876,1,1,1),(2,3879,1,1,1),(2,3880,1,1,1),(2,3882,1,1,1),(2,3884,1,1,1),(2,3888,1,1,1),(2,3889,1,1,1),(2,3890,1,1,1),(2,3892,1,1,1),(2,3896,1,1,1),(2,3901,1,1,1),(2,3904,1,1,1),(2,3910,1,1,1),(2,3913,1,1,1),(2,3920,1,1,1),(2,3924,1,1,1),(2,3926,1,1,1),(2,3927,1,1,1),(2,3929,1,1,1),(2,3933,1,1,1),(2,3935,1,1,1),(2,3937,1,1,1),(2,3943,1,1,1),(2,3945,1,1,1),(2,3948,1,1,1),(2,3951,1,1,1),(2,3952,1,1,1),(2,3957,1,1,1),(2,3958,1,1,1),(2,3966,1,1,1),(2,3969,1,1,1),(2,3971,1,1,1),(2,3973,1,1,1),(2,3974,1,1,1),(2,3977,1,1,1),(2,3978,1,1,1),(2,27,1,1,2),(2,86,1,1,2),(2,163,1,1,2),(2,181,1,1,2),(2,281,1,1,2),(2,292,1,1,2),(2,302,1,1,2),(2,303,1,1,2),(2,311,1,1,2),(2,509,1,1,2),(2,510,1,1,2),(2,511,1,1,2),(2,694,1,1,2),(2,1001,1,1,2),(2,1146,1,1,2),(2,1182,1,1,2),(2,1239,1,1,2),(2,1286,1,1,2),(2,1380,1,1,2),(2,1420,1,1,2),(2,1426,1,1,2),(2,1440,1,1,2),(2,1451,1,1,2),(2,1452,1,1,2),(2,1453,1,1,2),(2,1477,1,1,2),(2,1483,1,1,2),(2,1507,1,1,2),(2,1514,1,1,2),(2,1515,1,1,2),(2,1518,1,1,2),(2,1559,1,1,2),(2,1565,1,1,2),(2,1568,1,1,2),(2,1666,1,1,2),(2,1688,1,1,2),(2,1710,1,1,2),(2,1778,1,1,2),(2,1793,1,1,2),(2,1902,1,1,2),(2,2002,1,1,2),(2,2277,1,1,2),(2,2330,1,1,2),(2,2336,1,1,2),(2,2337,1,1,2),(2,2338,1,1,2),(2,2347,1,1,2),(2,2349,1,1,2),(2,2379,1,1,2),(2,2385,1,1,2),(2,2386,1,1,2),(2,2393,1,1,2),(2,2410,1,1,2),(2,2411,1,1,2),(2,2675,1,1,2),(2,2761,1,1,2),(2,3076,1,1,2),(2,3199,1,1,2),(2,3200,1,1,2),(2,3201,1,1,2),(2,3202,1,1,2),(2,3418,1,1,2),(2,3419,1,1,2),(2,3689,1,1,2),(2,3700,1,1,2),(2,3705,1,1,2),(2,3719,1,1,2),(2,3724,1,1,2),(2,3737,1,1,2),(2,3755,1,1,2),(2,3762,1,1,2),(2,3816,1,1,2),(2,3866,1,1,2),(2,3871,1,1,2),(2,3875,1,1,2),(2,3898,1,1,2),(2,3906,1,1,2),(2,3916,1,1,2),(2,3941,1,1,2),(2,3982,1,1,2),(2,8,1,1,3),(2,89,1,1,3),(2,495,1,1,3),(2,496,1,1,3),(2,1028,1,1,3),(2,1138,1,1,3),(2,1143,1,1,3),(2,1144,1,1,3),(2,1207,1,1,3),(2,1331,1,1,3),(2,1383,1,1,3),(2,1424,1,1,3),(2,1497,1,1,3),(2,1657,1,1,3),(2,1679,1,1,3),(2,2276,1,1,3),(2,2558,1,1,3),(2,3179,1,1,3),(2,3732,1,1,3),(2,3922,1,1,3),(2,3939,1,1,3),(2,3962,1,1,3),(2,3994,1,1,3),(2,22,1,1,4),(2,130,1,1,4),(2,1406,1,1,4),(2,1450,1,1,4),(2,1481,1,1,4),(2,1493,1,1,4),(2,1620,1,1,4),(2,1648,1,1,4),(2,1709,1,1,4),(2,1777,1,1,4),(2,2117,1,1,4),(2,2399,1,1,4),(2,2653,1,1,4),(2,3664,1,1,4),(2,3680,1,1,4),(2,3687,1,1,4),(2,3697,1,1,4),(2,3706,1,1,4),(2,3756,1,1,4),(2,7,1,1,5),(2,28,1,1,5),(2,142,1,1,5),(2,143,1,1,5),(2,187,1,1,5),(2,1113,1,1,5),(2,1431,1,1,5),(2,1645,1,1,5),(2,1676,1,1,5),(2,1806,1,1,5),(2,2286,1,1,5),(2,2667,1,1,5),(2,3908,1,1,5),(2,3979,1,1,5),(2,5163,1,1,5),(2,5210,1,1,5),(2,70,1,1,6),(2,71,1,1,6),(2,1404,1,1,6),(2,2001,1,1,6),(2,3267,1,1,6),(2,3960,1,1,6),(2,3987,1,1,6),(2,3991,1,1,6),(2,5161,1,1,6),(2,2540,1,1,7),(2,2620,1,1,7),(2,3678,1,1,7),(2,3921,1,1,7),(2,49,1,1,8),(2,250,1,1,8),(2,1423,1,1,8),(2,1467,1,1,8),(2,1640,1,1,8),(2,1683,1,1,8),(2,54,1,1,9),(2,128,1,1,9),(2,83,1,1,10),(2,1107,1,1,10),(2,1655,1,1,10),(2,3701,1,1,10),(2,84,1,1,11),(2,104,1,1,11),(2,3989,1,1,12),(2,1056,1,1,13),(2,1999,1,1,13),(2,2426,1,1,13),(2,3985,1,1,13),(2,5208,1,1,13),(2,1106,1,1,14),(2,1983,1,1,14),(2,1984,1,1,14),(2,87,1,1,15),(2,1972,1,1,15),(2,1973,1,1,15),(2,5160,1,1,15),(2,5162,1,1,15),(2,69,1,1,16),(2,106,1,1,16),(2,161,1,1,16),(2,1959,1,1,16),(2,1960,1,1,16),(2,1961,1,1,16),(2,1962,1,1,16),(2,1974,1,1,16),(2,1123,1,1,17),(2,3741,1,1,17),(2,76,1,1,18),(2,138,1,1,19),(2,1096,1,1,19),(2,26,1,1,21),(2,1334,1,1,21),(2,1105,1,1,22),(2,1179,1,1,22),(2,1958,1,1,22),(2,72,1,1,23),(2,10,1,1,24),(2,5205,1,1,24),(2,80,1,1,26),(2,68,1,1,28),(2,117,1,1,28),(2,2450,1,1,30),(2,133,1,1,31),(2,98,1,1,32),(2,999,1,1,32),(2,119,1,1,34),(2,5211,1,1,34),(2,39,1,1,42),(2,74,1,1,46),(2,67,1,1,47),(2,5159,1,1,47),(2,17,1,1,53),(2,30,1,1,57),(2,25,1,1,59),(2,118,1,1,60),(2,75,1,1,72),(2,32,1,1,73),(2,73,1,1,88),(2,23,1,1,91),(2,66,1,1,92),(2,24,1,1,98),(2,31,1,1,100),(2,90,1,1,108),(2,5,1,1,120),(2,1,1,1,133),(2,11,1,1,155),(2,3,1,1,261),(2,9,1,1,261),(2,2,1,1,387),(3,4017,0,1,4),(3,2582,0,1,9),(3,3995,0,1,51),(3,55,1,1,1),(3,79,1,1,1),(3,154,1,1,1),(3,168,1,1,1),(3,218,1,1,1),(3,221,1,1,1),(3,236,1,1,1),(3,256,1,1,1),(3,286,1,1,1),(3,287,1,1,1),(3,288,1,1,1),(3,289,1,1,1),(3,313,1,1,1),(3,320,1,1,1),(3,345,1,1,1),(3,397,1,1,1),(3,448,1,1,1),(3,449,1,1,1),(3,467,1,1,1),(3,475,1,1,1),(3,588,1,1,1),(3,589,1,1,1),(3,590,1,1,1),(3,591,1,1,1),(3,697,1,1,1),(3,698,1,1,1),(3,842,1,1,1),(3,843,1,1,1),(3,844,1,1,1),(3,919,1,1,1),(3,935,1,1,1),(3,936,1,1,1),(3,937,1,1,1),(3,1094,1,1,1),(3,1095,1,1,1),(3,1098,1,1,1),(3,1122,1,1,1),(3,1139,1,1,1),(3,1238,1,1,1),(3,1240,1,1,1),(3,1253,1,1,1),(3,1285,1,1,1),(3,1291,1,1,1),(3,1326,1,1,1),(3,1384,1,1,1),(3,1425,1,1,1),(3,1432,1,1,1),(3,1464,1,1,1),(3,1469,1,1,1),(3,1480,1,1,1),(3,1494,1,1,1),(3,1505,1,1,1),(3,1508,1,1,1),(3,1591,1,1,1),(3,1611,1,1,1),(3,1612,1,1,1),(3,1619,1,1,1),(3,1644,1,1,1),(3,1649,1,1,1),(3,1650,1,1,1),(3,1673,1,1,1),(3,1706,1,1,1),(3,1884,1,1,1),(3,1899,1,1,1),(3,1900,1,1,1),(3,1901,1,1,1),(3,2285,1,1,1),(3,2287,1,1,1),(3,2300,1,1,1),(3,2301,1,1,1),(3,2339,1,1,1),(3,2340,1,1,1),(3,2341,1,1,1),(3,2352,1,1,1),(3,2354,1,1,1),(3,2355,1,1,1),(3,2357,1,1,1),(3,2358,1,1,1),(3,2359,1,1,1),(3,2364,1,1,1),(3,2365,1,1,1),(3,2366,1,1,1),(3,2369,1,1,1),(3,2370,1,1,1),(3,2372,1,1,1),(3,2375,1,1,1),(3,2377,1,1,1),(3,2378,1,1,1),(3,2380,1,1,1),(3,2381,1,1,1),(3,2384,1,1,1),(3,2387,1,1,1),(3,2391,1,1,1),(3,2400,1,1,1),(3,2401,1,1,1),(3,2402,1,1,1),(3,2405,1,1,1),(3,2406,1,1,1),(3,2407,1,1,1),(3,2408,1,1,1),(3,2412,1,1,1),(3,2413,1,1,1),(3,2418,1,1,1),(3,2419,1,1,1),(3,2423,1,1,1),(3,2424,1,1,1),(3,2425,1,1,1),(3,2427,1,1,1),(3,2428,1,1,1),(3,2429,1,1,1),(3,2430,1,1,1),(3,2431,1,1,1),(3,2432,1,1,1),(3,2433,1,1,1),(3,2436,1,1,1),(3,2438,1,1,1),(3,2439,1,1,1),(3,2440,1,1,1),(3,2441,1,1,1),(3,2448,1,1,1),(3,2464,1,1,1),(3,2466,1,1,1),(3,2478,1,1,1),(3,2480,1,1,1),(3,2488,1,1,1),(3,2489,1,1,1),(3,2490,1,1,1),(3,2491,1,1,1),(3,2492,1,1,1),(3,2501,1,1,1),(3,2505,1,1,1),(3,2506,1,1,1),(3,2507,1,1,1),(3,2521,1,1,1),(3,2523,1,1,1),(3,2524,1,1,1),(3,2539,1,1,1),(3,2541,1,1,1),(3,2542,1,1,1),(3,2543,1,1,1),(3,2544,1,1,1),(3,2560,1,1,1),(3,2561,1,1,1),(3,2565,1,1,1),(3,2566,1,1,1),(3,2567,1,1,1),(3,2568,1,1,1),(3,2572,1,1,1),(3,2573,1,1,1),(3,2581,1,1,1),(3,2583,1,1,1),(3,2587,1,1,1),(3,2588,1,1,1),(3,2589,1,1,1),(3,2590,1,1,1),(3,2591,1,1,1),(3,2592,1,1,1),(3,2593,1,1,1),(3,2594,1,1,1),(3,2595,1,1,1),(3,2596,1,1,1),(3,2597,1,1,1),(3,2598,1,1,1),(3,2599,1,1,1),(3,2600,1,1,1),(3,2601,1,1,1),(3,2602,1,1,1),(3,2603,1,1,1),(3,2604,1,1,1),(3,2605,1,1,1),(3,2606,1,1,1),(3,2607,1,1,1),(3,2608,1,1,1),(3,2609,1,1,1),(3,2610,1,1,1),(3,2611,1,1,1),(3,2612,1,1,1),(3,2613,1,1,1),(3,2614,1,1,1),(3,2615,1,1,1),(3,2617,1,1,1),(3,2639,1,1,1),(3,2786,1,1,1),(3,2789,1,1,1),(3,2790,1,1,1),(3,2878,1,1,1),(3,2906,1,1,1),(3,2907,1,1,1),(3,2908,1,1,1),(3,2909,1,1,1),(3,2910,1,1,1),(3,2923,1,1,1),(3,2924,1,1,1),(3,2925,1,1,1),(3,2974,1,1,1),(3,2975,1,1,1),(3,2996,1,1,1),(3,2997,1,1,1),(3,2998,1,1,1),(3,3008,1,1,1),(3,3009,1,1,1),(3,3017,1,1,1),(3,3018,1,1,1),(3,3025,1,1,1),(3,3028,1,1,1),(3,3029,1,1,1),(3,3030,1,1,1),(3,3037,1,1,1),(3,3038,1,1,1),(3,3039,1,1,1),(3,3042,1,1,1),(3,3043,1,1,1),(3,3044,1,1,1),(3,3045,1,1,1),(3,3050,1,1,1),(3,3051,1,1,1),(3,3052,1,1,1),(3,3069,1,1,1),(3,3070,1,1,1),(3,3071,1,1,1),(3,3072,1,1,1),(3,3073,1,1,1),(3,3074,1,1,1),(3,3075,1,1,1),(3,3077,1,1,1),(3,3078,1,1,1),(3,3079,1,1,1),(3,3080,1,1,1),(3,3081,1,1,1),(3,3082,1,1,1),(3,3083,1,1,1),(3,3084,1,1,1),(3,3087,1,1,1),(3,3088,1,1,1),(3,3089,1,1,1),(3,3092,1,1,1),(3,3093,1,1,1),(3,3094,1,1,1),(3,3095,1,1,1),(3,3096,1,1,1),(3,3097,1,1,1),(3,3098,1,1,1),(3,3099,1,1,1),(3,3100,1,1,1),(3,3104,1,1,1),(3,3105,1,1,1),(3,3106,1,1,1),(3,3107,1,1,1),(3,3108,1,1,1),(3,3109,1,1,1),(3,3110,1,1,1),(3,3113,1,1,1),(3,3115,1,1,1),(3,3116,1,1,1),(3,3117,1,1,1),(3,3118,1,1,1),(3,3119,1,1,1),(3,3120,1,1,1),(3,3121,1,1,1),(3,3122,1,1,1),(3,3124,1,1,1),(3,3126,1,1,1),(3,3127,1,1,1),(3,3128,1,1,1),(3,3129,1,1,1),(3,3130,1,1,1),(3,3131,1,1,1),(3,3132,1,1,1),(3,3133,1,1,1),(3,3134,1,1,1),(3,3135,1,1,1),(3,3137,1,1,1),(3,3138,1,1,1),(3,3139,1,1,1),(3,3140,1,1,1),(3,3141,1,1,1),(3,3142,1,1,1),(3,3144,1,1,1),(3,3145,1,1,1),(3,3146,1,1,1),(3,3147,1,1,1),(3,3149,1,1,1),(3,3151,1,1,1),(3,3152,1,1,1),(3,3154,1,1,1),(3,3156,1,1,1),(3,3157,1,1,1),(3,3158,1,1,1),(3,3159,1,1,1),(3,3160,1,1,1),(3,3161,1,1,1),(3,3162,1,1,1),(3,3163,1,1,1),(3,3166,1,1,1),(3,3169,1,1,1),(3,3170,1,1,1),(3,3171,1,1,1),(3,3175,1,1,1),(3,3178,1,1,1),(3,3180,1,1,1),(3,3181,1,1,1),(3,3185,1,1,1),(3,3186,1,1,1),(3,3187,1,1,1),(3,3188,1,1,1),(3,3189,1,1,1),(3,3190,1,1,1),(3,3191,1,1,1),(3,3192,1,1,1),(3,3193,1,1,1),(3,3194,1,1,1),(3,3195,1,1,1),(3,3196,1,1,1),(3,3197,1,1,1),(3,3198,1,1,1),(3,3203,1,1,1),(3,3204,1,1,1),(3,3205,1,1,1),(3,3206,1,1,1),(3,3208,1,1,1),(3,3209,1,1,1),(3,3220,1,1,1),(3,3221,1,1,1),(3,3222,1,1,1),(3,3262,1,1,1),(3,3263,1,1,1),(3,3266,1,1,1),(3,3270,1,1,1),(3,3271,1,1,1),(3,3272,1,1,1),(3,3273,1,1,1),(3,3285,1,1,1),(3,3288,1,1,1),(3,3292,1,1,1),(3,3293,1,1,1),(3,3294,1,1,1),(3,3299,1,1,1),(3,3317,1,1,1),(3,3342,1,1,1),(3,3343,1,1,1),(3,3344,1,1,1),(3,3345,1,1,1),(3,3350,1,1,1),(3,3359,1,1,1),(3,3360,1,1,1),(3,3361,1,1,1),(3,3367,1,1,1),(3,3368,1,1,1),(3,3369,1,1,1),(3,3378,1,1,1),(3,3379,1,1,1),(3,3380,1,1,1),(3,3381,1,1,1),(3,3382,1,1,1),(3,3383,1,1,1),(3,3393,1,1,1),(3,3394,1,1,1),(3,3395,1,1,1),(3,3396,1,1,1),(3,3401,1,1,1),(3,3402,1,1,1),(3,3403,1,1,1),(3,3404,1,1,1),(3,3405,1,1,1),(3,3406,1,1,1),(3,3407,1,1,1),(3,3408,1,1,1),(3,3409,1,1,1),(3,3416,1,1,1),(3,3417,1,1,1),(3,3420,1,1,1),(3,3421,1,1,1),(3,3422,1,1,1),(3,3426,1,1,1),(3,3430,1,1,1),(3,3431,1,1,1),(3,3432,1,1,1),(3,3434,1,1,1),(3,3435,1,1,1),(3,3441,1,1,1),(3,3442,1,1,1),(3,3443,1,1,1),(3,3448,1,1,1),(3,3449,1,1,1),(3,3450,1,1,1),(3,3457,1,1,1),(3,3458,1,1,1),(3,3459,1,1,1),(3,3460,1,1,1),(3,3461,1,1,1),(3,3462,1,1,1),(3,3468,1,1,1),(3,3469,1,1,1),(3,3470,1,1,1),(3,3471,1,1,1),(3,3472,1,1,1),(3,3473,1,1,1),(3,3475,1,1,1),(3,3491,1,1,1),(3,3492,1,1,1),(3,3493,1,1,1),(3,3494,1,1,1),(3,3495,1,1,1),(3,3496,1,1,1),(3,3497,1,1,1),(3,3498,1,1,1),(3,3499,1,1,1),(3,3502,1,1,1),(3,3506,1,1,1),(3,3512,1,1,1),(3,3513,1,1,1),(3,3514,1,1,1),(3,3515,1,1,1),(3,3516,1,1,1),(3,3517,1,1,1),(3,3520,1,1,1),(3,3521,1,1,1),(3,3538,1,1,1),(3,3539,1,1,1),(3,3540,1,1,1),(3,3541,1,1,1),(3,3546,1,1,1),(3,3547,1,1,1),(3,3548,1,1,1),(3,3549,1,1,1),(3,3551,1,1,1),(3,3555,1,1,1),(3,3556,1,1,1),(3,3557,1,1,1),(3,3560,1,1,1),(3,3561,1,1,1),(3,3562,1,1,1),(3,3563,1,1,1),(3,3568,1,1,1),(3,3569,1,1,1),(3,3570,1,1,1),(3,3571,1,1,1),(3,3574,1,1,1),(3,3575,1,1,1),(3,3588,1,1,1),(3,3589,1,1,1),(3,3590,1,1,1),(3,3591,1,1,1),(3,3592,1,1,1),(3,3594,1,1,1),(3,3600,1,1,1),(3,3601,1,1,1),(3,3602,1,1,1),(3,3603,1,1,1),(3,3604,1,1,1),(3,3605,1,1,1),(3,3606,1,1,1),(3,3607,1,1,1),(3,3608,1,1,1),(3,3609,1,1,1),(3,3610,1,1,1),(3,3611,1,1,1),(3,3612,1,1,1),(3,3613,1,1,1),(3,3614,1,1,1),(3,3615,1,1,1),(3,3618,1,1,1),(3,3623,1,1,1),(3,3624,1,1,1),(3,3625,1,1,1),(3,3626,1,1,1),(3,3627,1,1,1),(3,3628,1,1,1),(3,3629,1,1,1),(3,3634,1,1,1),(3,3635,1,1,1),(3,3636,1,1,1),(3,3637,1,1,1),(3,3638,1,1,1),(3,3639,1,1,1),(3,3640,1,1,1),(3,3641,1,1,1),(3,3642,1,1,1),(3,3643,1,1,1),(3,3644,1,1,1),(3,3645,1,1,1),(3,3646,1,1,1),(3,3647,1,1,1),(3,3648,1,1,1),(3,3649,1,1,1),(3,3650,1,1,1),(3,3651,1,1,1),(3,3652,1,1,1),(3,3653,1,1,1),(3,3654,1,1,1),(3,3655,1,1,1),(3,3656,1,1,1),(3,3657,1,1,1),(3,3660,1,1,1),(3,3661,1,1,1),(3,3662,1,1,1),(3,3665,1,1,1),(3,3666,1,1,1),(3,3667,1,1,1),(3,3668,1,1,1),(3,3669,1,1,1),(3,3672,1,1,1),(3,3673,1,1,1),(3,3674,1,1,1),(3,3675,1,1,1),(3,3695,1,1,1),(3,3696,1,1,1),(3,3727,1,1,1),(3,3757,1,1,1),(3,3758,1,1,1),(3,3779,1,1,1),(3,3780,1,1,1),(3,3781,1,1,1),(3,3782,1,1,1),(3,3783,1,1,1),(3,3787,1,1,1),(3,3788,1,1,1),(3,3789,1,1,1),(3,3790,1,1,1),(3,3793,1,1,1),(3,3800,1,1,1),(3,3801,1,1,1),(3,3802,1,1,1),(3,3804,1,1,1),(3,3809,1,1,1),(3,3810,1,1,1),(3,3811,1,1,1),(3,3812,1,1,1),(3,3814,1,1,1),(3,3818,1,1,1),(3,3821,1,1,1),(3,3822,1,1,1),(3,3824,1,1,1),(3,3826,1,1,1),(3,3829,1,1,1),(3,3830,1,1,1),(3,3834,1,1,1),(3,3836,1,1,1),(3,3839,1,1,1),(3,3840,1,1,1),(3,3842,1,1,1),(3,3845,1,1,1),(3,3847,1,1,1),(3,3849,1,1,1),(3,3851,1,1,1),(3,3853,1,1,1),(3,3855,1,1,1),(3,3857,1,1,1),(3,3859,1,1,1),(3,3861,1,1,1),(3,3864,1,1,1),(3,3868,1,1,1),(3,3872,1,1,1),(3,3876,1,1,1),(3,3879,1,1,1),(3,3880,1,1,1),(3,3882,1,1,1),(3,3884,1,1,1),(3,3888,1,1,1),(3,3889,1,1,1),(3,3890,1,1,1),(3,3892,1,1,1),(3,3896,1,1,1),(3,3901,1,1,1),(3,3904,1,1,1),(3,3910,1,1,1),(3,3913,1,1,1),(3,3920,1,1,1),(3,3924,1,1,1),(3,3926,1,1,1),(3,3927,1,1,1),(3,3929,1,1,1),(3,3933,1,1,1),(3,3935,1,1,1),(3,3937,1,1,1),(3,3943,1,1,1),(3,3945,1,1,1),(3,3948,1,1,1),(3,3951,1,1,1),(3,3952,1,1,1),(3,3957,1,1,1),(3,3958,1,1,1),(3,3966,1,1,1),(3,3969,1,1,1),(3,3971,1,1,1),(3,3973,1,1,1),(3,3974,1,1,1),(3,3977,1,1,1),(3,3978,1,1,1),(3,27,1,1,2),(3,86,1,1,2),(3,163,1,1,2),(3,181,1,1,2),(3,281,1,1,2),(3,292,1,1,2),(3,302,1,1,2),(3,303,1,1,2),(3,311,1,1,2),(3,509,1,1,2),(3,510,1,1,2),(3,511,1,1,2),(3,694,1,1,2),(3,1001,1,1,2),(3,1146,1,1,2),(3,1182,1,1,2),(3,1239,1,1,2),(3,1286,1,1,2),(3,1380,1,1,2),(3,1420,1,1,2),(3,1426,1,1,2),(3,1440,1,1,2),(3,1451,1,1,2),(3,1452,1,1,2),(3,1453,1,1,2),(3,1477,1,1,2),(3,1483,1,1,2),(3,1507,1,1,2),(3,1514,1,1,2),(3,1515,1,1,2),(3,1518,1,1,2),(3,1559,1,1,2),(3,1565,1,1,2),(3,1568,1,1,2),(3,1666,1,1,2),(3,1688,1,1,2),(3,1710,1,1,2),(3,1778,1,1,2),(3,1793,1,1,2),(3,1902,1,1,2),(3,2002,1,1,2),(3,2277,1,1,2),(3,2330,1,1,2),(3,2336,1,1,2),(3,2337,1,1,2),(3,2338,1,1,2),(3,2347,1,1,2),(3,2349,1,1,2),(3,2379,1,1,2),(3,2385,1,1,2),(3,2386,1,1,2),(3,2393,1,1,2),(3,2410,1,1,2),(3,2411,1,1,2),(3,2675,1,1,2),(3,2761,1,1,2),(3,3076,1,1,2),(3,3199,1,1,2),(3,3200,1,1,2),(3,3201,1,1,2),(3,3202,1,1,2),(3,3418,1,1,2),(3,3419,1,1,2),(3,3689,1,1,2),(3,3700,1,1,2),(3,3705,1,1,2),(3,3719,1,1,2),(3,3724,1,1,2),(3,3737,1,1,2),(3,3755,1,1,2),(3,3762,1,1,2),(3,3816,1,1,2),(3,3866,1,1,2),(3,3871,1,1,2),(3,3875,1,1,2),(3,3898,1,1,2),(3,3906,1,1,2),(3,3916,1,1,2),(3,3941,1,1,2),(3,3982,1,1,2),(3,8,1,1,3),(3,89,1,1,3),(3,495,1,1,3),(3,496,1,1,3),(3,1028,1,1,3),(3,1138,1,1,3),(3,1143,1,1,3),(3,1144,1,1,3),(3,1207,1,1,3),(3,1331,1,1,3),(3,1383,1,1,3),(3,1424,1,1,3),(3,1497,1,1,3),(3,1657,1,1,3),(3,1679,1,1,3),(3,2276,1,1,3),(3,2558,1,1,3),(3,3179,1,1,3),(3,3732,1,1,3),(3,3922,1,1,3),(3,3939,1,1,3),(3,3962,1,1,3),(3,3994,1,1,3),(3,22,1,1,4),(3,130,1,1,4),(3,1406,1,1,4),(3,1450,1,1,4),(3,1481,1,1,4),(3,1493,1,1,4),(3,1620,1,1,4),(3,1648,1,1,4),(3,1709,1,1,4),(3,1777,1,1,4),(3,2117,1,1,4),(3,2399,1,1,4),(3,2653,1,1,4),(3,3664,1,1,4),(3,3680,1,1,4),(3,3687,1,1,4),(3,3697,1,1,4),(3,3706,1,1,4),(3,3756,1,1,4),(3,7,1,1,5),(3,28,1,1,5),(3,142,1,1,5),(3,143,1,1,5),(3,187,1,1,5),(3,1113,1,1,5),(3,1431,1,1,5),(3,1645,1,1,5),(3,1676,1,1,5),(3,1806,1,1,5),(3,2286,1,1,5),(3,2667,1,1,5),(3,3908,1,1,5),(3,3979,1,1,5),(3,5163,1,1,5),(3,5210,1,1,5),(3,70,1,1,6),(3,71,1,1,6),(3,1404,1,1,6),(3,2001,1,1,6),(3,3267,1,1,6),(3,3960,1,1,6),(3,3987,1,1,6),(3,3991,1,1,6),(3,5161,1,1,6),(3,2540,1,1,7),(3,2620,1,1,7),(3,3678,1,1,7),(3,3921,1,1,7),(3,49,1,1,8),(3,250,1,1,8),(3,1423,1,1,8),(3,1467,1,1,8),(3,1640,1,1,8),(3,1683,1,1,8),(3,54,1,1,9),(3,128,1,1,9),(3,83,1,1,10),(3,1107,1,1,10),(3,1655,1,1,10),(3,3701,1,1,10),(3,84,1,1,11),(3,104,1,1,11),(3,3989,1,1,12),(3,1056,1,1,13),(3,1999,1,1,13),(3,2426,1,1,13),(3,3985,1,1,13),(3,5208,1,1,13),(3,1106,1,1,14),(3,1983,1,1,14),(3,1984,1,1,14),(3,87,1,1,15),(3,1972,1,1,15),(3,1973,1,1,15),(3,5160,1,1,15),(3,5162,1,1,15),(3,69,1,1,16),(3,106,1,1,16),(3,161,1,1,16),(3,1959,1,1,16),(3,1960,1,1,16),(3,1961,1,1,16),(3,1962,1,1,16),(3,1974,1,1,16),(3,1123,1,1,17),(3,3741,1,1,17),(3,76,1,1,18),(3,138,1,1,19),(3,1096,1,1,19),(3,26,1,1,21),(3,1334,1,1,21),(3,1105,1,1,22),(3,1179,1,1,22),(3,1958,1,1,22),(3,72,1,1,23),(3,10,1,1,24),(3,5205,1,1,24),(3,80,1,1,26),(3,68,1,1,28),(3,117,1,1,28),(3,2450,1,1,30),(3,133,1,1,31),(3,98,1,1,32),(3,999,1,1,32),(3,119,1,1,34),(3,5211,1,1,34),(3,39,1,1,42),(3,74,1,1,46),(3,67,1,1,47),(3,5159,1,1,47),(3,17,1,1,53),(3,30,1,1,57),(3,25,1,1,59),(3,118,1,1,60),(3,75,1,1,72),(3,32,1,1,73),(3,73,1,1,88),(3,23,1,1,91),(3,66,1,1,92),(3,24,1,1,98),(3,31,1,1,100),(3,90,1,1,108),(3,5,1,1,120),(3,1,1,1,133),(3,11,1,1,155),(3,3,1,1,261),(3,9,1,1,261),(3,2,1,1,387);

--
-- Table structure for table `ps_tax`
--

CREATE TABLE `ps_tax` (
  `id_tax` int unsigned NOT NULL AUTO_INCREMENT,
  `rate` decimal(10,3) NOT NULL,
  `active` tinyint unsigned NOT NULL DEFAULT '1',
  `deleted` tinyint unsigned NOT NULL DEFAULT '0',
  PRIMARY KEY (`id_tax`)
) ENGINE=InnoDB AUTO_INCREMENT=33 DEFAULT CHARSET=utf8mb4 COLLATE=utf8mb4_general_ci;

--
-- Dumping data for table `ps_tax`
--

INSERT INTO `ps_tax` VALUES (1,20.000,1,1),(2,10.000,1,0),(3,20.000,1,0),(4,2.100,1,0),(5,20.000,1,0),(6,21.000,1,0),(7,20.000,1,0),(8,19.000,1,0),(9,21.000,1,0),(10,19.000,1,0),(11,25.000,1,0),(12,20.000,1,0),(13,21.000,1,0),(14,24.000,1,0),(15,20.000,1,0),(16,23.000,1,0),(17,25.000,1,0),(18,27.000,1,0),(19,23.000,1,0),(20,22.000,1,0),(21,21.000,1,0),(22,17.000,1,0),(23,21.000,1,0),(24,18.000,1,0),(25,21.000,1,0),(26,23.000,1,0),(27,23.000,1,0),(28,20.000,1,0),(29,25.000,1,0),(30,22.000,1,0),(31,20.000,1,0),(32,20.000,1,0);

--
-- Table structure for table `ps_tax_lang`
--

CREATE TABLE `ps_tax_lang` (
  `id_tax` int unsigned NOT NULL,
  `id_lang` int unsigned NOT NULL,
  `name` varchar(32) CHARACTER SET utf8mb4 COLLATE utf8mb4_general_ci NOT NULL,
  PRIMARY KEY (`id_tax`,`id_lang`)
) ENGINE=InnoDB DEFAULT CHARSET=utf8mb4 COLLATE=utf8mb4_general_ci;

--
-- Dumping data for table `ps_tax_lang`
--

INSERT INTO `ps_tax_lang` VALUES (1,1,'TVA FR 20%'),(2,1,'TVA FR 10%'),(3,1,'TVA FR 20%'),(4,1,'TVA FR 2.1%'),(5,1,'USt. AT 20%'),(6,1,'TVA BE 21%'),(7,1,'ДДС BG 20%'),(8,1,'ΦΠΑ CY 19%'),(9,1,'DPH CZ 21%'),(10,1,'MwSt. DE 19%'),(11,1,'moms DK 25%'),(12,1,'km EE 20%'),(13,1,'IVA ES 21%'),(14,1,'ALV FI 24%'),(15,1,'VAT UK 20%'),(16,1,'ΦΠΑ GR 23%'),(17,1,'Croatia PDV 25%'),(18,1,'ÁFA HU 27%'),(19,1,'VAT IE 23%'),(20,1,'IVA IT 22%'),(21,1,'PVM LT 21%'),(22,1,'TVA LU 17%'),(23,1,'PVN LV 21%'),(24,1,'VAT MT 18%'),(25,1,'BTW NL 21%'),(26,1,'PTU PL 23%'),(27,1,'IVA PT 23%'),(28,1,'TVA RO 20%'),(29,1,'Moms SE 25%'),(30,1,'DDV SI 22%'),(31,1,'DPH SK 20%'),(32,1,'TVA FR 20%');

--
-- Table structure for table `ps_tax_rule`
--

CREATE TABLE `ps_tax_rule` (
  `id_tax_rule` int NOT NULL AUTO_INCREMENT,
  `id_tax_rules_group` int NOT NULL,
  `id_country` int NOT NULL,
  `id_state` int NOT NULL,
  `zipcode_from` varchar(12) CHARACTER SET utf8mb4 COLLATE utf8mb4_general_ci NOT NULL,
  `zipcode_to` varchar(12) CHARACTER SET utf8mb4 COLLATE utf8mb4_general_ci NOT NULL,
  `id_tax` int NOT NULL,
  `behavior` int NOT NULL,
  `description` varchar(100) CHARACTER SET utf8mb4 COLLATE utf8mb4_general_ci NOT NULL,
  PRIMARY KEY (`id_tax_rule`),
  KEY `id_tax_rules_group` (`id_tax_rules_group`),
  KEY `id_tax` (`id_tax`),
  KEY `category_getproducts` (`id_tax_rules_group`,`id_country`,`id_state`,`zipcode_from`)
) ENGINE=InnoDB AUTO_INCREMENT=190 DEFAULT CHARSET=utf8mb4 COLLATE=utf8mb4_general_ci;

--
-- Dumping data for table `ps_tax_rule`
--

INSERT INTO `ps_tax_rule` VALUES (1,1,3,0,'0','0',32,0,''),(2,1,236,0,'0','0',32,0,''),(3,1,16,0,'0','0',32,0,''),(4,1,20,0,'0','0',32,0,''),(5,1,1,0,'0','0',32,0,''),(6,1,86,0,'0','0',32,0,''),(7,1,9,0,'0','0',32,0,''),(8,1,6,0,'0','0',32,0,''),(9,1,8,0,'0','0',32,0,''),(10,1,26,0,'0','0',32,0,''),(11,1,10,0,'0','0',32,0,''),(12,1,76,0,'0','0',32,0,''),(13,1,125,0,'0','0',32,0,''),(14,1,131,0,'0','0',32,0,''),(15,1,12,0,'0','0',32,0,''),(16,1,143,0,'0','0',32,0,''),(17,1,139,0,'0','0',32,0,''),(18,1,13,0,'0','0',32,0,''),(19,1,2,0,'0','0',32,0,''),(20,1,14,0,'0','0',32,0,''),(21,1,15,0,'0','0',32,0,''),(22,1,36,0,'0','0',32,0,''),(23,1,193,0,'0','0',32,0,''),(24,1,37,0,'0','0',32,0,''),(25,1,7,0,'0','0',32,0,''),(26,1,18,0,'0','0',32,0,''),(27,2,3,0,'0','0',2,0,''),(28,2,236,0,'0','0',2,0,''),(29,2,16,0,'0','0',2,0,''),(30,2,20,0,'0','0',2,0,''),(31,2,1,0,'0','0',2,0,''),(32,2,86,0,'0','0',2,0,''),(33,2,9,0,'0','0',2,0,''),(34,2,6,0,'0','0',2,0,''),(35,2,8,0,'0','0',2,0,''),(36,2,26,0,'0','0',2,0,''),(37,2,10,0,'0','0',2,0,''),(38,2,76,0,'0','0',2,0,''),(39,2,125,0,'0','0',2,0,''),(40,2,131,0,'0','0',2,0,''),(41,2,12,0,'0','0',2,0,''),(42,2,143,0,'0','0',2,0,''),(43,2,139,0,'0','0',2,0,''),(44,2,13,0,'0','0',2,0,''),(45,2,2,0,'0','0',2,0,''),(46,2,14,0,'0','0',2,0,''),(47,2,15,0,'0','0',2,0,''),(48,2,36,0,'0','0',2,0,''),(49,2,193,0,'0','0',2,0,''),(50,2,37,0,'0','0',2,0,''),(51,2,7,0,'0','0',2,0,''),(52,2,18,0,'0','0',2,0,''),(53,3,3,0,'0','0',3,0,''),(54,3,236,0,'0','0',3,0,''),(55,3,16,0,'0','0',3,0,''),(56,3,20,0,'0','0',3,0,''),(57,3,1,0,'0','0',3,0,''),(58,3,86,0,'0','0',3,0,''),(59,3,9,0,'0','0',3,0,''),(60,3,6,0,'0','0',3,0,''),(61,3,8,0,'0','0',3,0,''),(62,3,26,0,'0','0',3,0,''),(63,3,10,0,'0','0',3,0,''),(64,3,76,0,'0','0',3,0,''),(65,3,125,0,'0','0',3,0,''),(66,3,131,0,'0','0',3,0,''),(67,3,12,0,'0','0',3,0,''),(68,3,143,0,'0','0',3,0,''),(69,3,139,0,'0','0',3,0,''),(70,3,13,0,'0','0',3,0,''),(71,3,2,0,'0','0',3,0,''),(72,3,14,0,'0','0',3,0,''),(73,3,15,0,'0','0',3,0,''),(74,3,36,0,'0','0',3,0,''),(75,3,193,0,'0','0',3,0,''),(76,3,37,0,'0','0',3,0,''),(77,3,7,0,'0','0',3,0,''),(78,3,18,0,'0','0',3,0,''),(79,4,3,0,'0','0',4,0,''),(80,4,236,0,'0','0',4,0,''),(81,4,16,0,'0','0',4,0,''),(82,4,20,0,'0','0',4,0,''),(83,4,1,0,'0','0',4,0,''),(84,4,86,0,'0','0',4,0,''),(85,4,9,0,'0','0',4,0,''),(86,4,6,0,'0','0',4,0,''),(87,4,8,0,'0','0',4,0,''),(88,4,26,0,'0','0',4,0,''),(89,4,10,0,'0','0',4,0,''),(90,4,76,0,'0','0',4,0,''),(91,4,125,0,'0','0',4,0,''),(92,4,131,0,'0','0',4,0,''),(93,4,12,0,'0','0',4,0,''),(94,4,143,0,'0','0',4,0,''),(95,4,139,0,'0','0',4,0,''),(96,4,13,0,'0','0',4,0,''),(97,4,2,0,'0','0',4,0,''),(98,4,14,0,'0','0',4,0,''),(99,4,15,0,'0','0',4,0,''),(100,4,36,0,'0','0',4,0,''),(101,4,193,0,'0','0',4,0,''),(102,4,37,0,'0','0',4,0,''),(103,4,7,0,'0','0',4,0,''),(104,4,18,0,'0','0',4,0,''),(105,5,8,0,'0','0',32,0,''),(106,5,2,0,'0','0',5,0,''),(107,5,3,0,'0','0',6,0,''),(108,5,236,0,'0','0',7,0,''),(109,5,76,0,'0','0',8,0,''),(110,5,16,0,'0','0',9,0,''),(111,5,1,0,'0','0',10,0,''),(112,5,20,0,'0','0',11,0,''),(113,5,86,0,'0','0',12,0,''),(114,5,6,0,'0','0',13,0,''),(115,5,7,0,'0','0',14,0,''),(116,5,17,0,'0','0',15,0,''),(117,5,9,0,'0','0',16,0,''),(118,5,74,0,'0','0',17,0,''),(119,5,143,0,'0','0',18,0,''),(120,5,26,0,'0','0',19,0,''),(121,5,10,0,'0','0',20,0,''),(122,5,131,0,'0','0',21,0,''),(123,5,12,0,'0','0',22,0,''),(124,5,125,0,'0','0',23,0,''),(125,5,139,0,'0','0',24,0,''),(126,5,13,0,'0','0',25,0,''),(127,5,14,0,'0','0',26,0,''),(128,5,15,0,'0','0',27,0,''),(129,5,36,0,'0','0',28,0,''),(130,5,18,0,'0','0',29,0,''),(131,5,193,0,'0','0',30,0,''),(132,5,37,0,'0','0',31,0,''),(133,6,3,0,'0','0',32,0,''),(134,6,236,0,'0','0',32,0,''),(135,6,16,0,'0','0',32,0,''),(136,6,20,0,'0','0',32,0,''),(137,6,1,0,'0','0',32,0,''),(138,6,86,0,'0','0',32,0,''),(139,6,9,0,'0','0',32,0,''),(140,6,6,0,'0','0',32,0,''),(141,6,8,0,'0','0',32,0,''),(142,6,26,0,'0','0',32,0,''),(143,6,10,0,'0','0',32,0,''),(144,6,76,0,'0','0',32,0,''),(145,6,125,0,'0','0',32,0,''),(146,6,131,0,'0','0',32,0,''),(147,6,12,0,'0','0',32,0,''),(148,6,143,0,'0','0',32,0,''),(149,6,139,0,'0','0',32,0,''),(150,6,13,0,'0','0',32,0,''),(151,6,2,0,'0','0',32,0,''),(152,6,14,0,'0','0',32,0,''),(153,6,15,0,'0','0',32,0,''),(154,6,36,0,'0','0',32,0,''),(155,6,193,0,'0','0',32,0,''),(156,6,37,0,'0','0',32,0,''),(157,6,7,0,'0','0',32,0,''),(158,6,18,0,'0','0',32,0,''),(164,7,3,0,'0','0',32,0,''),(165,7,236,0,'0','0',32,0,''),(166,7,16,0,'0','0',32,0,''),(167,7,20,0,'0','0',32,0,''),(168,7,1,0,'0','0',32,0,''),(169,7,86,0,'0','0',32,0,''),(170,7,9,0,'0','0',32,0,''),(171,7,6,0,'0','0',32,0,''),(172,7,8,0,'0','0',32,0,''),(173,7,26,0,'0','0',32,0,''),(174,7,10,0,'0','0',32,0,''),(175,7,76,0,'0','0',32,0,''),(176,7,125,0,'0','0',32,0,''),(177,7,131,0,'0','0',32,0,''),(178,7,12,0,'0','0',32,0,''),(179,7,143,0,'0','0',32,0,''),(180,7,139,0,'0','0',32,0,''),(181,7,13,0,'0','0',32,0,''),(182,7,2,0,'0','0',32,0,''),(183,7,14,0,'0','0',32,0,''),(184,7,15,0,'0','0',32,0,''),(185,7,36,0,'0','0',32,0,''),(186,7,193,0,'0','0',32,0,''),(187,7,37,0,'0','0',32,0,''),(188,7,7,0,'0','0',32,0,''),(189,7,18,0,'0','0',32,0,'');

--
-- Table structure for table `ps_tax_rules_group`
--

CREATE TABLE `ps_tax_rules_group` (
  `id_tax_rules_group` int NOT NULL AUTO_INCREMENT,
  `name` varchar(50) CHARACTER SET utf8mb4 COLLATE utf8mb4_general_ci NOT NULL,
  `active` int NOT NULL,
  `deleted` tinyint unsigned NOT NULL,
  `date_add` datetime NOT NULL,
  `date_upd` datetime NOT NULL,
  PRIMARY KEY (`id_tax_rules_group`)
) ENGINE=InnoDB AUTO_INCREMENT=8 DEFAULT CHARSET=utf8mb4 COLLATE=utf8mb4_general_ci;

--
-- Dumping data for table `ps_tax_rules_group`
--

INSERT INTO `ps_tax_rules_group` VALUES (1,'FR Taux standard (20%)',1,1,'2023-02-13 11:10:37','2023-04-02 13:21:05'),(2,'FR Taux réduit (10%)',1,0,'2023-02-13 11:10:37','2023-02-13 11:10:37'),(3,'FR Taux standard 20%',1,0,'2023-02-13 11:10:37','2023-04-18 00:20:36'),(4,'FR Taux super réduit (2.1%)',1,0,'2023-02-13 11:10:37','2023-02-13 11:10:37'),(5,'EU VAT For Virtual Products',1,0,'2023-02-13 11:10:37','2023-02-13 11:10:37'),(6,'FR Taux standard (20%)',1,1,'2023-02-13 11:10:37','2023-04-02 13:53:03'),(7,'FR Taux standard (20%)',1,0,'2023-02-13 11:10:37','2023-04-02 14:01:00');

--
-- Table structure for table `ps_tax_rules_group_shop`
--

CREATE TABLE `ps_tax_rules_group_shop` (
  `id_tax_rules_group` int unsigned NOT NULL,
  `id_shop` int unsigned NOT NULL,
  PRIMARY KEY (`id_tax_rules_group`,`id_shop`),
  KEY `id_shop` (`id_shop`)
) ENGINE=InnoDB DEFAULT CHARSET=utf8mb4 COLLATE=utf8mb4_general_ci;

--
-- Dumping data for table `ps_tax_rules_group_shop`
--

INSERT INTO `ps_tax_rules_group_shop` VALUES (1,1),(2,1),(3,1),(4,1),(5,1),(6,1),(7,1);

--
-- Table structure for table `ps_timezone`
--

CREATE TABLE `ps_timezone` (
  `id_timezone` int unsigned NOT NULL AUTO_INCREMENT,
  `name` varchar(32) CHARACTER SET utf8mb4 COLLATE utf8mb4_general_ci NOT NULL,
  PRIMARY KEY (`id_timezone`)
) ENGINE=InnoDB AUTO_INCREMENT=561 DEFAULT CHARSET=utf8mb4 COLLATE=utf8mb4_general_ci;

--
-- Dumping data for table `ps_timezone`
--

INSERT INTO `ps_timezone` VALUES (1,'Africa/Abidjan'),(2,'Africa/Accra'),(3,'Africa/Addis_Ababa'),(4,'Africa/Algiers'),(5,'Africa/Asmara'),(6,'Africa/Asmera'),(7,'Africa/Bamako'),(8,'Africa/Bangui'),(9,'Africa/Banjul'),(10,'Africa/Bissau'),(11,'Africa/Blantyre'),(12,'Africa/Brazzaville'),(13,'Africa/Bujumbura'),(14,'Africa/Cairo'),(15,'Africa/Casablanca'),(16,'Africa/Ceuta'),(17,'Africa/Conakry'),(18,'Africa/Dakar'),(19,'Africa/Dar_es_Salaam'),(20,'Africa/Djibouti'),(21,'Africa/Douala'),(22,'Africa/El_Aaiun'),(23,'Africa/Freetown'),(24,'Africa/Gaborone'),(25,'Africa/Harare'),(26,'Africa/Johannesburg'),(27,'Africa/Kampala'),(28,'Africa/Khartoum'),(29,'Africa/Kigali'),(30,'Africa/Kinshasa'),(31,'Africa/Lagos'),(32,'Africa/Libreville'),(33,'Africa/Lome'),(34,'Africa/Luanda'),(35,'Africa/Lubumbashi'),(36,'Africa/Lusaka'),(37,'Africa/Malabo'),(38,'Africa/Maputo'),(39,'Africa/Maseru'),(40,'Africa/Mbabane'),(41,'Africa/Mogadishu'),(42,'Africa/Monrovia'),(43,'Africa/Nairobi'),(44,'Africa/Ndjamena'),(45,'Africa/Niamey'),(46,'Africa/Nouakchott'),(47,'Africa/Ouagadougou'),(48,'Africa/Porto-Novo'),(49,'Africa/Sao_Tome'),(50,'Africa/Timbuktu'),(51,'Africa/Tripoli'),(52,'Africa/Tunis'),(53,'Africa/Windhoek'),(54,'America/Adak'),(55,'America/Anchorage '),(56,'America/Anguilla'),(57,'America/Antigua'),(58,'America/Araguaina'),(59,'America/Argentina/Buenos_Aires'),(60,'America/Argentina/Catamarca'),(61,'America/Argentina/ComodRivadavia'),(62,'America/Argentina/Cordoba'),(63,'America/Argentina/Jujuy'),(64,'America/Argentina/La_Rioja'),(65,'America/Argentina/Mendoza'),(66,'America/Argentina/Rio_Gallegos'),(67,'America/Argentina/Salta'),(68,'America/Argentina/San_Juan'),(69,'America/Argentina/San_Luis'),(70,'America/Argentina/Tucuman'),(71,'America/Argentina/Ushuaia'),(72,'America/Aruba'),(73,'America/Asuncion'),(74,'America/Atikokan'),(75,'America/Atka'),(76,'America/Bahia'),(77,'America/Barbados'),(78,'America/Belem'),(79,'America/Belize'),(80,'America/Blanc-Sablon'),(81,'America/Boa_Vista'),(82,'America/Bogota'),(83,'America/Boise'),(84,'America/Buenos_Aires'),(85,'America/Cambridge_Bay'),(86,'America/Campo_Grande'),(87,'America/Cancun'),(88,'America/Caracas'),(89,'America/Catamarca'),(90,'America/Cayenne'),(91,'America/Cayman'),(92,'America/Chicago'),(93,'America/Chihuahua'),(94,'America/Coral_Harbour'),(95,'America/Cordoba'),(96,'America/Costa_Rica'),(97,'America/Cuiaba'),(98,'America/Curacao'),(99,'America/Danmarkshavn'),(100,'America/Dawson'),(101,'America/Dawson_Creek'),(102,'America/Denver'),(103,'America/Detroit'),(104,'America/Dominica'),(105,'America/Edmonton'),(106,'America/Eirunepe'),(107,'America/El_Salvador'),(108,'America/Ensenada'),(109,'America/Fort_Wayne'),(110,'America/Fortaleza'),(111,'America/Glace_Bay'),(112,'America/Godthab'),(113,'America/Goose_Bay'),(114,'America/Grand_Turk'),(115,'America/Grenada'),(116,'America/Guadeloupe'),(117,'America/Guatemala'),(118,'America/Guayaquil'),(119,'America/Guyana'),(120,'America/Halifax'),(121,'America/Havana'),(122,'America/Hermosillo'),(123,'America/Indiana/Indianapolis'),(124,'America/Indiana/Knox'),(125,'America/Indiana/Marengo'),(126,'America/Indiana/Petersburg'),(127,'America/Indiana/Tell_City'),(128,'America/Indiana/Vevay'),(129,'America/Indiana/Vincennes'),(130,'America/Indiana/Winamac'),(131,'America/Indianapolis'),(132,'America/Inuvik'),(133,'America/Iqaluit'),(134,'America/Jamaica'),(135,'America/Jujuy'),(136,'America/Juneau'),(137,'America/Kentucky/Louisville'),(138,'America/Kentucky/Monticello'),(139,'America/Knox_IN'),(140,'America/La_Paz'),(141,'America/Lima'),(142,'America/Los_Angeles'),(143,'America/Louisville'),(144,'America/Maceio'),(145,'America/Managua'),(146,'America/Manaus'),(147,'America/Marigot'),(148,'America/Martinique'),(149,'America/Mazatlan'),(150,'America/Mendoza'),(151,'America/Menominee'),(152,'America/Merida'),(153,'America/Mexico_City'),(154,'America/Miquelon'),(155,'America/Moncton'),(156,'America/Monterrey'),(157,'America/Montevideo'),(158,'America/Montreal'),(159,'America/Montserrat'),(160,'America/Nassau'),(161,'America/New_York'),(162,'America/Nipigon'),(163,'America/Nome'),(164,'America/Noronha'),(165,'America/North_Dakota/Center'),(166,'America/North_Dakota/New_Salem'),(167,'America/Panama'),(168,'America/Pangnirtung'),(169,'America/Paramaribo'),(170,'America/Phoenix'),(171,'America/Port-au-Prince'),(172,'America/Port_of_Spain'),(173,'America/Porto_Acre'),(174,'America/Porto_Velho'),(175,'America/Puerto_Rico'),(176,'America/Rainy_River'),(177,'America/Rankin_Inlet'),(178,'America/Recife'),(179,'America/Regina'),(180,'America/Resolute'),(181,'America/Rio_Branco'),(182,'America/Rosario'),(183,'America/Santarem'),(184,'America/Santiago'),(185,'America/Santo_Domingo'),(186,'America/Sao_Paulo'),(187,'America/Scoresbysund'),(188,'America/Shiprock'),(189,'America/St_Barthelemy'),(190,'America/St_Johns'),(191,'America/St_Kitts'),(192,'America/St_Lucia'),(193,'America/St_Thomas'),(194,'America/St_Vincent'),(195,'America/Swift_Current'),(196,'America/Tegucigalpa'),(197,'America/Thule'),(198,'America/Thunder_Bay'),(199,'America/Tijuana'),(200,'America/Toronto'),(201,'America/Tortola'),(202,'America/Vancouver'),(203,'America/Virgin'),(204,'America/Whitehorse'),(205,'America/Winnipeg'),(206,'America/Yakutat'),(207,'America/Yellowknife'),(208,'Antarctica/Casey'),(209,'Antarctica/Davis'),(210,'Antarctica/DumontDUrville'),(211,'Antarctica/Mawson'),(212,'Antarctica/McMurdo'),(213,'Antarctica/Palmer'),(214,'Antarctica/Rothera'),(215,'Antarctica/South_Pole'),(216,'Antarctica/Syowa'),(217,'Antarctica/Vostok'),(218,'Arctic/Longyearbyen'),(219,'Asia/Aden'),(220,'Asia/Almaty'),(221,'Asia/Amman'),(222,'Asia/Anadyr'),(223,'Asia/Aqtau'),(224,'Asia/Aqtobe'),(225,'Asia/Ashgabat'),(226,'Asia/Ashkhabad'),(227,'Asia/Baghdad'),(228,'Asia/Bahrain'),(229,'Asia/Baku'),(230,'Asia/Bangkok'),(231,'Asia/Beirut'),(232,'Asia/Bishkek'),(233,'Asia/Brunei'),(234,'Asia/Calcutta'),(235,'Asia/Choibalsan'),(236,'Asia/Chongqing'),(237,'Asia/Chungking'),(238,'Asia/Colombo'),(239,'Asia/Dacca'),(240,'Asia/Damascus'),(241,'Asia/Dhaka'),(242,'Asia/Dili'),(243,'Asia/Dubai'),(244,'Asia/Dushanbe'),(245,'Asia/Gaza'),(246,'Asia/Harbin'),(247,'Asia/Ho_Chi_Minh'),(248,'Asia/Hong_Kong'),(249,'Asia/Hovd'),(250,'Asia/Irkutsk'),(251,'Asia/Istanbul'),(252,'Asia/Jakarta'),(253,'Asia/Jayapura'),(254,'Asia/Jerusalem'),(255,'Asia/Kabul'),(256,'Asia/Kamchatka'),(257,'Asia/Karachi'),(258,'Asia/Kashgar'),(259,'Asia/Kathmandu'),(260,'Asia/Katmandu'),(261,'Asia/Kolkata'),(262,'Asia/Krasnoyarsk'),(263,'Asia/Kuala_Lumpur'),(264,'Asia/Kuching'),(265,'Asia/Kuwait'),(266,'Asia/Macao'),(267,'Asia/Macau'),(268,'Asia/Magadan'),(269,'Asia/Makassar'),(270,'Asia/Manila'),(271,'Asia/Muscat'),(272,'Asia/Nicosia'),(273,'Asia/Novosibirsk'),(274,'Asia/Omsk'),(275,'Asia/Oral'),(276,'Asia/Phnom_Penh'),(277,'Asia/Pontianak'),(278,'Asia/Pyongyang'),(279,'Asia/Qatar'),(280,'Asia/Qyzylorda'),(281,'Asia/Rangoon'),(282,'Asia/Riyadh'),(283,'Asia/Saigon'),(284,'Asia/Sakhalin'),(285,'Asia/Samarkand'),(286,'Asia/Seoul'),(287,'Asia/Shanghai'),(288,'Asia/Singapore'),(289,'Asia/Taipei'),(290,'Asia/Tashkent'),(291,'Asia/Tbilisi'),(292,'Asia/Tehran'),(293,'Asia/Tel_Aviv'),(294,'Asia/Thimbu'),(295,'Asia/Thimphu'),(296,'Asia/Tokyo'),(297,'Asia/Ujung_Pandang'),(298,'Asia/Ulaanbaatar'),(299,'Asia/Ulan_Bator'),(300,'Asia/Urumqi'),(301,'Asia/Vientiane'),(302,'Asia/Vladivostok'),(303,'Asia/Yakutsk'),(304,'Asia/Yekaterinburg'),(305,'Asia/Yerevan'),(306,'Atlantic/Azores'),(307,'Atlantic/Bermuda'),(308,'Atlantic/Canary'),(309,'Atlantic/Cape_Verde'),(310,'Atlantic/Faeroe'),(311,'Atlantic/Faroe'),(312,'Atlantic/Jan_Mayen'),(313,'Atlantic/Madeira'),(314,'Atlantic/Reykjavik'),(315,'Atlantic/South_Georgia'),(316,'Atlantic/St_Helena'),(317,'Atlantic/Stanley'),(318,'Australia/ACT'),(319,'Australia/Adelaide'),(320,'Australia/Brisbane'),(321,'Australia/Broken_Hill'),(322,'Australia/Canberra'),(323,'Australia/Currie'),(324,'Australia/Darwin'),(325,'Australia/Eucla'),(326,'Australia/Hobart'),(327,'Australia/LHI'),(328,'Australia/Lindeman'),(329,'Australia/Lord_Howe'),(330,'Australia/Melbourne'),(331,'Australia/North'),(332,'Australia/NSW'),(333,'Australia/Perth'),(334,'Australia/Queensland'),(335,'Australia/South'),(336,'Australia/Sydney'),(337,'Australia/Tasmania'),(338,'Australia/Victoria'),(339,'Australia/West'),(340,'Australia/Yancowinna'),(341,'Europe/Amsterdam'),(342,'Europe/Andorra'),(343,'Europe/Athens'),(344,'Europe/Belfast'),(345,'Europe/Belgrade'),(346,'Europe/Berlin'),(347,'Europe/Bratislava'),(348,'Europe/Brussels'),(349,'Europe/Bucharest'),(350,'Europe/Budapest'),(351,'Europe/Chisinau'),(352,'Europe/Copenhagen'),(353,'Europe/Dublin'),(354,'Europe/Gibraltar'),(355,'Europe/Guernsey'),(356,'Europe/Helsinki'),(357,'Europe/Isle_of_Man'),(358,'Europe/Istanbul'),(359,'Europe/Jersey'),(360,'Europe/Kaliningrad'),(361,'Europe/Kiev'),(362,'Europe/Lisbon'),(363,'Europe/Ljubljana'),(364,'Europe/London'),(365,'Europe/Luxembourg'),(366,'Europe/Madrid'),(367,'Europe/Malta'),(368,'Europe/Mariehamn'),(369,'Europe/Minsk'),(370,'Europe/Monaco'),(371,'Europe/Moscow'),(372,'Europe/Nicosia'),(373,'Europe/Oslo'),(374,'Europe/Paris'),(375,'Europe/Podgorica'),(376,'Europe/Prague'),(377,'Europe/Riga'),(378,'Europe/Rome'),(379,'Europe/Samara'),(380,'Europe/San_Marino'),(381,'Europe/Sarajevo'),(382,'Europe/Simferopol'),(383,'Europe/Skopje'),(384,'Europe/Sofia'),(385,'Europe/Stockholm'),(386,'Europe/Tallinn'),(387,'Europe/Tirane'),(388,'Europe/Tiraspol'),(389,'Europe/Uzhgorod'),(390,'Europe/Vaduz'),(391,'Europe/Vatican'),(392,'Europe/Vienna'),(393,'Europe/Vilnius'),(394,'Europe/Volgograd'),(395,'Europe/Warsaw'),(396,'Europe/Zagreb'),(397,'Europe/Zaporozhye'),(398,'Europe/Zurich'),(399,'Indian/Antananarivo'),(400,'Indian/Chagos'),(401,'Indian/Christmas'),(402,'Indian/Cocos'),(403,'Indian/Comoro'),(404,'Indian/Kerguelen'),(405,'Indian/Mahe'),(406,'Indian/Maldives'),(407,'Indian/Mauritius'),(408,'Indian/Mayotte'),(409,'Indian/Reunion'),(410,'Pacific/Apia'),(411,'Pacific/Auckland'),(412,'Pacific/Chatham'),(413,'Pacific/Easter'),(414,'Pacific/Efate'),(415,'Pacific/Enderbury'),(416,'Pacific/Fakaofo'),(417,'Pacific/Fiji'),(418,'Pacific/Funafuti'),(419,'Pacific/Galapagos'),(420,'Pacific/Gambier'),(421,'Pacific/Guadalcanal'),(422,'Pacific/Guam'),(423,'Pacific/Honolulu'),(424,'Pacific/Johnston'),(425,'Pacific/Kiritimati'),(426,'Pacific/Kosrae'),(427,'Pacific/Kwajalein'),(428,'Pacific/Majuro'),(429,'Pacific/Marquesas'),(430,'Pacific/Midway'),(431,'Pacific/Nauru'),(432,'Pacific/Niue'),(433,'Pacific/Norfolk'),(434,'Pacific/Noumea'),(435,'Pacific/Pago_Pago'),(436,'Pacific/Palau'),(437,'Pacific/Pitcairn'),(438,'Pacific/Ponape'),(439,'Pacific/Port_Moresby'),(440,'Pacific/Rarotonga'),(441,'Pacific/Saipan'),(442,'Pacific/Samoa'),(443,'Pacific/Tahiti'),(444,'Pacific/Tarawa'),(445,'Pacific/Tongatapu'),(446,'Pacific/Truk'),(447,'Pacific/Wake'),(448,'Pacific/Wallis'),(449,'Pacific/Yap'),(450,'Brazil/Acre'),(451,'Brazil/DeNoronha'),(452,'Brazil/East'),(453,'Brazil/West'),(454,'Canada/Atlantic'),(455,'Canada/Central'),(456,'Canada/East-Saskatchewan'),(457,'Canada/Eastern'),(458,'Canada/Mountain'),(459,'Canada/Newfoundland'),(460,'Canada/Pacific'),(461,'Canada/Saskatchewan'),(462,'Canada/Yukon'),(463,'CET'),(464,'Chile/Continental'),(465,'Chile/EasterIsland'),(466,'CST6CDT'),(467,'Cuba'),(468,'EET'),(469,'Egypt'),(470,'Eire'),(471,'EST'),(472,'EST5EDT'),(473,'Etc/GMT'),(474,'Etc/GMT+0'),(475,'Etc/GMT+1'),(476,'Etc/GMT+10'),(477,'Etc/GMT+11'),(478,'Etc/GMT+12'),(479,'Etc/GMT+2'),(480,'Etc/GMT+3'),(481,'Etc/GMT+4'),(482,'Etc/GMT+5'),(483,'Etc/GMT+6'),(484,'Etc/GMT+7'),(485,'Etc/GMT+8'),(486,'Etc/GMT+9'),(487,'Etc/GMT-0'),(488,'Etc/GMT-1'),(489,'Etc/GMT-10'),(490,'Etc/GMT-11'),(491,'Etc/GMT-12'),(492,'Etc/GMT-13'),(493,'Etc/GMT-14'),(494,'Etc/GMT-2'),(495,'Etc/GMT-3'),(496,'Etc/GMT-4'),(497,'Etc/GMT-5'),(498,'Etc/GMT-6'),(499,'Etc/GMT-7'),(500,'Etc/GMT-8'),(501,'Etc/GMT-9'),(502,'Etc/GMT0'),(503,'Etc/Greenwich'),(504,'Etc/UCT'),(505,'Etc/Universal'),(506,'Etc/UTC'),(507,'Etc/Zulu'),(508,'Factory'),(509,'GB'),(510,'GB-Eire'),(511,'GMT'),(512,'GMT+0'),(513,'GMT-0'),(514,'GMT0'),(515,'Greenwich'),(516,'Hongkong'),(517,'HST'),(518,'Iceland'),(519,'Iran'),(520,'Israel'),(521,'Jamaica'),(522,'Japan'),(523,'Kwajalein'),(524,'Libya'),(525,'MET'),(526,'Mexico/BajaNorte'),(527,'Mexico/BajaSur'),(528,'Mexico/General'),(529,'MST'),(530,'MST7MDT'),(531,'Navajo'),(532,'NZ'),(533,'NZ-CHAT'),(534,'Poland'),(535,'Portugal'),(536,'PRC'),(537,'PST8PDT'),(538,'ROC'),(539,'ROK'),(540,'Singapore'),(541,'Turkey'),(542,'UCT'),(543,'Universal'),(544,'US/Alaska'),(545,'US/Aleutian'),(546,'US/Arizona'),(547,'US/Central'),(548,'US/East-Indiana'),(549,'US/Eastern'),(550,'US/Hawaii'),(551,'US/Indiana-Starke'),(552,'US/Michigan'),(553,'US/Mountain'),(554,'US/Pacific'),(555,'US/Pacific-New'),(556,'US/Samoa'),(557,'UTC'),(558,'W-SU'),(559,'WET'),(560,'Zulu');

--
-- Table structure for table `ps_translation`
--

CREATE TABLE `ps_translation` (
  `id_translation` int NOT NULL AUTO_INCREMENT,
  `id_lang` int NOT NULL,
  `key` text CHARACTER SET utf8mb3 COLLATE utf8mb3_bin NOT NULL,
  `translation` text CHARACTER SET utf8mb4 COLLATE utf8mb4_unicode_ci NOT NULL,
  `domain` varchar(80) CHARACTER SET utf8mb4 COLLATE utf8mb4_unicode_ci NOT NULL,
  `theme` varchar(32) CHARACTER SET utf8mb4 COLLATE utf8mb4_unicode_ci DEFAULT NULL,
  PRIMARY KEY (`id_translation`),
  KEY `IDX_ADEBEB36BA299860` (`id_lang`),
  KEY `key` (`domain`)
) ENGINE=InnoDB DEFAULT CHARSET=utf8mb4 COLLATE=utf8mb4_unicode_ci;

--
-- Dumping data for table `ps_translation`
--


--
-- Table structure for table `ps_warehouse`
--

CREATE TABLE `ps_warehouse` (
  `id_warehouse` int unsigned NOT NULL AUTO_INCREMENT,
  `id_currency` int unsigned NOT NULL,
  `id_address` int unsigned NOT NULL,
  `id_employee` int unsigned NOT NULL,
  `reference` varchar(64) CHARACTER SET utf8mb4 COLLATE utf8mb4_general_ci DEFAULT NULL,
  `name` varchar(45) CHARACTER SET utf8mb4 COLLATE utf8mb4_general_ci NOT NULL,
  `management_type` enum('WA','FIFO','LIFO') CHARACTER SET utf8mb4 COLLATE utf8mb4_general_ci NOT NULL DEFAULT 'WA',
  `deleted` tinyint unsigned NOT NULL DEFAULT '0',
  PRIMARY KEY (`id_warehouse`)
) ENGINE=InnoDB DEFAULT CHARSET=utf8mb4 COLLATE=utf8mb4_general_ci;

--
-- Dumping data for table `ps_warehouse`
--


--
-- Table structure for table `ps_warehouse_carrier`
--

CREATE TABLE `ps_warehouse_carrier` (
  `id_carrier` int unsigned NOT NULL,
  `id_warehouse` int unsigned NOT NULL,
  PRIMARY KEY (`id_warehouse`,`id_carrier`),
  KEY `id_warehouse` (`id_warehouse`),
  KEY `id_carrier` (`id_carrier`)
) ENGINE=InnoDB DEFAULT CHARSET=utf8mb4 COLLATE=utf8mb4_general_ci;

--
-- Dumping data for table `ps_warehouse_carrier`
--


--
-- Table structure for table `ps_warehouse_product_location`
--

CREATE TABLE `ps_warehouse_product_location` (
  `id_warehouse_product_location` int unsigned NOT NULL AUTO_INCREMENT,
  `id_product` int unsigned NOT NULL,
  `id_product_attribute` int unsigned NOT NULL,
  `id_warehouse` int unsigned NOT NULL,
  `location` varchar(64) CHARACTER SET utf8mb4 COLLATE utf8mb4_general_ci DEFAULT NULL,
  PRIMARY KEY (`id_warehouse_product_location`),
  UNIQUE KEY `id_product` (`id_product`,`id_product_attribute`,`id_warehouse`)
) ENGINE=InnoDB DEFAULT CHARSET=utf8mb4 COLLATE=utf8mb4_general_ci;

--
-- Dumping data for table `ps_warehouse_product_location`
--


--
-- Table structure for table `ps_warehouse_shop`
--

CREATE TABLE `ps_warehouse_shop` (
  `id_shop` int unsigned NOT NULL,
  `id_warehouse` int unsigned NOT NULL,
  PRIMARY KEY (`id_warehouse`,`id_shop`),
  KEY `id_warehouse` (`id_warehouse`),
  KEY `id_shop` (`id_shop`)
) ENGINE=InnoDB DEFAULT CHARSET=utf8mb4 COLLATE=utf8mb4_general_ci;

--
-- Dumping data for table `ps_warehouse_shop`
--


--
-- Table structure for table `ps_web_browser`
--

CREATE TABLE `ps_web_browser` (
  `id_web_browser` int unsigned NOT NULL AUTO_INCREMENT,
  `name` varchar(64) CHARACTER SET utf8mb4 COLLATE utf8mb4_general_ci DEFAULT NULL,
  PRIMARY KEY (`id_web_browser`)
) ENGINE=InnoDB AUTO_INCREMENT=12 DEFAULT CHARSET=utf8mb4 COLLATE=utf8mb4_general_ci;

--
-- Dumping data for table `ps_web_browser`
--

INSERT INTO `ps_web_browser` VALUES (1,'Safari'),(2,'Safari iPad'),(3,'Firefox'),(4,'Opera'),(5,'IE 6'),(6,'IE 7'),(7,'IE 8'),(8,'IE 9'),(9,'IE 10'),(10,'IE 11'),(11,'Chrome');

--
-- Table structure for table `ps_webservice_account`
--

CREATE TABLE `ps_webservice_account` (
  `id_webservice_account` int NOT NULL AUTO_INCREMENT,
  `key` varchar(32) CHARACTER SET utf8mb4 COLLATE utf8mb4_general_ci NOT NULL,
  `description` text CHARACTER SET utf8mb4 COLLATE utf8mb4_general_ci,
  `class_name` varchar(50) CHARACTER SET utf8mb4 COLLATE utf8mb4_general_ci NOT NULL DEFAULT 'WebserviceRequest',
  `is_module` tinyint NOT NULL DEFAULT '0',
  `module_name` varchar(50) CHARACTER SET utf8mb4 COLLATE utf8mb4_general_ci DEFAULT NULL,
  `active` tinyint NOT NULL,
  PRIMARY KEY (`id_webservice_account`),
  KEY `key` (`key`)
) ENGINE=InnoDB DEFAULT CHARSET=utf8mb4 COLLATE=utf8mb4_general_ci;

--
-- Dumping data for table `ps_webservice_account`
--


--
-- Table structure for table `ps_webservice_account_shop`
--

CREATE TABLE `ps_webservice_account_shop` (
  `id_webservice_account` int unsigned NOT NULL,
  `id_shop` int unsigned NOT NULL,
  PRIMARY KEY (`id_webservice_account`,`id_shop`),
  KEY `id_shop` (`id_shop`)
) ENGINE=InnoDB DEFAULT CHARSET=utf8mb4 COLLATE=utf8mb4_general_ci;

--
-- Dumping data for table `ps_webservice_account_shop`
--


--
-- Table structure for table `ps_webservice_permission`
--

CREATE TABLE `ps_webservice_permission` (
  `id_webservice_permission` int NOT NULL AUTO_INCREMENT,
  `resource` varchar(50) CHARACTER SET utf8mb4 COLLATE utf8mb4_general_ci NOT NULL,
  `method` enum('GET','POST','PUT','DELETE','HEAD') CHARACTER SET utf8mb4 COLLATE utf8mb4_general_ci NOT NULL,
  `id_webservice_account` int NOT NULL,
  PRIMARY KEY (`id_webservice_permission`),
  UNIQUE KEY `resource_2` (`resource`,`method`,`id_webservice_account`),
  KEY `resource` (`resource`),
  KEY `method` (`method`),
  KEY `id_webservice_account` (`id_webservice_account`)
) ENGINE=InnoDB DEFAULT CHARSET=utf8mb4 COLLATE=utf8mb4_general_ci;

--
-- Dumping data for table `ps_webservice_permission`
--


--
-- Table structure for table `ps_wishlist_product`
--

CREATE TABLE `ps_wishlist_product` (
  `id_wishlist_product` int NOT NULL AUTO_INCREMENT,
  `id_wishlist` int unsigned NOT NULL,
  `id_product` int unsigned NOT NULL,
  `id_product_attribute` int unsigned NOT NULL,
  `quantity` int unsigned NOT NULL,
  `priority` int unsigned NOT NULL,
  PRIMARY KEY (`id_wishlist_product`)
) ENGINE=InnoDB DEFAULT CHARSET=utf8mb3;

--
-- Dumping data for table `ps_wishlist_product`
--


--
-- Table structure for table `ps_wishlist_product_cart`
--

CREATE TABLE `ps_wishlist_product_cart` (
  `id_wishlist_product` int unsigned NOT NULL,
  `id_cart` int unsigned NOT NULL,
  `quantity` int unsigned NOT NULL,
  `date_add` datetime NOT NULL
) ENGINE=InnoDB DEFAULT CHARSET=utf8mb3;

--
-- Dumping data for table `ps_wishlist_product_cart`
--


--
-- Table structure for table `ps_zone`
--

CREATE TABLE `ps_zone` (
  `id_zone` int unsigned NOT NULL AUTO_INCREMENT,
  `name` varchar(64) CHARACTER SET utf8mb4 COLLATE utf8mb4_general_ci NOT NULL,
  `active` tinyint unsigned NOT NULL DEFAULT '0',
  PRIMARY KEY (`id_zone`)
) ENGINE=InnoDB AUTO_INCREMENT=17 DEFAULT CHARSET=utf8mb4 COLLATE=utf8mb4_general_ci;

--
-- Dumping data for table `ps_zone`
--

INSERT INTO `ps_zone` VALUES (1,'Europe',1),(2,'North America',1),(3,'Asia',1),(4,'Africa',1),(5,'Oceania',1),(6,'South America',1),(7,'Europe (non-EU)',1),(8,'Central America/Antilla',1),(9,'Europe',1),(10,'North America',1),(11,'Asia',1),(12,'Africa',1),(13,'Oceania',1),(14,'South America',1),(15,'Europe (non-EU)',1),(16,'Central America/Antilla',1);

--
-- Table structure for table `ps_zone_shop`
--

CREATE TABLE `ps_zone_shop` (
  `id_zone` int unsigned NOT NULL,
  `id_shop` int unsigned NOT NULL,
  PRIMARY KEY (`id_zone`,`id_shop`),
  KEY `id_shop` (`id_shop`)
) ENGINE=InnoDB DEFAULT CHARSET=utf8mb4 COLLATE=utf8mb4_general_ci;

--
-- Dumping data for table `ps_zone_shop`
--

INSERT INTO `ps_zone_shop` VALUES (1,1),(2,1),(3,1),(4,1),(5,1),(6,1),(7,1),(8,1),(9,1),(10,1),(11,1),(12,1),(13,1),(14,1),(15,1),(16,1);

--
-- Table structure for table `updat_stock`
--

CREATE TABLE `updat_stock` (
  `id` int unsigned NOT NULL AUTO_INCREMENT,
  `ean` text,
  `libelle` text,
  `quantite` text,
  `prix` float DEFAULT NULL,
  `etat` int DEFAULT '0',
  `magasin` text,
  PRIMARY KEY (`id`)
) ENGINE=InnoDB AUTO_INCREMENT=201 DEFAULT CHARSET=utf8mb4 COLLATE=utf8mb4_0900_ai_ci;

--
-- Dumping data for table `updat_stock`
--

INSERT INTO `updat_stock` VALUES (157,'3183280004061','PASTILLE ADOUCISSEUR SAC 25 KG - AQUA','100',10.9,1,'1'),(158,'3256224355595','U Terreau universel 50l','100',6.49,1,'1'),(159,'3464490014003','CHARGE BUTANE 13 KG - BUTAGAZ','100',41.3,1,'1'),(160,'3464490024002','CHARGE PROPANE 13 KG - BUTAGAZ','100',41.3,1,'1'),(161,'3464490054009','CHARGE CUBE BUTANE 6 KG - BUTAGAZ','100',25.55,1,'1'),(162,'3464490064008','CHARGE CUBE PROPANE 5 KG - BUTAGAZ','100',25.55,1,'1'),(163,'3464490802891','BOUTEILLE DE GAZ VISEO BUTANE 10 KG - BUTAGAZ','100',35.6,1,'1'),(164,'3183280007529','SEL DE SALAISON 10 KG - SALINS','100',4.21,1,'1'),(165,'3417068800010','BOIS DENSIFIÉ 8 BÛCHES 12 KG - WOODSTOCK','100',6.99,1,'1'),(166,'3760242644772','COMBUSTIBLE PETROLE STANDARD 20 L - COMBUFLAM','100',24.99,1,'1'),(167,'3760242644796','COMBUSTIBLE PETROLE SANS ODEUR 20 L - COMBUFLAM','100',52.99,1,'1'),(168,'3540709000910','GRANULÉS DE BOIS 100% RÉSINEUX - FLAMINO','100',4.49,1,'1'),(169,'3760242644789','COMBUSTIBLE CONFORT 20 L - COMBUFLAM','100',46.99,1,'1'),(170,'3256225016891','BOIS ALLUMAGE 20 L - U','100',3.99,1,'1'),(171,'3256225016907','BOIS ALLUMAGE 40 L - U','100',6.49,1,'1'),(172,'3256227111211','TERREAU UNIVERSEL 20 L - U','100',3.19,1,'1'),(173,'3770015008014','BOIS D\'ALLUMAGE ET ALLUME FEU 2 EN 1 30 L - U','100',6.13,1,'1'),(174,'4003885428002','SEL DENEIGEMENT 12,5 KG - ESCO','100',6.32,1,'1'),(175,'3760167700140','Bois de chauffage bûche de 30 cm 25 dm3 - Woodstock','100',7.49,1,'1'),(176,'3225480018100','BOUTEILLE DE GAZ BUTANE CALYPSO 10 KG - ANTARGAZ','100',34.05,1,'1'),(177,'3225480019138','BOUTEILLE DE GAZ PROPANE 13 KG - ANTARGAZ','100',44.5,1,'1'),(178,'3225480018063','BOUTEILLE DE GAZ ELFI BUTANE 5,5 KG - ANTARGAZ','100',23.2,1,'1'),(179,'3225480019053','BOUTEILLE DE GAZ ELFI PROPANE 5 KG - ANTARGAZ','100',26.3,1,'1'),(180,'3464490802891','Charge butane Viseo 10 kg - BUTAGAZ','100',35.6,1,'1'),(181,'3464490014003','BUTAGAZ 13 KG BUTANE','100',41.3,1,'1'),(182,'3464490064008','CUBE 5KG PROPANE - BUTAGAZ','100',25.55,1,'1'),(183,'3464490054009','CUBE 6KG BUTANE - BUTAGAZ','100',25.55,1,'1'),(184,'3597230001015','BOUTEILLE DE GAZ BUTANE 13 KG - ANTARGAZ','100',44.5,1,'1'),(185,'3597230001213','BOUTEILLE DE GAZ MALICE BUTANE 5,5 KG - FINAGAZ','100',23.2,1,'1'),(186,'3760073960331','BOUTEILLE DE GAZ BUTANE 13 KG - PRIMAGAZ','100',40.4,1,'1'),(187,'3760073960348','BOUTEILLE DE GAZ PROPANE 13 KG - PRIMAGAZ','100',40.4,1,'1'),(188,'3760073960362','BOUTEILLE DE GAZ PROPANE 35 KG - PRIMAGAZ','100',115,1,'1'),(189,'3760073960324','BOUTEILLE DE GAZ TWINY PROPANE 5,1 KG - PRIMAGAZ','100',22.2,1,'1'),(190,'3760073960317','BOUTEILLE DE GAZ TWINY BUTANE 6 KG - PRIMAGAZ','100',22.25,1,'1'),(191,'3256221415605','CHARGE BUTANE 13 KG - U','100',35.5,1,'1'),(192,'3256221415735','CHARGE PROPANE 13 KG - U','100',35.5,1,'1'),(193,'3225480018131','BOUTEILLE DE GAZ BUTANE 13 KG - ANTARGAZ','100',44.5,1,'1'),(194,'3597230001015','BOUTEILLE DE GAZ BUTANE 13 KG - ANTARGAZ','100',44.5,1,'1'),(195,'3597230001015','BOUTEILLE DE GAZ BUTANE 13 KG - FINAGAZ','100',44.5,1,'1'),(196,'3540709010179','Bois d’allumage FLAMINO 40L','100',6.99,1,'1'),(197,'3256224056959','U Terreau horticole 50l - Fertilisation 100 jours','100',6.79,1,'1'),(198,'3256226762346','TERREAU PLANTATION U SPE.50L','100',7.29,1,'1'),(199,'3256225062676','TERREAU SEMI U SPEC.20L UAB','100',4.29,1,'1'),(200,'3256224355595','Terreau Universel U 50L UAB - Polyvalent pour Jardin et Maison','100',6.49,1,'1');


